I20260709 12:13:03.753566 15580 tablet_service.cc:1917] Received RequestConsensusVote() RPC: tablet_id: "40d5c6f174c041b09e6cebfe3c3cce0d" candidate_uuid: "51c16524336a4b119da62f8d027e2045" candidate_term: 1 candidate_status { last_received { term: 0 index: 0 } } ignore_live_leader: false dest_uuid: "78eb91f8831c4b4080b111e4bfdad6fd"
I20260709 12:13:03.755201 15886 leader_election.cc:290] T 25e772ed0141479da391a3ea37f3fdf5 P 9617195e1b134d62ba1cae5b37151d53 [CANDIDATE]: Term 1 pre-election: Requested pre-vote from peers 51c16524336a4b119da62f8d027e2045 (127.14.0.129:40983), 78eb91f8831c4b4080b111e4bfdad6fd (127.14.0.130:33941)
I20260709 12:13:03.755786 15810 raft_consensus.cc:3060] T 8ca3cb1a33384bbea42f4eed19d072bd P 51c16524336a4b119da62f8d027e2045 [term 0 FOLLOWER]: Advancing to term 1
I20260709 12:13:03.763259 15765 leader_election.cc:290] T a30b2a632027405facf5e81aacfb8622 P 51c16524336a4b119da62f8d027e2045 [CANDIDATE]: Term 1 pre-election: Requested pre-vote from peers 78eb91f8831c4b4080b111e4bfdad6fd (127.14.0.130:33941), 9617195e1b134d62ba1cae5b37151d53 (127.14.0.131:35571)
I20260709 12:13:03.749699 15579 raft_consensus.cc:2468] T 273e7bf06fa54febbd964790498ed06f P 78eb91f8831c4b4080b111e4bfdad6fd [term 1 FOLLOWER]: Leader election vote request: Granting yes vote for candidate 51c16524336a4b119da62f8d027e2045 in term 1.
I20260709 12:13:03.766621 15699 ts_tablet_manager.cc:1434] T 00dc88637e3649c5b059d358fdf24cbf P 51c16524336a4b119da62f8d027e2045: Time spent starting tablet: real 0.148s	user 0.005s	sys 0.008s
I20260709 12:13:03.766906 15810 raft_consensus.cc:515] T 8ca3cb1a33384bbea42f4eed19d072bd P 51c16524336a4b119da62f8d027e2045 [term 1 FOLLOWER]: Starting leader election with config: opid_index: -1 OBSOLETE_local: false peers { permanent_uuid: "51c16524336a4b119da62f8d027e2045" member_type: VOTER last_known_addr { host: "127.14.0.129" port: 40983 } } peers { permanent_uuid: "78eb91f8831c4b4080b111e4bfdad6fd" member_type: VOTER last_known_addr { host: "127.14.0.130" port: 33941 } } peers { permanent_uuid: "9617195e1b134d62ba1cae5b37151d53" member_type: VOTER last_known_addr { host: "127.14.0.131" port: 35571 } }
I20260709 12:13:03.769199 15810 leader_election.cc:290] T 8ca3cb1a33384bbea42f4eed19d072bd P 51c16524336a4b119da62f8d027e2045 [CANDIDATE]: Term 1 election: Requested vote from peers 78eb91f8831c4b4080b111e4bfdad6fd (127.14.0.130:33941), 9617195e1b134d62ba1cae5b37151d53 (127.14.0.131:35571)
I20260709 12:13:03.773941 15579 tablet_service.cc:1917] Received RequestConsensusVote() RPC: tablet_id: "a30b2a632027405facf5e81aacfb8622" candidate_uuid: "51c16524336a4b119da62f8d027e2045" candidate_term: 1 candidate_status { last_received { term: 0 index: 0 } } ignore_live_leader: false dest_uuid: "78eb91f8831c4b4080b111e4bfdad6fd" is_pre_election: true
I20260709 12:13:03.774405 15695 tablet_bootstrap.cc:654] T 2314b29b62b2465ca25e103480e3f2fb P 9617195e1b134d62ba1cae5b37151d53: Neither blocks nor log segments found. Creating new log.
I20260709 12:13:03.746424 15655 raft_consensus.cc:2468] T 40d5c6f174c041b09e6cebfe3c3cce0d P 9617195e1b134d62ba1cae5b37151d53 [term 1 FOLLOWER]: Leader election vote request: Granting yes vote for candidate 51c16524336a4b119da62f8d027e2045 in term 1.
I20260709 12:13:03.779982 15581 tablet_service.cc:1917] Received RequestConsensusVote() RPC: tablet_id: "25e772ed0141479da391a3ea37f3fdf5" candidate_uuid: "9617195e1b134d62ba1cae5b37151d53" candidate_term: 1 candidate_status { last_received { term: 0 index: 0 } } ignore_live_leader: false dest_uuid: "78eb91f8831c4b4080b111e4bfdad6fd" is_pre_election: true
W20260709 12:13:03.781842 15618 leader_election.cc:343] T 25e772ed0141479da391a3ea37f3fdf5 P 9617195e1b134d62ba1cae5b37151d53 [CANDIDATE]: Term 1 pre-election: Tablet error from VoteRequest() call to peer 78eb91f8831c4b4080b111e4bfdad6fd (127.14.0.130:33941): Illegal state: must be running to vote when last-logged opid is not known
W20260709 12:13:03.749408 15470 outbound_call.cc:321] RPC callback for RPC call kudu.consensus.ConsensusService.RequestConsensusVote -> {remote=127.14.0.131:35571, user_credentials={real_user=slave}} blocked reactor thread for 65225.1us
W20260709 12:13:03.769222 15469 leader_election.cc:343] T 8ca3cb1a33384bbea42f4eed19d072bd P 51c16524336a4b119da62f8d027e2045 [CANDIDATE]: Term 1 pre-election: Tablet error from VoteRequest() call to peer 78eb91f8831c4b4080b111e4bfdad6fd (127.14.0.130:33941): Illegal state: must be running to vote when last-logged opid is not known
W20260709 12:13:03.790834 15469 leader_election.cc:343] T 40d5c6f174c041b09e6cebfe3c3cce0d P 51c16524336a4b119da62f8d027e2045 [CANDIDATE]: Term 1 election: Tablet error from VoteRequest() call to peer 78eb91f8831c4b4080b111e4bfdad6fd (127.14.0.130:33941): Illegal state: must be running to vote when last-logged opid is not known
W20260709 12:13:03.792224 15544 leader_election.cc:343] T d9091fccd2254556ad1593141c9f3853 P 78eb91f8831c4b4080b111e4bfdad6fd [CANDIDATE]: Term 1 election: Tablet error from VoteRequest() call to peer 51c16524336a4b119da62f8d027e2045 (127.14.0.129:40983): Illegal state: must be running to vote when last-logged opid is not known
W20260709 12:13:03.794595 15544 leader_election.cc:343] T e5b8fcc41d444017ab357ec4801060e2 P 78eb91f8831c4b4080b111e4bfdad6fd [CANDIDATE]: Term 1 pre-election: Tablet error from VoteRequest() call to peer 51c16524336a4b119da62f8d027e2045 (127.14.0.129:40983): Illegal state: must be running to vote when last-logged opid is not known
I20260709 12:13:03.798002 15544 leader_election.cc:304] T e5b8fcc41d444017ab357ec4801060e2 P 78eb91f8831c4b4080b111e4bfdad6fd [CANDIDATE]: Term 1 pre-election: Election decided. Result: candidate lost. Election summary: received 3 responses out of 3 voters: 1 yes votes; 2 no votes. yes voters: 78eb91f8831c4b4080b111e4bfdad6fd; no voters: 51c16524336a4b119da62f8d027e2045, 9617195e1b134d62ba1cae5b37151d53
I20260709 12:13:03.799180 15795 raft_consensus.cc:2749] T e5b8fcc41d444017ab357ec4801060e2 P 78eb91f8831c4b4080b111e4bfdad6fd [term 0 FOLLOWER]: Leader pre-election lost for term 1. Reason: could not achieve majority
I20260709 12:13:03.806564 15470 leader_election.cc:304] T 273e7bf06fa54febbd964790498ed06f P 51c16524336a4b119da62f8d027e2045 [CANDIDATE]: Term 1 election: Election decided. Result: candidate won. Election summary: received 2 responses out of 3 voters: 2 yes votes; 0 no votes. yes voters: 51c16524336a4b119da62f8d027e2045, 9617195e1b134d62ba1cae5b37151d53; no voters: 
I20260709 12:13:03.807601 15470 leader_election.cc:304] T 40d5c6f174c041b09e6cebfe3c3cce0d P 51c16524336a4b119da62f8d027e2045 [CANDIDATE]: Term 1 election: Election decided. Result: candidate won. Election summary: received 3 responses out of 3 voters: 2 yes votes; 1 no votes. yes voters: 51c16524336a4b119da62f8d027e2045, 9617195e1b134d62ba1cae5b37151d53; no voters: 78eb91f8831c4b4080b111e4bfdad6fd
I20260709 12:13:03.809883 15500 tablet_service.cc:1917] Received RequestConsensusVote() RPC: tablet_id: "25e772ed0141479da391a3ea37f3fdf5" candidate_uuid: "9617195e1b134d62ba1cae5b37151d53" candidate_term: 1 candidate_status { last_received { term: 0 index: 0 } } ignore_live_leader: false dest_uuid: "51c16524336a4b119da62f8d027e2045" is_pre_election: true
W20260709 12:13:03.811290 15618 leader_election.cc:343] T 25e772ed0141479da391a3ea37f3fdf5 P 9617195e1b134d62ba1cae5b37151d53 [CANDIDATE]: Term 1 pre-election: Tablet error from VoteRequest() call to peer 51c16524336a4b119da62f8d027e2045 (127.14.0.129:40983): Illegal state: must be running to vote when last-logged opid is not known
I20260709 12:13:03.813386 15618 leader_election.cc:304] T 25e772ed0141479da391a3ea37f3fdf5 P 9617195e1b134d62ba1cae5b37151d53 [CANDIDATE]: Term 1 pre-election: Election decided. Result: candidate lost. Election summary: received 3 responses out of 3 voters: 1 yes votes; 2 no votes. yes voters: 9617195e1b134d62ba1cae5b37151d53; no voters: 51c16524336a4b119da62f8d027e2045, 78eb91f8831c4b4080b111e4bfdad6fd
I20260709 12:13:03.812301 15699 tablet_bootstrap.cc:492] T d9091fccd2254556ad1593141c9f3853 P 51c16524336a4b119da62f8d027e2045: Bootstrap starting.
I20260709 12:13:03.810734 15696 tablet_bootstrap.cc:492] T 8ca3cb1a33384bbea42f4eed19d072bd P 78eb91f8831c4b4080b111e4bfdad6fd: No bootstrap required, opened a new log
I20260709 12:13:03.819954 15941 raft_consensus.cc:2804] T 40d5c6f174c041b09e6cebfe3c3cce0d P 51c16524336a4b119da62f8d027e2045 [term 1 FOLLOWER]: Leader election won for term 1
I20260709 12:13:03.820492 15941 raft_consensus.cc:697] T 40d5c6f174c041b09e6cebfe3c3cce0d P 51c16524336a4b119da62f8d027e2045 [term 1 LEADER]: Becoming Leader. State: Replica: 51c16524336a4b119da62f8d027e2045, State: Running, Role: LEADER
I20260709 12:13:03.816084 15814 raft_consensus.cc:2749] T 25e772ed0141479da391a3ea37f3fdf5 P 9617195e1b134d62ba1cae5b37151d53 [term 0 FOLLOWER]: Leader pre-election lost for term 1. Reason: could not achieve majority
I20260709 12:13:03.819504 15794 consensus_queue.cc:1048] T 16292f3afae448b1a1b3b600b64b904c P 78eb91f8831c4b4080b111e4bfdad6fd [LEADER]: Connected to new peer: Peer: permanent_uuid: "51c16524336a4b119da62f8d027e2045" member_type: VOTER last_known_addr { host: "127.14.0.129" port: 40983 }, Status: LMP_MISMATCH, Last received: 0.0, Next index: 1, Last known committed idx: 0, Time since last communication: 0.004s
I20260709 12:13:03.824939 15655 tablet_service.cc:1917] Received RequestConsensusVote() RPC: tablet_id: "a30b2a632027405facf5e81aacfb8622" candidate_uuid: "51c16524336a4b119da62f8d027e2045" candidate_term: 1 candidate_status { last_received { term: 0 index: 0 } } ignore_live_leader: false dest_uuid: "9617195e1b134d62ba1cae5b37151d53" is_pre_election: true
I20260709 12:13:03.827003 15794 consensus_queue.cc:1048] T 16292f3afae448b1a1b3b600b64b904c P 78eb91f8831c4b4080b111e4bfdad6fd [LEADER]: Connected to new peer: Peer: permanent_uuid: "9617195e1b134d62ba1cae5b37151d53" member_type: VOTER last_known_addr { host: "127.14.0.131" port: 35571 }, Status: LMP_MISMATCH, Last received: 0.0, Next index: 1, Last known committed idx: 0, Time since last communication: 0.000s
I20260709 12:13:03.828586 15653 tablet_service.cc:1917] Received RequestConsensusVote() RPC: tablet_id: "8ca3cb1a33384bbea42f4eed19d072bd" candidate_uuid: "51c16524336a4b119da62f8d027e2045" candidate_term: 1 candidate_status { last_received { term: 0 index: 0 } } ignore_live_leader: false dest_uuid: "9617195e1b134d62ba1cae5b37151d53"
I20260709 12:13:03.829293 15653 raft_consensus.cc:3060] T 8ca3cb1a33384bbea42f4eed19d072bd P 9617195e1b134d62ba1cae5b37151d53 [term 0 FOLLOWER]: Advancing to term 1
I20260709 12:13:03.815198 15708 raft_consensus.cc:2804] T 273e7bf06fa54febbd964790498ed06f P 51c16524336a4b119da62f8d027e2045 [term 1 FOLLOWER]: Leader election won for term 1
I20260709 12:13:03.821281 15941 consensus_queue.cc:237] T 40d5c6f174c041b09e6cebfe3c3cce0d P 51c16524336a4b119da62f8d027e2045 [LEADER]: Queue going to LEADER mode. State: All replicated index: 0, Majority replicated index: 0, Committed index: 0, Last appended: 0.0, Last appended by leader: 0, Current term: 1, Majority size: 2, State: 0, Mode: LEADER, active raft config: opid_index: -1 OBSOLETE_local: false peers { permanent_uuid: "51c16524336a4b119da62f8d027e2045" member_type: VOTER last_known_addr { host: "127.14.0.129" port: 40983 } } peers { permanent_uuid: "78eb91f8831c4b4080b111e4bfdad6fd" member_type: VOTER last_known_addr { host: "127.14.0.130" port: 33941 } } peers { permanent_uuid: "9617195e1b134d62ba1cae5b37151d53" member_type: VOTER last_known_addr { host: "127.14.0.131" port: 35571 } }
I20260709 12:13:03.819272 15696 ts_tablet_manager.cc:1403] T 8ca3cb1a33384bbea42f4eed19d072bd P 78eb91f8831c4b4080b111e4bfdad6fd: Time spent bootstrapping tablet: real 0.422s	user 0.032s	sys 0.014s
I20260709 12:13:03.831528 15708 raft_consensus.cc:697] T 273e7bf06fa54febbd964790498ed06f P 51c16524336a4b119da62f8d027e2045 [term 1 LEADER]: Becoming Leader. State: Replica: 51c16524336a4b119da62f8d027e2045, State: Running, Role: LEADER
I20260709 12:13:03.812860 15505 raft_consensus.cc:3060] T a30b2a632027405facf5e81aacfb8622 P 51c16524336a4b119da62f8d027e2045 [term 0 FOLLOWER]: Advancing to term 1
I20260709 12:13:03.839607 15708 consensus_queue.cc:237] T 273e7bf06fa54febbd964790498ed06f P 51c16524336a4b119da62f8d027e2045 [LEADER]: Queue going to LEADER mode. State: All replicated index: 0, Majority replicated index: 0, Committed index: 0, Last appended: 0.0, Last appended by leader: 0, Current term: 1, Majority size: 2, State: 0, Mode: LEADER, active raft config: opid_index: -1 OBSOLETE_local: false peers { permanent_uuid: "51c16524336a4b119da62f8d027e2045" member_type: VOTER last_known_addr { host: "127.14.0.129" port: 40983 } } peers { permanent_uuid: "78eb91f8831c4b4080b111e4bfdad6fd" member_type: VOTER last_known_addr { host: "127.14.0.130" port: 33941 } } peers { permanent_uuid: "9617195e1b134d62ba1cae5b37151d53" member_type: VOTER last_known_addr { host: "127.14.0.131" port: 35571 } }
I20260709 12:13:03.846743 15653 raft_consensus.cc:2468] T 8ca3cb1a33384bbea42f4eed19d072bd P 9617195e1b134d62ba1cae5b37151d53 [term 1 FOLLOWER]: Leader election vote request: Granting yes vote for candidate 51c16524336a4b119da62f8d027e2045 in term 1.
I20260709 12:13:03.865427 15699 tablet_bootstrap.cc:654] T d9091fccd2254556ad1593141c9f3853 P 51c16524336a4b119da62f8d027e2045: Neither blocks nor log segments found. Creating new log.
I20260709 12:13:03.863314 15403 catalog_manager.cc:5697] T cbc5b8ad0dbb49359c7619cde0ed065f P 51c16524336a4b119da62f8d027e2045 reported cstate change: term changed from 0 to 1, leader changed from <none> to 51c16524336a4b119da62f8d027e2045 (127.14.0.129). New cstate: current_term: 1 leader_uuid: "51c16524336a4b119da62f8d027e2045" committed_config { opid_index: -1 OBSOLETE_local: false peers { permanent_uuid: "51c16524336a4b119da62f8d027e2045" member_type: VOTER last_known_addr { host: "127.14.0.129" port: 40983 } health_report { overall_health: HEALTHY } } peers { permanent_uuid: "78eb91f8831c4b4080b111e4bfdad6fd" member_type: VOTER last_known_addr { host: "127.14.0.130" port: 33941 } health_report { overall_health: UNKNOWN } } peers { permanent_uuid: "9617195e1b134d62ba1cae5b37151d53" member_type: VOTER last_known_addr { host: "127.14.0.131" port: 35571 } health_report { overall_health: UNKNOWN } } }
I20260709 12:13:03.877905 15470 leader_election.cc:304] T 8ca3cb1a33384bbea42f4eed19d072bd P 51c16524336a4b119da62f8d027e2045 [CANDIDATE]: Term 1 election: Election decided. Result: candidate won. Election summary: received 2 responses out of 3 voters: 2 yes votes; 0 no votes. yes voters: 51c16524336a4b119da62f8d027e2045, 9617195e1b134d62ba1cae5b37151d53; no voters: 
I20260709 12:13:03.881807 15963 raft_consensus.cc:2804] T 8ca3cb1a33384bbea42f4eed19d072bd P 51c16524336a4b119da62f8d027e2045 [term 1 FOLLOWER]: Leader election won for term 1
I20260709 12:13:03.886056 15963 raft_consensus.cc:697] T 8ca3cb1a33384bbea42f4eed19d072bd P 51c16524336a4b119da62f8d027e2045 [term 1 LEADER]: Becoming Leader. State: Replica: 51c16524336a4b119da62f8d027e2045, State: Running, Role: LEADER
I20260709 12:13:03.891191 15695 tablet_bootstrap.cc:492] T 2314b29b62b2465ca25e103480e3f2fb P 9617195e1b134d62ba1cae5b37151d53: No bootstrap required, opened a new log
I20260709 12:13:03.891708 15695 ts_tablet_manager.cc:1403] T 2314b29b62b2465ca25e103480e3f2fb P 9617195e1b134d62ba1cae5b37151d53: Time spent bootstrapping tablet: real 0.291s	user 0.021s	sys 0.035s
I20260709 12:13:03.893014 15963 consensus_queue.cc:237] T 8ca3cb1a33384bbea42f4eed19d072bd P 51c16524336a4b119da62f8d027e2045 [LEADER]: Queue going to LEADER mode. State: All replicated index: 0, Majority replicated index: 0, Committed index: 0, Last appended: 0.0, Last appended by leader: 0, Current term: 1, Majority size: 2, State: 0, Mode: LEADER, active raft config: opid_index: -1 OBSOLETE_local: false peers { permanent_uuid: "51c16524336a4b119da62f8d027e2045" member_type: VOTER last_known_addr { host: "127.14.0.129" port: 40983 } } peers { permanent_uuid: "78eb91f8831c4b4080b111e4bfdad6fd" member_type: VOTER last_known_addr { host: "127.14.0.130" port: 33941 } } peers { permanent_uuid: "9617195e1b134d62ba1cae5b37151d53" member_type: VOTER last_known_addr { host: "127.14.0.131" port: 35571 } }
I20260709 12:13:03.900151 15469 leader_election.cc:304] T a30b2a632027405facf5e81aacfb8622 P 51c16524336a4b119da62f8d027e2045 [CANDIDATE]: Term 1 pre-election: Election decided. Result: candidate lost. Election summary: received 3 responses out of 3 voters: 1 yes votes; 2 no votes. yes voters: 51c16524336a4b119da62f8d027e2045; no voters: 78eb91f8831c4b4080b111e4bfdad6fd, 9617195e1b134d62ba1cae5b37151d53
W20260709 12:13:03.901171 15469 outbound_call.cc:321] RPC callback for RPC call kudu.consensus.ConsensusService.RequestConsensusVote -> {remote=127.14.0.130:33941, user_credentials={real_user=slave}} blocked reactor thread for 55789.1us
I20260709 12:13:03.913084 15696 raft_consensus.cc:359] T 8ca3cb1a33384bbea42f4eed19d072bd P 78eb91f8831c4b4080b111e4bfdad6fd [term 0 FOLLOWER]: Replica starting. Triggering 0 pending ops. Active config: opid_index: -1 OBSOLETE_local: false peers { permanent_uuid: "51c16524336a4b119da62f8d027e2045" member_type: VOTER last_known_addr { host: "127.14.0.129" port: 40983 } } peers { permanent_uuid: "78eb91f8831c4b4080b111e4bfdad6fd" member_type: VOTER last_known_addr { host: "127.14.0.130" port: 33941 } } peers { permanent_uuid: "9617195e1b134d62ba1cae5b37151d53" member_type: VOTER last_known_addr { host: "127.14.0.131" port: 35571 } }
I20260709 12:13:03.913898 15696 raft_consensus.cc:385] T 8ca3cb1a33384bbea42f4eed19d072bd P 78eb91f8831c4b4080b111e4bfdad6fd [term 0 FOLLOWER]: Consensus starting up: Expiring failure detector timer to make a prompt election more likely
I20260709 12:13:03.914167 15696 raft_consensus.cc:740] T 8ca3cb1a33384bbea42f4eed19d072bd P 78eb91f8831c4b4080b111e4bfdad6fd [term 0 FOLLOWER]: Becoming Follower/Learner. State: Replica: 78eb91f8831c4b4080b111e4bfdad6fd, State: Initialized, Role: FOLLOWER
I20260709 12:13:03.914798 15696 consensus_queue.cc:260] T 8ca3cb1a33384bbea42f4eed19d072bd P 78eb91f8831c4b4080b111e4bfdad6fd [NON_LEADER]: Queue going to NON_LEADER mode. State: All replicated index: 0, Majority replicated index: 0, Committed index: 0, Last appended: 0.0, Last appended by leader: 0, Current term: 0, Majority size: -1, State: 0, Mode: NON_LEADER, active raft config: opid_index: -1 OBSOLETE_local: false peers { permanent_uuid: "51c16524336a4b119da62f8d027e2045" member_type: VOTER last_known_addr { host: "127.14.0.129" port: 40983 } } peers { permanent_uuid: "78eb91f8831c4b4080b111e4bfdad6fd" member_type: VOTER last_known_addr { host: "127.14.0.130" port: 33941 } } peers { permanent_uuid: "9617195e1b134d62ba1cae5b37151d53" member_type: VOTER last_known_addr { host: "127.14.0.131" port: 35571 } }
I20260709 12:13:03.915328 15695 raft_consensus.cc:359] T 2314b29b62b2465ca25e103480e3f2fb P 9617195e1b134d62ba1cae5b37151d53 [term 0 FOLLOWER]: Replica starting. Triggering 0 pending ops. Active config: opid_index: -1 OBSOLETE_local: false peers { permanent_uuid: "51c16524336a4b119da62f8d027e2045" member_type: VOTER last_known_addr { host: "127.14.0.129" port: 40983 } } peers { permanent_uuid: "78eb91f8831c4b4080b111e4bfdad6fd" member_type: VOTER last_known_addr { host: "127.14.0.130" port: 33941 } } peers { permanent_uuid: "9617195e1b134d62ba1cae5b37151d53" member_type: VOTER last_known_addr { host: "127.14.0.131" port: 35571 } }
I20260709 12:13:03.915026 15579 tablet_service.cc:1917] Received RequestConsensusVote() RPC: tablet_id: "8ca3cb1a33384bbea42f4eed19d072bd" candidate_uuid: "51c16524336a4b119da62f8d027e2045" candidate_term: 1 candidate_status { last_received { term: 0 index: 0 } } ignore_live_leader: false dest_uuid: "78eb91f8831c4b4080b111e4bfdad6fd"
I20260709 12:13:03.917567 15795 raft_consensus.cc:493] T 8ca3cb1a33384bbea42f4eed19d072bd P 78eb91f8831c4b4080b111e4bfdad6fd [term 0 FOLLOWER]: Starting pre-election (no leader contacted us within the election timeout)
I20260709 12:13:03.918845 15695 raft_consensus.cc:385] T 2314b29b62b2465ca25e103480e3f2fb P 9617195e1b134d62ba1cae5b37151d53 [term 0 FOLLOWER]: Consensus starting up: Expiring failure detector timer to make a prompt election more likely
I20260709 12:13:03.921627 15695 raft_consensus.cc:740] T 2314b29b62b2465ca25e103480e3f2fb P 9617195e1b134d62ba1cae5b37151d53 [term 0 FOLLOWER]: Becoming Follower/Learner. State: Replica: 9617195e1b134d62ba1cae5b37151d53, State: Initialized, Role: FOLLOWER
I20260709 12:13:03.921693 15795 raft_consensus.cc:515] T 8ca3cb1a33384bbea42f4eed19d072bd P 78eb91f8831c4b4080b111e4bfdad6fd [term 0 FOLLOWER]: Starting pre-election with config: opid_index: -1 OBSOLETE_local: false peers { permanent_uuid: "51c16524336a4b119da62f8d027e2045" member_type: VOTER last_known_addr { host: "127.14.0.129" port: 40983 } } peers { permanent_uuid: "78eb91f8831c4b4080b111e4bfdad6fd" member_type: VOTER last_known_addr { host: "127.14.0.130" port: 33941 } } peers { permanent_uuid: "9617195e1b134d62ba1cae5b37151d53" member_type: VOTER last_known_addr { host: "127.14.0.131" port: 35571 } }
I20260709 12:13:03.922420 15695 consensus_queue.cc:260] T 2314b29b62b2465ca25e103480e3f2fb P 9617195e1b134d62ba1cae5b37151d53 [NON_LEADER]: Queue going to NON_LEADER mode. State: All replicated index: 0, Majority replicated index: 0, Committed index: 0, Last appended: 0.0, Last appended by leader: 0, Current term: 0, Majority size: -1, State: 0, Mode: NON_LEADER, active raft config: opid_index: -1 OBSOLETE_local: false peers { permanent_uuid: "51c16524336a4b119da62f8d027e2045" member_type: VOTER last_known_addr { host: "127.14.0.129" port: 40983 } } peers { permanent_uuid: "78eb91f8831c4b4080b111e4bfdad6fd" member_type: VOTER last_known_addr { host: "127.14.0.130" port: 33941 } } peers { permanent_uuid: "9617195e1b134d62ba1cae5b37151d53" member_type: VOTER last_known_addr { host: "127.14.0.131" port: 35571 } }
I20260709 12:13:03.924500 15695 ts_tablet_manager.cc:1434] T 2314b29b62b2465ca25e103480e3f2fb P 9617195e1b134d62ba1cae5b37151d53: Time spent starting tablet: real 0.033s	user 0.006s	sys 0.000s
I20260709 12:13:03.924908 15579 raft_consensus.cc:3060] T 8ca3cb1a33384bbea42f4eed19d072bd P 78eb91f8831c4b4080b111e4bfdad6fd [term 0 FOLLOWER]: Advancing to term 1
I20260709 12:13:03.934880 15795 leader_election.cc:290] T 8ca3cb1a33384bbea42f4eed19d072bd P 78eb91f8831c4b4080b111e4bfdad6fd [CANDIDATE]: Term 1 pre-election: Requested pre-vote from peers 51c16524336a4b119da62f8d027e2045 (127.14.0.129:40983), 9617195e1b134d62ba1cae5b37151d53 (127.14.0.131:35571)
W20260709 12:13:03.935629 15452 auto_rebalancer.cc:288] Could not retrieve cluster info: Service unavailable: Tablet not running
I20260709 12:13:03.936010 15504 tablet_service.cc:1917] Received RequestConsensusVote() RPC: tablet_id: "8ca3cb1a33384bbea42f4eed19d072bd" candidate_uuid: "78eb91f8831c4b4080b111e4bfdad6fd" candidate_term: 1 candidate_status { last_received { term: 0 index: 0 } } ignore_live_leader: false dest_uuid: "51c16524336a4b119da62f8d027e2045" is_pre_election: true
I20260709 12:13:03.939025 15695 tablet_bootstrap.cc:492] T a1bcb980759e4ce284b6fea9c690b694 P 9617195e1b134d62ba1cae5b37151d53: Bootstrap starting.
I20260709 12:13:03.941249 15886 consensus_queue.cc:1048] T a372eb9d1dc44438a6dc59310b7605f8 P 9617195e1b134d62ba1cae5b37151d53 [LEADER]: Connected to new peer: Peer: permanent_uuid: "78eb91f8831c4b4080b111e4bfdad6fd" member_type: VOTER last_known_addr { host: "127.14.0.130" port: 33941 }, Status: LMP_MISMATCH, Last received: 0.0, Next index: 1, Last known committed idx: 0, Time since last communication: 0.001s
I20260709 12:13:03.941855 15653 tablet_service.cc:1917] Received RequestConsensusVote() RPC: tablet_id: "8ca3cb1a33384bbea42f4eed19d072bd" candidate_uuid: "78eb91f8831c4b4080b111e4bfdad6fd" candidate_term: 1 candidate_status { last_received { term: 0 index: 0 } } ignore_live_leader: false dest_uuid: "9617195e1b134d62ba1cae5b37151d53" is_pre_election: true
I20260709 12:13:03.942490 15653 raft_consensus.cc:2393] T 8ca3cb1a33384bbea42f4eed19d072bd P 9617195e1b134d62ba1cae5b37151d53 [term 1 FOLLOWER]: Leader pre-election vote request: Denying vote to candidate 78eb91f8831c4b4080b111e4bfdad6fd in current term 1: Already voted for candidate 51c16524336a4b119da62f8d027e2045 in this term.
I20260709 12:13:03.944356 15545 leader_election.cc:304] T 8ca3cb1a33384bbea42f4eed19d072bd P 78eb91f8831c4b4080b111e4bfdad6fd [CANDIDATE]: Term 1 pre-election: Election decided. Result: candidate lost. Election summary: received 3 responses out of 3 voters: 1 yes votes; 2 no votes. yes voters: 78eb91f8831c4b4080b111e4bfdad6fd; no voters: 51c16524336a4b119da62f8d027e2045, 9617195e1b134d62ba1cae5b37151d53
I20260709 12:13:03.949309 15696 ts_tablet_manager.cc:1434] T 8ca3cb1a33384bbea42f4eed19d072bd P 78eb91f8831c4b4080b111e4bfdad6fd: Time spent starting tablet: real 0.113s	user 0.006s	sys 0.000s
I20260709 12:13:03.950525 15696 tablet_bootstrap.cc:492] T a1bcb980759e4ce284b6fea9c690b694 P 78eb91f8831c4b4080b111e4bfdad6fd: Bootstrap starting.
I20260709 12:13:03.953948 15814 raft_consensus.cc:493] T e41c88c056e546f8b99537c0a6ad9c78 P 9617195e1b134d62ba1cae5b37151d53 [term 0 FOLLOWER]: Starting pre-election (no leader contacted us within the election timeout)
I20260709 12:13:03.954480 15814 raft_consensus.cc:515] T e41c88c056e546f8b99537c0a6ad9c78 P 9617195e1b134d62ba1cae5b37151d53 [term 0 FOLLOWER]: Starting pre-election with config: opid_index: -1 OBSOLETE_local: false peers { permanent_uuid: "51c16524336a4b119da62f8d027e2045" member_type: VOTER last_known_addr { host: "127.14.0.129" port: 40983 } } peers { permanent_uuid: "78eb91f8831c4b4080b111e4bfdad6fd" member_type: VOTER last_known_addr { host: "127.14.0.130" port: 33941 } } peers { permanent_uuid: "9617195e1b134d62ba1cae5b37151d53" member_type: VOTER last_known_addr { host: "127.14.0.131" port: 35571 } }
I20260709 12:13:03.948571 15579 raft_consensus.cc:2468] T 8ca3cb1a33384bbea42f4eed19d072bd P 78eb91f8831c4b4080b111e4bfdad6fd [term 1 FOLLOWER]: Leader election vote request: Granting yes vote for candidate 51c16524336a4b119da62f8d027e2045 in term 1.
I20260709 12:13:03.955792 15795 raft_consensus.cc:2749] T 8ca3cb1a33384bbea42f4eed19d072bd P 78eb91f8831c4b4080b111e4bfdad6fd [term 1 FOLLOWER]: Leader pre-election lost for term 1. Reason: could not achieve majority
I20260709 12:13:03.956468 15814 leader_election.cc:290] T e41c88c056e546f8b99537c0a6ad9c78 P 9617195e1b134d62ba1cae5b37151d53 [CANDIDATE]: Term 1 pre-election: Requested pre-vote from peers 51c16524336a4b119da62f8d027e2045 (127.14.0.129:40983), 78eb91f8831c4b4080b111e4bfdad6fd (127.14.0.130:33941)
I20260709 12:13:03.967034 15504 tablet_service.cc:1917] Received RequestConsensusVote() RPC: tablet_id: "e41c88c056e546f8b99537c0a6ad9c78" candidate_uuid: "9617195e1b134d62ba1cae5b37151d53" candidate_term: 1 candidate_status { last_received { term: 0 index: 0 } } ignore_live_leader: false dest_uuid: "51c16524336a4b119da62f8d027e2045" is_pre_election: true
W20260709 12:13:03.968727 15618 leader_election.cc:343] T e41c88c056e546f8b99537c0a6ad9c78 P 9617195e1b134d62ba1cae5b37151d53 [CANDIDATE]: Term 1 pre-election: Tablet error from VoteRequest() call to peer 51c16524336a4b119da62f8d027e2045 (127.14.0.129:40983): Illegal state: must be running to vote when last-logged opid is not known
I20260709 12:13:03.970086 15699 tablet_bootstrap.cc:492] T d9091fccd2254556ad1593141c9f3853 P 51c16524336a4b119da62f8d027e2045: No bootstrap required, opened a new log
I20260709 12:13:03.970651 15699 ts_tablet_manager.cc:1403] T d9091fccd2254556ad1593141c9f3853 P 51c16524336a4b119da62f8d027e2045: Time spent bootstrapping tablet: real 0.159s	user 0.014s	sys 0.000s
I20260709 12:13:03.974509 15699 raft_consensus.cc:359] T d9091fccd2254556ad1593141c9f3853 P 51c16524336a4b119da62f8d027e2045 [term 0 FOLLOWER]: Replica starting. Triggering 0 pending ops. Active config: opid_index: -1 OBSOLETE_local: false peers { permanent_uuid: "51c16524336a4b119da62f8d027e2045" member_type: VOTER last_known_addr { host: "127.14.0.129" port: 40983 } } peers { permanent_uuid: "78eb91f8831c4b4080b111e4bfdad6fd" member_type: VOTER last_known_addr { host: "127.14.0.130" port: 33941 } } peers { permanent_uuid: "9617195e1b134d62ba1cae5b37151d53" member_type: VOTER last_known_addr { host: "127.14.0.131" port: 35571 } }
I20260709 12:13:03.975337 15699 raft_consensus.cc:385] T d9091fccd2254556ad1593141c9f3853 P 51c16524336a4b119da62f8d027e2045 [term 0 FOLLOWER]: Consensus starting up: Expiring failure detector timer to make a prompt election more likely
I20260709 12:13:03.975674 15699 raft_consensus.cc:740] T d9091fccd2254556ad1593141c9f3853 P 51c16524336a4b119da62f8d027e2045 [term 0 FOLLOWER]: Becoming Follower/Learner. State: Replica: 51c16524336a4b119da62f8d027e2045, State: Initialized, Role: FOLLOWER
I20260709 12:13:03.978331 15699 consensus_queue.cc:260] T d9091fccd2254556ad1593141c9f3853 P 51c16524336a4b119da62f8d027e2045 [NON_LEADER]: Queue going to NON_LEADER mode. State: All replicated index: 0, Majority replicated index: 0, Committed index: 0, Last appended: 0.0, Last appended by leader: 0, Current term: 0, Majority size: -1, State: 0, Mode: NON_LEADER, active raft config: opid_index: -1 OBSOLETE_local: false peers { permanent_uuid: "51c16524336a4b119da62f8d027e2045" member_type: VOTER last_known_addr { host: "127.14.0.129" port: 40983 } } peers { permanent_uuid: "78eb91f8831c4b4080b111e4bfdad6fd" member_type: VOTER last_known_addr { host: "127.14.0.130" port: 33941 } } peers { permanent_uuid: "9617195e1b134d62ba1cae5b37151d53" member_type: VOTER last_known_addr { host: "127.14.0.131" port: 35571 } }
I20260709 12:13:03.977200 15886 consensus_queue.cc:1048] T a372eb9d1dc44438a6dc59310b7605f8 P 9617195e1b134d62ba1cae5b37151d53 [LEADER]: Connected to new peer: Peer: permanent_uuid: "51c16524336a4b119da62f8d027e2045" member_type: VOTER last_known_addr { host: "127.14.0.129" port: 40983 }, Status: LMP_MISMATCH, Last received: 0.0, Next index: 1, Last known committed idx: 0, Time since last communication: 0.003s
I20260709 12:13:03.980204 15581 tablet_service.cc:1917] Received RequestConsensusVote() RPC: tablet_id: "e41c88c056e546f8b99537c0a6ad9c78" candidate_uuid: "9617195e1b134d62ba1cae5b37151d53" candidate_term: 1 candidate_status { last_received { term: 0 index: 0 } } ignore_live_leader: false dest_uuid: "78eb91f8831c4b4080b111e4bfdad6fd" is_pre_election: true
I20260709 12:13:03.986279 15699 ts_tablet_manager.cc:1434] T d9091fccd2254556ad1593141c9f3853 P 51c16524336a4b119da62f8d027e2045: Time spent starting tablet: real 0.015s	user 0.007s	sys 0.000s
W20260709 12:13:03.986903 15618 leader_election.cc:343] T e41c88c056e546f8b99537c0a6ad9c78 P 9617195e1b134d62ba1cae5b37151d53 [CANDIDATE]: Term 1 pre-election: Tablet error from VoteRequest() call to peer 78eb91f8831c4b4080b111e4bfdad6fd (127.14.0.130:33941): Illegal state: must be running to vote when last-logged opid is not known
I20260709 12:13:03.987300 15699 tablet_bootstrap.cc:492] T e5b8fcc41d444017ab357ec4801060e2 P 51c16524336a4b119da62f8d027e2045: Bootstrap starting.
I20260709 12:13:03.987388 15618 leader_election.cc:304] T e41c88c056e546f8b99537c0a6ad9c78 P 9617195e1b134d62ba1cae5b37151d53 [CANDIDATE]: Term 1 pre-election: Election decided. Result: candidate lost. Election summary: received 3 responses out of 3 voters: 1 yes votes; 2 no votes. yes voters: 9617195e1b134d62ba1cae5b37151d53; no voters: 51c16524336a4b119da62f8d027e2045, 78eb91f8831c4b4080b111e4bfdad6fd
I20260709 12:13:03.988715 15886 raft_consensus.cc:2749] T e41c88c056e546f8b99537c0a6ad9c78 P 9617195e1b134d62ba1cae5b37151d53 [term 0 FOLLOWER]: Leader pre-election lost for term 1. Reason: could not achieve majority
I20260709 12:13:03.988178 15403 catalog_manager.cc:5697] T 838731c7c49f4a84b6ba1176a81e1012 P 51c16524336a4b119da62f8d027e2045 reported cstate change: term changed from 0 to 1, leader changed from <none> to 51c16524336a4b119da62f8d027e2045 (127.14.0.129). New cstate: current_term: 1 leader_uuid: "51c16524336a4b119da62f8d027e2045" committed_config { opid_index: -1 OBSOLETE_local: false peers { permanent_uuid: "51c16524336a4b119da62f8d027e2045" member_type: VOTER last_known_addr { host: "127.14.0.129" port: 40983 } health_report { overall_health: HEALTHY } } peers { permanent_uuid: "78eb91f8831c4b4080b111e4bfdad6fd" member_type: VOTER last_known_addr { host: "127.14.0.130" port: 33941 } health_report { overall_health: UNKNOWN } } peers { permanent_uuid: "9617195e1b134d62ba1cae5b37151d53" member_type: VOTER last_known_addr { host: "127.14.0.131" port: 35571 } health_report { overall_health: UNKNOWN } } }
I20260709 12:13:03.990154 15403 catalog_manager.cc:5697] T 8ca3cb1a33384bbea42f4eed19d072bd P 51c16524336a4b119da62f8d027e2045 reported cstate change: term changed from 0 to 1, leader changed from <none> to 51c16524336a4b119da62f8d027e2045 (127.14.0.129). New cstate: current_term: 1 leader_uuid: "51c16524336a4b119da62f8d027e2045" committed_config { opid_index: -1 OBSOLETE_local: false peers { permanent_uuid: "51c16524336a4b119da62f8d027e2045" member_type: VOTER last_known_addr { host: "127.14.0.129" port: 40983 } health_report { overall_health: HEALTHY } } peers { permanent_uuid: "78eb91f8831c4b4080b111e4bfdad6fd" member_type: VOTER last_known_addr { host: "127.14.0.130" port: 33941 } health_report { overall_health: UNKNOWN } } peers { permanent_uuid: "9617195e1b134d62ba1cae5b37151d53" member_type: VOTER last_known_addr { host: "127.14.0.131" port: 35571 } health_report { overall_health: UNKNOWN } } }
I20260709 12:13:03.991240 15403 catalog_manager.cc:5697] T 40d5c6f174c041b09e6cebfe3c3cce0d P 51c16524336a4b119da62f8d027e2045 reported cstate change: term changed from 0 to 1, leader changed from <none> to 51c16524336a4b119da62f8d027e2045 (127.14.0.129). New cstate: current_term: 1 leader_uuid: "51c16524336a4b119da62f8d027e2045" committed_config { opid_index: -1 OBSOLETE_local: false peers { permanent_uuid: "51c16524336a4b119da62f8d027e2045" member_type: VOTER last_known_addr { host: "127.14.0.129" port: 40983 } health_report { overall_health: HEALTHY } } peers { permanent_uuid: "78eb91f8831c4b4080b111e4bfdad6fd" member_type: VOTER last_known_addr { host: "127.14.0.130" port: 33941 } health_report { overall_health: UNKNOWN } } peers { permanent_uuid: "9617195e1b134d62ba1cae5b37151d53" member_type: VOTER last_known_addr { host: "127.14.0.131" port: 35571 } health_report { overall_health: UNKNOWN } } }
I20260709 12:13:03.994643 15403 catalog_manager.cc:5697] T 273e7bf06fa54febbd964790498ed06f P 51c16524336a4b119da62f8d027e2045 reported cstate change: term changed from 0 to 1, leader changed from <none> to 51c16524336a4b119da62f8d027e2045 (127.14.0.129). New cstate: current_term: 1 leader_uuid: "51c16524336a4b119da62f8d027e2045" committed_config { opid_index: -1 OBSOLETE_local: false peers { permanent_uuid: "51c16524336a4b119da62f8d027e2045" member_type: VOTER last_known_addr { host: "127.14.0.129" port: 40983 } health_report { overall_health: HEALTHY } } peers { permanent_uuid: "78eb91f8831c4b4080b111e4bfdad6fd" member_type: VOTER last_known_addr { host: "127.14.0.130" port: 33941 } health_report { overall_health: UNKNOWN } } peers { permanent_uuid: "9617195e1b134d62ba1cae5b37151d53" member_type: VOTER last_known_addr { host: "127.14.0.131" port: 35571 } health_report { overall_health: UNKNOWN } } }
I20260709 12:13:03.996353 15814 raft_consensus.cc:493] T 2314b29b62b2465ca25e103480e3f2fb P 9617195e1b134d62ba1cae5b37151d53 [term 0 FOLLOWER]: Starting pre-election (no leader contacted us within the election timeout)
I20260709 12:13:03.999927 15814 raft_consensus.cc:515] T 2314b29b62b2465ca25e103480e3f2fb P 9617195e1b134d62ba1cae5b37151d53 [term 0 FOLLOWER]: Starting pre-election with config: opid_index: -1 OBSOLETE_local: false peers { permanent_uuid: "51c16524336a4b119da62f8d027e2045" member_type: VOTER last_known_addr { host: "127.14.0.129" port: 40983 } } peers { permanent_uuid: "78eb91f8831c4b4080b111e4bfdad6fd" member_type: VOTER last_known_addr { host: "127.14.0.130" port: 33941 } } peers { permanent_uuid: "9617195e1b134d62ba1cae5b37151d53" member_type: VOTER last_known_addr { host: "127.14.0.131" port: 35571 } }
I20260709 12:13:03.997416 15810 raft_consensus.cc:2749] T a30b2a632027405facf5e81aacfb8622 P 51c16524336a4b119da62f8d027e2045 [term 1 FOLLOWER]: Leader pre-election lost for term 1. Reason: could not achieve majority
I20260709 12:13:04.007680 15696 tablet_bootstrap.cc:654] T a1bcb980759e4ce284b6fea9c690b694 P 78eb91f8831c4b4080b111e4bfdad6fd: Neither blocks nor log segments found. Creating new log.
I20260709 12:13:04.009737 15695 tablet_bootstrap.cc:654] T a1bcb980759e4ce284b6fea9c690b694 P 9617195e1b134d62ba1cae5b37151d53: Neither blocks nor log segments found. Creating new log.
I20260709 12:13:04.013751 15503 tablet_service.cc:1917] Received RequestConsensusVote() RPC: tablet_id: "2314b29b62b2465ca25e103480e3f2fb" candidate_uuid: "9617195e1b134d62ba1cae5b37151d53" candidate_term: 1 candidate_status { last_received { term: 0 index: 0 } } ignore_live_leader: false dest_uuid: "51c16524336a4b119da62f8d027e2045" is_pre_election: true
W20260709 12:13:04.016049 15618 leader_election.cc:343] T 2314b29b62b2465ca25e103480e3f2fb P 9617195e1b134d62ba1cae5b37151d53 [CANDIDATE]: Term 1 pre-election: Tablet error from VoteRequest() call to peer 51c16524336a4b119da62f8d027e2045 (127.14.0.129:40983): Illegal state: must be running to vote when last-logged opid is not known
I20260709 12:13:04.021428 15699 tablet_bootstrap.cc:654] T e5b8fcc41d444017ab357ec4801060e2 P 51c16524336a4b119da62f8d027e2045: Neither blocks nor log segments found. Creating new log.
I20260709 12:13:04.043596 15814 leader_election.cc:290] T 2314b29b62b2465ca25e103480e3f2fb P 9617195e1b134d62ba1cae5b37151d53 [CANDIDATE]: Term 1 pre-election: Requested pre-vote from peers 51c16524336a4b119da62f8d027e2045 (127.14.0.129:40983), 78eb91f8831c4b4080b111e4bfdad6fd (127.14.0.130:33941)
I20260709 12:13:04.045739 15579 tablet_service.cc:1917] Received RequestConsensusVote() RPC: tablet_id: "2314b29b62b2465ca25e103480e3f2fb" candidate_uuid: "9617195e1b134d62ba1cae5b37151d53" candidate_term: 1 candidate_status { last_received { term: 0 index: 0 } } ignore_live_leader: false dest_uuid: "78eb91f8831c4b4080b111e4bfdad6fd" is_pre_election: true
W20260709 12:13:04.047329 15618 leader_election.cc:343] T 2314b29b62b2465ca25e103480e3f2fb P 9617195e1b134d62ba1cae5b37151d53 [CANDIDATE]: Term 1 pre-election: Tablet error from VoteRequest() call to peer 78eb91f8831c4b4080b111e4bfdad6fd (127.14.0.130:33941): Illegal state: must be running to vote when last-logged opid is not known
I20260709 12:13:04.047835 15618 leader_election.cc:304] T 2314b29b62b2465ca25e103480e3f2fb P 9617195e1b134d62ba1cae5b37151d53 [CANDIDATE]: Term 1 pre-election: Election decided. Result: candidate lost. Election summary: received 3 responses out of 3 voters: 1 yes votes; 2 no votes. yes voters: 9617195e1b134d62ba1cae5b37151d53; no voters: 51c16524336a4b119da62f8d027e2045, 78eb91f8831c4b4080b111e4bfdad6fd
I20260709 12:13:04.048657 15886 raft_consensus.cc:2749] T 2314b29b62b2465ca25e103480e3f2fb P 9617195e1b134d62ba1cae5b37151d53 [term 0 FOLLOWER]: Leader pre-election lost for term 1. Reason: could not achieve majority
I20260709 12:13:04.061681 15696 tablet_bootstrap.cc:492] T a1bcb980759e4ce284b6fea9c690b694 P 78eb91f8831c4b4080b111e4bfdad6fd: No bootstrap required, opened a new log
I20260709 12:13:04.062019 15695 tablet_bootstrap.cc:492] T a1bcb980759e4ce284b6fea9c690b694 P 9617195e1b134d62ba1cae5b37151d53: No bootstrap required, opened a new log
I20260709 12:13:04.062253 15696 ts_tablet_manager.cc:1403] T a1bcb980759e4ce284b6fea9c690b694 P 78eb91f8831c4b4080b111e4bfdad6fd: Time spent bootstrapping tablet: real 0.112s	user 0.026s	sys 0.002s
I20260709 12:13:04.062444 15695 ts_tablet_manager.cc:1403] T a1bcb980759e4ce284b6fea9c690b694 P 9617195e1b134d62ba1cae5b37151d53: Time spent bootstrapping tablet: real 0.124s	user 0.008s	sys 0.005s
I20260709 12:13:04.065624 15696 raft_consensus.cc:359] T a1bcb980759e4ce284b6fea9c690b694 P 78eb91f8831c4b4080b111e4bfdad6fd [term 0 FOLLOWER]: Replica starting. Triggering 0 pending ops. Active config: opid_index: -1 OBSOLETE_local: false peers { permanent_uuid: "51c16524336a4b119da62f8d027e2045" member_type: VOTER last_known_addr { host: "127.14.0.129" port: 40983 } } peers { permanent_uuid: "78eb91f8831c4b4080b111e4bfdad6fd" member_type: VOTER last_known_addr { host: "127.14.0.130" port: 33941 } } peers { permanent_uuid: "9617195e1b134d62ba1cae5b37151d53" member_type: VOTER last_known_addr { host: "127.14.0.131" port: 35571 } }
I20260709 12:13:04.065512 15695 raft_consensus.cc:359] T a1bcb980759e4ce284b6fea9c690b694 P 9617195e1b134d62ba1cae5b37151d53 [term 0 FOLLOWER]: Replica starting. Triggering 0 pending ops. Active config: opid_index: -1 OBSOLETE_local: false peers { permanent_uuid: "51c16524336a4b119da62f8d027e2045" member_type: VOTER last_known_addr { host: "127.14.0.129" port: 40983 } } peers { permanent_uuid: "78eb91f8831c4b4080b111e4bfdad6fd" member_type: VOTER last_known_addr { host: "127.14.0.130" port: 33941 } } peers { permanent_uuid: "9617195e1b134d62ba1cae5b37151d53" member_type: VOTER last_known_addr { host: "127.14.0.131" port: 35571 } }
I20260709 12:13:04.066352 15696 raft_consensus.cc:385] T a1bcb980759e4ce284b6fea9c690b694 P 78eb91f8831c4b4080b111e4bfdad6fd [term 0 FOLLOWER]: Consensus starting up: Expiring failure detector timer to make a prompt election more likely
I20260709 12:13:04.066496 15695 raft_consensus.cc:385] T a1bcb980759e4ce284b6fea9c690b694 P 9617195e1b134d62ba1cae5b37151d53 [term 0 FOLLOWER]: Consensus starting up: Expiring failure detector timer to make a prompt election more likely
I20260709 12:13:04.066668 15696 raft_consensus.cc:740] T a1bcb980759e4ce284b6fea9c690b694 P 78eb91f8831c4b4080b111e4bfdad6fd [term 0 FOLLOWER]: Becoming Follower/Learner. State: Replica: 78eb91f8831c4b4080b111e4bfdad6fd, State: Initialized, Role: FOLLOWER
I20260709 12:13:04.066826 15695 raft_consensus.cc:740] T a1bcb980759e4ce284b6fea9c690b694 P 9617195e1b134d62ba1cae5b37151d53 [term 0 FOLLOWER]: Becoming Follower/Learner. State: Replica: 9617195e1b134d62ba1cae5b37151d53, State: Initialized, Role: FOLLOWER
I20260709 12:13:04.067559 15695 consensus_queue.cc:260] T a1bcb980759e4ce284b6fea9c690b694 P 9617195e1b134d62ba1cae5b37151d53 [NON_LEADER]: Queue going to NON_LEADER mode. State: All replicated index: 0, Majority replicated index: 0, Committed index: 0, Last appended: 0.0, Last appended by leader: 0, Current term: 0, Majority size: -1, State: 0, Mode: NON_LEADER, active raft config: opid_index: -1 OBSOLETE_local: false peers { permanent_uuid: "51c16524336a4b119da62f8d027e2045" member_type: VOTER last_known_addr { host: "127.14.0.129" port: 40983 } } peers { permanent_uuid: "78eb91f8831c4b4080b111e4bfdad6fd" member_type: VOTER last_known_addr { host: "127.14.0.130" port: 33941 } } peers { permanent_uuid: "9617195e1b134d62ba1cae5b37151d53" member_type: VOTER last_known_addr { host: "127.14.0.131" port: 35571 } }
I20260709 12:13:04.067723 15696 consensus_queue.cc:260] T a1bcb980759e4ce284b6fea9c690b694 P 78eb91f8831c4b4080b111e4bfdad6fd [NON_LEADER]: Queue going to NON_LEADER mode. State: All replicated index: 0, Majority replicated index: 0, Committed index: 0, Last appended: 0.0, Last appended by leader: 0, Current term: 0, Majority size: -1, State: 0, Mode: NON_LEADER, active raft config: opid_index: -1 OBSOLETE_local: false peers { permanent_uuid: "51c16524336a4b119da62f8d027e2045" member_type: VOTER last_known_addr { host: "127.14.0.129" port: 40983 } } peers { permanent_uuid: "78eb91f8831c4b4080b111e4bfdad6fd" member_type: VOTER last_known_addr { host: "127.14.0.130" port: 33941 } } peers { permanent_uuid: "9617195e1b134d62ba1cae5b37151d53" member_type: VOTER last_known_addr { host: "127.14.0.131" port: 35571 } }
I20260709 12:13:04.070863 15699 tablet_bootstrap.cc:492] T e5b8fcc41d444017ab357ec4801060e2 P 51c16524336a4b119da62f8d027e2045: No bootstrap required, opened a new log
I20260709 12:13:04.071422 15699 ts_tablet_manager.cc:1403] T e5b8fcc41d444017ab357ec4801060e2 P 51c16524336a4b119da62f8d027e2045: Time spent bootstrapping tablet: real 0.084s	user 0.008s	sys 0.004s
I20260709 12:13:04.073443 15696 ts_tablet_manager.cc:1434] T a1bcb980759e4ce284b6fea9c690b694 P 78eb91f8831c4b4080b111e4bfdad6fd: Time spent starting tablet: real 0.010s	user 0.006s	sys 0.000s
I20260709 12:13:04.074000 15695 ts_tablet_manager.cc:1434] T a1bcb980759e4ce284b6fea9c690b694 P 9617195e1b134d62ba1cae5b37151d53: Time spent starting tablet: real 0.011s	user 0.008s	sys 0.000s
I20260709 12:13:04.074141 15699 raft_consensus.cc:359] T e5b8fcc41d444017ab357ec4801060e2 P 51c16524336a4b119da62f8d027e2045 [term 0 FOLLOWER]: Replica starting. Triggering 0 pending ops. Active config: opid_index: -1 OBSOLETE_local: false peers { permanent_uuid: "51c16524336a4b119da62f8d027e2045" member_type: VOTER last_known_addr { host: "127.14.0.129" port: 40983 } } peers { permanent_uuid: "78eb91f8831c4b4080b111e4bfdad6fd" member_type: VOTER last_known_addr { host: "127.14.0.130" port: 33941 } } peers { permanent_uuid: "9617195e1b134d62ba1cae5b37151d53" member_type: VOTER last_known_addr { host: "127.14.0.131" port: 35571 } }
I20260709 12:13:04.074895 15695 tablet_bootstrap.cc:492] T 00dc88637e3649c5b059d358fdf24cbf P 9617195e1b134d62ba1cae5b37151d53: Bootstrap starting.
I20260709 12:13:04.074858 15699 raft_consensus.cc:385] T e5b8fcc41d444017ab357ec4801060e2 P 51c16524336a4b119da62f8d027e2045 [term 0 FOLLOWER]: Consensus starting up: Expiring failure detector timer to make a prompt election more likely
I20260709 12:13:04.075765 15696 tablet_bootstrap.cc:492] T 40d5c6f174c041b09e6cebfe3c3cce0d P 78eb91f8831c4b4080b111e4bfdad6fd: Bootstrap starting.
I20260709 12:13:04.075848 15699 raft_consensus.cc:740] T e5b8fcc41d444017ab357ec4801060e2 P 51c16524336a4b119da62f8d027e2045 [term 0 FOLLOWER]: Becoming Follower/Learner. State: Replica: 51c16524336a4b119da62f8d027e2045, State: Initialized, Role: FOLLOWER
I20260709 12:13:04.076666 15699 consensus_queue.cc:260] T e5b8fcc41d444017ab357ec4801060e2 P 51c16524336a4b119da62f8d027e2045 [NON_LEADER]: Queue going to NON_LEADER mode. State: All replicated index: 0, Majority replicated index: 0, Committed index: 0, Last appended: 0.0, Last appended by leader: 0, Current term: 0, Majority size: -1, State: 0, Mode: NON_LEADER, active raft config: opid_index: -1 OBSOLETE_local: false peers { permanent_uuid: "51c16524336a4b119da62f8d027e2045" member_type: VOTER last_known_addr { host: "127.14.0.129" port: 40983 } } peers { permanent_uuid: "78eb91f8831c4b4080b111e4bfdad6fd" member_type: VOTER last_known_addr { host: "127.14.0.130" port: 33941 } } peers { permanent_uuid: "9617195e1b134d62ba1cae5b37151d53" member_type: VOTER last_known_addr { host: "127.14.0.131" port: 35571 } }
I20260709 12:13:04.079159 15699 ts_tablet_manager.cc:1434] T e5b8fcc41d444017ab357ec4801060e2 P 51c16524336a4b119da62f8d027e2045: Time spent starting tablet: real 0.007s	user 0.007s	sys 0.000s
I20260709 12:13:04.083348 15696 tablet_bootstrap.cc:654] T 40d5c6f174c041b09e6cebfe3c3cce0d P 78eb91f8831c4b4080b111e4bfdad6fd: Neither blocks nor log segments found. Creating new log.
I20260709 12:13:04.084795 15699 tablet_bootstrap.cc:492] T 25e772ed0141479da391a3ea37f3fdf5 P 51c16524336a4b119da62f8d027e2045: Bootstrap starting.
I20260709 12:13:04.093279 15695 tablet_bootstrap.cc:654] T 00dc88637e3649c5b059d358fdf24cbf P 9617195e1b134d62ba1cae5b37151d53: Neither blocks nor log segments found. Creating new log.
I20260709 12:13:04.095955 15696 tablet_bootstrap.cc:492] T 40d5c6f174c041b09e6cebfe3c3cce0d P 78eb91f8831c4b4080b111e4bfdad6fd: No bootstrap required, opened a new log
I20260709 12:13:04.091455 15699 tablet_bootstrap.cc:654] T 25e772ed0141479da391a3ea37f3fdf5 P 51c16524336a4b119da62f8d027e2045: Neither blocks nor log segments found. Creating new log.
I20260709 12:13:04.096442 15696 ts_tablet_manager.cc:1403] T 40d5c6f174c041b09e6cebfe3c3cce0d P 78eb91f8831c4b4080b111e4bfdad6fd: Time spent bootstrapping tablet: real 0.022s	user 0.008s	sys 0.009s
I20260709 12:13:04.099715 15696 raft_consensus.cc:359] T 40d5c6f174c041b09e6cebfe3c3cce0d P 78eb91f8831c4b4080b111e4bfdad6fd [term 0 FOLLOWER]: Replica starting. Triggering 0 pending ops. Active config: opid_index: -1 OBSOLETE_local: false peers { permanent_uuid: "51c16524336a4b119da62f8d027e2045" member_type: VOTER last_known_addr { host: "127.14.0.129" port: 40983 } } peers { permanent_uuid: "78eb91f8831c4b4080b111e4bfdad6fd" member_type: VOTER last_known_addr { host: "127.14.0.130" port: 33941 } } peers { permanent_uuid: "9617195e1b134d62ba1cae5b37151d53" member_type: VOTER last_known_addr { host: "127.14.0.131" port: 35571 } }
I20260709 12:13:04.100471 15696 raft_consensus.cc:385] T 40d5c6f174c041b09e6cebfe3c3cce0d P 78eb91f8831c4b4080b111e4bfdad6fd [term 0 FOLLOWER]: Consensus starting up: Expiring failure detector timer to make a prompt election more likely
I20260709 12:13:04.100732 15696 raft_consensus.cc:740] T 40d5c6f174c041b09e6cebfe3c3cce0d P 78eb91f8831c4b4080b111e4bfdad6fd [term 0 FOLLOWER]: Becoming Follower/Learner. State: Replica: 78eb91f8831c4b4080b111e4bfdad6fd, State: Initialized, Role: FOLLOWER
