I20260709 12:13:00.630484 32582 leader_election.cc:290] T e6c783c940344acc9bf32f5d5f587f4f P 955f068a9d6545c4a18f1856a115255c [CANDIDATE]: Term 1 pre-election: Requested pre-vote from peers d081f41bafc849be909e21941c3b2a6a (127.30.90.65:45003), 0354400820b248608958da888f8cf282 (127.30.90.67:34633)
I20260709 12:13:00.651486 32604 raft_consensus.cc:493] T e6c783c940344acc9bf32f5d5f587f4f P d081f41bafc849be909e21941c3b2a6a [term 0 FOLLOWER]: Starting pre-election (no leader contacted us within the election timeout)
I20260709 12:13:00.651983 32604 raft_consensus.cc:515] T e6c783c940344acc9bf32f5d5f587f4f P d081f41bafc849be909e21941c3b2a6a [term 0 FOLLOWER]: Starting pre-election with config: opid_index: -1 OBSOLETE_local: false peers { permanent_uuid: "d081f41bafc849be909e21941c3b2a6a" member_type: VOTER last_known_addr { host: "127.30.90.65" port: 45003 } } peers { permanent_uuid: "955f068a9d6545c4a18f1856a115255c" member_type: VOTER last_known_addr { host: "127.30.90.66" port: 38975 } } peers { permanent_uuid: "0354400820b248608958da888f8cf282" member_type: VOTER last_known_addr { host: "127.30.90.67" port: 34633 } }
I20260709 12:13:00.652124 32393 tablet_service.cc:1917] Received RequestConsensusVote() RPC: tablet_id: "e6c783c940344acc9bf32f5d5f587f4f" candidate_uuid: "955f068a9d6545c4a18f1856a115255c" candidate_term: 1 candidate_status { last_received { term: 0 index: 0 } } ignore_live_leader: false dest_uuid: "0354400820b248608958da888f8cf282" is_pre_election: true
I20260709 12:13:00.653980 32393 raft_consensus.cc:2468] T e6c783c940344acc9bf32f5d5f587f4f P 0354400820b248608958da888f8cf282 [term 0 FOLLOWER]: Leader pre-election vote request: Granting yes vote for candidate 955f068a9d6545c4a18f1856a115255c in term 0.
I20260709 12:13:00.650847 32478 raft_consensus.cc:493] T beffdc7ec3894d0f87e415dd526e35a1 P 955f068a9d6545c4a18f1856a115255c [term 0 FOLLOWER]: Starting pre-election (no leader contacted us within the election timeout)
I20260709 12:13:00.649569 32582 consensus_queue.cc:1048] T d15eb7528f6c43f79350ec7bfcd80841 P 955f068a9d6545c4a18f1856a115255c [LEADER]: Connected to new peer: Peer: permanent_uuid: "0354400820b248608958da888f8cf282" member_type: VOTER last_known_addr { host: "127.30.90.67" port: 34633 }, Status: LMP_MISMATCH, Last received: 0.0, Next index: 1, Last known committed idx: 0, Time since last communication: 0.001s
I20260709 12:13:00.655777 32285 leader_election.cc:304] T e6c783c940344acc9bf32f5d5f587f4f P 955f068a9d6545c4a18f1856a115255c [CANDIDATE]: Term 1 pre-election: Election decided. Result: candidate won. Election summary: received 2 responses out of 3 voters: 2 yes votes; 0 no votes. yes voters: 0354400820b248608958da888f8cf282, 955f068a9d6545c4a18f1856a115255c; no voters: 
I20260709 12:13:00.655714 32478 raft_consensus.cc:515] T beffdc7ec3894d0f87e415dd526e35a1 P 955f068a9d6545c4a18f1856a115255c [term 0 FOLLOWER]: Starting pre-election with config: opid_index: -1 OBSOLETE_local: false peers { permanent_uuid: "d081f41bafc849be909e21941c3b2a6a" member_type: VOTER last_known_addr { host: "127.30.90.65" port: 45003 } } peers { permanent_uuid: "955f068a9d6545c4a18f1856a115255c" member_type: VOTER last_known_addr { host: "127.30.90.66" port: 38975 } } peers { permanent_uuid: "0354400820b248608958da888f8cf282" member_type: VOTER last_known_addr { host: "127.30.90.67" port: 34633 } }
I20260709 12:13:00.656679 32582 raft_consensus.cc:2804] T e6c783c940344acc9bf32f5d5f587f4f P 955f068a9d6545c4a18f1856a115255c [term 0 FOLLOWER]: Leader pre-election won for term 1
I20260709 12:13:00.657107 32582 raft_consensus.cc:493] T e6c783c940344acc9bf32f5d5f587f4f P 955f068a9d6545c4a18f1856a115255c [term 0 FOLLOWER]: Starting leader election (no leader contacted us within the election timeout)
I20260709 12:13:00.657474 32582 raft_consensus.cc:3060] T e6c783c940344acc9bf32f5d5f587f4f P 955f068a9d6545c4a18f1856a115255c [term 0 FOLLOWER]: Advancing to term 1
I20260709 12:13:00.659265 32467 raft_consensus.cc:493] T 9c10c826e5ec4d86b06b5b22b37148cc P 0354400820b248608958da888f8cf282 [term 0 FOLLOWER]: Starting pre-election (no leader contacted us within the election timeout)
I20260709 12:13:00.659754 32467 raft_consensus.cc:515] T 9c10c826e5ec4d86b06b5b22b37148cc P 0354400820b248608958da888f8cf282 [term 0 FOLLOWER]: Starting pre-election with config: opid_index: -1 OBSOLETE_local: false peers { permanent_uuid: "d081f41bafc849be909e21941c3b2a6a" member_type: VOTER last_known_addr { host: "127.30.90.65" port: 45003 } } peers { permanent_uuid: "955f068a9d6545c4a18f1856a115255c" member_type: VOTER last_known_addr { host: "127.30.90.66" port: 38975 } } peers { permanent_uuid: "0354400820b248608958da888f8cf282" member_type: VOTER last_known_addr { host: "127.30.90.67" port: 34633 } }
I20260709 12:13:00.660055 32394 tablet_service.cc:1917] Received RequestConsensusVote() RPC: tablet_id: "beffdc7ec3894d0f87e415dd526e35a1" candidate_uuid: "955f068a9d6545c4a18f1856a115255c" candidate_term: 1 candidate_status { last_received { term: 0 index: 0 } } ignore_live_leader: false dest_uuid: "0354400820b248608958da888f8cf282" is_pre_election: true
I20260709 12:13:00.661909 32467 leader_election.cc:290] T 9c10c826e5ec4d86b06b5b22b37148cc P 0354400820b248608958da888f8cf282 [CANDIDATE]: Term 1 pre-election: Requested pre-vote from peers d081f41bafc849be909e21941c3b2a6a (127.30.90.65:45003), 955f068a9d6545c4a18f1856a115255c (127.30.90.66:38975)
I20260709 12:13:00.664549 32394 tablet_service.cc:1917] Received RequestConsensusVote() RPC: tablet_id: "1d4498d2b05a4b2c90949cc5ef2e734f" candidate_uuid: "d081f41bafc849be909e21941c3b2a6a" candidate_term: 1 candidate_status { last_received { term: 0 index: 0 } } ignore_live_leader: false dest_uuid: "0354400820b248608958da888f8cf282"
I20260709 12:13:00.665176 32394 raft_consensus.cc:3060] T 1d4498d2b05a4b2c90949cc5ef2e734f P 0354400820b248608958da888f8cf282 [term 0 FOLLOWER]: Advancing to term 1
I20260709 12:13:00.658824 32478 leader_election.cc:290] T beffdc7ec3894d0f87e415dd526e35a1 P 955f068a9d6545c4a18f1856a115255c [CANDIDATE]: Term 1 pre-election: Requested pre-vote from peers d081f41bafc849be909e21941c3b2a6a (127.30.90.65:45003), 0354400820b248608958da888f8cf282 (127.30.90.67:34633)
I20260709 12:13:00.668434 32582 raft_consensus.cc:515] T e6c783c940344acc9bf32f5d5f587f4f P 955f068a9d6545c4a18f1856a115255c [term 1 FOLLOWER]: Starting leader election with config: opid_index: -1 OBSOLETE_local: false peers { permanent_uuid: "d081f41bafc849be909e21941c3b2a6a" member_type: VOTER last_known_addr { host: "127.30.90.65" port: 45003 } } peers { permanent_uuid: "955f068a9d6545c4a18f1856a115255c" member_type: VOTER last_known_addr { host: "127.30.90.66" port: 38975 } } peers { permanent_uuid: "0354400820b248608958da888f8cf282" member_type: VOTER last_known_addr { host: "127.30.90.67" port: 34633 } }
I20260709 12:13:00.671608 32395 tablet_service.cc:1917] Received RequestConsensusVote() RPC: tablet_id: "e6c783c940344acc9bf32f5d5f587f4f" candidate_uuid: "955f068a9d6545c4a18f1856a115255c" candidate_term: 1 candidate_status { last_received { term: 0 index: 0 } } ignore_live_leader: false dest_uuid: "0354400820b248608958da888f8cf282"
I20260709 12:13:00.672194 32395 raft_consensus.cc:3060] T e6c783c940344acc9bf32f5d5f587f4f P 0354400820b248608958da888f8cf282 [term 0 FOLLOWER]: Advancing to term 1
W20260709 12:13:00.675742 32360 leader_election.cc:343] T 27204bc48ea3489faf065f61a5a228f4 P 0354400820b248608958da888f8cf282 [CANDIDATE]: Term 1 pre-election: Tablet error from VoteRequest() call to peer d081f41bafc849be909e21941c3b2a6a (127.30.90.65:45003): Illegal state: must be running to vote when last-logged opid is not known
I20260709 12:13:00.685304 32360 leader_election.cc:304] T 04253db9ace2428eb8a9d3218b1ff578 P 0354400820b248608958da888f8cf282 [CANDIDATE]: Term 1 pre-election: Election decided. Result: candidate lost. Election summary: received 3 responses out of 3 voters: 1 yes votes; 2 no votes. yes voters: 0354400820b248608958da888f8cf282; no voters: 955f068a9d6545c4a18f1856a115255c, d081f41bafc849be909e21941c3b2a6a
I20260709 12:13:00.688028 32566 raft_consensus.cc:2749] T 04253db9ace2428eb8a9d3218b1ff578 P 0354400820b248608958da888f8cf282 [term 1 FOLLOWER]: Leader pre-election lost for term 1. Reason: could not achieve majority
I20260709 12:13:00.688239 32242 tablet_service.cc:1917] Received RequestConsensusVote() RPC: tablet_id: "9c10c826e5ec4d86b06b5b22b37148cc" candidate_uuid: "0354400820b248608958da888f8cf282" candidate_term: 1 candidate_status { last_received { term: 0 index: 0 } } ignore_live_leader: false dest_uuid: "d081f41bafc849be909e21941c3b2a6a" is_pre_election: true
I20260709 12:13:00.688885 32242 raft_consensus.cc:2468] T 9c10c826e5ec4d86b06b5b22b37148cc P d081f41bafc849be909e21941c3b2a6a [term 0 FOLLOWER]: Leader pre-election vote request: Granting yes vote for candidate 0354400820b248608958da888f8cf282 in term 0.
I20260709 12:13:00.690539 32604 leader_election.cc:290] T e6c783c940344acc9bf32f5d5f587f4f P d081f41bafc849be909e21941c3b2a6a [CANDIDATE]: Term 1 pre-election: Requested pre-vote from peers 955f068a9d6545c4a18f1856a115255c (127.30.90.66:38975), 0354400820b248608958da888f8cf282 (127.30.90.67:34633)
I20260709 12:13:00.673935 32459 leader_election.cc:290] T 1d4498d2b05a4b2c90949cc5ef2e734f P d081f41bafc849be909e21941c3b2a6a [CANDIDATE]: Term 1 election: Requested vote from peers 955f068a9d6545c4a18f1856a115255c (127.30.90.66:38975), 0354400820b248608958da888f8cf282 (127.30.90.67:34633)
I20260709 12:13:00.692620 32317 raft_consensus.cc:3060] T beffdc7ec3894d0f87e415dd526e35a1 P 955f068a9d6545c4a18f1856a115255c [term 0 FOLLOWER]: Advancing to term 1
I20260709 12:13:00.684784 32141 catalog_manager.cc:5697] T d79f629263954770a3b15482bb978dc6 P 0354400820b248608958da888f8cf282 reported cstate change: term changed from 0 to 1, leader changed from <none> to 0354400820b248608958da888f8cf282 (127.30.90.67). New cstate: current_term: 1 leader_uuid: "0354400820b248608958da888f8cf282" committed_config { opid_index: -1 OBSOLETE_local: false peers { permanent_uuid: "d081f41bafc849be909e21941c3b2a6a" member_type: VOTER last_known_addr { host: "127.30.90.65" port: 45003 } health_report { overall_health: UNKNOWN } } peers { permanent_uuid: "955f068a9d6545c4a18f1856a115255c" member_type: VOTER last_known_addr { host: "127.30.90.66" port: 38975 } health_report { overall_health: UNKNOWN } } peers { permanent_uuid: "0354400820b248608958da888f8cf282" member_type: VOTER last_known_addr { host: "127.30.90.67" port: 34633 } health_report { overall_health: HEALTHY } } }
I20260709 12:13:00.695353 32391 tablet_service.cc:1917] Received RequestConsensusVote() RPC: tablet_id: "e6c783c940344acc9bf32f5d5f587f4f" candidate_uuid: "d081f41bafc849be909e21941c3b2a6a" candidate_term: 1 candidate_status { last_received { term: 0 index: 0 } } ignore_live_leader: false dest_uuid: "0354400820b248608958da888f8cf282" is_pre_election: true
I20260709 12:13:00.695472 32360 leader_election.cc:304] T 9c10c826e5ec4d86b06b5b22b37148cc P 0354400820b248608958da888f8cf282 [CANDIDATE]: Term 1 pre-election: Election decided. Result: candidate won. Election summary: received 2 responses out of 3 voters: 2 yes votes; 0 no votes. yes voters: 0354400820b248608958da888f8cf282, d081f41bafc849be909e21941c3b2a6a; no voters: 
I20260709 12:13:00.696774 32321 tablet_service.cc:1917] Received RequestConsensusVote() RPC: tablet_id: "27204bc48ea3489faf065f61a5a228f4" candidate_uuid: "0354400820b248608958da888f8cf282" candidate_term: 1 candidate_status { last_received { term: 0 index: 0 } } ignore_live_leader: false dest_uuid: "955f068a9d6545c4a18f1856a115255c" is_pre_election: true
I20260709 12:13:00.699254 32566 raft_consensus.cc:2804] T 9c10c826e5ec4d86b06b5b22b37148cc P 0354400820b248608958da888f8cf282 [term 0 FOLLOWER]: Leader pre-election won for term 1
I20260709 12:13:00.700732 32566 raft_consensus.cc:493] T 9c10c826e5ec4d86b06b5b22b37148cc P 0354400820b248608958da888f8cf282 [term 0 FOLLOWER]: Starting leader election (no leader contacted us within the election timeout)
I20260709 12:13:00.701234 32566 raft_consensus.cc:3060] T 9c10c826e5ec4d86b06b5b22b37148cc P 0354400820b248608958da888f8cf282 [term 0 FOLLOWER]: Advancing to term 1
I20260709 12:13:00.675434 32582 leader_election.cc:290] T e6c783c940344acc9bf32f5d5f587f4f P 955f068a9d6545c4a18f1856a115255c [CANDIDATE]: Term 1 election: Requested vote from peers d081f41bafc849be909e21941c3b2a6a (127.30.90.65:45003), 0354400820b248608958da888f8cf282 (127.30.90.67:34633)
I20260709 12:13:00.706972 32435 tablet_bootstrap.cc:492] T a228c7b7c3dc446fa9f33a1749606fbd P 0354400820b248608958da888f8cf282: No bootstrap required, opened a new log
I20260709 12:13:00.707468 32435 ts_tablet_manager.cc:1403] T a228c7b7c3dc446fa9f33a1749606fbd P 0354400820b248608958da888f8cf282: Time spent bootstrapping tablet: real 0.303s	user 0.035s	sys 0.097s
I20260709 12:13:00.711290 32436 tablet_bootstrap.cc:654] T 12d987cbc1bb4d1482d48bea23ea904e P d081f41bafc849be909e21941c3b2a6a: Neither blocks nor log segments found. Creating new log.
I20260709 12:13:00.717227 32321 tablet_service.cc:1917] Received RequestConsensusVote() RPC: tablet_id: "9c10c826e5ec4d86b06b5b22b37148cc" candidate_uuid: "0354400820b248608958da888f8cf282" candidate_term: 1 candidate_status { last_received { term: 0 index: 0 } } ignore_live_leader: false dest_uuid: "955f068a9d6545c4a18f1856a115255c" is_pre_election: true
I20260709 12:13:00.720543 32395 raft_consensus.cc:2468] T e6c783c940344acc9bf32f5d5f587f4f P 0354400820b248608958da888f8cf282 [term 1 FOLLOWER]: Leader election vote request: Granting yes vote for candidate 955f068a9d6545c4a18f1856a115255c in term 1.
I20260709 12:13:00.721876 32285 leader_election.cc:304] T e6c783c940344acc9bf32f5d5f587f4f P 955f068a9d6545c4a18f1856a115255c [CANDIDATE]: Term 1 election: Election decided. Result: candidate won. Election summary: received 2 responses out of 3 voters: 2 yes votes; 0 no votes. yes voters: 0354400820b248608958da888f8cf282, 955f068a9d6545c4a18f1856a115255c; no voters: 
W20260709 12:13:00.726400 32211 leader_election.cc:343] T a228c7b7c3dc446fa9f33a1749606fbd P d081f41bafc849be909e21941c3b2a6a [CANDIDATE]: Term 1 pre-election: Tablet error from VoteRequest() call to peer 955f068a9d6545c4a18f1856a115255c (127.30.90.66:38975): Illegal state: must be running to vote when last-logged opid is not known
I20260709 12:13:00.726648 32394 raft_consensus.cc:2468] T 1d4498d2b05a4b2c90949cc5ef2e734f P 0354400820b248608958da888f8cf282 [term 1 FOLLOWER]: Leader election vote request: Granting yes vote for candidate d081f41bafc849be909e21941c3b2a6a in term 1.
I20260709 12:13:00.726922 32211 leader_election.cc:304] T a228c7b7c3dc446fa9f33a1749606fbd P d081f41bafc849be909e21941c3b2a6a [CANDIDATE]: Term 1 pre-election: Election decided. Result: candidate lost. Election summary: received 3 responses out of 3 voters: 1 yes votes; 2 no votes. yes voters: d081f41bafc849be909e21941c3b2a6a; no voters: 0354400820b248608958da888f8cf282, 955f068a9d6545c4a18f1856a115255c
I20260709 12:13:00.729720 32459 raft_consensus.cc:2749] T a228c7b7c3dc446fa9f33a1749606fbd P d081f41bafc849be909e21941c3b2a6a [term 0 FOLLOWER]: Leader pre-election lost for term 1. Reason: could not achieve majority
I20260709 12:13:00.730741 32210 leader_election.cc:304] T 1d4498d2b05a4b2c90949cc5ef2e734f P d081f41bafc849be909e21941c3b2a6a [CANDIDATE]: Term 1 election: Election decided. Result: candidate won. Election summary: received 2 responses out of 3 voters: 2 yes votes; 0 no votes. yes voters: 0354400820b248608958da888f8cf282, d081f41bafc849be909e21941c3b2a6a; no voters: 
I20260709 12:13:00.731884 32459 raft_consensus.cc:2804] T 1d4498d2b05a4b2c90949cc5ef2e734f P d081f41bafc849be909e21941c3b2a6a [term 1 FOLLOWER]: Leader election won for term 1
I20260709 12:13:00.731987 32582 raft_consensus.cc:2804] T e6c783c940344acc9bf32f5d5f587f4f P 955f068a9d6545c4a18f1856a115255c [term 1 FOLLOWER]: Leader election won for term 1
I20260709 12:13:00.733645 32459 raft_consensus.cc:697] T 1d4498d2b05a4b2c90949cc5ef2e734f P d081f41bafc849be909e21941c3b2a6a [term 1 LEADER]: Becoming Leader. State: Replica: d081f41bafc849be909e21941c3b2a6a, State: Running, Role: LEADER
I20260709 12:13:00.732762 32246 tablet_service.cc:1917] Received RequestConsensusVote() RPC: tablet_id: "e6c783c940344acc9bf32f5d5f587f4f" candidate_uuid: "955f068a9d6545c4a18f1856a115255c" candidate_term: 1 candidate_status { last_received { term: 0 index: 0 } } ignore_live_leader: false dest_uuid: "d081f41bafc849be909e21941c3b2a6a" is_pre_election: true
I20260709 12:13:00.735441 32459 consensus_queue.cc:237] T 1d4498d2b05a4b2c90949cc5ef2e734f P d081f41bafc849be909e21941c3b2a6a [LEADER]: Queue going to LEADER mode. State: All replicated index: 0, Majority replicated index: 0, Committed index: 0, Last appended: 0.0, Last appended by leader: 0, Current term: 1, Majority size: 2, State: 0, Mode: LEADER, active raft config: opid_index: -1 OBSOLETE_local: false peers { permanent_uuid: "d081f41bafc849be909e21941c3b2a6a" member_type: VOTER last_known_addr { host: "127.30.90.65" port: 45003 } } peers { permanent_uuid: "955f068a9d6545c4a18f1856a115255c" member_type: VOTER last_known_addr { host: "127.30.90.66" port: 38975 } } peers { permanent_uuid: "0354400820b248608958da888f8cf282" member_type: VOTER last_known_addr { host: "127.30.90.67" port: 34633 } }
I20260709 12:13:00.736531 32246 raft_consensus.cc:2468] T e6c783c940344acc9bf32f5d5f587f4f P d081f41bafc849be909e21941c3b2a6a [term 0 FOLLOWER]: Leader pre-election vote request: Granting yes vote for candidate 955f068a9d6545c4a18f1856a115255c in term 0.
I20260709 12:13:00.740110 32582 raft_consensus.cc:697] T e6c783c940344acc9bf32f5d5f587f4f P 955f068a9d6545c4a18f1856a115255c [term 1 LEADER]: Becoming Leader. State: Replica: 955f068a9d6545c4a18f1856a115255c, State: Running, Role: LEADER
I20260709 12:13:00.743602 32582 consensus_queue.cc:237] T e6c783c940344acc9bf32f5d5f587f4f P 955f068a9d6545c4a18f1856a115255c [LEADER]: Queue going to LEADER mode. State: All replicated index: 0, Majority replicated index: 0, Committed index: 0, Last appended: 0.0, Last appended by leader: 0, Current term: 1, Majority size: 2, State: 0, Mode: LEADER, active raft config: opid_index: -1 OBSOLETE_local: false peers { permanent_uuid: "d081f41bafc849be909e21941c3b2a6a" member_type: VOTER last_known_addr { host: "127.30.90.65" port: 45003 } } peers { permanent_uuid: "955f068a9d6545c4a18f1856a115255c" member_type: VOTER last_known_addr { host: "127.30.90.66" port: 38975 } } peers { permanent_uuid: "0354400820b248608958da888f8cf282" member_type: VOTER last_known_addr { host: "127.30.90.67" port: 34633 } }
W20260709 12:13:00.754596 32360 leader_election.cc:343] T 27204bc48ea3489faf065f61a5a228f4 P 0354400820b248608958da888f8cf282 [CANDIDATE]: Term 1 pre-election: Tablet error from VoteRequest() call to peer 955f068a9d6545c4a18f1856a115255c (127.30.90.66:38975): Illegal state: must be running to vote when last-logged opid is not known
I20260709 12:13:00.755087 32360 leader_election.cc:304] T 27204bc48ea3489faf065f61a5a228f4 P 0354400820b248608958da888f8cf282 [CANDIDATE]: Term 1 pre-election: Election decided. Result: candidate lost. Election summary: received 3 responses out of 3 voters: 1 yes votes; 2 no votes. yes voters: 0354400820b248608958da888f8cf282; no voters: 955f068a9d6545c4a18f1856a115255c, d081f41bafc849be909e21941c3b2a6a
I20260709 12:13:00.755904 32467 raft_consensus.cc:2749] T 27204bc48ea3489faf065f61a5a228f4 P 0354400820b248608958da888f8cf282 [term 0 FOLLOWER]: Leader pre-election lost for term 1. Reason: could not achieve majority
W20260709 12:13:00.756150 32360 leader_election.cc:343] T 9c10c826e5ec4d86b06b5b22b37148cc P 0354400820b248608958da888f8cf282 [CANDIDATE]: Term 1 pre-election: Tablet error from VoteRequest() call to peer 955f068a9d6545c4a18f1856a115255c (127.30.90.66:38975): Illegal state: must be running to vote when last-logged opid is not known
I20260709 12:13:00.758236 32467 consensus_queue.cc:1048] T 70ecc54999b7497892349e13b822a7dc P 0354400820b248608958da888f8cf282 [LEADER]: Connected to new peer: Peer: permanent_uuid: "955f068a9d6545c4a18f1856a115255c" member_type: VOTER last_known_addr { host: "127.30.90.66" port: 38975 }, Status: LMP_MISMATCH, Last received: 0.0, Next index: 1, Last known committed idx: 0, Time since last communication: 0.000s
I20260709 12:13:00.759735 32435 raft_consensus.cc:359] T a228c7b7c3dc446fa9f33a1749606fbd P 0354400820b248608958da888f8cf282 [term 0 FOLLOWER]: Replica starting. Triggering 0 pending ops. Active config: opid_index: -1 OBSOLETE_local: false peers { permanent_uuid: "d081f41bafc849be909e21941c3b2a6a" member_type: VOTER last_known_addr { host: "127.30.90.65" port: 45003 } } peers { permanent_uuid: "955f068a9d6545c4a18f1856a115255c" member_type: VOTER last_known_addr { host: "127.30.90.66" port: 38975 } } peers { permanent_uuid: "0354400820b248608958da888f8cf282" member_type: VOTER last_known_addr { host: "127.30.90.67" port: 34633 } }
I20260709 12:13:00.760501 32435 raft_consensus.cc:385] T a228c7b7c3dc446fa9f33a1749606fbd P 0354400820b248608958da888f8cf282 [term 0 FOLLOWER]: Consensus starting up: Expiring failure detector timer to make a prompt election more likely
I20260709 12:13:00.760761 32435 raft_consensus.cc:740] T a228c7b7c3dc446fa9f33a1749606fbd P 0354400820b248608958da888f8cf282 [term 0 FOLLOWER]: Becoming Follower/Learner. State: Replica: 0354400820b248608958da888f8cf282, State: Initialized, Role: FOLLOWER
I20260709 12:13:00.761940 32435 consensus_queue.cc:260] T a228c7b7c3dc446fa9f33a1749606fbd P 0354400820b248608958da888f8cf282 [NON_LEADER]: Queue going to NON_LEADER mode. State: All replicated index: 0, Majority replicated index: 0, Committed index: 0, Last appended: 0.0, Last appended by leader: 0, Current term: 0, Majority size: -1, State: 0, Mode: NON_LEADER, active raft config: opid_index: -1 OBSOLETE_local: false peers { permanent_uuid: "d081f41bafc849be909e21941c3b2a6a" member_type: VOTER last_known_addr { host: "127.30.90.65" port: 45003 } } peers { permanent_uuid: "955f068a9d6545c4a18f1856a115255c" member_type: VOTER last_known_addr { host: "127.30.90.66" port: 38975 } } peers { permanent_uuid: "0354400820b248608958da888f8cf282" member_type: VOTER last_known_addr { host: "127.30.90.67" port: 34633 } }
I20260709 12:13:00.762959 32141 catalog_manager.cc:5697] T 04253db9ace2428eb8a9d3218b1ff578 P d081f41bafc849be909e21941c3b2a6a reported cstate change: term changed from 0 to 1, leader changed from <none> to d081f41bafc849be909e21941c3b2a6a (127.30.90.65). New cstate: current_term: 1 leader_uuid: "d081f41bafc849be909e21941c3b2a6a" committed_config { opid_index: -1 OBSOLETE_local: false peers { permanent_uuid: "d081f41bafc849be909e21941c3b2a6a" member_type: VOTER last_known_addr { host: "127.30.90.65" port: 45003 } health_report { overall_health: HEALTHY } } peers { permanent_uuid: "955f068a9d6545c4a18f1856a115255c" member_type: VOTER last_known_addr { host: "127.30.90.66" port: 38975 } health_report { overall_health: UNKNOWN } } peers { permanent_uuid: "0354400820b248608958da888f8cf282" member_type: VOTER last_known_addr { host: "127.30.90.67" port: 34633 } health_report { overall_health: UNKNOWN } } }
I20260709 12:13:00.765192 32490 consensus_queue.cc:1048] T 70ecc54999b7497892349e13b822a7dc P 0354400820b248608958da888f8cf282 [LEADER]: Connected to new peer: Peer: permanent_uuid: "d081f41bafc849be909e21941c3b2a6a" member_type: VOTER last_known_addr { host: "127.30.90.65" port: 45003 }, Status: LMP_MISMATCH, Last received: 0.0, Next index: 1, Last known committed idx: 0, Time since last communication: 0.002s
I20260709 12:13:00.777021 32435 ts_tablet_manager.cc:1434] T a228c7b7c3dc446fa9f33a1749606fbd P 0354400820b248608958da888f8cf282: Time spent starting tablet: real 0.068s	user 0.006s	sys 0.002s
I20260709 12:13:00.779050 32435 tablet_bootstrap.cc:492] T 374d246b5b2144199647510371fd79c8 P 0354400820b248608958da888f8cf282: Bootstrap starting.
I20260709 12:13:00.782341 32566 raft_consensus.cc:515] T 9c10c826e5ec4d86b06b5b22b37148cc P 0354400820b248608958da888f8cf282 [term 1 FOLLOWER]: Starting leader election with config: opid_index: -1 OBSOLETE_local: false peers { permanent_uuid: "d081f41bafc849be909e21941c3b2a6a" member_type: VOTER last_known_addr { host: "127.30.90.65" port: 45003 } } peers { permanent_uuid: "955f068a9d6545c4a18f1856a115255c" member_type: VOTER last_known_addr { host: "127.30.90.66" port: 38975 } } peers { permanent_uuid: "0354400820b248608958da888f8cf282" member_type: VOTER last_known_addr { host: "127.30.90.67" port: 34633 } }
I20260709 12:13:00.783615 32321 tablet_service.cc:1917] Received RequestConsensusVote() RPC: tablet_id: "e6c783c940344acc9bf32f5d5f587f4f" candidate_uuid: "d081f41bafc849be909e21941c3b2a6a" candidate_term: 1 candidate_status { last_received { term: 0 index: 0 } } ignore_live_leader: false dest_uuid: "955f068a9d6545c4a18f1856a115255c" is_pre_election: true
I20260709 12:13:00.784567 32566 leader_election.cc:290] T 9c10c826e5ec4d86b06b5b22b37148cc P 0354400820b248608958da888f8cf282 [CANDIDATE]: Term 1 election: Requested vote from peers d081f41bafc849be909e21941c3b2a6a (127.30.90.65:45003), 955f068a9d6545c4a18f1856a115255c (127.30.90.66:38975)
I20260709 12:13:00.790159 32467 consensus_queue.cc:1048] T beffdc7ec3894d0f87e415dd526e35a1 P 0354400820b248608958da888f8cf282 [LEADER]: Connected to new peer: Peer: permanent_uuid: "955f068a9d6545c4a18f1856a115255c" member_type: VOTER last_known_addr { host: "127.30.90.66" port: 38975 }, Status: LMP_MISMATCH, Last received: 0.0, Next index: 1, Last known committed idx: 0, Time since last communication: 0.000s
I20260709 12:13:00.790707 32317 tablet_service.cc:1917] Received RequestConsensusVote() RPC: tablet_id: "1d4498d2b05a4b2c90949cc5ef2e734f" candidate_uuid: "d081f41bafc849be909e21941c3b2a6a" candidate_term: 1 candidate_status { last_received { term: 0 index: 0 } } ignore_live_leader: false dest_uuid: "955f068a9d6545c4a18f1856a115255c"
I20260709 12:13:00.793157 32321 tablet_service.cc:1917] Received RequestConsensusVote() RPC: tablet_id: "9c10c826e5ec4d86b06b5b22b37148cc" candidate_uuid: "0354400820b248608958da888f8cf282" candidate_term: 1 candidate_status { last_received { term: 0 index: 0 } } ignore_live_leader: false dest_uuid: "955f068a9d6545c4a18f1856a115255c"
I20260709 12:13:00.795574 32571 consensus_queue.cc:1048] T 99acfce61ded439688c44ca74b9376c2 P 0354400820b248608958da888f8cf282 [LEADER]: Connected to new peer: Peer: permanent_uuid: "955f068a9d6545c4a18f1856a115255c" member_type: VOTER last_known_addr { host: "127.30.90.66" port: 38975 }, Status: LMP_MISMATCH, Last received: 0.0, Next index: 1, Last known committed idx: 0, Time since last communication: 0.000s
I20260709 12:13:00.798427 32243 tablet_service.cc:1917] Received RequestConsensusVote() RPC: tablet_id: "9c10c826e5ec4d86b06b5b22b37148cc" candidate_uuid: "0354400820b248608958da888f8cf282" candidate_term: 1 candidate_status { last_received { term: 0 index: 0 } } ignore_live_leader: false dest_uuid: "d081f41bafc849be909e21941c3b2a6a"
I20260709 12:13:00.799041 32243 raft_consensus.cc:3060] T 9c10c826e5ec4d86b06b5b22b37148cc P d081f41bafc849be909e21941c3b2a6a [term 0 FOLLOWER]: Advancing to term 1
W20260709 12:13:00.809860 32360 leader_election.cc:343] T 9c10c826e5ec4d86b06b5b22b37148cc P 0354400820b248608958da888f8cf282 [CANDIDATE]: Term 1 election: Tablet error from VoteRequest() call to peer 955f068a9d6545c4a18f1856a115255c (127.30.90.66:38975): Illegal state: must be running to vote when last-logged opid is not known
I20260709 12:13:00.817389 32242 tablet_service.cc:1917] Received RequestConsensusVote() RPC: tablet_id: "beffdc7ec3894d0f87e415dd526e35a1" candidate_uuid: "955f068a9d6545c4a18f1856a115255c" candidate_term: 1 candidate_status { last_received { term: 0 index: 0 } } ignore_live_leader: false dest_uuid: "d081f41bafc849be909e21941c3b2a6a" is_pre_election: true
I20260709 12:13:00.827281 32438 tablet_bootstrap.cc:492] T a228c7b7c3dc446fa9f33a1749606fbd P 955f068a9d6545c4a18f1856a115255c: No bootstrap required, opened a new log
I20260709 12:13:00.827788 32438 ts_tablet_manager.cc:1403] T a228c7b7c3dc446fa9f33a1749606fbd P 955f068a9d6545c4a18f1856a115255c: Time spent bootstrapping tablet: real 0.275s	user 0.015s	sys 0.007s
I20260709 12:13:00.835764 32436 tablet_bootstrap.cc:492] T 12d987cbc1bb4d1482d48bea23ea904e P d081f41bafc849be909e21941c3b2a6a: No bootstrap required, opened a new log
I20260709 12:13:00.836292 32436 ts_tablet_manager.cc:1403] T 12d987cbc1bb4d1482d48bea23ea904e P d081f41bafc849be909e21941c3b2a6a: Time spent bootstrapping tablet: real 0.216s	user 0.012s	sys 0.006s
I20260709 12:13:00.830291 32246 tablet_service.cc:1917] Received RequestConsensusVote() RPC: tablet_id: "e6c783c940344acc9bf32f5d5f587f4f" candidate_uuid: "955f068a9d6545c4a18f1856a115255c" candidate_term: 1 candidate_status { last_received { term: 0 index: 0 } } ignore_live_leader: false dest_uuid: "d081f41bafc849be909e21941c3b2a6a"
I20260709 12:13:00.840562 32246 raft_consensus.cc:3060] T e6c783c940344acc9bf32f5d5f587f4f P d081f41bafc849be909e21941c3b2a6a [term 0 FOLLOWER]: Advancing to term 1
I20260709 12:13:00.878948 32243 raft_consensus.cc:2468] T 9c10c826e5ec4d86b06b5b22b37148cc P d081f41bafc849be909e21941c3b2a6a [term 1 FOLLOWER]: Leader election vote request: Granting yes vote for candidate 0354400820b248608958da888f8cf282 in term 1.
I20260709 12:13:00.854183 32211 leader_election.cc:304] T e6c783c940344acc9bf32f5d5f587f4f P d081f41bafc849be909e21941c3b2a6a [CANDIDATE]: Term 1 pre-election: Election decided. Result: candidate lost. Election summary: received 3 responses out of 3 voters: 1 yes votes; 2 no votes. yes voters: d081f41bafc849be909e21941c3b2a6a; no voters: 0354400820b248608958da888f8cf282, 955f068a9d6545c4a18f1856a115255c
I20260709 12:13:00.879873 32435 tablet_bootstrap.cc:654] T 374d246b5b2144199647510371fd79c8 P 0354400820b248608958da888f8cf282: Neither blocks nor log segments found. Creating new log.
W20260709 12:13:00.899811 32211 outbound_call.cc:321] RPC callback for RPC call kudu.consensus.ConsensusService.RequestConsensusVote -> {remote=127.30.90.66:38975, user_credentials={real_user=slave}} blocked reactor thread for 52281us
W20260709 12:13:00.902537 32211 leader_election.cc:343] T 1d4498d2b05a4b2c90949cc5ef2e734f P d081f41bafc849be909e21941c3b2a6a [CANDIDATE]: Term 1 election: Tablet error from VoteRequest() call to peer 955f068a9d6545c4a18f1856a115255c (127.30.90.66:38975): Illegal state: must be running to vote when last-logged opid is not known
I20260709 12:13:00.903649 32246 raft_consensus.cc:2468] T e6c783c940344acc9bf32f5d5f587f4f P d081f41bafc849be909e21941c3b2a6a [term 1 FOLLOWER]: Leader election vote request: Granting yes vote for candidate 955f068a9d6545c4a18f1856a115255c in term 1.
I20260709 12:13:00.906219 32585 raft_consensus.cc:2749] T e6c783c940344acc9bf32f5d5f587f4f P d081f41bafc849be909e21941c3b2a6a [term 1 FOLLOWER]: Leader pre-election lost for term 1. Reason: could not achieve majority
I20260709 12:13:00.905296 32438 raft_consensus.cc:359] T a228c7b7c3dc446fa9f33a1749606fbd P 955f068a9d6545c4a18f1856a115255c [term 0 FOLLOWER]: Replica starting. Triggering 0 pending ops. Active config: opid_index: -1 OBSOLETE_local: false peers { permanent_uuid: "d081f41bafc849be909e21941c3b2a6a" member_type: VOTER last_known_addr { host: "127.30.90.65" port: 45003 } } peers { permanent_uuid: "955f068a9d6545c4a18f1856a115255c" member_type: VOTER last_known_addr { host: "127.30.90.66" port: 38975 } } peers { permanent_uuid: "0354400820b248608958da888f8cf282" member_type: VOTER last_known_addr { host: "127.30.90.67" port: 34633 } }
I20260709 12:13:00.909322 32438 raft_consensus.cc:385] T a228c7b7c3dc446fa9f33a1749606fbd P 955f068a9d6545c4a18f1856a115255c [term 0 FOLLOWER]: Consensus starting up: Expiring failure detector timer to make a prompt election more likely
I20260709 12:13:00.909756 32438 raft_consensus.cc:740] T a228c7b7c3dc446fa9f33a1749606fbd P 955f068a9d6545c4a18f1856a115255c [term 0 FOLLOWER]: Becoming Follower/Learner. State: Replica: 955f068a9d6545c4a18f1856a115255c, State: Initialized, Role: FOLLOWER
I20260709 12:13:00.910606 32438 consensus_queue.cc:260] T a228c7b7c3dc446fa9f33a1749606fbd P 955f068a9d6545c4a18f1856a115255c [NON_LEADER]: Queue going to NON_LEADER mode. State: All replicated index: 0, Majority replicated index: 0, Committed index: 0, Last appended: 0.0, Last appended by leader: 0, Current term: 0, Majority size: -1, State: 0, Mode: NON_LEADER, active raft config: opid_index: -1 OBSOLETE_local: false peers { permanent_uuid: "d081f41bafc849be909e21941c3b2a6a" member_type: VOTER last_known_addr { host: "127.30.90.65" port: 45003 } } peers { permanent_uuid: "955f068a9d6545c4a18f1856a115255c" member_type: VOTER last_known_addr { host: "127.30.90.66" port: 38975 } } peers { permanent_uuid: "0354400820b248608958da888f8cf282" member_type: VOTER last_known_addr { host: "127.30.90.67" port: 34633 } }
I20260709 12:13:00.912896 32438 ts_tablet_manager.cc:1434] T a228c7b7c3dc446fa9f33a1749606fbd P 955f068a9d6545c4a18f1856a115255c: Time spent starting tablet: real 0.085s	user 0.011s	sys 0.007s
I20260709 12:13:00.913817 32438 tablet_bootstrap.cc:492] T 27204bc48ea3489faf065f61a5a228f4 P 955f068a9d6545c4a18f1856a115255c: Bootstrap starting.
I20260709 12:13:00.917178 32286 leader_election.cc:304] T beffdc7ec3894d0f87e415dd526e35a1 P 955f068a9d6545c4a18f1856a115255c [CANDIDATE]: Term 1 pre-election: Election decided. Result: candidate lost. Election summary: received 3 responses out of 3 voters: 1 yes votes; 2 no votes. yes voters: 955f068a9d6545c4a18f1856a115255c; no voters: 0354400820b248608958da888f8cf282, d081f41bafc849be909e21941c3b2a6a
I20260709 12:13:00.918080 32489 raft_consensus.cc:2749] T beffdc7ec3894d0f87e415dd526e35a1 P 955f068a9d6545c4a18f1856a115255c [term 1 FOLLOWER]: Leader pre-election lost for term 1. Reason: could not achieve majority
I20260709 12:13:00.918737 32489 consensus_queue.cc:1048] T d15eb7528f6c43f79350ec7bfcd80841 P 955f068a9d6545c4a18f1856a115255c [LEADER]: Connected to new peer: Peer: permanent_uuid: "d081f41bafc849be909e21941c3b2a6a" member_type: VOTER last_known_addr { host: "127.30.90.65" port: 45003 }, Status: LMP_MISMATCH, Last received: 0.0, Next index: 1, Last known committed idx: 0, Time since last communication: 0.000s
W20260709 12:13:00.924858 32192 auto_rebalancer.cc:288] Could not retrieve cluster info: Service unavailable: Tablet not running
I20260709 12:13:00.925526 32438 tablet_bootstrap.cc:654] T 27204bc48ea3489faf065f61a5a228f4 P 955f068a9d6545c4a18f1856a115255c: Neither blocks nor log segments found. Creating new log.
I20260709 12:13:00.932114 32436 raft_consensus.cc:359] T 12d987cbc1bb4d1482d48bea23ea904e P d081f41bafc849be909e21941c3b2a6a [term 0 FOLLOWER]: Replica starting. Triggering 0 pending ops. Active config: opid_index: -1 OBSOLETE_local: false peers { permanent_uuid: "d081f41bafc849be909e21941c3b2a6a" member_type: VOTER last_known_addr { host: "127.30.90.65" port: 45003 } } peers { permanent_uuid: "955f068a9d6545c4a18f1856a115255c" member_type: VOTER last_known_addr { host: "127.30.90.66" port: 38975 } } peers { permanent_uuid: "0354400820b248608958da888f8cf282" member_type: VOTER last_known_addr { host: "127.30.90.67" port: 34633 } }
I20260709 12:13:00.932838 32436 raft_consensus.cc:385] T 12d987cbc1bb4d1482d48bea23ea904e P d081f41bafc849be909e21941c3b2a6a [term 0 FOLLOWER]: Consensus starting up: Expiring failure detector timer to make a prompt election more likely
I20260709 12:13:00.933197 32436 raft_consensus.cc:740] T 12d987cbc1bb4d1482d48bea23ea904e P d081f41bafc849be909e21941c3b2a6a [term 0 FOLLOWER]: Becoming Follower/Learner. State: Replica: d081f41bafc849be909e21941c3b2a6a, State: Initialized, Role: FOLLOWER
I20260709 12:13:00.932781 32142 catalog_manager.cc:5697] T e6c783c940344acc9bf32f5d5f587f4f P 955f068a9d6545c4a18f1856a115255c reported cstate change: term changed from 0 to 1, leader changed from <none> to 955f068a9d6545c4a18f1856a115255c (127.30.90.66). New cstate: current_term: 1 leader_uuid: "955f068a9d6545c4a18f1856a115255c" committed_config { opid_index: -1 OBSOLETE_local: false peers { permanent_uuid: "d081f41bafc849be909e21941c3b2a6a" member_type: VOTER last_known_addr { host: "127.30.90.65" port: 45003 } health_report { overall_health: UNKNOWN } } peers { permanent_uuid: "955f068a9d6545c4a18f1856a115255c" member_type: VOTER last_known_addr { host: "127.30.90.66" port: 38975 } health_report { overall_health: HEALTHY } } peers { permanent_uuid: "0354400820b248608958da888f8cf282" member_type: VOTER last_known_addr { host: "127.30.90.67" port: 34633 } health_report { overall_health: UNKNOWN } } }
I20260709 12:13:00.934070 32571 consensus_queue.cc:1048] T 99acfce61ded439688c44ca74b9376c2 P 0354400820b248608958da888f8cf282 [LEADER]: Connected to new peer: Peer: permanent_uuid: "d081f41bafc849be909e21941c3b2a6a" member_type: VOTER last_known_addr { host: "127.30.90.65" port: 45003 }, Status: LMP_MISMATCH, Last received: 0.0, Next index: 1, Last known committed idx: 0, Time since last communication: 0.000s
I20260709 12:13:00.933881 32436 consensus_queue.cc:260] T 12d987cbc1bb4d1482d48bea23ea904e P d081f41bafc849be909e21941c3b2a6a [NON_LEADER]: Queue going to NON_LEADER mode. State: All replicated index: 0, Majority replicated index: 0, Committed index: 0, Last appended: 0.0, Last appended by leader: 0, Current term: 0, Majority size: -1, State: 0, Mode: NON_LEADER, active raft config: opid_index: -1 OBSOLETE_local: false peers { permanent_uuid: "d081f41bafc849be909e21941c3b2a6a" member_type: VOTER last_known_addr { host: "127.30.90.65" port: 45003 } } peers { permanent_uuid: "955f068a9d6545c4a18f1856a115255c" member_type: VOTER last_known_addr { host: "127.30.90.66" port: 38975 } } peers { permanent_uuid: "0354400820b248608958da888f8cf282" member_type: VOTER last_known_addr { host: "127.30.90.67" port: 34633 } }
I20260709 12:13:00.935956 32435 tablet_bootstrap.cc:492] T 374d246b5b2144199647510371fd79c8 P 0354400820b248608958da888f8cf282: No bootstrap required, opened a new log
I20260709 12:13:00.936414 32435 ts_tablet_manager.cc:1403] T 374d246b5b2144199647510371fd79c8 P 0354400820b248608958da888f8cf282: Time spent bootstrapping tablet: real 0.158s	user 0.012s	sys 0.006s
I20260709 12:13:00.934283 32360 leader_election.cc:304] T 9c10c826e5ec4d86b06b5b22b37148cc P 0354400820b248608958da888f8cf282 [CANDIDATE]: Term 1 election: Election decided. Result: candidate won. Election summary: received 3 responses out of 3 voters: 2 yes votes; 1 no votes. yes voters: 0354400820b248608958da888f8cf282, d081f41bafc849be909e21941c3b2a6a; no voters: 955f068a9d6545c4a18f1856a115255c
I20260709 12:13:00.937177 32571 raft_consensus.cc:2804] T 9c10c826e5ec4d86b06b5b22b37148cc P 0354400820b248608958da888f8cf282 [term 1 FOLLOWER]: Leader election won for term 1
I20260709 12:13:00.937680 32571 raft_consensus.cc:697] T 9c10c826e5ec4d86b06b5b22b37148cc P 0354400820b248608958da888f8cf282 [term 1 LEADER]: Becoming Leader. State: Replica: 0354400820b248608958da888f8cf282, State: Running, Role: LEADER
I20260709 12:13:00.938553 32571 consensus_queue.cc:237] T 9c10c826e5ec4d86b06b5b22b37148cc P 0354400820b248608958da888f8cf282 [LEADER]: Queue going to LEADER mode. State: All replicated index: 0, Majority replicated index: 0, Committed index: 0, Last appended: 0.0, Last appended by leader: 0, Current term: 1, Majority size: 2, State: 0, Mode: LEADER, active raft config: opid_index: -1 OBSOLETE_local: false peers { permanent_uuid: "d081f41bafc849be909e21941c3b2a6a" member_type: VOTER last_known_addr { host: "127.30.90.65" port: 45003 } } peers { permanent_uuid: "955f068a9d6545c4a18f1856a115255c" member_type: VOTER last_known_addr { host: "127.30.90.66" port: 38975 } } peers { permanent_uuid: "0354400820b248608958da888f8cf282" member_type: VOTER last_known_addr { host: "127.30.90.67" port: 34633 } }
I20260709 12:13:00.939118 32435 raft_consensus.cc:359] T 374d246b5b2144199647510371fd79c8 P 0354400820b248608958da888f8cf282 [term 0 FOLLOWER]: Replica starting. Triggering 0 pending ops. Active config: opid_index: -1 OBSOLETE_local: false peers { permanent_uuid: "d081f41bafc849be909e21941c3b2a6a" member_type: VOTER last_known_addr { host: "127.30.90.65" port: 45003 } } peers { permanent_uuid: "955f068a9d6545c4a18f1856a115255c" member_type: VOTER last_known_addr { host: "127.30.90.66" port: 38975 } } peers { permanent_uuid: "0354400820b248608958da888f8cf282" member_type: VOTER last_known_addr { host: "127.30.90.67" port: 34633 } }
I20260709 12:13:00.939813 32435 raft_consensus.cc:385] T 374d246b5b2144199647510371fd79c8 P 0354400820b248608958da888f8cf282 [term 0 FOLLOWER]: Consensus starting up: Expiring failure detector timer to make a prompt election more likely
I20260709 12:13:00.940075 32435 raft_consensus.cc:740] T 374d246b5b2144199647510371fd79c8 P 0354400820b248608958da888f8cf282 [term 0 FOLLOWER]: Becoming Follower/Learner. State: Replica: 0354400820b248608958da888f8cf282, State: Initialized, Role: FOLLOWER
I20260709 12:13:00.940732 32435 consensus_queue.cc:260] T 374d246b5b2144199647510371fd79c8 P 0354400820b248608958da888f8cf282 [NON_LEADER]: Queue going to NON_LEADER mode. State: All replicated index: 0, Majority replicated index: 0, Committed index: 0, Last appended: 0.0, Last appended by leader: 0, Current term: 0, Majority size: -1, State: 0, Mode: NON_LEADER, active raft config: opid_index: -1 OBSOLETE_local: false peers { permanent_uuid: "d081f41bafc849be909e21941c3b2a6a" member_type: VOTER last_known_addr { host: "127.30.90.65" port: 45003 } } peers { permanent_uuid: "955f068a9d6545c4a18f1856a115255c" member_type: VOTER last_known_addr { host: "127.30.90.66" port: 38975 } } peers { permanent_uuid: "0354400820b248608958da888f8cf282" member_type: VOTER last_known_addr { host: "127.30.90.67" port: 34633 } }
I20260709 12:13:00.947324 32435 ts_tablet_manager.cc:1434] T 374d246b5b2144199647510371fd79c8 P 0354400820b248608958da888f8cf282: Time spent starting tablet: real 0.011s	user 0.006s	sys 0.001s
I20260709 12:13:00.948297 32435 tablet_bootstrap.cc:492] T c61939402a8d428ab79bda331894b219 P 0354400820b248608958da888f8cf282: Bootstrap starting.
I20260709 12:13:00.952445 32438 tablet_bootstrap.cc:492] T 27204bc48ea3489faf065f61a5a228f4 P 955f068a9d6545c4a18f1856a115255c: No bootstrap required, opened a new log
I20260709 12:13:00.952929 32438 ts_tablet_manager.cc:1403] T 27204bc48ea3489faf065f61a5a228f4 P 955f068a9d6545c4a18f1856a115255c: Time spent bootstrapping tablet: real 0.039s	user 0.010s	sys 0.007s
I20260709 12:13:00.954558 32436 ts_tablet_manager.cc:1434] T 12d987cbc1bb4d1482d48bea23ea904e P d081f41bafc849be909e21941c3b2a6a: Time spent starting tablet: real 0.118s	user 0.007s	sys 0.003s
I20260709 12:13:00.955471 32436 tablet_bootstrap.cc:492] T 27204bc48ea3489faf065f61a5a228f4 P d081f41bafc849be909e21941c3b2a6a: Bootstrap starting.
I20260709 12:13:00.955768 32438 raft_consensus.cc:359] T 27204bc48ea3489faf065f61a5a228f4 P 955f068a9d6545c4a18f1856a115255c [term 0 FOLLOWER]: Replica starting. Triggering 0 pending ops. Active config: opid_index: -1 OBSOLETE_local: false peers { permanent_uuid: "d081f41bafc849be909e21941c3b2a6a" member_type: VOTER last_known_addr { host: "127.30.90.65" port: 45003 } } peers { permanent_uuid: "955f068a9d6545c4a18f1856a115255c" member_type: VOTER last_known_addr { host: "127.30.90.66" port: 38975 } } peers { permanent_uuid: "0354400820b248608958da888f8cf282" member_type: VOTER last_known_addr { host: "127.30.90.67" port: 34633 } }
I20260709 12:13:00.956458 32438 raft_consensus.cc:385] T 27204bc48ea3489faf065f61a5a228f4 P 955f068a9d6545c4a18f1856a115255c [term 0 FOLLOWER]: Consensus starting up: Expiring failure detector timer to make a prompt election more likely
I20260709 12:13:00.957592 32438 raft_consensus.cc:740] T 27204bc48ea3489faf065f61a5a228f4 P 955f068a9d6545c4a18f1856a115255c [term 0 FOLLOWER]: Becoming Follower/Learner. State: Replica: 955f068a9d6545c4a18f1856a115255c, State: Initialized, Role: FOLLOWER
I20260709 12:13:00.958269 32438 consensus_queue.cc:260] T 27204bc48ea3489faf065f61a5a228f4 P 955f068a9d6545c4a18f1856a115255c [NON_LEADER]: Queue going to NON_LEADER mode. State: All replicated index: 0, Majority replicated index: 0, Committed index: 0, Last appended: 0.0, Last appended by leader: 0, Current term: 0, Majority size: -1, State: 0, Mode: NON_LEADER, active raft config: opid_index: -1 OBSOLETE_local: false peers { permanent_uuid: "d081f41bafc849be909e21941c3b2a6a" member_type: VOTER last_known_addr { host: "127.30.90.65" port: 45003 } } peers { permanent_uuid: "955f068a9d6545c4a18f1856a115255c" member_type: VOTER last_known_addr { host: "127.30.90.66" port: 38975 } } peers { permanent_uuid: "0354400820b248608958da888f8cf282" member_type: VOTER last_known_addr { host: "127.30.90.67" port: 34633 } }
I20260709 12:13:00.963641 32435 tablet_bootstrap.cc:654] T c61939402a8d428ab79bda331894b219 P 0354400820b248608958da888f8cf282: Neither blocks nor log segments found. Creating new log.
I20260709 12:13:00.952853 32141 catalog_manager.cc:5697] T 1d4498d2b05a4b2c90949cc5ef2e734f P d081f41bafc849be909e21941c3b2a6a reported cstate change: term changed from 0 to 1, leader changed from <none> to d081f41bafc849be909e21941c3b2a6a (127.30.90.65). New cstate: current_term: 1 leader_uuid: "d081f41bafc849be909e21941c3b2a6a" committed_config { opid_index: -1 OBSOLETE_local: false peers { permanent_uuid: "d081f41bafc849be909e21941c3b2a6a" member_type: VOTER last_known_addr { host: "127.30.90.65" port: 45003 } health_report { overall_health: HEALTHY } } peers { permanent_uuid: "955f068a9d6545c4a18f1856a115255c" member_type: VOTER last_known_addr { host: "127.30.90.66" port: 38975 } health_report { overall_health: UNKNOWN } } peers { permanent_uuid: "0354400820b248608958da888f8cf282" member_type: VOTER last_known_addr { host: "127.30.90.67" port: 34633 } health_report { overall_health: UNKNOWN } } }
I20260709 12:13:00.969035 32438 ts_tablet_manager.cc:1434] T 27204bc48ea3489faf065f61a5a228f4 P 955f068a9d6545c4a18f1856a115255c: Time spent starting tablet: real 0.016s	user 0.002s	sys 0.005s
I20260709 12:13:00.970041 32438 tablet_bootstrap.cc:492] T 1d4498d2b05a4b2c90949cc5ef2e734f P 955f068a9d6545c4a18f1856a115255c: Bootstrap starting.
I20260709 12:13:00.976244 32585 raft_consensus.cc:493] T 374d246b5b2144199647510371fd79c8 P d081f41bafc849be909e21941c3b2a6a [term 0 FOLLOWER]: Starting pre-election (no leader contacted us within the election timeout)
I20260709 12:13:00.977249 32585 raft_consensus.cc:515] T 374d246b5b2144199647510371fd79c8 P d081f41bafc849be909e21941c3b2a6a [term 0 FOLLOWER]: Starting pre-election with config: opid_index: -1 OBSOLETE_local: false peers { permanent_uuid: "d081f41bafc849be909e21941c3b2a6a" member_type: VOTER last_known_addr { host: "127.30.90.65" port: 45003 } } peers { permanent_uuid: "955f068a9d6545c4a18f1856a115255c" member_type: VOTER last_known_addr { host: "127.30.90.66" port: 38975 } } peers { permanent_uuid: "0354400820b248608958da888f8cf282" member_type: VOTER last_known_addr { host: "127.30.90.67" port: 34633 } }
I20260709 12:13:00.977536 32467 consensus_queue.cc:1048] T d79f629263954770a3b15482bb978dc6 P 0354400820b248608958da888f8cf282 [LEADER]: Connected to new peer: Peer: permanent_uuid: "955f068a9d6545c4a18f1856a115255c" member_type: VOTER last_known_addr { host: "127.30.90.66" port: 38975 }, Status: LMP_MISMATCH, Last received: 0.0, Next index: 1, Last known committed idx: 0, Time since last communication: 0.000s
I20260709 12:13:00.986148 32585 leader_election.cc:290] T 374d246b5b2144199647510371fd79c8 P d081f41bafc849be909e21941c3b2a6a [CANDIDATE]: Term 1 pre-election: Requested pre-vote from peers 955f068a9d6545c4a18f1856a115255c (127.30.90.66:38975), 0354400820b248608958da888f8cf282 (127.30.90.67:34633)
I20260709 12:13:00.990482 32393 tablet_service.cc:1917] Received RequestConsensusVote() RPC: tablet_id: "374d246b5b2144199647510371fd79c8" candidate_uuid: "d081f41bafc849be909e21941c3b2a6a" candidate_term: 1 candidate_status { last_received { term: 0 index: 0 } } ignore_live_leader: false dest_uuid: "0354400820b248608958da888f8cf282" is_pre_election: true
I20260709 12:13:00.991487 32393 raft_consensus.cc:2468] T 374d246b5b2144199647510371fd79c8 P 0354400820b248608958da888f8cf282 [term 0 FOLLOWER]: Leader pre-election vote request: Granting yes vote for candidate d081f41bafc849be909e21941c3b2a6a in term 0.
I20260709 12:13:00.994261 32317 tablet_service.cc:1917] Received RequestConsensusVote() RPC: tablet_id: "374d246b5b2144199647510371fd79c8" candidate_uuid: "d081f41bafc849be909e21941c3b2a6a" candidate_term: 1 candidate_status { last_received { term: 0 index: 0 } } ignore_live_leader: false dest_uuid: "955f068a9d6545c4a18f1856a115255c" is_pre_election: true
W20260709 12:13:00.996039 32211 leader_election.cc:343] T 374d246b5b2144199647510371fd79c8 P d081f41bafc849be909e21941c3b2a6a [CANDIDATE]: Term 1 pre-election: Tablet error from VoteRequest() call to peer 955f068a9d6545c4a18f1856a115255c (127.30.90.66:38975): Illegal state: must be running to vote when last-logged opid is not known
I20260709 12:13:00.998672 32210 leader_election.cc:304] T 374d246b5b2144199647510371fd79c8 P d081f41bafc849be909e21941c3b2a6a [CANDIDATE]: Term 1 pre-election: Election decided. Result: candidate won. Election summary: received 3 responses out of 3 voters: 2 yes votes; 1 no votes. yes voters: 0354400820b248608958da888f8cf282, d081f41bafc849be909e21941c3b2a6a; no voters: 955f068a9d6545c4a18f1856a115255c
I20260709 12:13:00.999927 32459 raft_consensus.cc:2804] T 374d246b5b2144199647510371fd79c8 P d081f41bafc849be909e21941c3b2a6a [term 0 FOLLOWER]: Leader pre-election won for term 1
