I20260709 12:09:15.407809  3543 raft_consensus.cc:2243] T 43febc71f8054428893cf523a3a57d86 P 663c6d2b6714449db8f290f1509d211d [term 2 FOLLOWER]: Raft consensus shutting down.
I20260709 12:09:15.408227  3543 raft_consensus.cc:2272] T 43febc71f8054428893cf523a3a57d86 P 663c6d2b6714449db8f290f1509d211d [term 2 FOLLOWER]: Raft consensus is shut down!
I20260709 12:09:15.435539  3543 tablet_server.cc:196] TabletServer@127.3.117.195:0 shutdown complete.
I20260709 12:09:15.454375  3543 master.cc:562] Master@127.3.117.254:42359 shutting down...
I20260709 12:09:15.476436  3543 raft_consensus.cc:2243] T 00000000000000000000000000000000 P b8bfaaa2d863499b85065706b665aecd [term 1 LEADER]: Raft consensus shutting down.
I20260709 12:09:15.477031  3543 raft_consensus.cc:2272] T 00000000000000000000000000000000 P b8bfaaa2d863499b85065706b665aecd [term 1 FOLLOWER]: Raft consensus is shut down!
I20260709 12:09:15.477434  3543 tablet_replica.cc:333] T 00000000000000000000000000000000 P b8bfaaa2d863499b85065706b665aecd: stopping tablet replica
I20260709 12:09:15.496444  3543 master.cc:584] Master@127.3.117.254:42359 shutdown complete.
663c6d2b6714449db8f290f1509d211d  1
c05227a2a58944a1aff14d98a64a5a56  4
d471f069b3ca4c4385d13afd7392ce8f  5
663c6d2b6714449db8f290f1509d211d  3
c05227a2a58944a1aff14d98a64a5a56  4
d471f069b3ca4c4385d13afd7392ce8f  3
663c6d2b6714449db8f290f1509d211d  1
c05227a2a58944a1aff14d98a64a5a56  1
d471f069b3ca4c4385d13afd7392ce8f  8
663c6d2b6714449db8f290f1509d211d  3
c05227a2a58944a1aff14d98a64a5a56  3
d471f069b3ca4c4385d13afd7392ce8f  4
[       OK ] LeaderRebalancerTest.FunctionalTestForNotDivided (28805 ms)
[ RUN      ] LeaderRebalancerTest.AddTserver
I20260709 12:09:15.539531  3543 internal_mini_cluster.cc:156] Creating distributed mini masters. Addrs: 127.3.117.254:43097
I20260709 12:09:15.540999  3543 file_cache.cc:504] Constructed file cache file cache with capacity 419430
W20260709 12:09:15.547582  4582 instance_detector.cc:116] could not retrieve AWS instance metadata: Network error: curl error: HTTP response code said error: The requested URL returned error: 404
W20260709 12:09:15.547703  4583 instance_detector.cc:116] could not retrieve Azure instance metadata: Network error: curl error: HTTP response code said error: The requested URL returned error: 404
W20260709 12:09:15.548646  4585 instance_detector.cc:116] could not retrieve OpenStack instance metadata: Network error: curl error: HTTP response code said error: The requested URL returned error: 404
I20260709 12:09:15.549026  3543 server_base.cc:1061] running on GCE node
I20260709 12:09:15.549988  3543 hybrid_clock.cc:584] initializing the hybrid clock with 'system_unsync' time source
W20260709 12:09:15.550168  3543 system_unsync_time.cc:38] NTP support is disabled. Clock error bounds will not be accurate. This configuration is not suitable for distributed clusters.
I20260709 12:09:15.550282  3543 hybrid_clock.cc:648] HybridClock initialized: now 1783598955550271 us; error 0 us; skew 500 ppm
I20260709 12:09:15.550727  3543 server_base.cc:861] Flag tcmalloc_max_total_thread_cache_bytes is not working since tcmalloc is not enabled.
I20260709 12:09:15.552997  3543 webserver.cc:533] Webserver started at http://127.3.117.254:45671/ using document root <none> and password file <none>
I20260709 12:09:15.553510  3543 fs_manager.cc:362] Metadata directory not provided
I20260709 12:09:15.553673  3543 fs_manager.cc:368] Using write-ahead log directory (fs_wal_dir) as metadata directory
I20260709 12:09:15.553896  3543 server_base.cc:909] This appears to be a new deployment of Kudu; creating new FS layout
I20260709 12:09:15.554968  3543 fs_manager.cc:1068] Generated new instance metadata in path /tmp/dist-test-taskUI7lT2/test-tmp/auto_leader_rebalancer-test.0.LeaderRebalancerTest.AddTserver.1783598895241557-3543-0/minicluster-data/master-0-root/instance:
uuid: "d0831dd4cd4e488dbd516fa776b11833"
format_stamp: "Formatted at 2026-07-09 12:09:15 on dist-test-slave-ncdh"
I20260709 12:09:15.559303  3543 fs_manager.cc:696] Time spent creating directory manager: real 0.004s	user 0.006s	sys 0.000s
I20260709 12:09:15.562647  4590 log_block_manager.cc:4127] Time spent loading block containers with low live blocks: real 0.000s	user 0.000s	sys 0.000s
I20260709 12:09:15.563551  3543 fs_manager.cc:730] Time spent opening block manager: real 0.002s	user 0.001s	sys 0.000s
I20260709 12:09:15.563869  3543 fs_manager.cc:647] Opened local filesystem: /tmp/dist-test-taskUI7lT2/test-tmp/auto_leader_rebalancer-test.0.LeaderRebalancerTest.AddTserver.1783598895241557-3543-0/minicluster-data/master-0-root
uuid: "d0831dd4cd4e488dbd516fa776b11833"
format_stamp: "Formatted at 2026-07-09 12:09:15 on dist-test-slave-ncdh"
I20260709 12:09:15.564165  3543 fs_report.cc:389] FS layout report
--------------------
wal directory: /tmp/dist-test-taskUI7lT2/test-tmp/auto_leader_rebalancer-test.0.LeaderRebalancerTest.AddTserver.1783598895241557-3543-0/minicluster-data/master-0-root
metadata directory: /tmp/dist-test-taskUI7lT2/test-tmp/auto_leader_rebalancer-test.0.LeaderRebalancerTest.AddTserver.1783598895241557-3543-0/minicluster-data/master-0-root
1 data directories: /tmp/dist-test-taskUI7lT2/test-tmp/auto_leader_rebalancer-test.0.LeaderRebalancerTest.AddTserver.1783598895241557-3543-0/minicluster-data/master-0-root/data
Total live blocks: 0
Total live bytes: 0
Total live bytes (after alignment): 0
Total number of LBM containers: 0 (0 full)
Did not check for missing blocks
Did not check for orphaned blocks
Total full LBM containers with extra space: 0 (0 repaired)
Total full LBM container extra space in bytes: 0 (0 repaired)
Total incomplete LBM containers: 0 (0 repaired)
Total LBM partial records: 0 (0 repaired)
Total corrupted LBM metadata records in RocksDB: 0 (0 repaired)
I20260709 12:09:15.606015  3543 rpc_server.cc:225] running with OpenSSL 1.1.1  11 Sep 2018
I20260709 12:09:15.607254  3543 kserver.cc:163] Server-wide thread pool size limit: 3276
I20260709 12:09:15.656322  3543 rpc_server.cc:307] RPC server started. Bound to: 127.3.117.254:43097
I20260709 12:09:15.656441  4642 acceptor_pool.cc:272] collecting diagnostics on the listening RPC socket 127.3.117.254:43097 every 8 connection(s)
I20260709 12:09:15.661429  4643 data_dirs.cc:400] Could only allocate 1 dirs of requested 3 for tablet 00000000000000000000000000000000. 1 dirs total, 0 dirs full, 0 dirs failed
I20260709 12:09:15.675801  4643 tablet_bootstrap.cc:492] T 00000000000000000000000000000000 P d0831dd4cd4e488dbd516fa776b11833: Bootstrap starting.
I20260709 12:09:15.680845  4643 tablet_bootstrap.cc:654] T 00000000000000000000000000000000 P d0831dd4cd4e488dbd516fa776b11833: Neither blocks nor log segments found. Creating new log.
I20260709 12:09:15.685529  4643 tablet_bootstrap.cc:492] T 00000000000000000000000000000000 P d0831dd4cd4e488dbd516fa776b11833: No bootstrap required, opened a new log
I20260709 12:09:15.687922  4643 raft_consensus.cc:359] T 00000000000000000000000000000000 P d0831dd4cd4e488dbd516fa776b11833 [term 0 FOLLOWER]: Replica starting. Triggering 0 pending ops. Active config: opid_index: -1 OBSOLETE_local: true peers { permanent_uuid: "d0831dd4cd4e488dbd516fa776b11833" member_type: VOTER }
I20260709 12:09:15.688478  4643 raft_consensus.cc:385] T 00000000000000000000000000000000 P d0831dd4cd4e488dbd516fa776b11833 [term 0 FOLLOWER]: Consensus starting up: Expiring failure detector timer to make a prompt election more likely
I20260709 12:09:15.688736  4643 raft_consensus.cc:740] T 00000000000000000000000000000000 P d0831dd4cd4e488dbd516fa776b11833 [term 0 FOLLOWER]: Becoming Follower/Learner. State: Replica: d0831dd4cd4e488dbd516fa776b11833, State: Initialized, Role: FOLLOWER
I20260709 12:09:15.689373  4643 consensus_queue.cc:260] T 00000000000000000000000000000000 P d0831dd4cd4e488dbd516fa776b11833 [NON_LEADER]: Queue going to NON_LEADER mode. State: All replicated index: 0, Majority replicated index: 0, Committed index: 0, Last appended: 0.0, Last appended by leader: 0, Current term: 0, Majority size: -1, State: 0, Mode: NON_LEADER, active raft config: opid_index: -1 OBSOLETE_local: true peers { permanent_uuid: "d0831dd4cd4e488dbd516fa776b11833" member_type: VOTER }
I20260709 12:09:15.689891  4643 raft_consensus.cc:399] T 00000000000000000000000000000000 P d0831dd4cd4e488dbd516fa776b11833 [term 0 FOLLOWER]: Only one voter in the Raft config. Triggering election immediately
I20260709 12:09:15.690119  4643 raft_consensus.cc:493] T 00000000000000000000000000000000 P d0831dd4cd4e488dbd516fa776b11833 [term 0 FOLLOWER]: Starting leader election (initial election of a single-replica configuration)
I20260709 12:09:15.690416  4643 raft_consensus.cc:3060] T 00000000000000000000000000000000 P d0831dd4cd4e488dbd516fa776b11833 [term 0 FOLLOWER]: Advancing to term 1
I20260709 12:09:15.694787  4643 raft_consensus.cc:515] T 00000000000000000000000000000000 P d0831dd4cd4e488dbd516fa776b11833 [term 1 FOLLOWER]: Starting leader election with config: opid_index: -1 OBSOLETE_local: true peers { permanent_uuid: "d0831dd4cd4e488dbd516fa776b11833" member_type: VOTER }
I20260709 12:09:15.695336  4643 leader_election.cc:304] T 00000000000000000000000000000000 P d0831dd4cd4e488dbd516fa776b11833 [CANDIDATE]: Term 1 election: Election decided. Result: candidate won. Election summary: received 1 responses out of 1 voters: 1 yes votes; 0 no votes. yes voters: d0831dd4cd4e488dbd516fa776b11833; no voters: 
I20260709 12:09:15.696463  4643 leader_election.cc:290] T 00000000000000000000000000000000 P d0831dd4cd4e488dbd516fa776b11833 [CANDIDATE]: Term 1 election: Requested vote from peers 
I20260709 12:09:15.696897  4646 raft_consensus.cc:2804] T 00000000000000000000000000000000 P d0831dd4cd4e488dbd516fa776b11833 [term 1 FOLLOWER]: Leader election won for term 1
I20260709 12:09:15.698381  4646 raft_consensus.cc:697] T 00000000000000000000000000000000 P d0831dd4cd4e488dbd516fa776b11833 [term 1 LEADER]: Becoming Leader. State: Replica: d0831dd4cd4e488dbd516fa776b11833, State: Running, Role: LEADER
I20260709 12:09:15.699120  4646 consensus_queue.cc:237] T 00000000000000000000000000000000 P d0831dd4cd4e488dbd516fa776b11833 [LEADER]: Queue going to LEADER mode. State: All replicated index: 0, Majority replicated index: 0, Committed index: 0, Last appended: 0.0, Last appended by leader: 0, Current term: 1, Majority size: 1, State: 0, Mode: LEADER, active raft config: opid_index: -1 OBSOLETE_local: true peers { permanent_uuid: "d0831dd4cd4e488dbd516fa776b11833" member_type: VOTER }
I20260709 12:09:15.699518  4643 sys_catalog.cc:565] T 00000000000000000000000000000000 P d0831dd4cd4e488dbd516fa776b11833 [sys.catalog]: configured and running, proceeding with master startup.
I20260709 12:09:15.705952  4647 sys_catalog.cc:455] T 00000000000000000000000000000000 P d0831dd4cd4e488dbd516fa776b11833 [sys.catalog]: SysCatalogTable state changed. Reason: RaftConsensus started. Latest consensus state: current_term: 1 leader_uuid: "d0831dd4cd4e488dbd516fa776b11833" committed_config { opid_index: -1 OBSOLETE_local: true peers { permanent_uuid: "d0831dd4cd4e488dbd516fa776b11833" member_type: VOTER } }
I20260709 12:09:15.706952  4647 sys_catalog.cc:458] T 00000000000000000000000000000000 P d0831dd4cd4e488dbd516fa776b11833 [sys.catalog]: This master's current role is: LEADER
I20260709 12:09:15.706771  4648 sys_catalog.cc:455] T 00000000000000000000000000000000 P d0831dd4cd4e488dbd516fa776b11833 [sys.catalog]: SysCatalogTable state changed. Reason: New leader d0831dd4cd4e488dbd516fa776b11833. Latest consensus state: current_term: 1 leader_uuid: "d0831dd4cd4e488dbd516fa776b11833" committed_config { opid_index: -1 OBSOLETE_local: true peers { permanent_uuid: "d0831dd4cd4e488dbd516fa776b11833" member_type: VOTER } }
I20260709 12:09:15.707366  4648 sys_catalog.cc:458] T 00000000000000000000000000000000 P d0831dd4cd4e488dbd516fa776b11833 [sys.catalog]: This master's current role is: LEADER
I20260709 12:09:15.710583  4653 catalog_manager.cc:1511] Loading table and tablet metadata into memory...
I20260709 12:09:15.717514  4653 catalog_manager.cc:1520] Initializing Kudu cluster ID...
I20260709 12:09:15.718622  3543 internal_mini_cluster.cc:184] Waiting to initialize catalog manager on master 0
I20260709 12:09:15.726522  4653 catalog_manager.cc:1383] Generated new cluster ID: 4079c74db90d4a35bfdb13874854be1f
I20260709 12:09:15.726879  4653 catalog_manager.cc:1531] Initializing Kudu internal certificate authority...
I20260709 12:09:15.750917  4653 catalog_manager.cc:1406] Generated new certificate authority record
I20260709 12:09:15.752338  4653 catalog_manager.cc:1540] Loading token signing keys...
I20260709 12:09:15.766175  4653 catalog_manager.cc:6070] T 00000000000000000000000000000000 P d0831dd4cd4e488dbd516fa776b11833: Generated new TSK 0
I20260709 12:09:15.766815  4653 catalog_manager.cc:1550] Initializing in-progress tserver states...
I20260709 12:09:15.785676  3543 file_cache.cc:504] Constructed file cache file cache with capacity 419430
W20260709 12:09:15.792627  4664 instance_detector.cc:116] could not retrieve AWS instance metadata: Network error: curl error: HTTP response code said error: The requested URL returned error: 404
W20260709 12:09:15.793682  4665 instance_detector.cc:116] could not retrieve Azure instance metadata: Network error: curl error: HTTP response code said error: The requested URL returned error: 404
W20260709 12:09:15.795619  4667 instance_detector.cc:116] could not retrieve OpenStack instance metadata: Network error: curl error: HTTP response code said error: The requested URL returned error: 404
I20260709 12:09:15.795806  3543 server_base.cc:1061] running on GCE node
I20260709 12:09:15.796844  3543 hybrid_clock.cc:584] initializing the hybrid clock with 'system_unsync' time source
W20260709 12:09:15.797031  3543 system_unsync_time.cc:38] NTP support is disabled. Clock error bounds will not be accurate. This configuration is not suitable for distributed clusters.
I20260709 12:09:15.797246  3543 hybrid_clock.cc:648] HybridClock initialized: now 1783598955797231 us; error 0 us; skew 500 ppm
I20260709 12:09:15.797766  3543 server_base.cc:861] Flag tcmalloc_max_total_thread_cache_bytes is not working since tcmalloc is not enabled.
I20260709 12:09:15.800195  3543 webserver.cc:533] Webserver started at http://127.3.117.193:33751/ using document root <none> and password file <none>
I20260709 12:09:15.800684  3543 fs_manager.cc:362] Metadata directory not provided
I20260709 12:09:15.800855  3543 fs_manager.cc:368] Using write-ahead log directory (fs_wal_dir) as metadata directory
I20260709 12:09:15.801249  3543 server_base.cc:909] This appears to be a new deployment of Kudu; creating new FS layout
I20260709 12:09:15.802588  3543 fs_manager.cc:1068] Generated new instance metadata in path /tmp/dist-test-taskUI7lT2/test-tmp/auto_leader_rebalancer-test.0.LeaderRebalancerTest.AddTserver.1783598895241557-3543-0/minicluster-data/ts-0-root/instance:
uuid: "7a6cb8f34f2e4442add8d672052fb7a9"
format_stamp: "Formatted at 2026-07-09 12:09:15 on dist-test-slave-ncdh"
I20260709 12:09:15.807202  3543 fs_manager.cc:696] Time spent creating directory manager: real 0.004s	user 0.005s	sys 0.001s
I20260709 12:09:15.810534  4672 log_block_manager.cc:4127] Time spent loading block containers with low live blocks: real 0.000s	user 0.000s	sys 0.000s
I20260709 12:09:15.811290  3543 fs_manager.cc:730] Time spent opening block manager: real 0.002s	user 0.001s	sys 0.000s
I20260709 12:09:15.811592  3543 fs_manager.cc:647] Opened local filesystem: /tmp/dist-test-taskUI7lT2/test-tmp/auto_leader_rebalancer-test.0.LeaderRebalancerTest.AddTserver.1783598895241557-3543-0/minicluster-data/ts-0-root
uuid: "7a6cb8f34f2e4442add8d672052fb7a9"
format_stamp: "Formatted at 2026-07-09 12:09:15 on dist-test-slave-ncdh"
I20260709 12:09:15.811873  3543 fs_report.cc:389] FS layout report
--------------------
wal directory: /tmp/dist-test-taskUI7lT2/test-tmp/auto_leader_rebalancer-test.0.LeaderRebalancerTest.AddTserver.1783598895241557-3543-0/minicluster-data/ts-0-root
metadata directory: /tmp/dist-test-taskUI7lT2/test-tmp/auto_leader_rebalancer-test.0.LeaderRebalancerTest.AddTserver.1783598895241557-3543-0/minicluster-data/ts-0-root
1 data directories: /tmp/dist-test-taskUI7lT2/test-tmp/auto_leader_rebalancer-test.0.LeaderRebalancerTest.AddTserver.1783598895241557-3543-0/minicluster-data/ts-0-root/data
Total live blocks: 0
Total live bytes: 0
Total live bytes (after alignment): 0
Total number of LBM containers: 0 (0 full)
Did not check for missing blocks
Did not check for orphaned blocks
Total full LBM containers with extra space: 0 (0 repaired)
Total full LBM container extra space in bytes: 0 (0 repaired)
Total incomplete LBM containers: 0 (0 repaired)
Total LBM partial records: 0 (0 repaired)
Total corrupted LBM metadata records in RocksDB: 0 (0 repaired)
I20260709 12:09:15.822038  3543 rpc_server.cc:225] running with OpenSSL 1.1.1  11 Sep 2018
I20260709 12:09:15.823374  3543 kserver.cc:163] Server-wide thread pool size limit: 3276
I20260709 12:09:15.824889  3543 txn_system_client.cc:432] TxnSystemClient initialization is disabled...
I20260709 12:09:15.827329  3543 ts_tablet_manager.cc:585] Loaded tablet metadata (0 total tablets, 0 live tablets)
I20260709 12:09:15.827576  3543 ts_tablet_manager.cc:531] Time spent load tablet metadata: real 0.000s	user 0.000s	sys 0.000s
I20260709 12:09:15.827842  3543 ts_tablet_manager.cc:616] Registered 0 tablets
I20260709 12:09:15.828035  3543 ts_tablet_manager.cc:595] Time spent register tablets: real 0.000s	user 0.000s	sys 0.000s
I20260709 12:09:15.869796  3543 rpc_server.cc:307] RPC server started. Bound to: 127.3.117.193:38761
I20260709 12:09:15.869884  4734 acceptor_pool.cc:272] collecting diagnostics on the listening RPC socket 127.3.117.193:38761 every 8 connection(s)
I20260709 12:09:15.875023  3543 file_cache.cc:504] Constructed file cache file cache with capacity 419430
W20260709 12:09:15.881964  4739 instance_detector.cc:116] could not retrieve AWS instance metadata: Network error: curl error: HTTP response code said error: The requested URL returned error: 404
W20260709 12:09:15.883332  4740 instance_detector.cc:116] could not retrieve Azure instance metadata: Network error: curl error: HTTP response code said error: The requested URL returned error: 404
W20260709 12:09:15.886673  4742 instance_detector.cc:116] could not retrieve OpenStack instance metadata: Network error: curl error: HTTP response code said error: The requested URL returned error: 404
I20260709 12:09:15.887879  3543 server_base.cc:1061] running on GCE node
I20260709 12:09:15.889590  4735 heartbeater.cc:344] Connected to a master server at 127.3.117.254:43097
I20260709 12:09:15.889818  3543 hybrid_clock.cc:584] initializing the hybrid clock with 'system_unsync' time source
I20260709 12:09:15.890017  4735 heartbeater.cc:461] Registering TS with master...
W20260709 12:09:15.890065  3543 system_unsync_time.cc:38] NTP support is disabled. Clock error bounds will not be accurate. This configuration is not suitable for distributed clusters.
I20260709 12:09:15.890344  3543 hybrid_clock.cc:648] HybridClock initialized: now 1783598955890326 us; error 0 us; skew 500 ppm
I20260709 12:09:15.891083  3543 server_base.cc:861] Flag tcmalloc_max_total_thread_cache_bytes is not working since tcmalloc is not enabled.
I20260709 12:09:15.890972  4735 heartbeater.cc:507] Master 127.3.117.254:43097 requested a full tablet report, sending...
I20260709 12:09:15.893831  4608 ts_manager.cc:194] Registered new tserver with Master: 7a6cb8f34f2e4442add8d672052fb7a9 (127.3.117.193:38761)
I20260709 12:09:15.894095  3543 webserver.cc:533] Webserver started at http://127.3.117.194:44961/ using document root <none> and password file <none>
I20260709 12:09:15.894695  3543 fs_manager.cc:362] Metadata directory not provided
I20260709 12:09:15.894968  3543 fs_manager.cc:368] Using write-ahead log directory (fs_wal_dir) as metadata directory
I20260709 12:09:15.895252  3543 server_base.cc:909] This appears to be a new deployment of Kudu; creating new FS layout
I20260709 12:09:15.895826  4608 master_service.cc:502] Signed X509 certificate for tserver {username='slave'} at 127.0.0.1:49530
I20260709 12:09:15.896495  3543 fs_manager.cc:1068] Generated new instance metadata in path /tmp/dist-test-taskUI7lT2/test-tmp/auto_leader_rebalancer-test.0.LeaderRebalancerTest.AddTserver.1783598895241557-3543-0/minicluster-data/ts-1-root/instance:
uuid: "d79cfb0eb1d64e07a63598d7b0e8f9eb"
format_stamp: "Formatted at 2026-07-09 12:09:15 on dist-test-slave-ncdh"
I20260709 12:09:15.901499  3543 fs_manager.cc:696] Time spent creating directory manager: real 0.004s	user 0.002s	sys 0.001s
I20260709 12:09:15.904810  4747 log_block_manager.cc:4127] Time spent loading block containers with low live blocks: real 0.000s	user 0.000s	sys 0.000s
I20260709 12:09:15.905730  3543 fs_manager.cc:730] Time spent opening block manager: real 0.002s	user 0.002s	sys 0.001s
I20260709 12:09:15.906037  3543 fs_manager.cc:647] Opened local filesystem: /tmp/dist-test-taskUI7lT2/test-tmp/auto_leader_rebalancer-test.0.LeaderRebalancerTest.AddTserver.1783598895241557-3543-0/minicluster-data/ts-1-root
uuid: "d79cfb0eb1d64e07a63598d7b0e8f9eb"
format_stamp: "Formatted at 2026-07-09 12:09:15 on dist-test-slave-ncdh"
I20260709 12:09:15.906313  3543 fs_report.cc:389] FS layout report
--------------------
wal directory: /tmp/dist-test-taskUI7lT2/test-tmp/auto_leader_rebalancer-test.0.LeaderRebalancerTest.AddTserver.1783598895241557-3543-0/minicluster-data/ts-1-root
metadata directory: /tmp/dist-test-taskUI7lT2/test-tmp/auto_leader_rebalancer-test.0.LeaderRebalancerTest.AddTserver.1783598895241557-3543-0/minicluster-data/ts-1-root
1 data directories: /tmp/dist-test-taskUI7lT2/test-tmp/auto_leader_rebalancer-test.0.LeaderRebalancerTest.AddTserver.1783598895241557-3543-0/minicluster-data/ts-1-root/data
Total live blocks: 0
Total live bytes: 0
Total live bytes (after alignment): 0
Total number of LBM containers: 0 (0 full)
Did not check for missing blocks
Did not check for orphaned blocks
Total full LBM containers with extra space: 0 (0 repaired)
Total full LBM container extra space in bytes: 0 (0 repaired)
Total incomplete LBM containers: 0 (0 repaired)
Total LBM partial records: 0 (0 repaired)
Total corrupted LBM metadata records in RocksDB: 0 (0 repaired)
I20260709 12:09:15.926558  3543 rpc_server.cc:225] running with OpenSSL 1.1.1  11 Sep 2018
I20260709 12:09:15.927834  3543 kserver.cc:163] Server-wide thread pool size limit: 3276
I20260709 12:09:15.929431  3543 txn_system_client.cc:432] TxnSystemClient initialization is disabled...
I20260709 12:09:15.931872  3543 ts_tablet_manager.cc:585] Loaded tablet metadata (0 total tablets, 0 live tablets)
I20260709 12:09:15.932049  3543 ts_tablet_manager.cc:531] Time spent load tablet metadata: real 0.000s	user 0.000s	sys 0.000s
I20260709 12:09:15.932228  3543 ts_tablet_manager.cc:616] Registered 0 tablets
I20260709 12:09:15.932363  3543 ts_tablet_manager.cc:595] Time spent register tablets: real 0.000s	user 0.000s	sys 0.000s
I20260709 12:09:15.974090  3543 rpc_server.cc:307] RPC server started. Bound to: 127.3.117.194:43331
I20260709 12:09:15.974210  4809 acceptor_pool.cc:272] collecting diagnostics on the listening RPC socket 127.3.117.194:43331 every 8 connection(s)
I20260709 12:09:15.978974  3543 file_cache.cc:504] Constructed file cache file cache with capacity 419430
W20260709 12:09:15.986500  4813 instance_detector.cc:116] could not retrieve AWS instance metadata: Network error: curl error: HTTP response code said error: The requested URL returned error: 404
W20260709 12:09:15.988154  4814 instance_detector.cc:116] could not retrieve Azure instance metadata: Network error: curl error: HTTP response code said error: The requested URL returned error: 404
I20260709 12:09:15.990625  3543 server_base.cc:1061] running on GCE node
W20260709 12:09:15.991858  4816 instance_detector.cc:116] could not retrieve OpenStack instance metadata: Network error: curl error: HTTP response code said error: The requested URL returned error: 404
I20260709 12:09:15.992633  4810 heartbeater.cc:344] Connected to a master server at 127.3.117.254:43097
I20260709 12:09:15.993005  4810 heartbeater.cc:461] Registering TS with master...
I20260709 12:09:15.992966  3543 hybrid_clock.cc:584] initializing the hybrid clock with 'system_unsync' time source
W20260709 12:09:15.993546  3543 system_unsync_time.cc:38] NTP support is disabled. Clock error bounds will not be accurate. This configuration is not suitable for distributed clusters.
I20260709 12:09:15.993736  3543 hybrid_clock.cc:648] HybridClock initialized: now 1783598955993720 us; error 0 us; skew 500 ppm
I20260709 12:09:15.994117  4810 heartbeater.cc:507] Master 127.3.117.254:43097 requested a full tablet report, sending...
I20260709 12:09:15.994357  3543 server_base.cc:861] Flag tcmalloc_max_total_thread_cache_bytes is not working since tcmalloc is not enabled.
I20260709 12:09:15.996397  4608 ts_manager.cc:194] Registered new tserver with Master: d79cfb0eb1d64e07a63598d7b0e8f9eb (127.3.117.194:43331)
I20260709 12:09:15.997294  3543 webserver.cc:533] Webserver started at http://127.3.117.195:39333/ using document root <none> and password file <none>
I20260709 12:09:15.997922  3543 fs_manager.cc:362] Metadata directory not provided
I20260709 12:09:15.998198  3543 fs_manager.cc:368] Using write-ahead log directory (fs_wal_dir) as metadata directory
I20260709 12:09:15.998243  4608 master_service.cc:502] Signed X509 certificate for tserver {username='slave'} at 127.0.0.1:49546
I20260709 12:09:15.998603  3543 server_base.cc:909] This appears to be a new deployment of Kudu; creating new FS layout
I20260709 12:09:16.000084  3543 fs_manager.cc:1068] Generated new instance metadata in path /tmp/dist-test-taskUI7lT2/test-tmp/auto_leader_rebalancer-test.0.LeaderRebalancerTest.AddTserver.1783598895241557-3543-0/minicluster-data/ts-2-root/instance:
uuid: "b3b8195535df4842befe809ad83e4572"
format_stamp: "Formatted at 2026-07-09 12:09:15 on dist-test-slave-ncdh"
I20260709 12:09:16.004725  3543 fs_manager.cc:696] Time spent creating directory manager: real 0.004s	user 0.004s	sys 0.003s
I20260709 12:09:16.008276  4821 log_block_manager.cc:4127] Time spent loading block containers with low live blocks: real 0.000s	user 0.000s	sys 0.000s
I20260709 12:09:16.009261  3543 fs_manager.cc:730] Time spent opening block manager: real 0.003s	user 0.003s	sys 0.000s
I20260709 12:09:16.009565  3543 fs_manager.cc:647] Opened local filesystem: /tmp/dist-test-taskUI7lT2/test-tmp/auto_leader_rebalancer-test.0.LeaderRebalancerTest.AddTserver.1783598895241557-3543-0/minicluster-data/ts-2-root
uuid: "b3b8195535df4842befe809ad83e4572"
format_stamp: "Formatted at 2026-07-09 12:09:15 on dist-test-slave-ncdh"
I20260709 12:09:16.009862  3543 fs_report.cc:389] FS layout report
--------------------
wal directory: /tmp/dist-test-taskUI7lT2/test-tmp/auto_leader_rebalancer-test.0.LeaderRebalancerTest.AddTserver.1783598895241557-3543-0/minicluster-data/ts-2-root
metadata directory: /tmp/dist-test-taskUI7lT2/test-tmp/auto_leader_rebalancer-test.0.LeaderRebalancerTest.AddTserver.1783598895241557-3543-0/minicluster-data/ts-2-root
1 data directories: /tmp/dist-test-taskUI7lT2/test-tmp/auto_leader_rebalancer-test.0.LeaderRebalancerTest.AddTserver.1783598895241557-3543-0/minicluster-data/ts-2-root/data
Total live blocks: 0
Total live bytes: 0
Total live bytes (after alignment): 0
Total number of LBM containers: 0 (0 full)
Did not check for missing blocks
Did not check for orphaned blocks
Total full LBM containers with extra space: 0 (0 repaired)
Total full LBM container extra space in bytes: 0 (0 repaired)
Total incomplete LBM containers: 0 (0 repaired)
Total LBM partial records: 0 (0 repaired)
Total corrupted LBM metadata records in RocksDB: 0 (0 repaired)
I20260709 12:09:16.025288  3543 rpc_server.cc:225] running with OpenSSL 1.1.1  11 Sep 2018
I20260709 12:09:16.026561  3543 kserver.cc:163] Server-wide thread pool size limit: 3276
I20260709 12:09:16.028090  3543 txn_system_client.cc:432] TxnSystemClient initialization is disabled...
I20260709 12:09:16.030501  3543 ts_tablet_manager.cc:585] Loaded tablet metadata (0 total tablets, 0 live tablets)
I20260709 12:09:16.030732  3543 ts_tablet_manager.cc:531] Time spent load tablet metadata: real 0.000s	user 0.000s	sys 0.000s
I20260709 12:09:16.030997  3543 ts_tablet_manager.cc:616] Registered 0 tablets
I20260709 12:09:16.031185  3543 ts_tablet_manager.cc:595] Time spent register tablets: real 0.000s	user 0.000s	sys 0.000s
I20260709 12:09:16.072571  3543 rpc_server.cc:307] RPC server started. Bound to: 127.3.117.195:32831
I20260709 12:09:16.072669  4883 acceptor_pool.cc:272] collecting diagnostics on the listening RPC socket 127.3.117.195:32831 every 8 connection(s)
I20260709 12:09:16.087301  4884 heartbeater.cc:344] Connected to a master server at 127.3.117.254:43097
I20260709 12:09:16.087663  4884 heartbeater.cc:461] Registering TS with master...
I20260709 12:09:16.088398  4884 heartbeater.cc:507] Master 127.3.117.254:43097 requested a full tablet report, sending...
I20260709 12:09:16.090720  4608 ts_manager.cc:194] Registered new tserver with Master: b3b8195535df4842befe809ad83e4572 (127.3.117.195:32831)
I20260709 12:09:16.091488  3543 internal_mini_cluster.cc:371] 3 TS(s) registered with all masters after 0.015789515s
I20260709 12:09:16.092175  4608 master_service.cc:502] Signed X509 certificate for tserver {username='slave'} at 127.0.0.1:49552
I20260709 12:09:16.119346  4608 catalog_manager.cc:2283] Servicing CreateTable request from {username='slave'} at 127.0.0.1:49560:
name: "test-workload"
schema {
  columns {
    name: "key"
    type: INT32
    is_key: true
    is_nullable: false
    encoding: AUTO_ENCODING
    compression: DEFAULT_COMPRESSION
    cfile_block_size: 0
    immutable: false
  }
  columns {
    name: "int_val"
    type: INT32
    is_key: false
    is_nullable: false
    encoding: AUTO_ENCODING
    compression: DEFAULT_COMPRESSION
    cfile_block_size: 0
    immutable: false
  }
  columns {
    name: "string_val"
    type: STRING
    is_key: false
    is_nullable: true
    encoding: AUTO_ENCODING
    compression: DEFAULT_COMPRESSION
    cfile_block_size: 0
    immutable: false
  }
}
num_replicas: 3
split_rows_range_bounds {
  rows: "\004\001\000\313c+\002\004\001\000\226\307V\004\004\001\000a+\202\006\004\001\000,\217\255\010\004\001\000\367\362\330\n\004\001\000\302V\004\r\004\001\000\215\272/\017\004\001\000X\036[\021\004\001\000#\202\206\023\004\001\000\356\345\261\025\004\001\000\271I\335\027\004\001\000\204\255\010\032\004\001\000O\0214\034\004\001\000\032u_\036\004\001\000\345\330\212 \004\001\000\260<\266\"\004\001\000{\240\341$\004\001\000F\004\r\'\004\001\000\021h8)\004\001\000\334\313c+\004\001\000\247/\217-\004\001\000r\223\272/\004\001\000=\367\3451\004\001\000\010[\0214\004\001\000\323\276<6\004\001\000\236\"h8\004\001\000i\206\223:\004\001\0004\352\276<\004\001\000\377M\352>\004\001\000\312\261\025A\004\001\000\225\025AC\004\001\000`ylE\004\001\000+\335\227G\004\001\000\366@\303I\004\001\000\301\244\356K\004\001\000\214\010\032N\004\001\000WlEP\004\001\000\"\320pR\004\001\000\3553\234T\004\001\000\270\227\307V\004\001\000\203\373\362X\004\001\000N_\036[\004\001\000\031\303I]\004\001\000\344&u_\004\001\000\257\212\240a\004\001\000z\356\313c\004\001\000ER\367e\004\001\000\020\266\"h\004\001\000\333\031Nj\004\001\000\246}yl\004\001\000q\341\244n\004\001\000<E\320p\004\001\000\007\251\373r\004\001\000\322\014\'u\004\001\000\235pRw\004\001\000h\324}y\004\001\00038\251{\004\001\000\376\233\324}""\004\001\000\313c+\002\004\001\000\226\307V\004\004\001\000a+\202\006\004\001\000,\217\255\010\004\001\000\367\362\330\n\004\001\000\302V\004\r\004\001\000\215\272/\017\004\001\000X\036[\021\004\001\000#\202\206\023\004\001\000\356\345\261\025\004\001\000\271I\335\027\004\001\000\204\255\010\032\004\001\000O\0214\034\004\001\000\032u_\036\004\001\000\345\330\212 \004\001\000\260<\266\"\004\001\000{\240\341$\004\001\000F\004\r\'\004\001\000\021h8)\004\001\000\334\313c+\004\001\000\247/\217-\004\001\000r\223\272/\004\001\000=\367\3451\004\001\000\010[\0214\004\001\000\323\276<6\004\001\000\236\"h8\004\001\000i\206\223:\004\001\0004\352\276<\004\001\000\377M\352>\004\001\000\312\261\025A\004\001\000\225\025AC\004\001\000`ylE\004\001\000+\335\227G\004\001\000\366@\303I\004\001\000\301\244\356K\004\001\000\214\010\032N\004\001\000WlEP\004\001\000\"\320pR\004\001\000\3553\234T\004\001\000\270\227\307V\004\001\000\203\373\362X\004\001\000N_\036[\004\001\000\031\303I]\004\001\000\344&u_\004\001\000\257\212\240a\004\001\000z\356\313c\004\001\000ER\367e\004\001\000\020\266\"h\004\001\000\333\031Nj\004\001\000\246}yl\004\001\000q\341\244n\004\001\000<E\320p\004\001\000\007\251\373r\004\001\000\322\014\'u\004\001\000\235pRw\004\001\000h\324}y\004\001\00038\251{\004\001\000\376\233\324}"
  indirect_data: """"
}
partition_schema {
  range_schema {
    columns {
      name: "key"
    }
  }
}
W20260709 12:09:16.125563  4608 catalog_manager.cc:7077] The number of live tablet servers is not enough to re-replicate a tablet replica of the newly created table test-workload in case of a server failure: 4 tablet servers would be needed, 3 are available. Consider bringing up more tablet servers.
I20260709 12:09:16.330546  4849 tablet_service.cc:1511] Processing CreateTablet for tablet 28c6b149209b4fa495006f458c5671ec (DEFAULT_TABLE table=test-workload [id=88355c6e761e46cb870a4ca2635eca76]), partition=RANGE (key) PARTITION VALUES < 36398027
I20260709 12:09:16.331033  4848 tablet_service.cc:1511] Processing CreateTablet for tablet 2f4da366735944b6b9ca645119a63fd9 (DEFAULT_TABLE table=test-workload [id=88355c6e761e46cb870a4ca2635eca76]), partition=RANGE (key) PARTITION 36398027 <= VALUES < 72796054
I20260709 12:09:16.332049  4849 data_dirs.cc:400] Could only allocate 1 dirs of requested 3 for tablet 28c6b149209b4fa495006f458c5671ec. 1 dirs total, 0 dirs full, 0 dirs failed
I20260709 12:09:16.333235  4848 data_dirs.cc:400] Could only allocate 1 dirs of requested 3 for tablet 2f4da366735944b6b9ca645119a63fd9. 1 dirs total, 0 dirs full, 0 dirs failed
I20260709 12:09:16.339983  4847 tablet_service.cc:1511] Processing CreateTablet for tablet 570c31c51bb84742b8d87b421703fc45 (DEFAULT_TABLE table=test-workload [id=88355c6e761e46cb870a4ca2635eca76]), partition=RANGE (key) PARTITION 72796054 <= VALUES < 109194081
I20260709 12:09:16.341516  4847 data_dirs.cc:400] Could only allocate 1 dirs of requested 3 for tablet 570c31c51bb84742b8d87b421703fc45. 1 dirs total, 0 dirs full, 0 dirs failed
I20260709 12:09:16.341352  4700 tablet_service.cc:1511] Processing CreateTablet for tablet 28c6b149209b4fa495006f458c5671ec (DEFAULT_TABLE table=test-workload [id=88355c6e761e46cb870a4ca2635eca76]), partition=RANGE (key) PARTITION VALUES < 36398027
I20260709 12:09:16.342247  4696 tablet_service.cc:1511] Processing CreateTablet for tablet 49ff1e87844c4c3f8576d45ecbc58845 (DEFAULT_TABLE table=test-workload [id=88355c6e761e46cb870a4ca2635eca76]), partition=RANGE (key) PARTITION 145592108 <= VALUES < 181990135
I20260709 12:09:16.342680  4700 data_dirs.cc:400] Could only allocate 1 dirs of requested 3 for tablet 28c6b149209b4fa495006f458c5671ec. 1 dirs total, 0 dirs full, 0 dirs failed
I20260709 12:09:16.343637  4696 data_dirs.cc:400] Could only allocate 1 dirs of requested 3 for tablet 49ff1e87844c4c3f8576d45ecbc58845. 1 dirs total, 0 dirs full, 0 dirs failed
I20260709 12:09:16.346262  4697 tablet_service.cc:1511] Processing CreateTablet for tablet 032043d5d1f44283a9f66edb38557a94 (DEFAULT_TABLE table=test-workload [id=88355c6e761e46cb870a4ca2635eca76]), partition=RANGE (key) PARTITION 109194081 <= VALUES < 145592108
I20260709 12:09:16.347609  4697 data_dirs.cc:400] Could only allocate 1 dirs of requested 3 for tablet 032043d5d1f44283a9f66edb38557a94. 1 dirs total, 0 dirs full, 0 dirs failed
I20260709 12:09:16.349711  4699 tablet_service.cc:1511] Processing CreateTablet for tablet 2f4da366735944b6b9ca645119a63fd9 (DEFAULT_TABLE table=test-workload [id=88355c6e761e46cb870a4ca2635eca76]), partition=RANGE (key) PARTITION 36398027 <= VALUES < 72796054
I20260709 12:09:16.350070  4845 tablet_service.cc:1511] Processing CreateTablet for tablet 49ff1e87844c4c3f8576d45ecbc58845 (DEFAULT_TABLE table=test-workload [id=88355c6e761e46cb870a4ca2635eca76]), partition=RANGE (key) PARTITION 145592108 <= VALUES < 181990135
I20260709 12:09:16.350246  4698 tablet_service.cc:1511] Processing CreateTablet for tablet 570c31c51bb84742b8d87b421703fc45 (DEFAULT_TABLE table=test-workload [id=88355c6e761e46cb870a4ca2635eca76]), partition=RANGE (key) PARTITION 72796054 <= VALUES < 109194081
I20260709 12:09:16.351105  4699 data_dirs.cc:400] Could only allocate 1 dirs of requested 3 for tablet 2f4da366735944b6b9ca645119a63fd9. 1 dirs total, 0 dirs full, 0 dirs failed
I20260709 12:09:16.351387  4845 data_dirs.cc:400] Could only allocate 1 dirs of requested 3 for tablet 49ff1e87844c4c3f8576d45ecbc58845. 1 dirs total, 0 dirs full, 0 dirs failed
I20260709 12:09:16.352475  4698 data_dirs.cc:400] Could only allocate 1 dirs of requested 3 for tablet 570c31c51bb84742b8d87b421703fc45. 1 dirs total, 0 dirs full, 0 dirs failed
I20260709 12:09:16.354101  4846 tablet_service.cc:1511] Processing CreateTablet for tablet 032043d5d1f44283a9f66edb38557a94 (DEFAULT_TABLE table=test-workload [id=88355c6e761e46cb870a4ca2635eca76]), partition=RANGE (key) PARTITION 109194081 <= VALUES < 145592108
I20260709 12:09:16.355508  4846 data_dirs.cc:400] Could only allocate 1 dirs of requested 3 for tablet 032043d5d1f44283a9f66edb38557a94. 1 dirs total, 0 dirs full, 0 dirs failed
I20260709 12:09:16.355960  4844 tablet_service.cc:1511] Processing CreateTablet for tablet 1a08f5cfc6ce4e1f818f341a684f77c3 (DEFAULT_TABLE table=test-workload [id=88355c6e761e46cb870a4ca2635eca76]), partition=RANGE (key) PARTITION 181990135 <= VALUES < 218388162
I20260709 12:09:16.357317  4844 data_dirs.cc:400] Could only allocate 1 dirs of requested 3 for tablet 1a08f5cfc6ce4e1f818f341a684f77c3. 1 dirs total, 0 dirs full, 0 dirs failed
I20260709 12:09:16.359380  4695 tablet_service.cc:1511] Processing CreateTablet for tablet 1a08f5cfc6ce4e1f818f341a684f77c3 (DEFAULT_TABLE table=test-workload [id=88355c6e761e46cb870a4ca2635eca76]), partition=RANGE (key) PARTITION 181990135 <= VALUES < 218388162
I20260709 12:09:16.360816  4695 data_dirs.cc:400] Could only allocate 1 dirs of requested 3 for tablet 1a08f5cfc6ce4e1f818f341a684f77c3. 1 dirs total, 0 dirs full, 0 dirs failed
I20260709 12:09:16.371273  4694 tablet_service.cc:1511] Processing CreateTablet for tablet 0cab558129884851850b6e221e4f6c6c (DEFAULT_TABLE table=test-workload [id=88355c6e761e46cb870a4ca2635eca76]), partition=RANGE (key) PARTITION 218388162 <= VALUES < 254786189
I20260709 12:09:16.372718  4694 data_dirs.cc:400] Could only allocate 1 dirs of requested 3 for tablet 0cab558129884851850b6e221e4f6c6c. 1 dirs total, 0 dirs full, 0 dirs failed
I20260709 12:09:16.386722  4698 tablet_service.cc:1511] Processing CreateTablet for tablet 3583c9d006854d2a9fab91c4e12ce6ec (DEFAULT_TABLE table=test-workload [id=88355c6e761e46cb870a4ca2635eca76]), partition=RANGE (key) PARTITION 254786189 <= VALUES < 291184216
I20260709 12:09:16.398605  4693 tablet_service.cc:1511] Processing CreateTablet for tablet 1c97db194bf74472a792fb574f2a03de (DEFAULT_TABLE table=test-workload [id=88355c6e761e46cb870a4ca2635eca76]), partition=RANGE (key) PARTITION 291184216 <= VALUES < 327582243
I20260709 12:09:16.390565  4698 data_dirs.cc:400] Could only allocate 1 dirs of requested 3 for tablet 3583c9d006854d2a9fab91c4e12ce6ec. 1 dirs total, 0 dirs full, 0 dirs failed
I20260709 12:09:16.401785  4693 data_dirs.cc:400] Could only allocate 1 dirs of requested 3 for tablet 1c97db194bf74472a792fb574f2a03de. 1 dirs total, 0 dirs full, 0 dirs failed
I20260709 12:09:16.407413  4847 tablet_service.cc:1511] Processing CreateTablet for tablet 3583c9d006854d2a9fab91c4e12ce6ec (DEFAULT_TABLE table=test-workload [id=88355c6e761e46cb870a4ca2635eca76]), partition=RANGE (key) PARTITION 254786189 <= VALUES < 291184216
I20260709 12:09:16.410898  4844 tablet_service.cc:1511] Processing CreateTablet for tablet 0cab558129884851850b6e221e4f6c6c (DEFAULT_TABLE table=test-workload [id=88355c6e761e46cb870a4ca2635eca76]), partition=RANGE (key) PARTITION 218388162 <= VALUES < 254786189
I20260709 12:09:16.421844  4768 tablet_service.cc:1511] Processing CreateTablet for tablet 3583c9d006854d2a9fab91c4e12ce6ec (DEFAULT_TABLE table=test-workload [id=88355c6e761e46cb870a4ca2635eca76]), partition=RANGE (key) PARTITION 254786189 <= VALUES < 291184216
I20260709 12:09:16.422106  4767 tablet_service.cc:1511] Processing CreateTablet for tablet 1c97db194bf74472a792fb574f2a03de (DEFAULT_TABLE table=test-workload [id=88355c6e761e46cb870a4ca2635eca76]), partition=RANGE (key) PARTITION 291184216 <= VALUES < 327582243
I20260709 12:09:16.424139  4773 tablet_service.cc:1511] Processing CreateTablet for tablet 570c31c51bb84742b8d87b421703fc45 (DEFAULT_TABLE table=test-workload [id=88355c6e761e46cb870a4ca2635eca76]), partition=RANGE (key) PARTITION 72796054 <= VALUES < 109194081
I20260709 12:09:16.424798  4771 tablet_service.cc:1511] Processing CreateTablet for tablet 49ff1e87844c4c3f8576d45ecbc58845 (DEFAULT_TABLE table=test-workload [id=88355c6e761e46cb870a4ca2635eca76]), partition=RANGE (key) PARTITION 145592108 <= VALUES < 181990135
I20260709 12:09:16.427022  4847 data_dirs.cc:400] Could only allocate 1 dirs of requested 3 for tablet 3583c9d006854d2a9fab91c4e12ce6ec. 1 dirs total, 0 dirs full, 0 dirs failed
I20260709 12:09:16.427781  4844 data_dirs.cc:400] Could only allocate 1 dirs of requested 3 for tablet 0cab558129884851850b6e221e4f6c6c. 1 dirs total, 0 dirs full, 0 dirs failed
I20260709 12:09:16.427311  4770 tablet_service.cc:1511] Processing CreateTablet for tablet 1a08f5cfc6ce4e1f818f341a684f77c3 (DEFAULT_TABLE table=test-workload [id=88355c6e761e46cb870a4ca2635eca76]), partition=RANGE (key) PARTITION 181990135 <= VALUES < 218388162
I20260709 12:09:16.430742  4772 tablet_service.cc:1511] Processing CreateTablet for tablet 032043d5d1f44283a9f66edb38557a94 (DEFAULT_TABLE table=test-workload [id=88355c6e761e46cb870a4ca2635eca76]), partition=RANGE (key) PARTITION 109194081 <= VALUES < 145592108
I20260709 12:09:16.422201  4774 tablet_service.cc:1511] Processing CreateTablet for tablet 2f4da366735944b6b9ca645119a63fd9 (DEFAULT_TABLE table=test-workload [id=88355c6e761e46cb870a4ca2635eca76]), partition=RANGE (key) PARTITION 36398027 <= VALUES < 72796054
I20260709 12:09:16.433081  4775 tablet_service.cc:1511] Processing CreateTablet for tablet 28c6b149209b4fa495006f458c5671ec (DEFAULT_TABLE table=test-workload [id=88355c6e761e46cb870a4ca2635eca76]), partition=RANGE (key) PARTITION VALUES < 36398027
I20260709 12:09:16.434108  4768 data_dirs.cc:400] Could only allocate 1 dirs of requested 3 for tablet 3583c9d006854d2a9fab91c4e12ce6ec. 1 dirs total, 0 dirs full, 0 dirs failed
I20260709 12:09:16.434422  4769 tablet_service.cc:1511] Processing CreateTablet for tablet 0cab558129884851850b6e221e4f6c6c (DEFAULT_TABLE table=test-workload [id=88355c6e761e46cb870a4ca2635eca76]), partition=RANGE (key) PARTITION 218388162 <= VALUES < 254786189
I20260709 12:09:16.435724  4769 data_dirs.cc:400] Could only allocate 1 dirs of requested 3 for tablet 0cab558129884851850b6e221e4f6c6c. 1 dirs total, 0 dirs full, 0 dirs failed
I20260709 12:09:16.437359  4773 data_dirs.cc:400] Could only allocate 1 dirs of requested 3 for tablet 570c31c51bb84742b8d87b421703fc45. 1 dirs total, 0 dirs full, 0 dirs failed
I20260709 12:09:16.438375  4771 data_dirs.cc:400] Could only allocate 1 dirs of requested 3 for tablet 49ff1e87844c4c3f8576d45ecbc58845. 1 dirs total, 0 dirs full, 0 dirs failed
I20260709 12:09:16.439007  4774 data_dirs.cc:400] Could only allocate 1 dirs of requested 3 for tablet 2f4da366735944b6b9ca645119a63fd9. 1 dirs total, 0 dirs full, 0 dirs failed
I20260709 12:09:16.439631  4775 data_dirs.cc:400] Could only allocate 1 dirs of requested 3 for tablet 28c6b149209b4fa495006f458c5671ec. 1 dirs total, 0 dirs full, 0 dirs failed
I20260709 12:09:16.440292  4770 data_dirs.cc:400] Could only allocate 1 dirs of requested 3 for tablet 1a08f5cfc6ce4e1f818f341a684f77c3. 1 dirs total, 0 dirs full, 0 dirs failed
I20260709 12:09:16.440912  4772 data_dirs.cc:400] Could only allocate 1 dirs of requested 3 for tablet 032043d5d1f44283a9f66edb38557a94. 1 dirs total, 0 dirs full, 0 dirs failed
I20260709 12:09:16.445392  4767 data_dirs.cc:400] Could only allocate 1 dirs of requested 3 for tablet 1c97db194bf74472a792fb574f2a03de. 1 dirs total, 0 dirs full, 0 dirs failed
I20260709 12:09:16.456754  4899 tablet_bootstrap.cc:492] T 28c6b149209b4fa495006f458c5671ec P b3b8195535df4842befe809ad83e4572: Bootstrap starting.
I20260709 12:09:16.459344  4694 tablet_service.cc:1511] Processing CreateTablet for tablet 16145da3eadf49a4839c20a3b8e60726 (DEFAULT_TABLE table=test-workload [id=88355c6e761e46cb870a4ca2635eca76]), partition=RANGE (key) PARTITION 327582243 <= VALUES < 363980270
I20260709 12:09:16.460695  4694 data_dirs.cc:400] Could only allocate 1 dirs of requested 3 for tablet 16145da3eadf49a4839c20a3b8e60726. 1 dirs total, 0 dirs full, 0 dirs failed
I20260709 12:09:16.475152  4766 tablet_service.cc:1511] Processing CreateTablet for tablet 16145da3eadf49a4839c20a3b8e60726 (DEFAULT_TABLE table=test-workload [id=88355c6e761e46cb870a4ca2635eca76]), partition=RANGE (key) PARTITION 327582243 <= VALUES < 363980270
I20260709 12:09:16.477793  4766 data_dirs.cc:400] Could only allocate 1 dirs of requested 3 for tablet 16145da3eadf49a4839c20a3b8e60726. 1 dirs total, 0 dirs full, 0 dirs failed
I20260709 12:09:16.476629  4846 tablet_service.cc:1511] Processing CreateTablet for tablet 1c97db194bf74472a792fb574f2a03de (DEFAULT_TABLE table=test-workload [id=88355c6e761e46cb870a4ca2635eca76]), partition=RANGE (key) PARTITION 291184216 <= VALUES < 327582243
I20260709 12:09:16.479736  4846 data_dirs.cc:400] Could only allocate 1 dirs of requested 3 for tablet 1c97db194bf74472a792fb574f2a03de. 1 dirs total, 0 dirs full, 0 dirs failed
I20260709 12:09:16.488312  4845 tablet_service.cc:1511] Processing CreateTablet for tablet 16145da3eadf49a4839c20a3b8e60726 (DEFAULT_TABLE table=test-workload [id=88355c6e761e46cb870a4ca2635eca76]), partition=RANGE (key) PARTITION 327582243 <= VALUES < 363980270
I20260709 12:09:16.489880  4845 data_dirs.cc:400] Could only allocate 1 dirs of requested 3 for tablet 16145da3eadf49a4839c20a3b8e60726. 1 dirs total, 0 dirs full, 0 dirs failed
I20260709 12:09:16.499781  4899 tablet_bootstrap.cc:654] T 28c6b149209b4fa495006f458c5671ec P b3b8195535df4842befe809ad83e4572: Neither blocks nor log segments found. Creating new log.
I20260709 12:09:16.501782  4900 tablet_bootstrap.cc:492] T 2f4da366735944b6b9ca645119a63fd9 P 7a6cb8f34f2e4442add8d672052fb7a9: Bootstrap starting.
I20260709 12:09:16.510505  4698 tablet_service.cc:1511] Processing CreateTablet for tablet fab8eef912f84ba484f33d074cf825ff (DEFAULT_TABLE table=test-workload [id=88355c6e761e46cb870a4ca2635eca76]), partition=RANGE (key) PARTITION 363980270 <= VALUES < 400378297
I20260709 12:09:16.512055  4698 data_dirs.cc:400] Could only allocate 1 dirs of requested 3 for tablet fab8eef912f84ba484f33d074cf825ff. 1 dirs total, 0 dirs full, 0 dirs failed
I20260709 12:09:16.529403  4847 tablet_service.cc:1511] Processing CreateTablet for tablet fab8eef912f84ba484f33d074cf825ff (DEFAULT_TABLE table=test-workload [id=88355c6e761e46cb870a4ca2635eca76]), partition=RANGE (key) PARTITION 363980270 <= VALUES < 400378297
I20260709 12:09:16.530731  4847 data_dirs.cc:400] Could only allocate 1 dirs of requested 3 for tablet fab8eef912f84ba484f33d074cf825ff. 1 dirs total, 0 dirs full, 0 dirs failed
I20260709 12:09:16.531453  4775 tablet_service.cc:1511] Processing CreateTablet for tablet fab8eef912f84ba484f33d074cf825ff (DEFAULT_TABLE table=test-workload [id=88355c6e761e46cb870a4ca2635eca76]), partition=RANGE (key) PARTITION 363980270 <= VALUES < 400378297
I20260709 12:09:16.532684  4775 data_dirs.cc:400] Could only allocate 1 dirs of requested 3 for tablet fab8eef912f84ba484f33d074cf825ff. 1 dirs total, 0 dirs full, 0 dirs failed
I20260709 12:09:16.537002  4774 tablet_service.cc:1511] Processing CreateTablet for tablet db50250b65df4de6a1e88ede6c3816c6 (DEFAULT_TABLE table=test-workload [id=88355c6e761e46cb870a4ca2635eca76]), partition=RANGE (key) PARTITION 400378297 <= VALUES < 436776324
I20260709 12:09:16.538456  4774 data_dirs.cc:400] Could only allocate 1 dirs of requested 3 for tablet db50250b65df4de6a1e88ede6c3816c6. 1 dirs total, 0 dirs full, 0 dirs failed
I20260709 12:09:16.538075  4693 tablet_service.cc:1511] Processing CreateTablet for tablet db50250b65df4de6a1e88ede6c3816c6 (DEFAULT_TABLE table=test-workload [id=88355c6e761e46cb870a4ca2635eca76]), partition=RANGE (key) PARTITION 400378297 <= VALUES < 436776324
I20260709 12:09:16.539945  4693 data_dirs.cc:400] Could only allocate 1 dirs of requested 3 for tablet db50250b65df4de6a1e88ede6c3816c6. 1 dirs total, 0 dirs full, 0 dirs failed
I20260709 12:09:16.550956  4900 tablet_bootstrap.cc:654] T 2f4da366735944b6b9ca645119a63fd9 P 7a6cb8f34f2e4442add8d672052fb7a9: Neither blocks nor log segments found. Creating new log.
I20260709 12:09:16.551965  4849 tablet_service.cc:1511] Processing CreateTablet for tablet db50250b65df4de6a1e88ede6c3816c6 (DEFAULT_TABLE table=test-workload [id=88355c6e761e46cb870a4ca2635eca76]), partition=RANGE (key) PARTITION 400378297 <= VALUES < 436776324
I20260709 12:09:16.561699  4849 data_dirs.cc:400] Could only allocate 1 dirs of requested 3 for tablet db50250b65df4de6a1e88ede6c3816c6. 1 dirs total, 0 dirs full, 0 dirs failed
