I20260709 12:13:01.929163 29479 raft_consensus.cc:2468] T 1a0f4c6442f34a08990a395580f95336 P 019b2ffaf8a8428a92b99b7deaec36ad [term 1 FOLLOWER]: Leader election vote request: Granting yes vote for candidate 97ce4bb8078c4afb8d53c5b46bf7ddef in term 1.
I20260709 12:13:01.951463 29481 raft_consensus.cc:2468] T dd3092ea18144c4186e174f181b351bd P 019b2ffaf8a8428a92b99b7deaec36ad [term 1 FOLLOWER]: Leader election vote request: Granting yes vote for candidate 97ce4bb8078c4afb8d53c5b46bf7ddef in term 1.
I20260709 12:13:01.942106 29735 consensus_queue.cc:1048] T c25bc04ea526490fa040915ac41a9cd3 P 019b2ffaf8a8428a92b99b7deaec36ad [LEADER]: Connected to new peer: Peer: permanent_uuid: "fe59fc6527ee4570972df9046d66d5a3" member_type: VOTER last_known_addr { host: "127.27.130.3" port: 40679 }, Status: LMP_MISMATCH, Last received: 0.0, Next index: 1, Last known committed idx: 0, Time since last communication: 0.006s
I20260709 12:13:01.956807 29598 raft_consensus.cc:359] T d7876e76535a4d4fa583c0b59c1a1477 P 97ce4bb8078c4afb8d53c5b46bf7ddef [term 0 FOLLOWER]: Replica starting. Triggering 0 pending ops. Active config: opid_index: -1 OBSOLETE_local: false peers { permanent_uuid: "97ce4bb8078c4afb8d53c5b46bf7ddef" member_type: VOTER last_known_addr { host: "127.27.130.1" port: 46637 } } peers { permanent_uuid: "019b2ffaf8a8428a92b99b7deaec36ad" member_type: VOTER last_known_addr { host: "127.27.130.2" port: 46567 } } peers { permanent_uuid: "fe59fc6527ee4570972df9046d66d5a3" member_type: VOTER last_known_addr { host: "127.27.130.3" port: 40679 } }
I20260709 12:13:01.957657 29598 raft_consensus.cc:385] T d7876e76535a4d4fa583c0b59c1a1477 P 97ce4bb8078c4afb8d53c5b46bf7ddef [term 0 FOLLOWER]: Consensus starting up: Expiring failure detector timer to make a prompt election more likely
I20260709 12:13:01.957937 29598 raft_consensus.cc:740] T d7876e76535a4d4fa583c0b59c1a1477 P 97ce4bb8078c4afb8d53c5b46bf7ddef [term 0 FOLLOWER]: Becoming Follower/Learner. State: Replica: 97ce4bb8078c4afb8d53c5b46bf7ddef, State: Initialized, Role: FOLLOWER
I20260709 12:13:01.958770 29598 consensus_queue.cc:260] T d7876e76535a4d4fa583c0b59c1a1477 P 97ce4bb8078c4afb8d53c5b46bf7ddef [NON_LEADER]: Queue going to NON_LEADER mode. State: All replicated index: 0, Majority replicated index: 0, Committed index: 0, Last appended: 0.0, Last appended by leader: 0, Current term: 0, Majority size: -1, State: 0, Mode: NON_LEADER, active raft config: opid_index: -1 OBSOLETE_local: false peers { permanent_uuid: "97ce4bb8078c4afb8d53c5b46bf7ddef" member_type: VOTER last_known_addr { host: "127.27.130.1" port: 46637 } } peers { permanent_uuid: "019b2ffaf8a8428a92b99b7deaec36ad" member_type: VOTER last_known_addr { host: "127.27.130.2" port: 46567 } } peers { permanent_uuid: "fe59fc6527ee4570972df9046d66d5a3" member_type: VOTER last_known_addr { host: "127.27.130.3" port: 40679 } }
I20260709 12:13:01.961615 29373 leader_election.cc:304] T 1a0f4c6442f34a08990a395580f95336 P 97ce4bb8078c4afb8d53c5b46bf7ddef [CANDIDATE]: Term 1 election: Election decided. Result: candidate won. Election summary: received 3 responses out of 3 voters: 2 yes votes; 1 no votes. yes voters: 019b2ffaf8a8428a92b99b7deaec36ad, 97ce4bb8078c4afb8d53c5b46bf7ddef; no voters: fe59fc6527ee4570972df9046d66d5a3
I20260709 12:13:01.962683 29709 raft_consensus.cc:2804] T 1a0f4c6442f34a08990a395580f95336 P 97ce4bb8078c4afb8d53c5b46bf7ddef [term 1 FOLLOWER]: Leader election won for term 1
I20260709 12:13:01.963197 29598 ts_tablet_manager.cc:1434] T d7876e76535a4d4fa583c0b59c1a1477 P 97ce4bb8078c4afb8d53c5b46bf7ddef: Time spent starting tablet: real 0.049s	user 0.007s	sys 0.001s
I20260709 12:13:01.963120 29709 raft_consensus.cc:697] T 1a0f4c6442f34a08990a395580f95336 P 97ce4bb8078c4afb8d53c5b46bf7ddef [term 1 LEADER]: Becoming Leader. State: Replica: 97ce4bb8078c4afb8d53c5b46bf7ddef, State: Running, Role: LEADER
I20260709 12:13:01.963979 29601 tablet_bootstrap.cc:492] T 4eec52397c8a45959364f84f75040ccb P fe59fc6527ee4570972df9046d66d5a3: No bootstrap required, opened a new log
I20260709 12:13:01.964797 29601 ts_tablet_manager.cc:1403] T 4eec52397c8a45959364f84f75040ccb P fe59fc6527ee4570972df9046d66d5a3: Time spent bootstrapping tablet: real 0.152s	user 0.017s	sys 0.015s
I20260709 12:13:01.964597 29709 consensus_queue.cc:237] T 1a0f4c6442f34a08990a395580f95336 P 97ce4bb8078c4afb8d53c5b46bf7ddef [LEADER]: Queue going to LEADER mode. State: All replicated index: 0, Majority replicated index: 0, Committed index: 0, Last appended: 0.0, Last appended by leader: 0, Current term: 1, Majority size: 2, State: 0, Mode: LEADER, active raft config: opid_index: -1 OBSOLETE_local: false peers { permanent_uuid: "97ce4bb8078c4afb8d53c5b46bf7ddef" member_type: VOTER last_known_addr { host: "127.27.130.1" port: 46637 } } peers { permanent_uuid: "019b2ffaf8a8428a92b99b7deaec36ad" member_type: VOTER last_known_addr { host: "127.27.130.2" port: 46567 } } peers { permanent_uuid: "fe59fc6527ee4570972df9046d66d5a3" member_type: VOTER last_known_addr { host: "127.27.130.3" port: 40679 } }
I20260709 12:13:01.967175 29598 tablet_bootstrap.cc:492] T c3af7fae75834962afc3db36ab41c6a4 P 97ce4bb8078c4afb8d53c5b46bf7ddef: Bootstrap starting.
I20260709 12:13:01.970037 29601 raft_consensus.cc:359] T 4eec52397c8a45959364f84f75040ccb P fe59fc6527ee4570972df9046d66d5a3 [term 0 FOLLOWER]: Replica starting. Triggering 0 pending ops. Active config: opid_index: -1 OBSOLETE_local: false peers { permanent_uuid: "97ce4bb8078c4afb8d53c5b46bf7ddef" member_type: VOTER last_known_addr { host: "127.27.130.1" port: 46637 } } peers { permanent_uuid: "019b2ffaf8a8428a92b99b7deaec36ad" member_type: VOTER last_known_addr { host: "127.27.130.2" port: 46567 } } peers { permanent_uuid: "fe59fc6527ee4570972df9046d66d5a3" member_type: VOTER last_known_addr { host: "127.27.130.3" port: 40679 } }
I20260709 12:13:01.972805 29601 raft_consensus.cc:385] T 4eec52397c8a45959364f84f75040ccb P fe59fc6527ee4570972df9046d66d5a3 [term 0 FOLLOWER]: Consensus starting up: Expiring failure detector timer to make a prompt election more likely
I20260709 12:13:01.973119 29601 raft_consensus.cc:740] T 4eec52397c8a45959364f84f75040ccb P fe59fc6527ee4570972df9046d66d5a3 [term 0 FOLLOWER]: Becoming Follower/Learner. State: Replica: fe59fc6527ee4570972df9046d66d5a3, State: Initialized, Role: FOLLOWER
I20260709 12:13:01.973364 29373 leader_election.cc:304] T dd3092ea18144c4186e174f181b351bd P 97ce4bb8078c4afb8d53c5b46bf7ddef [CANDIDATE]: Term 1 election: Election decided. Result: candidate won. Election summary: received 2 responses out of 3 voters: 2 yes votes; 0 no votes. yes voters: 019b2ffaf8a8428a92b99b7deaec36ad, 97ce4bb8078c4afb8d53c5b46bf7ddef; no voters: 
I20260709 12:13:01.973814 29601 consensus_queue.cc:260] T 4eec52397c8a45959364f84f75040ccb P fe59fc6527ee4570972df9046d66d5a3 [NON_LEADER]: Queue going to NON_LEADER mode. State: All replicated index: 0, Majority replicated index: 0, Committed index: 0, Last appended: 0.0, Last appended by leader: 0, Current term: 0, Majority size: -1, State: 0, Mode: NON_LEADER, active raft config: opid_index: -1 OBSOLETE_local: false peers { permanent_uuid: "97ce4bb8078c4afb8d53c5b46bf7ddef" member_type: VOTER last_known_addr { host: "127.27.130.1" port: 46637 } } peers { permanent_uuid: "019b2ffaf8a8428a92b99b7deaec36ad" member_type: VOTER last_known_addr { host: "127.27.130.2" port: 46567 } } peers { permanent_uuid: "fe59fc6527ee4570972df9046d66d5a3" member_type: VOTER last_known_addr { host: "127.27.130.3" port: 40679 } }
I20260709 12:13:01.976352 29601 ts_tablet_manager.cc:1434] T 4eec52397c8a45959364f84f75040ccb P fe59fc6527ee4570972df9046d66d5a3: Time spent starting tablet: real 0.011s	user 0.003s	sys 0.003s
I20260709 12:13:01.976666 29710 raft_consensus.cc:2804] T dd3092ea18144c4186e174f181b351bd P 97ce4bb8078c4afb8d53c5b46bf7ddef [term 1 FOLLOWER]: Leader election won for term 1
I20260709 12:13:01.977155 29710 raft_consensus.cc:697] T dd3092ea18144c4186e174f181b351bd P 97ce4bb8078c4afb8d53c5b46bf7ddef [term 1 LEADER]: Becoming Leader. State: Replica: 97ce4bb8078c4afb8d53c5b46bf7ddef, State: Running, Role: LEADER
I20260709 12:13:01.977339 29601 tablet_bootstrap.cc:492] T c3af7fae75834962afc3db36ab41c6a4 P fe59fc6527ee4570972df9046d66d5a3: Bootstrap starting.
I20260709 12:13:01.979081 29596 tablet_bootstrap.cc:654] T c3af7fae75834962afc3db36ab41c6a4 P 019b2ffaf8a8428a92b99b7deaec36ad: Neither blocks nor log segments found. Creating new log.
I20260709 12:13:01.977957 29710 consensus_queue.cc:237] T dd3092ea18144c4186e174f181b351bd P 97ce4bb8078c4afb8d53c5b46bf7ddef [LEADER]: Queue going to LEADER mode. State: All replicated index: 0, Majority replicated index: 0, Committed index: 0, Last appended: 0.0, Last appended by leader: 0, Current term: 1, Majority size: 2, State: 0, Mode: LEADER, active raft config: opid_index: -1 OBSOLETE_local: false peers { permanent_uuid: "97ce4bb8078c4afb8d53c5b46bf7ddef" member_type: VOTER last_known_addr { host: "127.27.130.1" port: 46637 } } peers { permanent_uuid: "019b2ffaf8a8428a92b99b7deaec36ad" member_type: VOTER last_known_addr { host: "127.27.130.2" port: 46567 } } peers { permanent_uuid: "fe59fc6527ee4570972df9046d66d5a3" member_type: VOTER last_known_addr { host: "127.27.130.3" port: 40679 } }
I20260709 12:13:01.982430 29656 consensus_queue.cc:1048] T 4eec52397c8a45959364f84f75040ccb P 97ce4bb8078c4afb8d53c5b46bf7ddef [LEADER]: Connected to new peer: Peer: permanent_uuid: "019b2ffaf8a8428a92b99b7deaec36ad" member_type: VOTER last_known_addr { host: "127.27.130.2" port: 46567 }, Status: LMP_MISMATCH, Last received: 0.0, Next index: 1, Last known committed idx: 0, Time since last communication: 0.003s
I20260709 12:13:01.982617 29665 consensus_queue.cc:1048] T 43924ed97fa34f75800651f784cdff64 P 97ce4bb8078c4afb8d53c5b46bf7ddef [LEADER]: Connected to new peer: Peer: permanent_uuid: "fe59fc6527ee4570972df9046d66d5a3" member_type: VOTER last_known_addr { host: "127.27.130.3" port: 40679 }, Status: LMP_MISMATCH, Last received: 0.0, Next index: 1, Last known committed idx: 0, Time since last communication: 0.007s
I20260709 12:13:01.998188 29555 raft_consensus.cc:2468] T dd3092ea18144c4186e174f181b351bd P fe59fc6527ee4570972df9046d66d5a3 [term 1 FOLLOWER]: Leader election vote request: Granting yes vote for candidate 97ce4bb8078c4afb8d53c5b46bf7ddef in term 1.
I20260709 12:13:02.089251 29303 catalog_manager.cc:5697] T 1a0f4c6442f34a08990a395580f95336 P 97ce4bb8078c4afb8d53c5b46bf7ddef reported cstate change: term changed from 0 to 1, leader changed from <none> to 97ce4bb8078c4afb8d53c5b46bf7ddef (127.27.130.1). New cstate: current_term: 1 leader_uuid: "97ce4bb8078c4afb8d53c5b46bf7ddef" committed_config { opid_index: -1 OBSOLETE_local: false peers { permanent_uuid: "97ce4bb8078c4afb8d53c5b46bf7ddef" member_type: VOTER last_known_addr { host: "127.27.130.1" port: 46637 } health_report { overall_health: HEALTHY } } peers { permanent_uuid: "019b2ffaf8a8428a92b99b7deaec36ad" member_type: VOTER last_known_addr { host: "127.27.130.2" port: 46567 } health_report { overall_health: UNKNOWN } } peers { permanent_uuid: "fe59fc6527ee4570972df9046d66d5a3" member_type: VOTER last_known_addr { host: "127.27.130.3" port: 40679 } health_report { overall_health: UNKNOWN } } }
I20260709 12:13:02.124789 29621 raft_consensus.cc:493] T 4eec52397c8a45959364f84f75040ccb P fe59fc6527ee4570972df9046d66d5a3 [term 0 FOLLOWER]: Starting pre-election (no leader contacted us within the election timeout)
I20260709 12:13:02.128170 29621 raft_consensus.cc:515] T 4eec52397c8a45959364f84f75040ccb P fe59fc6527ee4570972df9046d66d5a3 [term 0 FOLLOWER]: Starting pre-election with config: opid_index: -1 OBSOLETE_local: false peers { permanent_uuid: "97ce4bb8078c4afb8d53c5b46bf7ddef" member_type: VOTER last_known_addr { host: "127.27.130.1" port: 46637 } } peers { permanent_uuid: "019b2ffaf8a8428a92b99b7deaec36ad" member_type: VOTER last_known_addr { host: "127.27.130.2" port: 46567 } } peers { permanent_uuid: "fe59fc6527ee4570972df9046d66d5a3" member_type: VOTER last_known_addr { host: "127.27.130.3" port: 40679 } }
I20260709 12:13:02.151180 29630 raft_consensus.cc:493] T 39be8a093c7b4811b931278304356e06 P fe59fc6527ee4570972df9046d66d5a3 [term 0 FOLLOWER]: Starting pre-election (no leader contacted us within the election timeout)
I20260709 12:13:02.167057 29630 raft_consensus.cc:515] T 39be8a093c7b4811b931278304356e06 P fe59fc6527ee4570972df9046d66d5a3 [term 0 FOLLOWER]: Starting pre-election with config: opid_index: -1 OBSOLETE_local: false peers { permanent_uuid: "97ce4bb8078c4afb8d53c5b46bf7ddef" member_type: VOTER last_known_addr { host: "127.27.130.1" port: 46637 } } peers { permanent_uuid: "019b2ffaf8a8428a92b99b7deaec36ad" member_type: VOTER last_known_addr { host: "127.27.130.2" port: 46567 } } peers { permanent_uuid: "fe59fc6527ee4570972df9046d66d5a3" member_type: VOTER last_known_addr { host: "127.27.130.3" port: 40679 } }
I20260709 12:13:02.170248 29621 leader_election.cc:290] T 4eec52397c8a45959364f84f75040ccb P fe59fc6527ee4570972df9046d66d5a3 [CANDIDATE]: Term 1 pre-election: Requested pre-vote from peers 97ce4bb8078c4afb8d53c5b46bf7ddef (127.27.130.1:46637), 019b2ffaf8a8428a92b99b7deaec36ad (127.27.130.2:46567)
I20260709 12:13:02.172114 29630 leader_election.cc:290] T 39be8a093c7b4811b931278304356e06 P fe59fc6527ee4570972df9046d66d5a3 [CANDIDATE]: Term 1 pre-election: Requested pre-vote from peers 97ce4bb8078c4afb8d53c5b46bf7ddef (127.27.130.1:46637), 019b2ffaf8a8428a92b99b7deaec36ad (127.27.130.2:46567)
I20260709 12:13:02.174291 29598 tablet_bootstrap.cc:654] T c3af7fae75834962afc3db36ab41c6a4 P 97ce4bb8078c4afb8d53c5b46bf7ddef: Neither blocks nor log segments found. Creating new log.
I20260709 12:13:02.176586 29407 tablet_service.cc:1917] Received RequestConsensusVote() RPC: tablet_id: "39be8a093c7b4811b931278304356e06" candidate_uuid: "fe59fc6527ee4570972df9046d66d5a3" candidate_term: 1 candidate_status { last_received { term: 0 index: 0 } } ignore_live_leader: false dest_uuid: "97ce4bb8078c4afb8d53c5b46bf7ddef" is_pre_election: true
I20260709 12:13:02.179527 29407 raft_consensus.cc:2468] T 39be8a093c7b4811b931278304356e06 P 97ce4bb8078c4afb8d53c5b46bf7ddef [term 0 FOLLOWER]: Leader pre-election vote request: Granting yes vote for candidate fe59fc6527ee4570972df9046d66d5a3 in term 0.
I20260709 12:13:02.180583 29404 tablet_service.cc:1917] Received RequestConsensusVote() RPC: tablet_id: "4eec52397c8a45959364f84f75040ccb" candidate_uuid: "fe59fc6527ee4570972df9046d66d5a3" candidate_term: 1 candidate_status { last_received { term: 0 index: 0 } } ignore_live_leader: false dest_uuid: "97ce4bb8078c4afb8d53c5b46bf7ddef" is_pre_election: true
I20260709 12:13:02.183396 29780 raft_consensus.cc:493] T d7876e76535a4d4fa583c0b59c1a1477 P 97ce4bb8078c4afb8d53c5b46bf7ddef [term 0 FOLLOWER]: Starting pre-election (no leader contacted us within the election timeout)
I20260709 12:13:02.208590 29596 tablet_bootstrap.cc:492] T c3af7fae75834962afc3db36ab41c6a4 P 019b2ffaf8a8428a92b99b7deaec36ad: No bootstrap required, opened a new log
I20260709 12:13:02.209079 29596 ts_tablet_manager.cc:1403] T c3af7fae75834962afc3db36ab41c6a4 P 019b2ffaf8a8428a92b99b7deaec36ad: Time spent bootstrapping tablet: real 0.304s	user 0.010s	sys 0.023s
I20260709 12:13:02.201485 29521 leader_election.cc:304] T 39be8a093c7b4811b931278304356e06 P fe59fc6527ee4570972df9046d66d5a3 [CANDIDATE]: Term 1 pre-election: Election decided. Result: candidate won. Election summary: received 2 responses out of 3 voters: 2 yes votes; 0 no votes. yes voters: 97ce4bb8078c4afb8d53c5b46bf7ddef, fe59fc6527ee4570972df9046d66d5a3; no voters: 
I20260709 12:13:02.217598 29556 raft_consensus.cc:3060] T 4eec52397c8a45959364f84f75040ccb P fe59fc6527ee4570972df9046d66d5a3 [term 0 FOLLOWER]: Advancing to term 1
I20260709 12:13:02.217425 29479 tablet_service.cc:1917] Received RequestConsensusVote() RPC: tablet_id: "4eec52397c8a45959364f84f75040ccb" candidate_uuid: "fe59fc6527ee4570972df9046d66d5a3" candidate_term: 1 candidate_status { last_received { term: 0 index: 0 } } ignore_live_leader: false dest_uuid: "019b2ffaf8a8428a92b99b7deaec36ad" is_pre_election: true
I20260709 12:13:02.220252 29596 raft_consensus.cc:359] T c3af7fae75834962afc3db36ab41c6a4 P 019b2ffaf8a8428a92b99b7deaec36ad [term 0 FOLLOWER]: Replica starting. Triggering 0 pending ops. Active config: opid_index: -1 OBSOLETE_local: false peers { permanent_uuid: "97ce4bb8078c4afb8d53c5b46bf7ddef" member_type: VOTER last_known_addr { host: "127.27.130.1" port: 46637 } } peers { permanent_uuid: "019b2ffaf8a8428a92b99b7deaec36ad" member_type: VOTER last_known_addr { host: "127.27.130.2" port: 46567 } } peers { permanent_uuid: "fe59fc6527ee4570972df9046d66d5a3" member_type: VOTER last_known_addr { host: "127.27.130.3" port: 40679 } }
I20260709 12:13:02.221194 29596 raft_consensus.cc:385] T c3af7fae75834962afc3db36ab41c6a4 P 019b2ffaf8a8428a92b99b7deaec36ad [term 0 FOLLOWER]: Consensus starting up: Expiring failure detector timer to make a prompt election more likely
I20260709 12:13:02.216694 29630 raft_consensus.cc:2804] T 39be8a093c7b4811b931278304356e06 P fe59fc6527ee4570972df9046d66d5a3 [term 0 FOLLOWER]: Leader pre-election won for term 1
I20260709 12:13:02.221501 29596 raft_consensus.cc:740] T c3af7fae75834962afc3db36ab41c6a4 P 019b2ffaf8a8428a92b99b7deaec36ad [term 0 FOLLOWER]: Becoming Follower/Learner. State: Replica: 019b2ffaf8a8428a92b99b7deaec36ad, State: Initialized, Role: FOLLOWER
I20260709 12:13:02.221927 29630 raft_consensus.cc:493] T 39be8a093c7b4811b931278304356e06 P fe59fc6527ee4570972df9046d66d5a3 [term 0 FOLLOWER]: Starting leader election (no leader contacted us within the election timeout)
I20260709 12:13:02.222344 29630 raft_consensus.cc:3060] T 39be8a093c7b4811b931278304356e06 P fe59fc6527ee4570972df9046d66d5a3 [term 0 FOLLOWER]: Advancing to term 1
I20260709 12:13:02.222431 29596 consensus_queue.cc:260] T c3af7fae75834962afc3db36ab41c6a4 P 019b2ffaf8a8428a92b99b7deaec36ad [NON_LEADER]: Queue going to NON_LEADER mode. State: All replicated index: 0, Majority replicated index: 0, Committed index: 0, Last appended: 0.0, Last appended by leader: 0, Current term: 0, Majority size: -1, State: 0, Mode: NON_LEADER, active raft config: opid_index: -1 OBSOLETE_local: false peers { permanent_uuid: "97ce4bb8078c4afb8d53c5b46bf7ddef" member_type: VOTER last_known_addr { host: "127.27.130.1" port: 46637 } } peers { permanent_uuid: "019b2ffaf8a8428a92b99b7deaec36ad" member_type: VOTER last_known_addr { host: "127.27.130.2" port: 46567 } } peers { permanent_uuid: "fe59fc6527ee4570972df9046d66d5a3" member_type: VOTER last_known_addr { host: "127.27.130.3" port: 40679 } }
I20260709 12:13:02.206172 29780 raft_consensus.cc:515] T d7876e76535a4d4fa583c0b59c1a1477 P 97ce4bb8078c4afb8d53c5b46bf7ddef [term 0 FOLLOWER]: Starting pre-election with config: opid_index: -1 OBSOLETE_local: false peers { permanent_uuid: "97ce4bb8078c4afb8d53c5b46bf7ddef" member_type: VOTER last_known_addr { host: "127.27.130.1" port: 46637 } } peers { permanent_uuid: "019b2ffaf8a8428a92b99b7deaec36ad" member_type: VOTER last_known_addr { host: "127.27.130.2" port: 46567 } } peers { permanent_uuid: "fe59fc6527ee4570972df9046d66d5a3" member_type: VOTER last_known_addr { host: "127.27.130.3" port: 40679 } }
I20260709 12:13:02.224706 29596 ts_tablet_manager.cc:1434] T c3af7fae75834962afc3db36ab41c6a4 P 019b2ffaf8a8428a92b99b7deaec36ad: Time spent starting tablet: real 0.015s	user 0.007s	sys 0.000s
I20260709 12:13:02.225271 29780 leader_election.cc:290] T d7876e76535a4d4fa583c0b59c1a1477 P 97ce4bb8078c4afb8d53c5b46bf7ddef [CANDIDATE]: Term 1 pre-election: Requested pre-vote from peers 019b2ffaf8a8428a92b99b7deaec36ad (127.27.130.2:46567), fe59fc6527ee4570972df9046d66d5a3 (127.27.130.3:40679)
I20260709 12:13:02.225723 29596 tablet_bootstrap.cc:492] T 5392e9c64ebd4668bc1741634913d060 P 019b2ffaf8a8428a92b99b7deaec36ad: Bootstrap starting.
W20260709 12:13:02.226800 29775 log.cc:927] Time spent T dd3092ea18144c4186e174f181b351bd P 97ce4bb8078c4afb8d53c5b46bf7ddef: Append to log took a long time: real 0.067s	user 0.001s	sys 0.000s
I20260709 12:13:02.232165 29554 tablet_service.cc:1917] Received RequestConsensusVote() RPC: tablet_id: "d7876e76535a4d4fa583c0b59c1a1477" candidate_uuid: "97ce4bb8078c4afb8d53c5b46bf7ddef" candidate_term: 1 candidate_status { last_received { term: 0 index: 0 } } ignore_live_leader: false dest_uuid: "fe59fc6527ee4570972df9046d66d5a3" is_pre_election: true
I20260709 12:13:02.234249 29735 consensus_queue.cc:1048] T e9a04a68ec2c4d39bcaa1769b7cc2871 P 019b2ffaf8a8428a92b99b7deaec36ad [LEADER]: Connected to new peer: Peer: permanent_uuid: "fe59fc6527ee4570972df9046d66d5a3" member_type: VOTER last_known_addr { host: "127.27.130.3" port: 40679 }, Status: LMP_MISMATCH, Last received: 0.0, Next index: 1, Last known committed idx: 0, Time since last communication: 0.001s
I20260709 12:13:02.236193 29601 tablet_bootstrap.cc:654] T c3af7fae75834962afc3db36ab41c6a4 P fe59fc6527ee4570972df9046d66d5a3: Neither blocks nor log segments found. Creating new log.
I20260709 12:13:02.241750 29630 raft_consensus.cc:515] T 39be8a093c7b4811b931278304356e06 P fe59fc6527ee4570972df9046d66d5a3 [term 1 FOLLOWER]: Starting leader election with config: opid_index: -1 OBSOLETE_local: false peers { permanent_uuid: "97ce4bb8078c4afb8d53c5b46bf7ddef" member_type: VOTER last_known_addr { host: "127.27.130.1" port: 46637 } } peers { permanent_uuid: "019b2ffaf8a8428a92b99b7deaec36ad" member_type: VOTER last_known_addr { host: "127.27.130.2" port: 46567 } } peers { permanent_uuid: "fe59fc6527ee4570972df9046d66d5a3" member_type: VOTER last_known_addr { host: "127.27.130.3" port: 40679 } }
I20260709 12:13:02.244897 29482 tablet_service.cc:1917] Received RequestConsensusVote() RPC: tablet_id: "39be8a093c7b4811b931278304356e06" candidate_uuid: "fe59fc6527ee4570972df9046d66d5a3" candidate_term: 1 candidate_status { last_received { term: 0 index: 0 } } ignore_live_leader: false dest_uuid: "019b2ffaf8a8428a92b99b7deaec36ad" is_pre_election: true
I20260709 12:13:02.250489 29482 raft_consensus.cc:2468] T 39be8a093c7b4811b931278304356e06 P 019b2ffaf8a8428a92b99b7deaec36ad [term 0 FOLLOWER]: Leader pre-election vote request: Granting yes vote for candidate fe59fc6527ee4570972df9046d66d5a3 in term 0.
I20260709 12:13:02.251724 29522 leader_election.cc:304] T 4eec52397c8a45959364f84f75040ccb P fe59fc6527ee4570972df9046d66d5a3 [CANDIDATE]: Term 1 pre-election: Election decided. Result: candidate lost. Election summary: received 3 responses out of 3 voters: 1 yes votes; 2 no votes. yes voters: fe59fc6527ee4570972df9046d66d5a3; no voters: 019b2ffaf8a8428a92b99b7deaec36ad, 97ce4bb8078c4afb8d53c5b46bf7ddef
I20260709 12:13:02.254299 29405 tablet_service.cc:1917] Received RequestConsensusVote() RPC: tablet_id: "39be8a093c7b4811b931278304356e06" candidate_uuid: "fe59fc6527ee4570972df9046d66d5a3" candidate_term: 1 candidate_status { last_received { term: 0 index: 0 } } ignore_live_leader: false dest_uuid: "97ce4bb8078c4afb8d53c5b46bf7ddef"
I20260709 12:13:02.255031 29405 raft_consensus.cc:3060] T 39be8a093c7b4811b931278304356e06 P 97ce4bb8078c4afb8d53c5b46bf7ddef [term 0 FOLLOWER]: Advancing to term 1
I20260709 12:13:02.257225 29630 leader_election.cc:290] T 39be8a093c7b4811b931278304356e06 P fe59fc6527ee4570972df9046d66d5a3 [CANDIDATE]: Term 1 election: Requested vote from peers 97ce4bb8078c4afb8d53c5b46bf7ddef (127.27.130.1:46637), 019b2ffaf8a8428a92b99b7deaec36ad (127.27.130.2:46567)
I20260709 12:13:02.257859 29630 raft_consensus.cc:2749] T 4eec52397c8a45959364f84f75040ccb P fe59fc6527ee4570972df9046d66d5a3 [term 1 FOLLOWER]: Leader pre-election lost for term 1. Reason: could not achieve majority
I20260709 12:13:02.258476 29772 consensus_queue.cc:1048] T e9a04a68ec2c4d39bcaa1769b7cc2871 P 019b2ffaf8a8428a92b99b7deaec36ad [LEADER]: Connected to new peer: Peer: permanent_uuid: "97ce4bb8078c4afb8d53c5b46bf7ddef" member_type: VOTER last_known_addr { host: "127.27.130.1" port: 46637 }, Status: LMP_MISMATCH, Last received: 0.0, Next index: 1, Last known committed idx: 0, Time since last communication: 0.001s
I20260709 12:13:02.249941 29596 tablet_bootstrap.cc:654] T 5392e9c64ebd4668bc1741634913d060 P 019b2ffaf8a8428a92b99b7deaec36ad: Neither blocks nor log segments found. Creating new log.
W20260709 12:13:02.261394 29370 leader_election.cc:343] T d7876e76535a4d4fa583c0b59c1a1477 P 97ce4bb8078c4afb8d53c5b46bf7ddef [CANDIDATE]: Term 1 pre-election: Tablet error from VoteRequest() call to peer fe59fc6527ee4570972df9046d66d5a3 (127.27.130.3:40679): Illegal state: must be running to vote when last-logged opid is not known
I20260709 12:13:02.269620 29482 tablet_service.cc:1917] Received RequestConsensusVote() RPC: tablet_id: "d7876e76535a4d4fa583c0b59c1a1477" candidate_uuid: "97ce4bb8078c4afb8d53c5b46bf7ddef" candidate_term: 1 candidate_status { last_received { term: 0 index: 0 } } ignore_live_leader: false dest_uuid: "019b2ffaf8a8428a92b99b7deaec36ad" is_pre_election: true
I20260709 12:13:02.275220 29709 consensus_queue.cc:1048] T 4eec52397c8a45959364f84f75040ccb P 97ce4bb8078c4afb8d53c5b46bf7ddef [LEADER]: Connected to new peer: Peer: permanent_uuid: "fe59fc6527ee4570972df9046d66d5a3" member_type: VOTER last_known_addr { host: "127.27.130.3" port: 40679 }, Status: LMP_MISMATCH, Last received: 0.0, Next index: 1, Last known committed idx: 0, Time since last communication: 0.001s
I20260709 12:13:02.280439 29479 tablet_service.cc:1917] Received RequestConsensusVote() RPC: tablet_id: "39be8a093c7b4811b931278304356e06" candidate_uuid: "fe59fc6527ee4570972df9046d66d5a3" candidate_term: 1 candidate_status { last_received { term: 0 index: 0 } } ignore_live_leader: false dest_uuid: "019b2ffaf8a8428a92b99b7deaec36ad"
I20260709 12:13:02.281184 29479 raft_consensus.cc:3060] T 39be8a093c7b4811b931278304356e06 P 019b2ffaf8a8428a92b99b7deaec36ad [term 0 FOLLOWER]: Advancing to term 1
I20260709 12:13:02.285568 29598 tablet_bootstrap.cc:492] T c3af7fae75834962afc3db36ab41c6a4 P 97ce4bb8078c4afb8d53c5b46bf7ddef: No bootstrap required, opened a new log
I20260709 12:13:02.300684 29735 consensus_queue.cc:1048] T 2a42c74799104323b502b40e1e09a913 P 019b2ffaf8a8428a92b99b7deaec36ad [LEADER]: Connected to new peer: Peer: permanent_uuid: "97ce4bb8078c4afb8d53c5b46bf7ddef" member_type: VOTER last_known_addr { host: "127.27.130.1" port: 46637 }, Status: LMP_MISMATCH, Last received: 0.0, Next index: 1, Last known committed idx: 0, Time since last communication: 0.001s
I20260709 12:13:02.301864 29598 ts_tablet_manager.cc:1403] T c3af7fae75834962afc3db36ab41c6a4 P 97ce4bb8078c4afb8d53c5b46bf7ddef: Time spent bootstrapping tablet: real 0.338s	user 0.018s	sys 0.002s
I20260709 12:13:02.305886 29709 consensus_queue.cc:1048] T c79e100eb8c0493186ab8547e7c4a997 P 97ce4bb8078c4afb8d53c5b46bf7ddef [LEADER]: Connected to new peer: Peer: permanent_uuid: "fe59fc6527ee4570972df9046d66d5a3" member_type: VOTER last_known_addr { host: "127.27.130.3" port: 40679 }, Status: LMP_MISMATCH, Last received: 0.0, Next index: 1, Last known committed idx: 0, Time since last communication: 0.001s
I20260709 12:13:02.290835 29479 raft_consensus.cc:2468] T 39be8a093c7b4811b931278304356e06 P 019b2ffaf8a8428a92b99b7deaec36ad [term 1 FOLLOWER]: Leader election vote request: Granting yes vote for candidate fe59fc6527ee4570972df9046d66d5a3 in term 1.
I20260709 12:13:02.293977 29621 consensus_queue.cc:1048] T 69efd3f0b8c64ac28fcc7f97965155e8 P fe59fc6527ee4570972df9046d66d5a3 [LEADER]: Connected to new peer: Peer: permanent_uuid: "97ce4bb8078c4afb8d53c5b46bf7ddef" member_type: VOTER last_known_addr { host: "127.27.130.1" port: 46637 }, Status: LMP_MISMATCH, Last received: 0.0, Next index: 1, Last known committed idx: 0, Time since last communication: 0.001s
W20260709 12:13:02.294543 29373 consensus_peers.cc:597] T c79e100eb8c0493186ab8547e7c4a997 P 97ce4bb8078c4afb8d53c5b46bf7ddef -> Peer 019b2ffaf8a8428a92b99b7deaec36ad (127.27.130.2:46567): Couldn't send request to peer 019b2ffaf8a8428a92b99b7deaec36ad. Error code: TABLET_NOT_RUNNING (12). Status: Illegal state: Tablet not RUNNING: INITIALIZED. This is attempt 1: this message will repeat every 5th retry.
I20260709 12:13:02.310811 29304 catalog_manager.cc:5697] T dd3092ea18144c4186e174f181b351bd P 97ce4bb8078c4afb8d53c5b46bf7ddef reported cstate change: term changed from 0 to 1, leader changed from <none> to 97ce4bb8078c4afb8d53c5b46bf7ddef (127.27.130.1). New cstate: current_term: 1 leader_uuid: "97ce4bb8078c4afb8d53c5b46bf7ddef" committed_config { opid_index: -1 OBSOLETE_local: false peers { permanent_uuid: "97ce4bb8078c4afb8d53c5b46bf7ddef" member_type: VOTER last_known_addr { host: "127.27.130.1" port: 46637 } health_report { overall_health: HEALTHY } } peers { permanent_uuid: "019b2ffaf8a8428a92b99b7deaec36ad" member_type: VOTER last_known_addr { host: "127.27.130.2" port: 46567 } health_report { overall_health: UNKNOWN } } peers { permanent_uuid: "fe59fc6527ee4570972df9046d66d5a3" member_type: VOTER last_known_addr { host: "127.27.130.3" port: 40679 } health_report { overall_health: UNKNOWN } } }
W20260709 12:13:02.312656 29373 leader_election.cc:343] T d7876e76535a4d4fa583c0b59c1a1477 P 97ce4bb8078c4afb8d53c5b46bf7ddef [CANDIDATE]: Term 1 pre-election: Tablet error from VoteRequest() call to peer 019b2ffaf8a8428a92b99b7deaec36ad (127.27.130.2:46567): Illegal state: must be running to vote when last-logged opid is not known
I20260709 12:13:02.313235 29373 leader_election.cc:304] T d7876e76535a4d4fa583c0b59c1a1477 P 97ce4bb8078c4afb8d53c5b46bf7ddef [CANDIDATE]: Term 1 pre-election: Election decided. Result: candidate lost. Election summary: received 3 responses out of 3 voters: 1 yes votes; 2 no votes. yes voters: 97ce4bb8078c4afb8d53c5b46bf7ddef; no voters: 019b2ffaf8a8428a92b99b7deaec36ad, fe59fc6527ee4570972df9046d66d5a3
I20260709 12:13:02.314805 29778 raft_consensus.cc:2749] T d7876e76535a4d4fa583c0b59c1a1477 P 97ce4bb8078c4afb8d53c5b46bf7ddef [term 0 FOLLOWER]: Leader pre-election lost for term 1. Reason: could not achieve majority
I20260709 12:13:02.314707 29630 consensus_queue.cc:1048] T 69efd3f0b8c64ac28fcc7f97965155e8 P fe59fc6527ee4570972df9046d66d5a3 [LEADER]: Connected to new peer: Peer: permanent_uuid: "019b2ffaf8a8428a92b99b7deaec36ad" member_type: VOTER last_known_addr { host: "127.27.130.2" port: 46567 }, Status: LMP_MISMATCH, Last received: 0.0, Next index: 1, Last known committed idx: 0, Time since last communication: 0.001s
I20260709 12:13:02.294906 29405 raft_consensus.cc:2468] T 39be8a093c7b4811b931278304356e06 P 97ce4bb8078c4afb8d53c5b46bf7ddef [term 1 FOLLOWER]: Leader election vote request: Granting yes vote for candidate fe59fc6527ee4570972df9046d66d5a3 in term 1.
I20260709 12:13:02.297456 29596 tablet_bootstrap.cc:492] T 5392e9c64ebd4668bc1741634913d060 P 019b2ffaf8a8428a92b99b7deaec36ad: No bootstrap required, opened a new log
I20260709 12:13:02.319325 29596 ts_tablet_manager.cc:1403] T 5392e9c64ebd4668bc1741634913d060 P 019b2ffaf8a8428a92b99b7deaec36ad: Time spent bootstrapping tablet: real 0.094s	user 0.011s	sys 0.002s
I20260709 12:13:02.322167 29522 leader_election.cc:304] T 39be8a093c7b4811b931278304356e06 P fe59fc6527ee4570972df9046d66d5a3 [CANDIDATE]: Term 1 election: Election decided. Result: candidate won. Election summary: received 2 responses out of 3 voters: 2 yes votes; 0 no votes. yes voters: 019b2ffaf8a8428a92b99b7deaec36ad, fe59fc6527ee4570972df9046d66d5a3; no voters: 
I20260709 12:13:02.323284 29630 raft_consensus.cc:2804] T 39be8a093c7b4811b931278304356e06 P fe59fc6527ee4570972df9046d66d5a3 [term 1 FOLLOWER]: Leader election won for term 1
I20260709 12:13:02.323786 29630 raft_consensus.cc:697] T 39be8a093c7b4811b931278304356e06 P fe59fc6527ee4570972df9046d66d5a3 [term 1 LEADER]: Becoming Leader. State: Replica: fe59fc6527ee4570972df9046d66d5a3, State: Running, Role: LEADER
I20260709 12:13:02.324656 29630 consensus_queue.cc:237] T 39be8a093c7b4811b931278304356e06 P fe59fc6527ee4570972df9046d66d5a3 [LEADER]: Queue going to LEADER mode. State: All replicated index: 0, Majority replicated index: 0, Committed index: 0, Last appended: 0.0, Last appended by leader: 0, Current term: 1, Majority size: 2, State: 0, Mode: LEADER, active raft config: opid_index: -1 OBSOLETE_local: false peers { permanent_uuid: "97ce4bb8078c4afb8d53c5b46bf7ddef" member_type: VOTER last_known_addr { host: "127.27.130.1" port: 46637 } } peers { permanent_uuid: "019b2ffaf8a8428a92b99b7deaec36ad" member_type: VOTER last_known_addr { host: "127.27.130.2" port: 46567 } } peers { permanent_uuid: "fe59fc6527ee4570972df9046d66d5a3" member_type: VOTER last_known_addr { host: "127.27.130.3" port: 40679 } }
I20260709 12:13:02.331996 29598 raft_consensus.cc:359] T c3af7fae75834962afc3db36ab41c6a4 P 97ce4bb8078c4afb8d53c5b46bf7ddef [term 0 FOLLOWER]: Replica starting. Triggering 0 pending ops. Active config: opid_index: -1 OBSOLETE_local: false peers { permanent_uuid: "97ce4bb8078c4afb8d53c5b46bf7ddef" member_type: VOTER last_known_addr { host: "127.27.130.1" port: 46637 } } peers { permanent_uuid: "019b2ffaf8a8428a92b99b7deaec36ad" member_type: VOTER last_known_addr { host: "127.27.130.2" port: 46567 } } peers { permanent_uuid: "fe59fc6527ee4570972df9046d66d5a3" member_type: VOTER last_known_addr { host: "127.27.130.3" port: 40679 } }
I20260709 12:13:02.332837 29598 raft_consensus.cc:385] T c3af7fae75834962afc3db36ab41c6a4 P 97ce4bb8078c4afb8d53c5b46bf7ddef [term 0 FOLLOWER]: Consensus starting up: Expiring failure detector timer to make a prompt election more likely
I20260709 12:13:02.333134 29598 raft_consensus.cc:740] T c3af7fae75834962afc3db36ab41c6a4 P 97ce4bb8078c4afb8d53c5b46bf7ddef [term 0 FOLLOWER]: Becoming Follower/Learner. State: Replica: 97ce4bb8078c4afb8d53c5b46bf7ddef, State: Initialized, Role: FOLLOWER
I20260709 12:13:02.337625 29596 raft_consensus.cc:359] T 5392e9c64ebd4668bc1741634913d060 P 019b2ffaf8a8428a92b99b7deaec36ad [term 0 FOLLOWER]: Replica starting. Triggering 0 pending ops. Active config: opid_index: -1 OBSOLETE_local: false peers { permanent_uuid: "97ce4bb8078c4afb8d53c5b46bf7ddef" member_type: VOTER last_known_addr { host: "127.27.130.1" port: 46637 } } peers { permanent_uuid: "019b2ffaf8a8428a92b99b7deaec36ad" member_type: VOTER last_known_addr { host: "127.27.130.2" port: 46567 } } peers { permanent_uuid: "fe59fc6527ee4570972df9046d66d5a3" member_type: VOTER last_known_addr { host: "127.27.130.3" port: 40679 } }
I20260709 12:13:02.338366 29596 raft_consensus.cc:385] T 5392e9c64ebd4668bc1741634913d060 P 019b2ffaf8a8428a92b99b7deaec36ad [term 0 FOLLOWER]: Consensus starting up: Expiring failure detector timer to make a prompt election more likely
I20260709 12:13:02.341728 29596 raft_consensus.cc:740] T 5392e9c64ebd4668bc1741634913d060 P 019b2ffaf8a8428a92b99b7deaec36ad [term 0 FOLLOWER]: Becoming Follower/Learner. State: Replica: 019b2ffaf8a8428a92b99b7deaec36ad, State: Initialized, Role: FOLLOWER
I20260709 12:13:02.343966 29596 consensus_queue.cc:260] T 5392e9c64ebd4668bc1741634913d060 P 019b2ffaf8a8428a92b99b7deaec36ad [NON_LEADER]: Queue going to NON_LEADER mode. State: All replicated index: 0, Majority replicated index: 0, Committed index: 0, Last appended: 0.0, Last appended by leader: 0, Current term: 0, Majority size: -1, State: 0, Mode: NON_LEADER, active raft config: opid_index: -1 OBSOLETE_local: false peers { permanent_uuid: "97ce4bb8078c4afb8d53c5b46bf7ddef" member_type: VOTER last_known_addr { host: "127.27.130.1" port: 46637 } } peers { permanent_uuid: "019b2ffaf8a8428a92b99b7deaec36ad" member_type: VOTER last_known_addr { host: "127.27.130.2" port: 46567 } } peers { permanent_uuid: "fe59fc6527ee4570972df9046d66d5a3" member_type: VOTER last_known_addr { host: "127.27.130.3" port: 40679 } }
W20260709 12:13:02.340348 29445 consensus_peers.cc:597] T 2a42c74799104323b502b40e1e09a913 P 019b2ffaf8a8428a92b99b7deaec36ad -> Peer fe59fc6527ee4570972df9046d66d5a3 (127.27.130.3:40679): Couldn't send request to peer fe59fc6527ee4570972df9046d66d5a3. Error code: TABLET_NOT_RUNNING (12). Status: Illegal state: Tablet not RUNNING: INITIALIZED. This is attempt 1: this message will repeat every 5th retry.
I20260709 12:13:02.349112 29596 ts_tablet_manager.cc:1434] T 5392e9c64ebd4668bc1741634913d060 P 019b2ffaf8a8428a92b99b7deaec36ad: Time spent starting tablet: real 0.029s	user 0.001s	sys 0.005s
I20260709 12:13:02.350121 29596 tablet_bootstrap.cc:492] T c79e100eb8c0493186ab8547e7c4a997 P 019b2ffaf8a8428a92b99b7deaec36ad: Bootstrap starting.
I20260709 12:13:02.352021 29598 consensus_queue.cc:260] T c3af7fae75834962afc3db36ab41c6a4 P 97ce4bb8078c4afb8d53c5b46bf7ddef [NON_LEADER]: Queue going to NON_LEADER mode. State: All replicated index: 0, Majority replicated index: 0, Committed index: 0, Last appended: 0.0, Last appended by leader: 0, Current term: 0, Majority size: -1, State: 0, Mode: NON_LEADER, active raft config: opid_index: -1 OBSOLETE_local: false peers { permanent_uuid: "97ce4bb8078c4afb8d53c5b46bf7ddef" member_type: VOTER last_known_addr { host: "127.27.130.1" port: 46637 } } peers { permanent_uuid: "019b2ffaf8a8428a92b99b7deaec36ad" member_type: VOTER last_known_addr { host: "127.27.130.2" port: 46567 } } peers { permanent_uuid: "fe59fc6527ee4570972df9046d66d5a3" member_type: VOTER last_known_addr { host: "127.27.130.3" port: 40679 } }
I20260709 12:13:02.356231 29598 ts_tablet_manager.cc:1434] T c3af7fae75834962afc3db36ab41c6a4 P 97ce4bb8078c4afb8d53c5b46bf7ddef: Time spent starting tablet: real 0.052s	user 0.004s	sys 0.002s
I20260709 12:13:02.357969 29598 tablet_bootstrap.cc:492] T 61633452ec4845bdbc7dca1afe4a8d79 P 97ce4bb8078c4afb8d53c5b46bf7ddef: Bootstrap starting.
I20260709 12:13:02.358697 29601 tablet_bootstrap.cc:492] T c3af7fae75834962afc3db36ab41c6a4 P fe59fc6527ee4570972df9046d66d5a3: No bootstrap required, opened a new log
I20260709 12:13:02.359196 29601 ts_tablet_manager.cc:1403] T c3af7fae75834962afc3db36ab41c6a4 P fe59fc6527ee4570972df9046d66d5a3: Time spent bootstrapping tablet: real 0.382s	user 0.029s	sys 0.022s
I20260709 12:13:02.364009 29598 tablet_bootstrap.cc:654] T 61633452ec4845bdbc7dca1afe4a8d79 P 97ce4bb8078c4afb8d53c5b46bf7ddef: Neither blocks nor log segments found. Creating new log.
I20260709 12:13:02.409950 29598 tablet_bootstrap.cc:492] T 61633452ec4845bdbc7dca1afe4a8d79 P 97ce4bb8078c4afb8d53c5b46bf7ddef: No bootstrap required, opened a new log
I20260709 12:13:02.410462 29598 ts_tablet_manager.cc:1403] T 61633452ec4845bdbc7dca1afe4a8d79 P 97ce4bb8078c4afb8d53c5b46bf7ddef: Time spent bootstrapping tablet: real 0.053s	user 0.025s	sys 0.017s
I20260709 12:13:02.414949 29780 raft_consensus.cc:493] T c3af7fae75834962afc3db36ab41c6a4 P 97ce4bb8078c4afb8d53c5b46bf7ddef [term 0 FOLLOWER]: Starting pre-election (no leader contacted us within the election timeout)
I20260709 12:13:02.417326 29780 raft_consensus.cc:515] T c3af7fae75834962afc3db36ab41c6a4 P 97ce4bb8078c4afb8d53c5b46bf7ddef [term 0 FOLLOWER]: Starting pre-election with config: opid_index: -1 OBSOLETE_local: false peers { permanent_uuid: "97ce4bb8078c4afb8d53c5b46bf7ddef" member_type: VOTER last_known_addr { host: "127.27.130.1" port: 46637 } } peers { permanent_uuid: "019b2ffaf8a8428a92b99b7deaec36ad" member_type: VOTER last_known_addr { host: "127.27.130.2" port: 46567 } } peers { permanent_uuid: "fe59fc6527ee4570972df9046d66d5a3" member_type: VOTER last_known_addr { host: "127.27.130.3" port: 40679 } }
I20260709 12:13:02.416512 29598 raft_consensus.cc:359] T 61633452ec4845bdbc7dca1afe4a8d79 P 97ce4bb8078c4afb8d53c5b46bf7ddef [term 0 FOLLOWER]: Replica starting. Triggering 0 pending ops. Active config: opid_index: -1 OBSOLETE_local: false peers { permanent_uuid: "97ce4bb8078c4afb8d53c5b46bf7ddef" member_type: VOTER last_known_addr { host: "127.27.130.1" port: 46637 } } peers { permanent_uuid: "019b2ffaf8a8428a92b99b7deaec36ad" member_type: VOTER last_known_addr { host: "127.27.130.2" port: 46567 } } peers { permanent_uuid: "fe59fc6527ee4570972df9046d66d5a3" member_type: VOTER last_known_addr { host: "127.27.130.3" port: 40679 } }
I20260709 12:13:02.419317 29598 raft_consensus.cc:385] T 61633452ec4845bdbc7dca1afe4a8d79 P 97ce4bb8078c4afb8d53c5b46bf7ddef [term 0 FOLLOWER]: Consensus starting up: Expiring failure detector timer to make a prompt election more likely
I20260709 12:13:02.419690 29598 raft_consensus.cc:740] T 61633452ec4845bdbc7dca1afe4a8d79 P 97ce4bb8078c4afb8d53c5b46bf7ddef [term 0 FOLLOWER]: Becoming Follower/Learner. State: Replica: 97ce4bb8078c4afb8d53c5b46bf7ddef, State: Initialized, Role: FOLLOWER
I20260709 12:13:02.424216 29598 consensus_queue.cc:260] T 61633452ec4845bdbc7dca1afe4a8d79 P 97ce4bb8078c4afb8d53c5b46bf7ddef [NON_LEADER]: Queue going to NON_LEADER mode. State: All replicated index: 0, Majority replicated index: 0, Committed index: 0, Last appended: 0.0, Last appended by leader: 0, Current term: 0, Majority size: -1, State: 0, Mode: NON_LEADER, active raft config: opid_index: -1 OBSOLETE_local: false peers { permanent_uuid: "97ce4bb8078c4afb8d53c5b46bf7ddef" member_type: VOTER last_known_addr { host: "127.27.130.1" port: 46637 } } peers { permanent_uuid: "019b2ffaf8a8428a92b99b7deaec36ad" member_type: VOTER last_known_addr { host: "127.27.130.2" port: 46567 } } peers { permanent_uuid: "fe59fc6527ee4570972df9046d66d5a3" member_type: VOTER last_known_addr { host: "127.27.130.3" port: 40679 } }
I20260709 12:13:02.429214 29479 tablet_service.cc:1917] Received RequestConsensusVote() RPC: tablet_id: "c3af7fae75834962afc3db36ab41c6a4" candidate_uuid: "97ce4bb8078c4afb8d53c5b46bf7ddef" candidate_term: 1 candidate_status { last_received { term: 0 index: 0 } } ignore_live_leader: false dest_uuid: "019b2ffaf8a8428a92b99b7deaec36ad" is_pre_election: true
I20260709 12:13:02.431008 29596 tablet_bootstrap.cc:654] T c79e100eb8c0493186ab8547e7c4a997 P 019b2ffaf8a8428a92b99b7deaec36ad: Neither blocks nor log segments found. Creating new log.
I20260709 12:13:02.433354 29598 ts_tablet_manager.cc:1434] T 61633452ec4845bdbc7dca1afe4a8d79 P 97ce4bb8078c4afb8d53c5b46bf7ddef: Time spent starting tablet: real 0.023s	user 0.010s	sys 0.001s
I20260709 12:13:02.435752 29598 tablet_bootstrap.cc:492] T b7b71fc4c7e34c4c83f82f3bb0e6ba80 P 97ce4bb8078c4afb8d53c5b46bf7ddef: Bootstrap starting.
I20260709 12:13:02.430168 29479 raft_consensus.cc:2468] T c3af7fae75834962afc3db36ab41c6a4 P 019b2ffaf8a8428a92b99b7deaec36ad [term 0 FOLLOWER]: Leader pre-election vote request: Granting yes vote for candidate 97ce4bb8078c4afb8d53c5b46bf7ddef in term 0.
I20260709 12:13:02.437770 29780 leader_election.cc:290] T c3af7fae75834962afc3db36ab41c6a4 P 97ce4bb8078c4afb8d53c5b46bf7ddef [CANDIDATE]: Term 1 pre-election: Requested pre-vote from peers 019b2ffaf8a8428a92b99b7deaec36ad (127.27.130.2:46567), fe59fc6527ee4570972df9046d66d5a3 (127.27.130.3:40679)
I20260709 12:13:02.431545 29599 raft_consensus.cc:493] T 5392e9c64ebd4668bc1741634913d060 P 019b2ffaf8a8428a92b99b7deaec36ad [term 0 FOLLOWER]: Starting pre-election (no leader contacted us within the election timeout)
I20260709 12:13:02.443033 29601 raft_consensus.cc:359] T c3af7fae75834962afc3db36ab41c6a4 P fe59fc6527ee4570972df9046d66d5a3 [term 0 FOLLOWER]: Replica starting. Triggering 0 pending ops. Active config: opid_index: -1 OBSOLETE_local: false peers { permanent_uuid: "97ce4bb8078c4afb8d53c5b46bf7ddef" member_type: VOTER last_known_addr { host: "127.27.130.1" port: 46637 } } peers { permanent_uuid: "019b2ffaf8a8428a92b99b7deaec36ad" member_type: VOTER last_known_addr { host: "127.27.130.2" port: 46567 } } peers { permanent_uuid: "fe59fc6527ee4570972df9046d66d5a3" member_type: VOTER last_known_addr { host: "127.27.130.3" port: 40679 } }
I20260709 12:13:02.443799 29601 raft_consensus.cc:385] T c3af7fae75834962afc3db36ab41c6a4 P fe59fc6527ee4570972df9046d66d5a3 [term 0 FOLLOWER]: Consensus starting up: Expiring failure detector timer to make a prompt election more likely
I20260709 12:13:02.444926 29373 leader_election.cc:304] T c3af7fae75834962afc3db36ab41c6a4 P 97ce4bb8078c4afb8d53c5b46bf7ddef [CANDIDATE]: Term 1 pre-election: Election decided. Result: candidate won. Election summary: received 2 responses out of 3 voters: 2 yes votes; 0 no votes. yes voters: 019b2ffaf8a8428a92b99b7deaec36ad, 97ce4bb8078c4afb8d53c5b46bf7ddef; no voters: 
I20260709 12:13:02.445906 29779 raft_consensus.cc:2804] T c3af7fae75834962afc3db36ab41c6a4 P 97ce4bb8078c4afb8d53c5b46bf7ddef [term 0 FOLLOWER]: Leader pre-election won for term 1
I20260709 12:13:02.446249 29779 raft_consensus.cc:493] T c3af7fae75834962afc3db36ab41c6a4 P 97ce4bb8078c4afb8d53c5b46bf7ddef [term 0 FOLLOWER]: Starting leader election (no leader contacted us within the election timeout)
I20260709 12:13:02.444111 29601 raft_consensus.cc:740] T c3af7fae75834962afc3db36ab41c6a4 P fe59fc6527ee4570972df9046d66d5a3 [term 0 FOLLOWER]: Becoming Follower/Learner. State: Replica: fe59fc6527ee4570972df9046d66d5a3, State: Initialized, Role: FOLLOWER
I20260709 12:13:02.446718 29779 raft_consensus.cc:3060] T c3af7fae75834962afc3db36ab41c6a4 P 97ce4bb8078c4afb8d53c5b46bf7ddef [term 0 FOLLOWER]: Advancing to term 1
I20260709 12:13:02.449913 29601 consensus_queue.cc:260] T c3af7fae75834962afc3db36ab41c6a4 P fe59fc6527ee4570972df9046d66d5a3 [NON_LEADER]: Queue going to NON_LEADER mode. State: All replicated index: 0, Majority replicated index: 0, Committed index: 0, Last appended: 0.0, Last appended by leader: 0, Current term: 0, Majority size: -1, State: 0, Mode: NON_LEADER, active raft config: opid_index: -1 OBSOLETE_local: false peers { permanent_uuid: "97ce4bb8078c4afb8d53c5b46bf7ddef" member_type: VOTER last_known_addr { host: "127.27.130.1" port: 46637 } } peers { permanent_uuid: "019b2ffaf8a8428a92b99b7deaec36ad" member_type: VOTER last_known_addr { host: "127.27.130.2" port: 46567 } } peers { permanent_uuid: "fe59fc6527ee4570972df9046d66d5a3" member_type: VOTER last_known_addr { host: "127.27.130.3" port: 40679 } }
I20260709 12:13:02.449725 29304 catalog_manager.cc:5697] T 39be8a093c7b4811b931278304356e06 P fe59fc6527ee4570972df9046d66d5a3 reported cstate change: term changed from 0 to 1, leader changed from <none> to fe59fc6527ee4570972df9046d66d5a3 (127.27.130.3). New cstate: current_term: 1 leader_uuid: "fe59fc6527ee4570972df9046d66d5a3" committed_config { opid_index: -1 OBSOLETE_local: false peers { permanent_uuid: "97ce4bb8078c4afb8d53c5b46bf7ddef" member_type: VOTER last_known_addr { host: "127.27.130.1" port: 46637 } health_report { overall_health: UNKNOWN } } peers { permanent_uuid: "019b2ffaf8a8428a92b99b7deaec36ad" member_type: VOTER last_known_addr { host: "127.27.130.2" port: 46567 } health_report { overall_health: UNKNOWN } } peers { permanent_uuid: "fe59fc6527ee4570972df9046d66d5a3" member_type: VOTER last_known_addr { host: "127.27.130.3" port: 40679 } health_report { overall_health: HEALTHY } } }
I20260709 12:13:02.444121 29599 raft_consensus.cc:515] T 5392e9c64ebd4668bc1741634913d060 P 019b2ffaf8a8428a92b99b7deaec36ad [term 0 FOLLOWER]: Starting pre-election with config: opid_index: -1 OBSOLETE_local: false peers { permanent_uuid: "97ce4bb8078c4afb8d53c5b46bf7ddef" member_type: VOTER last_known_addr { host: "127.27.130.1" port: 46637 } } peers { permanent_uuid: "019b2ffaf8a8428a92b99b7deaec36ad" member_type: VOTER last_known_addr { host: "127.27.130.2" port: 46567 } } peers { permanent_uuid: "fe59fc6527ee4570972df9046d66d5a3" member_type: VOTER last_known_addr { host: "127.27.130.3" port: 40679 } }
I20260709 12:13:02.464711 29556 tablet_service.cc:1917] Received RequestConsensusVote() RPC: tablet_id: "c3af7fae75834962afc3db36ab41c6a4" candidate_uuid: "97ce4bb8078c4afb8d53c5b46bf7ddef" candidate_term: 1 candidate_status { last_received { term: 0 index: 0 } } ignore_live_leader: false dest_uuid: "fe59fc6527ee4570972df9046d66d5a3" is_pre_election: true
I20260709 12:13:02.468509 29601 ts_tablet_manager.cc:1434] T c3af7fae75834962afc3db36ab41c6a4 P fe59fc6527ee4570972df9046d66d5a3: Time spent starting tablet: real 0.109s	user 0.012s	sys 0.000s
I20260709 12:13:02.468881 29556 raft_consensus.cc:2468] T c3af7fae75834962afc3db36ab41c6a4 P fe59fc6527ee4570972df9046d66d5a3 [term 0 FOLLOWER]: Leader pre-election vote request: Granting yes vote for candidate 97ce4bb8078c4afb8d53c5b46bf7ddef in term 0.
W20260709 12:13:02.470481 29353 auto_rebalancer.cc:288] Could not retrieve cluster info: Service unavailable: Tablet not running
I20260709 12:13:02.468437 29783 consensus_queue.cc:1048] T dd3092ea18144c4186e174f181b351bd P 97ce4bb8078c4afb8d53c5b46bf7ddef [LEADER]: Connected to new peer: Peer: permanent_uuid: "019b2ffaf8a8428a92b99b7deaec36ad" member_type: VOTER last_known_addr { host: "127.27.130.2" port: 46567 }, Status: LMP_MISMATCH, Last received: 0.0, Next index: 1, Last known committed idx: 0, Time since last communication: 0.003s
I20260709 12:13:02.471953 29601 tablet_bootstrap.cc:492] T 2a42c74799104323b502b40e1e09a913 P fe59fc6527ee4570972df9046d66d5a3: Bootstrap starting.
I20260709 12:13:02.464375 29555 tablet_service.cc:1917] Received RequestConsensusVote() RPC: tablet_id: "5392e9c64ebd4668bc1741634913d060" candidate_uuid: "019b2ffaf8a8428a92b99b7deaec36ad" candidate_term: 1 candidate_status { last_received { term: 0 index: 0 } } ignore_live_leader: false dest_uuid: "fe59fc6527ee4570972df9046d66d5a3" is_pre_election: true
I20260709 12:13:02.466836 29779 raft_consensus.cc:515] T c3af7fae75834962afc3db36ab41c6a4 P 97ce4bb8078c4afb8d53c5b46bf7ddef [term 1 FOLLOWER]: Starting leader election with config: opid_index: -1 OBSOLETE_local: false peers { permanent_uuid: "97ce4bb8078c4afb8d53c5b46bf7ddef" member_type: VOTER last_known_addr { host: "127.27.130.1" port: 46637 } } peers { permanent_uuid: "019b2ffaf8a8428a92b99b7deaec36ad" member_type: VOTER last_known_addr { host: "127.27.130.2" port: 46567 } } peers { permanent_uuid: "fe59fc6527ee4570972df9046d66d5a3" member_type: VOTER last_known_addr { host: "127.27.130.3" port: 40679 } }
