I20260709 12:12:28.871416 19151 raft_consensus.cc:2468] T 94c6ea07024f4bf596a98b3a6205877b P 3424e389ed464453a2aacbfde6f0af9a [term 2 FOLLOWER]: Leader election vote request: Granting yes vote for candidate 250fae9485d043aa9da87f10725642a9 in term 2.
I20260709 12:12:28.871910 19387 raft_consensus.cc:2804] T 94c6ea07024f4bf596a98b3a6205877b P 250fae9485d043aa9da87f10725642a9 [term 2 FOLLOWER]: Leader election won for term 2
I20260709 12:12:28.872394 19387 raft_consensus.cc:697] T 94c6ea07024f4bf596a98b3a6205877b P 250fae9485d043aa9da87f10725642a9 [term 2 LEADER]: Becoming Leader. State: Replica: 250fae9485d043aa9da87f10725642a9, State: Running, Role: LEADER
I20260709 12:12:28.873029 19300 raft_consensus.cc:515] T 42bfe92dc79647a1954fa559b366f223 P 616f09c70c444169bd88337d1523680a [term 2 FOLLOWER]: Starting forced leader election with config: opid_index: -1 OBSOLETE_local: false peers { permanent_uuid: "3424e389ed464453a2aacbfde6f0af9a" member_type: VOTER last_known_addr { host: "127.18.10.65" port: 41131 } } peers { permanent_uuid: "250fae9485d043aa9da87f10725642a9" member_type: VOTER last_known_addr { host: "127.18.10.66" port: 44347 } } peers { permanent_uuid: "616f09c70c444169bd88337d1523680a" member_type: VOTER last_known_addr { host: "127.18.10.67" port: 39533 } }
I20260709 12:12:28.873216 19387 consensus_queue.cc:237] T 94c6ea07024f4bf596a98b3a6205877b P 250fae9485d043aa9da87f10725642a9 [LEADER]: Queue going to LEADER mode. State: All replicated index: 0, Majority replicated index: 1, Committed index: 1, Last appended: 1.1, Last appended by leader: 1, Current term: 2, Majority size: 2, State: 0, Mode: LEADER, active raft config: opid_index: -1 OBSOLETE_local: false peers { permanent_uuid: "3424e389ed464453a2aacbfde6f0af9a" member_type: VOTER last_known_addr { host: "127.18.10.65" port: 41131 } } peers { permanent_uuid: "250fae9485d043aa9da87f10725642a9" member_type: VOTER last_known_addr { host: "127.18.10.66" port: 44347 } } peers { permanent_uuid: "616f09c70c444169bd88337d1523680a" member_type: VOTER last_known_addr { host: "127.18.10.67" port: 39533 } }
I20260709 12:12:28.874233 19298 raft_consensus.cc:1240] T 42bfe92dc79647a1954fa559b366f223 P 616f09c70c444169bd88337d1523680a [term 2 FOLLOWER]: Rejecting Update request from peer 3424e389ed464453a2aacbfde6f0af9a for earlier term 1. Current term is 2. Ops: []
I20260709 12:12:28.875928 19300 leader_election.cc:290] T 42bfe92dc79647a1954fa559b366f223 P 616f09c70c444169bd88337d1523680a [CANDIDATE]: Term 2 election: Requested vote from peers 3424e389ed464453a2aacbfde6f0af9a (127.18.10.65:41131), 250fae9485d043aa9da87f10725642a9 (127.18.10.66:44347)
I20260709 12:12:28.878557 19366 consensus_queue.cc:1059] T 42bfe92dc79647a1954fa559b366f223 P 3424e389ed464453a2aacbfde6f0af9a [LEADER]: Peer responded invalid term: Peer: permanent_uuid: "616f09c70c444169bd88337d1523680a" member_type: VOTER last_known_addr { host: "127.18.10.67" port: 39533 }, Status: INVALID_TERM, Last received: 1.1, Next index: 2, Last known committed idx: 0, Time since last communication: 0.000s
I20260709 12:12:28.878955 19151 tablet_service.cc:1917] Received RequestConsensusVote() RPC: tablet_id: "42bfe92dc79647a1954fa559b366f223" candidate_uuid: "616f09c70c444169bd88337d1523680a" candidate_term: 2 candidate_status { last_received { term: 1 index: 1 } } ignore_live_leader: true dest_uuid: "3424e389ed464453a2aacbfde6f0af9a"
I20260709 12:12:28.879375 19366 raft_consensus.cc:3055] T 42bfe92dc79647a1954fa559b366f223 P 3424e389ed464453a2aacbfde6f0af9a [term 1 LEADER]: Stepping down as leader of term 1
I20260709 12:12:28.879494 19224 tablet_service.cc:1917] Received RequestConsensusVote() RPC: tablet_id: "42bfe92dc79647a1954fa559b366f223" candidate_uuid: "616f09c70c444169bd88337d1523680a" candidate_term: 2 candidate_status { last_received { term: 1 index: 1 } } ignore_live_leader: true dest_uuid: "250fae9485d043aa9da87f10725642a9"
I20260709 12:12:28.879770 19366 raft_consensus.cc:740] T 42bfe92dc79647a1954fa559b366f223 P 3424e389ed464453a2aacbfde6f0af9a [term 1 LEADER]: Becoming Follower/Learner. State: Replica: 3424e389ed464453a2aacbfde6f0af9a, State: Running, Role: LEADER
I20260709 12:12:28.880666 19366 consensus_queue.cc:260] T 42bfe92dc79647a1954fa559b366f223 P 3424e389ed464453a2aacbfde6f0af9a [NON_LEADER]: Queue going to NON_LEADER mode. State: All replicated index: 0, Majority replicated index: 1, Committed index: 1, Last appended: 1.1, Last appended by leader: 1, Current term: 1, Majority size: -1, State: 0, Mode: NON_LEADER, active raft config: opid_index: -1 OBSOLETE_local: false peers { permanent_uuid: "3424e389ed464453a2aacbfde6f0af9a" member_type: VOTER last_known_addr { host: "127.18.10.65" port: 41131 } } peers { permanent_uuid: "250fae9485d043aa9da87f10725642a9" member_type: VOTER last_known_addr { host: "127.18.10.66" port: 44347 } } peers { permanent_uuid: "616f09c70c444169bd88337d1523680a" member_type: VOTER last_known_addr { host: "127.18.10.67" port: 39533 } }
I20260709 12:12:28.881738 19366 raft_consensus.cc:3060] T 42bfe92dc79647a1954fa559b366f223 P 3424e389ed464453a2aacbfde6f0af9a [term 1 FOLLOWER]: Advancing to term 2
I20260709 12:12:28.883848 19361 raft_consensus.cc:993] T 17f5e03d80744007a55974df3a60c249 P 3424e389ed464453a2aacbfde6f0af9a: : Instructing follower 250fae9485d043aa9da87f10725642a9 to start an election
I20260709 12:12:28.884287 19361 raft_consensus.cc:1081] T 17f5e03d80744007a55974df3a60c249 P 3424e389ed464453a2aacbfde6f0af9a [term 1 LEADER]: Signalling peer 250fae9485d043aa9da87f10725642a9 to start an election
I20260709 12:12:28.885926 19226 tablet_service.cc:2044] Received Run Leader Election RPC: tablet_id: "17f5e03d80744007a55974df3a60c249"
dest_uuid: "250fae9485d043aa9da87f10725642a9"
 from {username='slave'} at 127.0.0.1:53752
I20260709 12:12:28.886396 19226 raft_consensus.cc:493] T 17f5e03d80744007a55974df3a60c249 P 250fae9485d043aa9da87f10725642a9 [term 1 FOLLOWER]: Starting forced leader election (received explicit request)
I20260709 12:12:28.886726 19226 raft_consensus.cc:3060] T 17f5e03d80744007a55974df3a60c249 P 250fae9485d043aa9da87f10725642a9 [term 1 FOLLOWER]: Advancing to term 2
I20260709 12:12:28.887764 19046 catalog_manager.cc:5697] T 94c6ea07024f4bf596a98b3a6205877b P 250fae9485d043aa9da87f10725642a9 reported cstate change: term changed from 1 to 2, leader changed from 3424e389ed464453a2aacbfde6f0af9a (127.18.10.65) to 250fae9485d043aa9da87f10725642a9 (127.18.10.66). New cstate: current_term: 2 leader_uuid: "250fae9485d043aa9da87f10725642a9" committed_config { opid_index: -1 OBSOLETE_local: false peers { permanent_uuid: "3424e389ed464453a2aacbfde6f0af9a" member_type: VOTER last_known_addr { host: "127.18.10.65" port: 41131 } health_report { overall_health: UNKNOWN } } peers { permanent_uuid: "250fae9485d043aa9da87f10725642a9" member_type: VOTER last_known_addr { host: "127.18.10.66" port: 44347 } health_report { overall_health: HEALTHY } } peers { permanent_uuid: "616f09c70c444169bd88337d1523680a" member_type: VOTER last_known_addr { host: "127.18.10.67" port: 39533 } health_report { overall_health: UNKNOWN } } }
I20260709 12:12:28.891454 19226 raft_consensus.cc:515] T 17f5e03d80744007a55974df3a60c249 P 250fae9485d043aa9da87f10725642a9 [term 2 FOLLOWER]: Starting forced leader election with config: opid_index: -1 OBSOLETE_local: false peers { permanent_uuid: "3424e389ed464453a2aacbfde6f0af9a" member_type: VOTER last_known_addr { host: "127.18.10.65" port: 41131 } } peers { permanent_uuid: "250fae9485d043aa9da87f10725642a9" member_type: VOTER last_known_addr { host: "127.18.10.66" port: 44347 } } peers { permanent_uuid: "616f09c70c444169bd88337d1523680a" member_type: VOTER last_known_addr { host: "127.18.10.67" port: 39533 } }
I20260709 12:12:28.894258 19149 tablet_service.cc:1917] Received RequestConsensusVote() RPC: tablet_id: "17f5e03d80744007a55974df3a60c249" candidate_uuid: "250fae9485d043aa9da87f10725642a9" candidate_term: 2 candidate_status { last_received { term: 1 index: 1 } } ignore_live_leader: true dest_uuid: "3424e389ed464453a2aacbfde6f0af9a"
I20260709 12:12:28.894673 19226 leader_election.cc:290] T 17f5e03d80744007a55974df3a60c249 P 250fae9485d043aa9da87f10725642a9 [CANDIDATE]: Term 2 election: Requested vote from peers 3424e389ed464453a2aacbfde6f0af9a (127.18.10.65:41131), 616f09c70c444169bd88337d1523680a (127.18.10.67:39533)
I20260709 12:12:28.894832 19149 raft_consensus.cc:3055] T 17f5e03d80744007a55974df3a60c249 P 3424e389ed464453a2aacbfde6f0af9a [term 1 LEADER]: Stepping down as leader of term 1
I20260709 12:12:28.895226 19149 raft_consensus.cc:740] T 17f5e03d80744007a55974df3a60c249 P 3424e389ed464453a2aacbfde6f0af9a [term 1 LEADER]: Becoming Follower/Learner. State: Replica: 3424e389ed464453a2aacbfde6f0af9a, State: Running, Role: LEADER
I20260709 12:12:28.896241 19299 tablet_service.cc:1917] Received RequestConsensusVote() RPC: tablet_id: "17f5e03d80744007a55974df3a60c249" candidate_uuid: "250fae9485d043aa9da87f10725642a9" candidate_term: 2 candidate_status { last_received { term: 1 index: 1 } } ignore_live_leader: true dest_uuid: "616f09c70c444169bd88337d1523680a"
I20260709 12:12:28.896030 19149 consensus_queue.cc:260] T 17f5e03d80744007a55974df3a60c249 P 3424e389ed464453a2aacbfde6f0af9a [NON_LEADER]: Queue going to NON_LEADER mode. State: All replicated index: 0, Majority replicated index: 1, Committed index: 1, Last appended: 1.1, Last appended by leader: 1, Current term: 1, Majority size: -1, State: 0, Mode: NON_LEADER, active raft config: opid_index: -1 OBSOLETE_local: false peers { permanent_uuid: "3424e389ed464453a2aacbfde6f0af9a" member_type: VOTER last_known_addr { host: "127.18.10.65" port: 41131 } } peers { permanent_uuid: "250fae9485d043aa9da87f10725642a9" member_type: VOTER last_known_addr { host: "127.18.10.66" port: 44347 } } peers { permanent_uuid: "616f09c70c444169bd88337d1523680a" member_type: VOTER last_known_addr { host: "127.18.10.67" port: 39533 } }
I20260709 12:12:28.896859 19299 raft_consensus.cc:3060] T 17f5e03d80744007a55974df3a60c249 P 616f09c70c444169bd88337d1523680a [term 1 FOLLOWER]: Advancing to term 2
I20260709 12:12:28.897148 19149 raft_consensus.cc:3060] T 17f5e03d80744007a55974df3a60c249 P 3424e389ed464453a2aacbfde6f0af9a [term 1 FOLLOWER]: Advancing to term 2
I20260709 12:12:28.897616 19151 raft_consensus.cc:2468] T 42bfe92dc79647a1954fa559b366f223 P 3424e389ed464453a2aacbfde6f0af9a [term 2 FOLLOWER]: Leader election vote request: Granting yes vote for candidate 616f09c70c444169bd88337d1523680a in term 2.
I20260709 12:12:28.901134 19266 leader_election.cc:304] T 42bfe92dc79647a1954fa559b366f223 P 616f09c70c444169bd88337d1523680a [CANDIDATE]: Term 2 election: Election decided. Result: candidate won. Election summary: received 3 responses out of 3 voters: 2 yes votes; 1 no votes. yes voters: 3424e389ed464453a2aacbfde6f0af9a, 616f09c70c444169bd88337d1523680a; no voters: 250fae9485d043aa9da87f10725642a9
I20260709 12:12:28.901973 19371 raft_consensus.cc:2804] T 42bfe92dc79647a1954fa559b366f223 P 616f09c70c444169bd88337d1523680a [term 2 FOLLOWER]: Leader election won for term 2
I20260709 12:12:28.902520 19371 raft_consensus.cc:697] T 42bfe92dc79647a1954fa559b366f223 P 616f09c70c444169bd88337d1523680a [term 2 LEADER]: Becoming Leader. State: Replica: 616f09c70c444169bd88337d1523680a, State: Running, Role: LEADER
I20260709 12:12:28.903409 19371 consensus_queue.cc:237] T 42bfe92dc79647a1954fa559b366f223 P 616f09c70c444169bd88337d1523680a [LEADER]: Queue going to LEADER mode. State: All replicated index: 0, Majority replicated index: 0, Committed index: 0, Last appended: 1.1, Last appended by leader: 1, Current term: 2, Majority size: 2, State: 0, Mode: LEADER, active raft config: opid_index: -1 OBSOLETE_local: false peers { permanent_uuid: "3424e389ed464453a2aacbfde6f0af9a" member_type: VOTER last_known_addr { host: "127.18.10.65" port: 41131 } } peers { permanent_uuid: "250fae9485d043aa9da87f10725642a9" member_type: VOTER last_known_addr { host: "127.18.10.66" port: 44347 } } peers { permanent_uuid: "616f09c70c444169bd88337d1523680a" member_type: VOTER last_known_addr { host: "127.18.10.67" port: 39533 } }
I20260709 12:12:28.904016 19299 raft_consensus.cc:2468] T 17f5e03d80744007a55974df3a60c249 P 616f09c70c444169bd88337d1523680a [term 2 FOLLOWER]: Leader election vote request: Granting yes vote for candidate 250fae9485d043aa9da87f10725642a9 in term 2.
I20260709 12:12:28.905233 19191 leader_election.cc:304] T 17f5e03d80744007a55974df3a60c249 P 250fae9485d043aa9da87f10725642a9 [CANDIDATE]: Term 2 election: Election decided. Result: candidate won. Election summary: received 2 responses out of 3 voters: 2 yes votes; 0 no votes. yes voters: 250fae9485d043aa9da87f10725642a9, 616f09c70c444169bd88337d1523680a; no voters: 
I20260709 12:12:28.906049 19387 raft_consensus.cc:2804] T 17f5e03d80744007a55974df3a60c249 P 250fae9485d043aa9da87f10725642a9 [term 2 FOLLOWER]: Leader election won for term 2
I20260709 12:12:28.906438 19149 raft_consensus.cc:2468] T 17f5e03d80744007a55974df3a60c249 P 3424e389ed464453a2aacbfde6f0af9a [term 2 FOLLOWER]: Leader election vote request: Granting yes vote for candidate 250fae9485d043aa9da87f10725642a9 in term 2.
I20260709 12:12:28.906908 19387 raft_consensus.cc:697] T 17f5e03d80744007a55974df3a60c249 P 250fae9485d043aa9da87f10725642a9 [term 2 LEADER]: Becoming Leader. State: Replica: 250fae9485d043aa9da87f10725642a9, State: Running, Role: LEADER
I20260709 12:12:28.907862 19387 consensus_queue.cc:237] T 17f5e03d80744007a55974df3a60c249 P 250fae9485d043aa9da87f10725642a9 [LEADER]: Queue going to LEADER mode. State: All replicated index: 0, Majority replicated index: 1, Committed index: 1, Last appended: 1.1, Last appended by leader: 1, Current term: 2, Majority size: 2, State: 0, Mode: LEADER, active raft config: opid_index: -1 OBSOLETE_local: false peers { permanent_uuid: "3424e389ed464453a2aacbfde6f0af9a" member_type: VOTER last_known_addr { host: "127.18.10.65" port: 41131 } } peers { permanent_uuid: "250fae9485d043aa9da87f10725642a9" member_type: VOTER last_known_addr { host: "127.18.10.66" port: 44347 } } peers { permanent_uuid: "616f09c70c444169bd88337d1523680a" member_type: VOTER last_known_addr { host: "127.18.10.67" port: 39533 } }
I20260709 12:12:28.912937 19046 catalog_manager.cc:5697] T 42bfe92dc79647a1954fa559b366f223 P 616f09c70c444169bd88337d1523680a reported cstate change: term changed from 1 to 2, leader changed from 3424e389ed464453a2aacbfde6f0af9a (127.18.10.65) to 616f09c70c444169bd88337d1523680a (127.18.10.67). New cstate: current_term: 2 leader_uuid: "616f09c70c444169bd88337d1523680a" committed_config { opid_index: -1 OBSOLETE_local: false peers { permanent_uuid: "3424e389ed464453a2aacbfde6f0af9a" member_type: VOTER last_known_addr { host: "127.18.10.65" port: 41131 } health_report { overall_health: UNKNOWN } } peers { permanent_uuid: "250fae9485d043aa9da87f10725642a9" member_type: VOTER last_known_addr { host: "127.18.10.66" port: 44347 } health_report { overall_health: UNKNOWN } } peers { permanent_uuid: "616f09c70c444169bd88337d1523680a" member_type: VOTER last_known_addr { host: "127.18.10.67" port: 39533 } health_report { overall_health: HEALTHY } } }
I20260709 12:12:28.915656 19048 catalog_manager.cc:5697] T 17f5e03d80744007a55974df3a60c249 P 250fae9485d043aa9da87f10725642a9 reported cstate change: term changed from 1 to 2, leader changed from 3424e389ed464453a2aacbfde6f0af9a (127.18.10.65) to 250fae9485d043aa9da87f10725642a9 (127.18.10.66). New cstate: current_term: 2 leader_uuid: "250fae9485d043aa9da87f10725642a9" committed_config { opid_index: -1 OBSOLETE_local: false peers { permanent_uuid: "3424e389ed464453a2aacbfde6f0af9a" member_type: VOTER last_known_addr { host: "127.18.10.65" port: 41131 } health_report { overall_health: UNKNOWN } } peers { permanent_uuid: "250fae9485d043aa9da87f10725642a9" member_type: VOTER last_known_addr { host: "127.18.10.66" port: 44347 } health_report { overall_health: HEALTHY } } peers { permanent_uuid: "616f09c70c444169bd88337d1523680a" member_type: VOTER last_known_addr { host: "127.18.10.67" port: 39533 } health_report { overall_health: UNKNOWN } } }
I20260709 12:12:29.022420 19386 raft_consensus.cc:993] T 455bfcf1224045b6a49ef0419e3e913a P 250fae9485d043aa9da87f10725642a9: : Instructing follower 3424e389ed464453a2aacbfde6f0af9a to start an election
I20260709 12:12:29.022879 19387 raft_consensus.cc:1081] T 455bfcf1224045b6a49ef0419e3e913a P 250fae9485d043aa9da87f10725642a9 [term 1 LEADER]: Signalling peer 3424e389ed464453a2aacbfde6f0af9a to start an election
I20260709 12:12:29.024312 19149 tablet_service.cc:2044] Received Run Leader Election RPC: tablet_id: "455bfcf1224045b6a49ef0419e3e913a"
dest_uuid: "3424e389ed464453a2aacbfde6f0af9a"
 from {username='slave'} at 127.0.0.1:55048
I20260709 12:12:29.024817 19149 raft_consensus.cc:493] T 455bfcf1224045b6a49ef0419e3e913a P 3424e389ed464453a2aacbfde6f0af9a [term 1 FOLLOWER]: Starting forced leader election (received explicit request)
I20260709 12:12:29.025065 19149 raft_consensus.cc:3060] T 455bfcf1224045b6a49ef0419e3e913a P 3424e389ed464453a2aacbfde6f0af9a [term 1 FOLLOWER]: Advancing to term 2
I20260709 12:12:29.029451 19149 raft_consensus.cc:515] T 455bfcf1224045b6a49ef0419e3e913a P 3424e389ed464453a2aacbfde6f0af9a [term 2 FOLLOWER]: Starting forced leader election with config: opid_index: -1 OBSOLETE_local: false peers { permanent_uuid: "3424e389ed464453a2aacbfde6f0af9a" member_type: VOTER last_known_addr { host: "127.18.10.65" port: 41131 } } peers { permanent_uuid: "250fae9485d043aa9da87f10725642a9" member_type: VOTER last_known_addr { host: "127.18.10.66" port: 44347 } } peers { permanent_uuid: "616f09c70c444169bd88337d1523680a" member_type: VOTER last_known_addr { host: "127.18.10.67" port: 39533 } }
I20260709 12:12:29.031242 19149 leader_election.cc:290] T 455bfcf1224045b6a49ef0419e3e913a P 3424e389ed464453a2aacbfde6f0af9a [CANDIDATE]: Term 2 election: Requested vote from peers 250fae9485d043aa9da87f10725642a9 (127.18.10.66:44347), 616f09c70c444169bd88337d1523680a (127.18.10.67:39533)
I20260709 12:12:29.032353 19299 tablet_service.cc:1917] Received RequestConsensusVote() RPC: tablet_id: "455bfcf1224045b6a49ef0419e3e913a" candidate_uuid: "3424e389ed464453a2aacbfde6f0af9a" candidate_term: 2 candidate_status { last_received { term: 1 index: 1 } } ignore_live_leader: true dest_uuid: "616f09c70c444169bd88337d1523680a"
I20260709 12:12:29.032245 19226 tablet_service.cc:1917] Received RequestConsensusVote() RPC: tablet_id: "455bfcf1224045b6a49ef0419e3e913a" candidate_uuid: "3424e389ed464453a2aacbfde6f0af9a" candidate_term: 2 candidate_status { last_received { term: 1 index: 1 } } ignore_live_leader: true dest_uuid: "250fae9485d043aa9da87f10725642a9"
I20260709 12:12:29.032938 19299 raft_consensus.cc:3060] T 455bfcf1224045b6a49ef0419e3e913a P 616f09c70c444169bd88337d1523680a [term 1 FOLLOWER]: Advancing to term 2
I20260709 12:12:29.033017 19226 raft_consensus.cc:3055] T 455bfcf1224045b6a49ef0419e3e913a P 250fae9485d043aa9da87f10725642a9 [term 1 LEADER]: Stepping down as leader of term 1
I20260709 12:12:29.033385 19226 raft_consensus.cc:740] T 455bfcf1224045b6a49ef0419e3e913a P 250fae9485d043aa9da87f10725642a9 [term 1 LEADER]: Becoming Follower/Learner. State: Replica: 250fae9485d043aa9da87f10725642a9, State: Running, Role: LEADER
I20260709 12:12:29.034235 19226 consensus_queue.cc:260] T 455bfcf1224045b6a49ef0419e3e913a P 250fae9485d043aa9da87f10725642a9 [NON_LEADER]: Queue going to NON_LEADER mode. State: All replicated index: 0, Majority replicated index: 1, Committed index: 1, Last appended: 1.1, Last appended by leader: 1, Current term: 1, Majority size: -1, State: 0, Mode: NON_LEADER, active raft config: opid_index: -1 OBSOLETE_local: false peers { permanent_uuid: "3424e389ed464453a2aacbfde6f0af9a" member_type: VOTER last_known_addr { host: "127.18.10.65" port: 41131 } } peers { permanent_uuid: "250fae9485d043aa9da87f10725642a9" member_type: VOTER last_known_addr { host: "127.18.10.66" port: 44347 } } peers { permanent_uuid: "616f09c70c444169bd88337d1523680a" member_type: VOTER last_known_addr { host: "127.18.10.67" port: 39533 } }
I20260709 12:12:29.035454 19226 raft_consensus.cc:3060] T 455bfcf1224045b6a49ef0419e3e913a P 250fae9485d043aa9da87f10725642a9 [term 1 FOLLOWER]: Advancing to term 2
I20260709 12:12:29.039924 19299 raft_consensus.cc:2468] T 455bfcf1224045b6a49ef0419e3e913a P 616f09c70c444169bd88337d1523680a [term 2 FOLLOWER]: Leader election vote request: Granting yes vote for candidate 3424e389ed464453a2aacbfde6f0af9a in term 2.
I20260709 12:12:29.041189 19116 leader_election.cc:304] T 455bfcf1224045b6a49ef0419e3e913a P 3424e389ed464453a2aacbfde6f0af9a [CANDIDATE]: Term 2 election: Election decided. Result: candidate won. Election summary: received 2 responses out of 3 voters: 2 yes votes; 0 no votes. yes voters: 3424e389ed464453a2aacbfde6f0af9a, 616f09c70c444169bd88337d1523680a; no voters: 
I20260709 12:12:29.042013 19409 raft_consensus.cc:2804] T 455bfcf1224045b6a49ef0419e3e913a P 3424e389ed464453a2aacbfde6f0af9a [term 2 FOLLOWER]: Leader election won for term 2
I20260709 12:12:29.042032 19226 raft_consensus.cc:2468] T 455bfcf1224045b6a49ef0419e3e913a P 250fae9485d043aa9da87f10725642a9 [term 2 FOLLOWER]: Leader election vote request: Granting yes vote for candidate 3424e389ed464453a2aacbfde6f0af9a in term 2.
I20260709 12:12:29.042681 19409 raft_consensus.cc:697] T 455bfcf1224045b6a49ef0419e3e913a P 3424e389ed464453a2aacbfde6f0af9a [term 2 LEADER]: Becoming Leader. State: Replica: 3424e389ed464453a2aacbfde6f0af9a, State: Running, Role: LEADER
I20260709 12:12:29.043560 19409 consensus_queue.cc:237] T 455bfcf1224045b6a49ef0419e3e913a P 3424e389ed464453a2aacbfde6f0af9a [LEADER]: Queue going to LEADER mode. State: All replicated index: 0, Majority replicated index: 1, Committed index: 1, Last appended: 1.1, Last appended by leader: 1, Current term: 2, Majority size: 2, State: 0, Mode: LEADER, active raft config: opid_index: -1 OBSOLETE_local: false peers { permanent_uuid: "3424e389ed464453a2aacbfde6f0af9a" member_type: VOTER last_known_addr { host: "127.18.10.65" port: 41131 } } peers { permanent_uuid: "250fae9485d043aa9da87f10725642a9" member_type: VOTER last_known_addr { host: "127.18.10.66" port: 44347 } } peers { permanent_uuid: "616f09c70c444169bd88337d1523680a" member_type: VOTER last_known_addr { host: "127.18.10.67" port: 39533 } }
I20260709 12:12:29.050187 19048 catalog_manager.cc:5697] T 455bfcf1224045b6a49ef0419e3e913a P 3424e389ed464453a2aacbfde6f0af9a reported cstate change: term changed from 1 to 2, leader changed from 250fae9485d043aa9da87f10725642a9 (127.18.10.66) to 3424e389ed464453a2aacbfde6f0af9a (127.18.10.65). New cstate: current_term: 2 leader_uuid: "3424e389ed464453a2aacbfde6f0af9a" committed_config { opid_index: -1 OBSOLETE_local: false peers { permanent_uuid: "3424e389ed464453a2aacbfde6f0af9a" member_type: VOTER last_known_addr { host: "127.18.10.65" port: 41131 } health_report { overall_health: HEALTHY } } peers { permanent_uuid: "250fae9485d043aa9da87f10725642a9" member_type: VOTER last_known_addr { host: "127.18.10.66" port: 44347 } health_report { overall_health: UNKNOWN } } peers { permanent_uuid: "616f09c70c444169bd88337d1523680a" member_type: VOTER last_known_addr { host: "127.18.10.67" port: 39533 } health_report { overall_health: UNKNOWN } } }
I20260709 12:12:29.121817 19299 raft_consensus.cc:3060] T eb302cc1c750456e949cfcd5df73e4d5 P 616f09c70c444169bd88337d1523680a [term 1 FOLLOWER]: Advancing to term 2
I20260709 12:12:29.126787 19299 raft_consensus.cc:1275] T eb302cc1c750456e949cfcd5df73e4d5 P 616f09c70c444169bd88337d1523680a [term 2 FOLLOWER]: Refusing update from remote peer 3424e389ed464453a2aacbfde6f0af9a: Log matching property violated. Preceding OpId in replica: term: 1 index: 1. Preceding OpId from leader: term: 2 index: 2. (index mismatch)
I20260709 12:12:29.128257 19409 consensus_queue.cc:1048] T eb302cc1c750456e949cfcd5df73e4d5 P 3424e389ed464453a2aacbfde6f0af9a [LEADER]: Connected to new peer: Peer: permanent_uuid: "616f09c70c444169bd88337d1523680a" member_type: VOTER last_known_addr { host: "127.18.10.67" port: 39533 }, Status: LMP_MISMATCH, Last received: 0.0, Next index: 2, Last known committed idx: 1, Time since last communication: 0.000s
I20260709 12:12:29.137719 19226 raft_consensus.cc:1275] T eb302cc1c750456e949cfcd5df73e4d5 P 250fae9485d043aa9da87f10725642a9 [term 2 FOLLOWER]: Refusing update from remote peer 3424e389ed464453a2aacbfde6f0af9a: Log matching property violated. Preceding OpId in replica: term: 1 index: 1. Preceding OpId from leader: term: 2 index: 2. (index mismatch)
I20260709 12:12:29.139156 19409 consensus_queue.cc:1048] T eb302cc1c750456e949cfcd5df73e4d5 P 3424e389ed464453a2aacbfde6f0af9a [LEADER]: Connected to new peer: Peer: permanent_uuid: "250fae9485d043aa9da87f10725642a9" member_type: VOTER last_known_addr { host: "127.18.10.66" port: 44347 }, Status: LMP_MISMATCH, Last received: 0.0, Next index: 2, Last known committed idx: 1, Time since last communication: 0.000s
I20260709 12:12:29.242352 19149 raft_consensus.cc:1275] T f3faa5d77bf8421e8ea666d39a4840d8 P 3424e389ed464453a2aacbfde6f0af9a [term 2 FOLLOWER]: Refusing update from remote peer 250fae9485d043aa9da87f10725642a9: Log matching property violated. Preceding OpId in replica: term: 1 index: 1. Preceding OpId from leader: term: 2 index: 2. (index mismatch)
I20260709 12:12:29.243840 19387 consensus_queue.cc:1048] T f3faa5d77bf8421e8ea666d39a4840d8 P 250fae9485d043aa9da87f10725642a9 [LEADER]: Connected to new peer: Peer: permanent_uuid: "3424e389ed464453a2aacbfde6f0af9a" member_type: VOTER last_known_addr { host: "127.18.10.65" port: 41131 }, Status: LMP_MISMATCH, Last received: 0.0, Next index: 2, Last known committed idx: 1, Time since last communication: 0.000s
I20260709 12:12:29.252096 19299 raft_consensus.cc:1275] T f3faa5d77bf8421e8ea666d39a4840d8 P 616f09c70c444169bd88337d1523680a [term 2 FOLLOWER]: Refusing update from remote peer 250fae9485d043aa9da87f10725642a9: Log matching property violated. Preceding OpId in replica: term: 1 index: 1. Preceding OpId from leader: term: 2 index: 2. (index mismatch)
I20260709 12:12:29.254343 19386 consensus_queue.cc:1048] T f3faa5d77bf8421e8ea666d39a4840d8 P 250fae9485d043aa9da87f10725642a9 [LEADER]: Connected to new peer: Peer: permanent_uuid: "616f09c70c444169bd88337d1523680a" member_type: VOTER last_known_addr { host: "127.18.10.67" port: 39533 }, Status: LMP_MISMATCH, Last received: 0.0, Next index: 2, Last known committed idx: 1, Time since last communication: 0.001s
I20260709 12:12:29.297686 19299 raft_consensus.cc:1275] T 17f5e03d80744007a55974df3a60c249 P 616f09c70c444169bd88337d1523680a [term 2 FOLLOWER]: Refusing update from remote peer 250fae9485d043aa9da87f10725642a9: Log matching property violated. Preceding OpId in replica: term: 1 index: 1. Preceding OpId from leader: term: 2 index: 2. (index mismatch)
I20260709 12:12:29.299150 19386 consensus_queue.cc:1048] T 17f5e03d80744007a55974df3a60c249 P 250fae9485d043aa9da87f10725642a9 [LEADER]: Connected to new peer: Peer: permanent_uuid: "616f09c70c444169bd88337d1523680a" member_type: VOTER last_known_addr { host: "127.18.10.67" port: 39533 }, Status: LMP_MISMATCH, Last received: 0.0, Next index: 2, Last known committed idx: 1, Time since last communication: 0.000s
I20260709 12:12:29.307533 19149 raft_consensus.cc:1275] T 17f5e03d80744007a55974df3a60c249 P 3424e389ed464453a2aacbfde6f0af9a [term 2 FOLLOWER]: Refusing update from remote peer 250fae9485d043aa9da87f10725642a9: Log matching property violated. Preceding OpId in replica: term: 1 index: 1. Preceding OpId from leader: term: 2 index: 2. (index mismatch)
I20260709 12:12:29.308741 19151 raft_consensus.cc:1275] T 42bfe92dc79647a1954fa559b366f223 P 3424e389ed464453a2aacbfde6f0af9a [term 2 FOLLOWER]: Refusing update from remote peer 616f09c70c444169bd88337d1523680a: Log matching property violated. Preceding OpId in replica: term: 1 index: 1. Preceding OpId from leader: term: 2 index: 2. (index mismatch)
I20260709 12:12:29.309518 19433 consensus_queue.cc:1048] T 17f5e03d80744007a55974df3a60c249 P 250fae9485d043aa9da87f10725642a9 [LEADER]: Connected to new peer: Peer: permanent_uuid: "3424e389ed464453a2aacbfde6f0af9a" member_type: VOTER last_known_addr { host: "127.18.10.65" port: 41131 }, Status: LMP_MISMATCH, Last received: 0.0, Next index: 2, Last known committed idx: 1, Time since last communication: 0.001s
I20260709 12:12:29.310443 19346 consensus_queue.cc:1048] T 42bfe92dc79647a1954fa559b366f223 P 616f09c70c444169bd88337d1523680a [LEADER]: Connected to new peer: Peer: permanent_uuid: "3424e389ed464453a2aacbfde6f0af9a" member_type: VOTER last_known_addr { host: "127.18.10.65" port: 41131 }, Status: LMP_MISMATCH, Last received: 0.0, Next index: 2, Last known committed idx: 1, Time since last communication: 0.000s
I20260709 12:12:29.323658 19226 raft_consensus.cc:3060] T 42bfe92dc79647a1954fa559b366f223 P 250fae9485d043aa9da87f10725642a9 [term 1 FOLLOWER]: Advancing to term 2
I20260709 12:12:29.330432 19226 raft_consensus.cc:1275] T 42bfe92dc79647a1954fa559b366f223 P 250fae9485d043aa9da87f10725642a9 [term 2 FOLLOWER]: Refusing update from remote peer 616f09c70c444169bd88337d1523680a: Log matching property violated. Preceding OpId in replica: term: 1 index: 1. Preceding OpId from leader: term: 2 index: 2. (index mismatch)
I20260709 12:12:29.331678 19371 consensus_queue.cc:1048] T 42bfe92dc79647a1954fa559b366f223 P 616f09c70c444169bd88337d1523680a [LEADER]: Connected to new peer: Peer: permanent_uuid: "250fae9485d043aa9da87f10725642a9" member_type: VOTER last_known_addr { host: "127.18.10.66" port: 44347 }, Status: LMP_MISMATCH, Last received: 0.0, Next index: 2, Last known committed idx: 1, Time since last communication: 0.000s
I20260709 12:12:29.476400 19299 raft_consensus.cc:1275] T 94c6ea07024f4bf596a98b3a6205877b P 616f09c70c444169bd88337d1523680a [term 2 FOLLOWER]: Refusing update from remote peer 250fae9485d043aa9da87f10725642a9: Log matching property violated. Preceding OpId in replica: term: 1 index: 1. Preceding OpId from leader: term: 2 index: 2. (index mismatch)
I20260709 12:12:29.477891 19432 consensus_queue.cc:1048] T 94c6ea07024f4bf596a98b3a6205877b P 250fae9485d043aa9da87f10725642a9 [LEADER]: Connected to new peer: Peer: permanent_uuid: "616f09c70c444169bd88337d1523680a" member_type: VOTER last_known_addr { host: "127.18.10.67" port: 39533 }, Status: LMP_MISMATCH, Last received: 0.0, Next index: 2, Last known committed idx: 1, Time since last communication: 0.000s
I20260709 12:12:29.485706 19149 raft_consensus.cc:1275] T 94c6ea07024f4bf596a98b3a6205877b P 3424e389ed464453a2aacbfde6f0af9a [term 2 FOLLOWER]: Refusing update from remote peer 250fae9485d043aa9da87f10725642a9: Log matching property violated. Preceding OpId in replica: term: 1 index: 1. Preceding OpId from leader: term: 2 index: 2. (index mismatch)
I20260709 12:12:29.487419 19433 consensus_queue.cc:1048] T 94c6ea07024f4bf596a98b3a6205877b P 250fae9485d043aa9da87f10725642a9 [LEADER]: Connected to new peer: Peer: permanent_uuid: "3424e389ed464453a2aacbfde6f0af9a" member_type: VOTER last_known_addr { host: "127.18.10.65" port: 41131 }, Status: LMP_MISMATCH, Last received: 0.0, Next index: 2, Last known committed idx: 1, Time since last communication: 0.000s
I20260709 12:12:29.544425 19299 raft_consensus.cc:1275] T 455bfcf1224045b6a49ef0419e3e913a P 616f09c70c444169bd88337d1523680a [term 2 FOLLOWER]: Refusing update from remote peer 3424e389ed464453a2aacbfde6f0af9a: Log matching property violated. Preceding OpId in replica: term: 1 index: 1. Preceding OpId from leader: term: 2 index: 2. (index mismatch)
I20260709 12:12:29.545634 19409 consensus_queue.cc:1048] T 455bfcf1224045b6a49ef0419e3e913a P 3424e389ed464453a2aacbfde6f0af9a [LEADER]: Connected to new peer: Peer: permanent_uuid: "616f09c70c444169bd88337d1523680a" member_type: VOTER last_known_addr { host: "127.18.10.67" port: 39533 }, Status: LMP_MISMATCH, Last received: 0.0, Next index: 2, Last known committed idx: 1, Time since last communication: 0.000s
I20260709 12:12:29.554468 19226 raft_consensus.cc:1275] T 455bfcf1224045b6a49ef0419e3e913a P 250fae9485d043aa9da87f10725642a9 [term 2 FOLLOWER]: Refusing update from remote peer 3424e389ed464453a2aacbfde6f0af9a: Log matching property violated. Preceding OpId in replica: term: 1 index: 1. Preceding OpId from leader: term: 2 index: 2. (index mismatch)
I20260709 12:12:29.556152 19409 consensus_queue.cc:1048] T 455bfcf1224045b6a49ef0419e3e913a P 3424e389ed464453a2aacbfde6f0af9a [LEADER]: Connected to new peer: Peer: permanent_uuid: "250fae9485d043aa9da87f10725642a9" member_type: VOTER last_known_addr { host: "127.18.10.66" port: 44347 }, Status: LMP_MISMATCH, Last received: 0.0, Next index: 2, Last known committed idx: 1, Time since last communication: 0.000s
I20260709 12:12:31.739596 18473 auto_leader_rebalancer-test.cc:365] The leader distribution is 
I20260709 12:12:31.740422 18473 auto_leader_rebalancer.cc:141] leader rebalance for table test-workload
I20260709 12:12:31.757716 19149 tablet_service.cc:2072] Received LeaderStepDown RPC: tablet_id: "455bfcf1224045b6a49ef0419e3e913a"
dest_uuid: "3424e389ed464453a2aacbfde6f0af9a"
mode: GRACEFUL
new_leader_uuid: "616f09c70c444169bd88337d1523680a"
 from {username='slave'} at 127.0.0.1:55068
I20260709 12:12:31.758484 19149 raft_consensus.cc:606] T 455bfcf1224045b6a49ef0419e3e913a P 3424e389ed464453a2aacbfde6f0af9a [term 2 LEADER]: Received request to transfer leadership to TS 616f09c70c444169bd88337d1523680a
I20260709 12:12:31.761339 19149 tablet_service.cc:2072] Received LeaderStepDown RPC: tablet_id: "7fef0bfc8d7d46f1b89cf401cd915e7d"
dest_uuid: "3424e389ed464453a2aacbfde6f0af9a"
mode: GRACEFUL
new_leader_uuid: "616f09c70c444169bd88337d1523680a"
 from {username='slave'} at 127.0.0.1:55068
I20260709 12:12:31.761911 19149 raft_consensus.cc:606] T 7fef0bfc8d7d46f1b89cf401cd915e7d P 3424e389ed464453a2aacbfde6f0af9a [term 1 LEADER]: Received request to transfer leadership to TS 616f09c70c444169bd88337d1523680a
I20260709 12:12:31.763319 18473 auto_leader_rebalancer.cc:440] table: test-workload, leader rebalance finish, leader transfer count: 2
I20260709 12:12:31.763772 18473 auto_leader_rebalancer.cc:515] All tables' leader rebalancing finished this round
I20260709 12:12:31.813448 19409 raft_consensus.cc:993] T 455bfcf1224045b6a49ef0419e3e913a P 3424e389ed464453a2aacbfde6f0af9a: : Instructing follower 616f09c70c444169bd88337d1523680a to start an election
I20260709 12:12:31.814005 19439 raft_consensus.cc:1081] T 455bfcf1224045b6a49ef0419e3e913a P 3424e389ed464453a2aacbfde6f0af9a [term 2 LEADER]: Signalling peer 616f09c70c444169bd88337d1523680a to start an election
I20260709 12:12:31.815639 19299 tablet_service.cc:2044] Received Run Leader Election RPC: tablet_id: "455bfcf1224045b6a49ef0419e3e913a"
dest_uuid: "616f09c70c444169bd88337d1523680a"
 from {username='slave'} at 127.0.0.1:48080
I20260709 12:12:31.816090 19299 raft_consensus.cc:493] T 455bfcf1224045b6a49ef0419e3e913a P 616f09c70c444169bd88337d1523680a [term 2 FOLLOWER]: Starting forced leader election (received explicit request)
I20260709 12:12:31.816341 19299 raft_consensus.cc:3060] T 455bfcf1224045b6a49ef0419e3e913a P 616f09c70c444169bd88337d1523680a [term 2 FOLLOWER]: Advancing to term 3
I20260709 12:12:31.820997 19299 raft_consensus.cc:515] T 455bfcf1224045b6a49ef0419e3e913a P 616f09c70c444169bd88337d1523680a [term 3 FOLLOWER]: Starting forced leader election with config: opid_index: -1 OBSOLETE_local: false peers { permanent_uuid: "3424e389ed464453a2aacbfde6f0af9a" member_type: VOTER last_known_addr { host: "127.18.10.65" port: 41131 } } peers { permanent_uuid: "250fae9485d043aa9da87f10725642a9" member_type: VOTER last_known_addr { host: "127.18.10.66" port: 44347 } } peers { permanent_uuid: "616f09c70c444169bd88337d1523680a" member_type: VOTER last_known_addr { host: "127.18.10.67" port: 39533 } }
I20260709 12:12:31.822744 19299 leader_election.cc:290] T 455bfcf1224045b6a49ef0419e3e913a P 616f09c70c444169bd88337d1523680a [CANDIDATE]: Term 3 election: Requested vote from peers 3424e389ed464453a2aacbfde6f0af9a (127.18.10.65:41131), 250fae9485d043aa9da87f10725642a9 (127.18.10.66:44347)
I20260709 12:12:31.823769 19149 tablet_service.cc:1917] Received RequestConsensusVote() RPC: tablet_id: "455bfcf1224045b6a49ef0419e3e913a" candidate_uuid: "616f09c70c444169bd88337d1523680a" candidate_term: 3 candidate_status { last_received { term: 2 index: 2 } } ignore_live_leader: true dest_uuid: "3424e389ed464453a2aacbfde6f0af9a"
I20260709 12:12:31.823782 19226 tablet_service.cc:1917] Received RequestConsensusVote() RPC: tablet_id: "455bfcf1224045b6a49ef0419e3e913a" candidate_uuid: "616f09c70c444169bd88337d1523680a" candidate_term: 3 candidate_status { last_received { term: 2 index: 2 } } ignore_live_leader: true dest_uuid: "250fae9485d043aa9da87f10725642a9"
I20260709 12:12:31.824438 19149 raft_consensus.cc:3055] T 455bfcf1224045b6a49ef0419e3e913a P 3424e389ed464453a2aacbfde6f0af9a [term 2 LEADER]: Stepping down as leader of term 2
I20260709 12:12:31.824554 19226 raft_consensus.cc:3060] T 455bfcf1224045b6a49ef0419e3e913a P 250fae9485d043aa9da87f10725642a9 [term 2 FOLLOWER]: Advancing to term 3
I20260709 12:12:31.824750 19149 raft_consensus.cc:740] T 455bfcf1224045b6a49ef0419e3e913a P 3424e389ed464453a2aacbfde6f0af9a [term 2 LEADER]: Becoming Follower/Learner. State: Replica: 3424e389ed464453a2aacbfde6f0af9a, State: Running, Role: LEADER
I20260709 12:12:31.825552 19149 consensus_queue.cc:260] T 455bfcf1224045b6a49ef0419e3e913a P 3424e389ed464453a2aacbfde6f0af9a [NON_LEADER]: Queue going to NON_LEADER mode. State: All replicated index: 0, Majority replicated index: 2, Committed index: 2, Last appended: 2.2, Last appended by leader: 2, Current term: 2, Majority size: -1, State: 0, Mode: NON_LEADER, active raft config: opid_index: -1 OBSOLETE_local: false peers { permanent_uuid: "3424e389ed464453a2aacbfde6f0af9a" member_type: VOTER last_known_addr { host: "127.18.10.65" port: 41131 } } peers { permanent_uuid: "250fae9485d043aa9da87f10725642a9" member_type: VOTER last_known_addr { host: "127.18.10.66" port: 44347 } } peers { permanent_uuid: "616f09c70c444169bd88337d1523680a" member_type: VOTER last_known_addr { host: "127.18.10.67" port: 39533 } }
I20260709 12:12:31.826541 19149 raft_consensus.cc:3060] T 455bfcf1224045b6a49ef0419e3e913a P 3424e389ed464453a2aacbfde6f0af9a [term 2 FOLLOWER]: Advancing to term 3
I20260709 12:12:31.831631 19226 raft_consensus.cc:2468] T 455bfcf1224045b6a49ef0419e3e913a P 250fae9485d043aa9da87f10725642a9 [term 3 FOLLOWER]: Leader election vote request: Granting yes vote for candidate 616f09c70c444169bd88337d1523680a in term 3.
I20260709 12:12:31.832834 19263 leader_election.cc:304] T 455bfcf1224045b6a49ef0419e3e913a P 616f09c70c444169bd88337d1523680a [CANDIDATE]: Term 3 election: Election decided. Result: candidate won. Election summary: received 2 responses out of 3 voters: 2 yes votes; 0 no votes. yes voters: 250fae9485d043aa9da87f10725642a9, 616f09c70c444169bd88337d1523680a; no voters: 
I20260709 12:12:31.833637 19371 raft_consensus.cc:2804] T 455bfcf1224045b6a49ef0419e3e913a P 616f09c70c444169bd88337d1523680a [term 3 FOLLOWER]: Leader election won for term 3
I20260709 12:12:31.834941 19371 raft_consensus.cc:697] T 455bfcf1224045b6a49ef0419e3e913a P 616f09c70c444169bd88337d1523680a [term 3 LEADER]: Becoming Leader. State: Replica: 616f09c70c444169bd88337d1523680a, State: Running, Role: LEADER
I20260709 12:12:31.835803 19371 consensus_queue.cc:237] T 455bfcf1224045b6a49ef0419e3e913a P 616f09c70c444169bd88337d1523680a [LEADER]: Queue going to LEADER mode. State: All replicated index: 0, Majority replicated index: 2, Committed index: 2, Last appended: 2.2, Last appended by leader: 2, Current term: 3, Majority size: 2, State: 0, Mode: LEADER, active raft config: opid_index: -1 OBSOLETE_local: false peers { permanent_uuid: "3424e389ed464453a2aacbfde6f0af9a" member_type: VOTER last_known_addr { host: "127.18.10.65" port: 41131 } } peers { permanent_uuid: "250fae9485d043aa9da87f10725642a9" member_type: VOTER last_known_addr { host: "127.18.10.66" port: 44347 } } peers { permanent_uuid: "616f09c70c444169bd88337d1523680a" member_type: VOTER last_known_addr { host: "127.18.10.67" port: 39533 } }
I20260709 12:12:31.838409 19149 raft_consensus.cc:2468] T 455bfcf1224045b6a49ef0419e3e913a P 3424e389ed464453a2aacbfde6f0af9a [term 3 FOLLOWER]: Leader election vote request: Granting yes vote for candidate 616f09c70c444169bd88337d1523680a in term 3.
I20260709 12:12:31.844357 19046 catalog_manager.cc:5697] T 455bfcf1224045b6a49ef0419e3e913a P 616f09c70c444169bd88337d1523680a reported cstate change: term changed from 2 to 3, leader changed from 3424e389ed464453a2aacbfde6f0af9a (127.18.10.65) to 616f09c70c444169bd88337d1523680a (127.18.10.67). New cstate: current_term: 3 leader_uuid: "616f09c70c444169bd88337d1523680a" committed_config { opid_index: -1 OBSOLETE_local: false peers { permanent_uuid: "3424e389ed464453a2aacbfde6f0af9a" member_type: VOTER last_known_addr { host: "127.18.10.65" port: 41131 } health_report { overall_health: UNKNOWN } } peers { permanent_uuid: "250fae9485d043aa9da87f10725642a9" member_type: VOTER last_known_addr { host: "127.18.10.66" port: 44347 } health_report { overall_health: UNKNOWN } } peers { permanent_uuid: "616f09c70c444169bd88337d1523680a" member_type: VOTER last_known_addr { host: "127.18.10.67" port: 39533 } health_report { overall_health: HEALTHY } } }
I20260709 12:12:31.970032 19409 raft_consensus.cc:993] T 7fef0bfc8d7d46f1b89cf401cd915e7d P 3424e389ed464453a2aacbfde6f0af9a: : Instructing follower 616f09c70c444169bd88337d1523680a to start an election
I20260709 12:12:31.970510 19439 raft_consensus.cc:1081] T 7fef0bfc8d7d46f1b89cf401cd915e7d P 3424e389ed464453a2aacbfde6f0af9a [term 1 LEADER]: Signalling peer 616f09c70c444169bd88337d1523680a to start an election
I20260709 12:12:31.972074 19299 tablet_service.cc:2044] Received Run Leader Election RPC: tablet_id: "7fef0bfc8d7d46f1b89cf401cd915e7d"
dest_uuid: "616f09c70c444169bd88337d1523680a"
 from {username='slave'} at 127.0.0.1:48080
I20260709 12:12:31.972751 19299 raft_consensus.cc:493] T 7fef0bfc8d7d46f1b89cf401cd915e7d P 616f09c70c444169bd88337d1523680a [term 1 FOLLOWER]: Starting forced leader election (received explicit request)
I20260709 12:12:31.973070 19299 raft_consensus.cc:3060] T 7fef0bfc8d7d46f1b89cf401cd915e7d P 616f09c70c444169bd88337d1523680a [term 1 FOLLOWER]: Advancing to term 2
I20260709 12:12:31.978615 19299 raft_consensus.cc:515] T 7fef0bfc8d7d46f1b89cf401cd915e7d P 616f09c70c444169bd88337d1523680a [term 2 FOLLOWER]: Starting forced leader election with config: opid_index: -1 OBSOLETE_local: false peers { permanent_uuid: "3424e389ed464453a2aacbfde6f0af9a" member_type: VOTER last_known_addr { host: "127.18.10.65" port: 41131 } } peers { permanent_uuid: "250fae9485d043aa9da87f10725642a9" member_type: VOTER last_known_addr { host: "127.18.10.66" port: 44347 } } peers { permanent_uuid: "616f09c70c444169bd88337d1523680a" member_type: VOTER last_known_addr { host: "127.18.10.67" port: 39533 } }
I20260709 12:12:31.981243 19299 leader_election.cc:290] T 7fef0bfc8d7d46f1b89cf401cd915e7d P 616f09c70c444169bd88337d1523680a [CANDIDATE]: Term 2 election: Requested vote from peers 3424e389ed464453a2aacbfde6f0af9a (127.18.10.65:41131), 250fae9485d043aa9da87f10725642a9 (127.18.10.66:44347)
I20260709 12:12:31.981449 19149 tablet_service.cc:1917] Received RequestConsensusVote() RPC: tablet_id: "7fef0bfc8d7d46f1b89cf401cd915e7d" candidate_uuid: "616f09c70c444169bd88337d1523680a" candidate_term: 2 candidate_status { last_received { term: 1 index: 1 } } ignore_live_leader: true dest_uuid: "3424e389ed464453a2aacbfde6f0af9a"
I20260709 12:12:31.981806 19226 tablet_service.cc:1917] Received RequestConsensusVote() RPC: tablet_id: "7fef0bfc8d7d46f1b89cf401cd915e7d" candidate_uuid: "616f09c70c444169bd88337d1523680a" candidate_term: 2 candidate_status { last_received { term: 1 index: 1 } } ignore_live_leader: true dest_uuid: "250fae9485d043aa9da87f10725642a9"
I20260709 12:12:31.982154 19149 raft_consensus.cc:3055] T 7fef0bfc8d7d46f1b89cf401cd915e7d P 3424e389ed464453a2aacbfde6f0af9a [term 1 LEADER]: Stepping down as leader of term 1
I20260709 12:12:31.982331 19226 raft_consensus.cc:3060] T 7fef0bfc8d7d46f1b89cf401cd915e7d P 250fae9485d043aa9da87f10725642a9 [term 1 FOLLOWER]: Advancing to term 2
I20260709 12:12:31.982527 19149 raft_consensus.cc:740] T 7fef0bfc8d7d46f1b89cf401cd915e7d P 3424e389ed464453a2aacbfde6f0af9a [term 1 LEADER]: Becoming Follower/Learner. State: Replica: 3424e389ed464453a2aacbfde6f0af9a, State: Running, Role: LEADER
I20260709 12:12:31.983325 19149 consensus_queue.cc:260] T 7fef0bfc8d7d46f1b89cf401cd915e7d P 3424e389ed464453a2aacbfde6f0af9a [NON_LEADER]: Queue going to NON_LEADER mode. State: All replicated index: 0, Majority replicated index: 1, Committed index: 1, Last appended: 1.1, Last appended by leader: 1, Current term: 1, Majority size: -1, State: 0, Mode: NON_LEADER, active raft config: opid_index: -1 OBSOLETE_local: false peers { permanent_uuid: "3424e389ed464453a2aacbfde6f0af9a" member_type: VOTER last_known_addr { host: "127.18.10.65" port: 41131 } } peers { permanent_uuid: "250fae9485d043aa9da87f10725642a9" member_type: VOTER last_known_addr { host: "127.18.10.66" port: 44347 } } peers { permanent_uuid: "616f09c70c444169bd88337d1523680a" member_type: VOTER last_known_addr { host: "127.18.10.67" port: 39533 } }
I20260709 12:12:31.984552 19149 raft_consensus.cc:3060] T 7fef0bfc8d7d46f1b89cf401cd915e7d P 3424e389ed464453a2aacbfde6f0af9a [term 1 FOLLOWER]: Advancing to term 2
I20260709 12:12:31.988929 19226 raft_consensus.cc:2468] T 7fef0bfc8d7d46f1b89cf401cd915e7d P 250fae9485d043aa9da87f10725642a9 [term 2 FOLLOWER]: Leader election vote request: Granting yes vote for candidate 616f09c70c444169bd88337d1523680a in term 2.
I20260709 12:12:31.990209 19263 leader_election.cc:304] T 7fef0bfc8d7d46f1b89cf401cd915e7d P 616f09c70c444169bd88337d1523680a [CANDIDATE]: Term 2 election: Election decided. Result: candidate won. Election summary: received 2 responses out of 3 voters: 2 yes votes; 0 no votes. yes voters: 250fae9485d043aa9da87f10725642a9, 616f09c70c444169bd88337d1523680a; no voters: 
I20260709 12:12:31.990888 19149 raft_consensus.cc:2468] T 7fef0bfc8d7d46f1b89cf401cd915e7d P 3424e389ed464453a2aacbfde6f0af9a [term 2 FOLLOWER]: Leader election vote request: Granting yes vote for candidate 616f09c70c444169bd88337d1523680a in term 2.
I20260709 12:12:31.991007 19371 raft_consensus.cc:2804] T 7fef0bfc8d7d46f1b89cf401cd915e7d P 616f09c70c444169bd88337d1523680a [term 2 FOLLOWER]: Leader election won for term 2
I20260709 12:12:31.991585 19371 raft_consensus.cc:697] T 7fef0bfc8d7d46f1b89cf401cd915e7d P 616f09c70c444169bd88337d1523680a [term 2 LEADER]: Becoming Leader. State: Replica: 616f09c70c444169bd88337d1523680a, State: Running, Role: LEADER
I20260709 12:12:31.992451 19371 consensus_queue.cc:237] T 7fef0bfc8d7d46f1b89cf401cd915e7d P 616f09c70c444169bd88337d1523680a [LEADER]: Queue going to LEADER mode. State: All replicated index: 0, Majority replicated index: 1, Committed index: 1, Last appended: 1.1, Last appended by leader: 1, Current term: 2, Majority size: 2, State: 0, Mode: LEADER, active raft config: opid_index: -1 OBSOLETE_local: false peers { permanent_uuid: "3424e389ed464453a2aacbfde6f0af9a" member_type: VOTER last_known_addr { host: "127.18.10.65" port: 41131 } } peers { permanent_uuid: "250fae9485d043aa9da87f10725642a9" member_type: VOTER last_known_addr { host: "127.18.10.66" port: 44347 } } peers { permanent_uuid: "616f09c70c444169bd88337d1523680a" member_type: VOTER last_known_addr { host: "127.18.10.67" port: 39533 } }
I20260709 12:12:31.999650 19046 catalog_manager.cc:5697] T 7fef0bfc8d7d46f1b89cf401cd915e7d P 616f09c70c444169bd88337d1523680a reported cstate change: term changed from 1 to 2, leader changed from 3424e389ed464453a2aacbfde6f0af9a (127.18.10.65) to 616f09c70c444169bd88337d1523680a (127.18.10.67). New cstate: current_term: 2 leader_uuid: "616f09c70c444169bd88337d1523680a" committed_config { opid_index: -1 OBSOLETE_local: false peers { permanent_uuid: "3424e389ed464453a2aacbfde6f0af9a" member_type: VOTER last_known_addr { host: "127.18.10.65" port: 41131 } health_report { overall_health: UNKNOWN } } peers { permanent_uuid: "250fae9485d043aa9da87f10725642a9" member_type: VOTER last_known_addr { host: "127.18.10.66" port: 44347 } health_report { overall_health: UNKNOWN } } peers { permanent_uuid: "616f09c70c444169bd88337d1523680a" member_type: VOTER last_known_addr { host: "127.18.10.67" port: 39533 } health_report { overall_health: HEALTHY } } }
I20260709 12:12:32.222885 19149 raft_consensus.cc:1275] T 455bfcf1224045b6a49ef0419e3e913a P 3424e389ed464453a2aacbfde6f0af9a [term 3 FOLLOWER]: Refusing update from remote peer 616f09c70c444169bd88337d1523680a: Log matching property violated. Preceding OpId in replica: term: 2 index: 2. Preceding OpId from leader: term: 3 index: 3. (index mismatch)
I20260709 12:12:32.224140 19371 consensus_queue.cc:1048] T 455bfcf1224045b6a49ef0419e3e913a P 616f09c70c444169bd88337d1523680a [LEADER]: Connected to new peer: Peer: permanent_uuid: "3424e389ed464453a2aacbfde6f0af9a" member_type: VOTER last_known_addr { host: "127.18.10.65" port: 41131 }, Status: LMP_MISMATCH, Last received: 0.0, Next index: 3, Last known committed idx: 2, Time since last communication: 0.000s
I20260709 12:12:32.234297 19226 raft_consensus.cc:1275] T 455bfcf1224045b6a49ef0419e3e913a P 250fae9485d043aa9da87f10725642a9 [term 3 FOLLOWER]: Refusing update from remote peer 616f09c70c444169bd88337d1523680a: Log matching property violated. Preceding OpId in replica: term: 2 index: 2. Preceding OpId from leader: term: 3 index: 3. (index mismatch)
