I20260709 12:12:56.449913 19441 tablet_service.cc:1917] Received RequestConsensusVote() RPC: tablet_id: "69cb04c8e5544f28879561cffc9197c3" candidate_uuid: "f36ab173a94c4795ba669f8f4710ff96" candidate_term: 1 candidate_status { last_received { term: 0 index: 0 } } ignore_live_leader: false dest_uuid: "a2a0987289534c4b8b966198e634df09"
I20260709 12:12:56.450234 19480 leader_election.cc:304] T f9643b31a8ce47789f201ded7f2f7655 P f36ab173a94c4795ba669f8f4710ff96 [CANDIDATE]: Term 1 pre-election: Election decided. Result: candidate won. Election summary: received 2 responses out of 3 voters: 2 yes votes; 0 no votes. yes voters: 0099253b0cac4859a9b664d709947d2d, f36ab173a94c4795ba669f8f4710ff96; no voters: 
I20260709 12:12:56.450505 19367 tablet_service.cc:1917] Received RequestConsensusVote() RPC: tablet_id: "69cb04c8e5544f28879561cffc9197c3" candidate_uuid: "f36ab173a94c4795ba669f8f4710ff96" candidate_term: 1 candidate_status { last_received { term: 0 index: 0 } } ignore_live_leader: false dest_uuid: "0099253b0cac4859a9b664d709947d2d"
I20260709 12:12:56.451135 19367 raft_consensus.cc:3060] T 69cb04c8e5544f28879561cffc9197c3 P 0099253b0cac4859a9b664d709947d2d [term 0 FOLLOWER]: Advancing to term 1
I20260709 12:12:56.451422 19439 tablet_service.cc:1917] Received RequestConsensusVote() RPC: tablet_id: "f9643b31a8ce47789f201ded7f2f7655" candidate_uuid: "f36ab173a94c4795ba669f8f4710ff96" candidate_term: 1 candidate_status { last_received { term: 0 index: 0 } } ignore_live_leader: false dest_uuid: "a2a0987289534c4b8b966198e634df09" is_pre_election: true
I20260709 12:12:56.438678 19558 tablet_bootstrap.cc:654] T 04009ee5d68a4c49be806d813937d1dd P f36ab173a94c4795ba669f8f4710ff96: Neither blocks nor log segments found. Creating new log.
I20260709 12:12:56.452101 19439 raft_consensus.cc:2468] T f9643b31a8ce47789f201ded7f2f7655 P a2a0987289534c4b8b966198e634df09 [term 0 FOLLOWER]: Leader pre-election vote request: Granting yes vote for candidate f36ab173a94c4795ba669f8f4710ff96 in term 0.
I20260709 12:12:56.452504 19641 raft_consensus.cc:2804] T f9643b31a8ce47789f201ded7f2f7655 P f36ab173a94c4795ba669f8f4710ff96 [term 0 FOLLOWER]: Leader pre-election won for term 1
I20260709 12:12:56.453601 19641 raft_consensus.cc:493] T f9643b31a8ce47789f201ded7f2f7655 P f36ab173a94c4795ba669f8f4710ff96 [term 0 FOLLOWER]: Starting leader election (no leader contacted us within the election timeout)
I20260709 12:12:56.453939 19641 raft_consensus.cc:3060] T f9643b31a8ce47789f201ded7f2f7655 P f36ab173a94c4795ba669f8f4710ff96 [term 0 FOLLOWER]: Advancing to term 1
I20260709 12:12:56.430094 19516 tablet_service.cc:1917] Received RequestConsensusVote() RPC: tablet_id: "7dbfcab1464e4885a7384611c9434e6b" candidate_uuid: "a2a0987289534c4b8b966198e634df09" candidate_term: 1 candidate_status { last_received { term: 0 index: 0 } } ignore_live_leader: false dest_uuid: "f36ab173a94c4795ba669f8f4710ff96" is_pre_election: true
I20260709 12:12:56.450508 19441 raft_consensus.cc:3060] T 69cb04c8e5544f28879561cffc9197c3 P a2a0987289534c4b8b966198e634df09 [term 0 FOLLOWER]: Advancing to term 1
I20260709 12:12:56.451503 19564 leader_election.cc:290] T 69cb04c8e5544f28879561cffc9197c3 P f36ab173a94c4795ba669f8f4710ff96 [CANDIDATE]: Term 1 election: Requested vote from peers 0099253b0cac4859a9b664d709947d2d (127.17.198.129:44053), a2a0987289534c4b8b966198e634df09 (127.17.198.130:46107)
I20260709 12:12:56.451268 19582 leader_election.cc:290] T f9643b31a8ce47789f201ded7f2f7655 P f36ab173a94c4795ba669f8f4710ff96 [CANDIDATE]: Term 1 pre-election: Requested pre-vote from peers 0099253b0cac4859a9b664d709947d2d (127.17.198.129:44053), a2a0987289534c4b8b966198e634df09 (127.17.198.130:46107)
I20260709 12:12:56.446885 19555 consensus_queue.cc:260] T 90f3f6a57d1b42188a017e561c58e5dc P 0099253b0cac4859a9b664d709947d2d [NON_LEADER]: Queue going to NON_LEADER mode. State: All replicated index: 0, Majority replicated index: 0, Committed index: 0, Last appended: 0.0, Last appended by leader: 0, Current term: 0, Majority size: -1, State: 0, Mode: NON_LEADER, active raft config: opid_index: -1 OBSOLETE_local: false peers { permanent_uuid: "0099253b0cac4859a9b664d709947d2d" member_type: VOTER last_known_addr { host: "127.17.198.129" port: 44053 } } peers { permanent_uuid: "a2a0987289534c4b8b966198e634df09" member_type: VOTER last_known_addr { host: "127.17.198.130" port: 46107 } } peers { permanent_uuid: "f36ab173a94c4795ba669f8f4710ff96" member_type: VOTER last_known_addr { host: "127.17.198.131" port: 46763 } }
I20260709 12:12:56.460665 19441 raft_consensus.cc:2468] T 69cb04c8e5544f28879561cffc9197c3 P a2a0987289534c4b8b966198e634df09 [term 1 FOLLOWER]: Leader election vote request: Granting yes vote for candidate f36ab173a94c4795ba669f8f4710ff96 in term 1.
I20260709 12:12:56.460704 19641 raft_consensus.cc:515] T f9643b31a8ce47789f201ded7f2f7655 P f36ab173a94c4795ba669f8f4710ff96 [term 1 FOLLOWER]: Starting leader election with config: opid_index: -1 OBSOLETE_local: false peers { permanent_uuid: "0099253b0cac4859a9b664d709947d2d" member_type: VOTER last_known_addr { host: "127.17.198.129" port: 44053 } } peers { permanent_uuid: "a2a0987289534c4b8b966198e634df09" member_type: VOTER last_known_addr { host: "127.17.198.130" port: 46107 } } peers { permanent_uuid: "f36ab173a94c4795ba669f8f4710ff96" member_type: VOTER last_known_addr { host: "127.17.198.131" port: 46763 } }
I20260709 12:12:56.477339 19480 leader_election.cc:304] T 69cb04c8e5544f28879561cffc9197c3 P f36ab173a94c4795ba669f8f4710ff96 [CANDIDATE]: Term 1 election: Election decided. Result: candidate won. Election summary: received 2 responses out of 3 voters: 2 yes votes; 0 no votes. yes voters: a2a0987289534c4b8b966198e634df09, f36ab173a94c4795ba669f8f4710ff96; no voters: 
I20260709 12:12:56.478297 19582 raft_consensus.cc:2804] T 69cb04c8e5544f28879561cffc9197c3 P f36ab173a94c4795ba669f8f4710ff96 [term 1 FOLLOWER]: Leader election won for term 1
I20260709 12:12:56.478793 19582 raft_consensus.cc:697] T 69cb04c8e5544f28879561cffc9197c3 P f36ab173a94c4795ba669f8f4710ff96 [term 1 LEADER]: Becoming Leader. State: Replica: f36ab173a94c4795ba669f8f4710ff96, State: Running, Role: LEADER
I20260709 12:12:56.479797 19641 leader_election.cc:290] T f9643b31a8ce47789f201ded7f2f7655 P f36ab173a94c4795ba669f8f4710ff96 [CANDIDATE]: Term 1 election: Requested vote from peers 0099253b0cac4859a9b664d709947d2d (127.17.198.129:44053), a2a0987289534c4b8b966198e634df09 (127.17.198.130:46107)
I20260709 12:12:56.479635 19582 consensus_queue.cc:237] T 69cb04c8e5544f28879561cffc9197c3 P f36ab173a94c4795ba669f8f4710ff96 [LEADER]: Queue going to LEADER mode. State: All replicated index: 0, Majority replicated index: 0, Committed index: 0, Last appended: 0.0, Last appended by leader: 0, Current term: 1, Majority size: 2, State: 0, Mode: LEADER, active raft config: opid_index: -1 OBSOLETE_local: false peers { permanent_uuid: "0099253b0cac4859a9b664d709947d2d" member_type: VOTER last_known_addr { host: "127.17.198.129" port: 44053 } } peers { permanent_uuid: "a2a0987289534c4b8b966198e634df09" member_type: VOTER last_known_addr { host: "127.17.198.130" port: 46107 } } peers { permanent_uuid: "f36ab173a94c4795ba669f8f4710ff96" member_type: VOTER last_known_addr { host: "127.17.198.131" port: 46763 } }
I20260709 12:12:56.460048 19367 raft_consensus.cc:2468] T 69cb04c8e5544f28879561cffc9197c3 P 0099253b0cac4859a9b664d709947d2d [term 1 FOLLOWER]: Leader election vote request: Granting yes vote for candidate f36ab173a94c4795ba669f8f4710ff96 in term 1.
I20260709 12:12:56.472661 19555 ts_tablet_manager.cc:1434] T 90f3f6a57d1b42188a017e561c58e5dc P 0099253b0cac4859a9b664d709947d2d: Time spent starting tablet: real 0.031s	user 0.005s	sys 0.002s
I20260709 12:12:56.461864 19516 raft_consensus.cc:2468] T 7dbfcab1464e4885a7384611c9434e6b P f36ab173a94c4795ba669f8f4710ff96 [term 0 FOLLOWER]: Leader pre-election vote request: Granting yes vote for candidate a2a0987289534c4b8b966198e634df09 in term 0.
I20260709 12:12:56.482029 19555 tablet_bootstrap.cc:492] T 043fa00cd8244c1fbbaac9a7a727f3f1 P 0099253b0cac4859a9b664d709947d2d: Bootstrap starting.
I20260709 12:12:56.484421 19441 tablet_service.cc:1917] Received RequestConsensusVote() RPC: tablet_id: "f9643b31a8ce47789f201ded7f2f7655" candidate_uuid: "f36ab173a94c4795ba669f8f4710ff96" candidate_term: 1 candidate_status { last_received { term: 0 index: 0 } } ignore_live_leader: false dest_uuid: "a2a0987289534c4b8b966198e634df09"
I20260709 12:12:56.485046 19441 raft_consensus.cc:3060] T f9643b31a8ce47789f201ded7f2f7655 P a2a0987289534c4b8b966198e634df09 [term 0 FOLLOWER]: Advancing to term 1
I20260709 12:12:56.466452 19562 consensus_queue.cc:1048] T 24335f38459c417b9f3237843d5eaf41 P a2a0987289534c4b8b966198e634df09 [LEADER]: Connected to new peer: Peer: permanent_uuid: "0099253b0cac4859a9b664d709947d2d" member_type: VOTER last_known_addr { host: "127.17.198.129" port: 44053 }, Status: LMP_MISMATCH, Last received: 0.0, Next index: 1, Last known committed idx: 0, Time since last communication: 0.020s
I20260709 12:12:56.485864 19406 leader_election.cc:304] T 7dbfcab1464e4885a7384611c9434e6b P a2a0987289534c4b8b966198e634df09 [CANDIDATE]: Term 1 pre-election: Election decided. Result: candidate won. Election summary: received 3 responses out of 3 voters: 2 yes votes; 1 no votes. yes voters: a2a0987289534c4b8b966198e634df09, f36ab173a94c4795ba669f8f4710ff96; no voters: 0099253b0cac4859a9b664d709947d2d
I20260709 12:12:56.488056 19562 raft_consensus.cc:2804] T 7dbfcab1464e4885a7384611c9434e6b P a2a0987289534c4b8b966198e634df09 [term 0 FOLLOWER]: Leader pre-election won for term 1
I20260709 12:12:56.488952 19562 raft_consensus.cc:493] T 7dbfcab1464e4885a7384611c9434e6b P a2a0987289534c4b8b966198e634df09 [term 0 FOLLOWER]: Starting leader election (no leader contacted us within the election timeout)
I20260709 12:12:56.490223 19562 raft_consensus.cc:3060] T 7dbfcab1464e4885a7384611c9434e6b P a2a0987289534c4b8b966198e634df09 [term 0 FOLLOWER]: Advancing to term 1
I20260709 12:12:56.488955 19365 tablet_service.cc:1917] Received RequestConsensusVote() RPC: tablet_id: "f9643b31a8ce47789f201ded7f2f7655" candidate_uuid: "f36ab173a94c4795ba669f8f4710ff96" candidate_term: 1 candidate_status { last_received { term: 0 index: 0 } } ignore_live_leader: false dest_uuid: "0099253b0cac4859a9b664d709947d2d"
I20260709 12:12:56.493256 19365 raft_consensus.cc:3060] T f9643b31a8ce47789f201ded7f2f7655 P 0099253b0cac4859a9b664d709947d2d [term 0 FOLLOWER]: Advancing to term 1
I20260709 12:12:56.498081 19629 consensus_queue.cc:1048] T 7b6d466916db4778951c99beb9dc4d25 P a2a0987289534c4b8b966198e634df09 [LEADER]: Connected to new peer: Peer: permanent_uuid: "0099253b0cac4859a9b664d709947d2d" member_type: VOTER last_known_addr { host: "127.17.198.129" port: 44053 }, Status: LMP_MISMATCH, Last received: 0.0, Next index: 1, Last known committed idx: 0, Time since last communication: 0.000s
I20260709 12:12:56.514552 19556 tablet_bootstrap.cc:492] T 0a6fdf7a2d92420dae8fd9db489948ae P a2a0987289534c4b8b966198e634df09: No bootstrap required, opened a new log
I20260709 12:12:56.515030 19556 ts_tablet_manager.cc:1403] T 0a6fdf7a2d92420dae8fd9db489948ae P a2a0987289534c4b8b966198e634df09: Time spent bootstrapping tablet: real 0.099s	user 0.022s	sys 0.033s
I20260709 12:12:56.517799 19558 tablet_bootstrap.cc:492] T 04009ee5d68a4c49be806d813937d1dd P f36ab173a94c4795ba669f8f4710ff96: No bootstrap required, opened a new log
I20260709 12:12:56.518246 19558 ts_tablet_manager.cc:1403] T 04009ee5d68a4c49be806d813937d1dd P f36ab173a94c4795ba669f8f4710ff96: Time spent bootstrapping tablet: real 0.105s	user 0.008s	sys 0.015s
I20260709 12:12:56.498113 19441 raft_consensus.cc:2468] T f9643b31a8ce47789f201ded7f2f7655 P a2a0987289534c4b8b966198e634df09 [term 1 FOLLOWER]: Leader election vote request: Granting yes vote for candidate f36ab173a94c4795ba669f8f4710ff96 in term 1.
I20260709 12:12:56.528239 19480 leader_election.cc:304] T f9643b31a8ce47789f201ded7f2f7655 P f36ab173a94c4795ba669f8f4710ff96 [CANDIDATE]: Term 1 election: Election decided. Result: candidate won. Election summary: received 2 responses out of 3 voters: 2 yes votes; 0 no votes. yes voters: a2a0987289534c4b8b966198e634df09, f36ab173a94c4795ba669f8f4710ff96; no voters: 
I20260709 12:12:56.528496 19556 raft_consensus.cc:359] T 0a6fdf7a2d92420dae8fd9db489948ae P a2a0987289534c4b8b966198e634df09 [term 0 FOLLOWER]: Replica starting. Triggering 0 pending ops. Active config: opid_index: -1 OBSOLETE_local: false peers { permanent_uuid: "0099253b0cac4859a9b664d709947d2d" member_type: VOTER last_known_addr { host: "127.17.198.129" port: 44053 } } peers { permanent_uuid: "a2a0987289534c4b8b966198e634df09" member_type: VOTER last_known_addr { host: "127.17.198.130" port: 46107 } } peers { permanent_uuid: "f36ab173a94c4795ba669f8f4710ff96" member_type: VOTER last_known_addr { host: "127.17.198.131" port: 46763 } }
I20260709 12:12:56.529356 19556 raft_consensus.cc:385] T 0a6fdf7a2d92420dae8fd9db489948ae P a2a0987289534c4b8b966198e634df09 [term 0 FOLLOWER]: Consensus starting up: Expiring failure detector timer to make a prompt election more likely
I20260709 12:12:56.529680 19556 raft_consensus.cc:740] T 0a6fdf7a2d92420dae8fd9db489948ae P a2a0987289534c4b8b966198e634df09 [term 0 FOLLOWER]: Becoming Follower/Learner. State: Replica: a2a0987289534c4b8b966198e634df09, State: Initialized, Role: FOLLOWER
I20260709 12:12:56.529042 19558 raft_consensus.cc:359] T 04009ee5d68a4c49be806d813937d1dd P f36ab173a94c4795ba669f8f4710ff96 [term 0 FOLLOWER]: Replica starting. Triggering 0 pending ops. Active config: opid_index: -1 OBSOLETE_local: false peers { permanent_uuid: "0099253b0cac4859a9b664d709947d2d" member_type: VOTER last_known_addr { host: "127.17.198.129" port: 44053 } } peers { permanent_uuid: "a2a0987289534c4b8b966198e634df09" member_type: VOTER last_known_addr { host: "127.17.198.130" port: 46107 } } peers { permanent_uuid: "f36ab173a94c4795ba669f8f4710ff96" member_type: VOTER last_known_addr { host: "127.17.198.131" port: 46763 } }
I20260709 12:12:56.530517 19556 consensus_queue.cc:260] T 0a6fdf7a2d92420dae8fd9db489948ae P a2a0987289534c4b8b966198e634df09 [NON_LEADER]: Queue going to NON_LEADER mode. State: All replicated index: 0, Majority replicated index: 0, Committed index: 0, Last appended: 0.0, Last appended by leader: 0, Current term: 0, Majority size: -1, State: 0, Mode: NON_LEADER, active raft config: opid_index: -1 OBSOLETE_local: false peers { permanent_uuid: "0099253b0cac4859a9b664d709947d2d" member_type: VOTER last_known_addr { host: "127.17.198.129" port: 44053 } } peers { permanent_uuid: "a2a0987289534c4b8b966198e634df09" member_type: VOTER last_known_addr { host: "127.17.198.130" port: 46107 } } peers { permanent_uuid: "f36ab173a94c4795ba669f8f4710ff96" member_type: VOTER last_known_addr { host: "127.17.198.131" port: 46763 } }
I20260709 12:12:56.536350 19629 consensus_queue.cc:1048] T eb504b76afe449008a51587992f09236 P a2a0987289534c4b8b966198e634df09 [LEADER]: Connected to new peer: Peer: permanent_uuid: "0099253b0cac4859a9b664d709947d2d" member_type: VOTER last_known_addr { host: "127.17.198.129" port: 44053 }, Status: LMP_MISMATCH, Last received: 0.0, Next index: 1, Last known committed idx: 0, Time since last communication: 0.000s
I20260709 12:12:56.538520 19365 raft_consensus.cc:2468] T f9643b31a8ce47789f201ded7f2f7655 P 0099253b0cac4859a9b664d709947d2d [term 1 FOLLOWER]: Leader election vote request: Granting yes vote for candidate f36ab173a94c4795ba669f8f4710ff96 in term 1.
I20260709 12:12:56.530378 19564 raft_consensus.cc:2804] T f9643b31a8ce47789f201ded7f2f7655 P f36ab173a94c4795ba669f8f4710ff96 [term 1 FOLLOWER]: Leader election won for term 1
I20260709 12:12:56.542393 19556 ts_tablet_manager.cc:1434] T 0a6fdf7a2d92420dae8fd9db489948ae P a2a0987289534c4b8b966198e634df09: Time spent starting tablet: real 0.027s	user 0.007s	sys 0.004s
I20260709 12:12:56.542747 19564 raft_consensus.cc:697] T f9643b31a8ce47789f201ded7f2f7655 P f36ab173a94c4795ba669f8f4710ff96 [term 1 LEADER]: Becoming Leader. State: Replica: f36ab173a94c4795ba669f8f4710ff96, State: Running, Role: LEADER
I20260709 12:12:56.543341 19556 tablet_bootstrap.cc:492] T 04009ee5d68a4c49be806d813937d1dd P a2a0987289534c4b8b966198e634df09: Bootstrap starting.
I20260709 12:12:56.530517 19558 raft_consensus.cc:385] T 04009ee5d68a4c49be806d813937d1dd P f36ab173a94c4795ba669f8f4710ff96 [term 0 FOLLOWER]: Consensus starting up: Expiring failure detector timer to make a prompt election more likely
I20260709 12:12:56.545518 19558 raft_consensus.cc:740] T 04009ee5d68a4c49be806d813937d1dd P f36ab173a94c4795ba669f8f4710ff96 [term 0 FOLLOWER]: Becoming Follower/Learner. State: Replica: f36ab173a94c4795ba669f8f4710ff96, State: Initialized, Role: FOLLOWER
I20260709 12:12:56.528275 19263 catalog_manager.cc:5697] T b627c0c504a34a5183fe5c973ae3b811 P 0099253b0cac4859a9b664d709947d2d reported cstate change: term changed from 0 to 1, leader changed from <none> to 0099253b0cac4859a9b664d709947d2d (127.17.198.129). New cstate: current_term: 1 leader_uuid: "0099253b0cac4859a9b664d709947d2d" committed_config { opid_index: -1 OBSOLETE_local: false peers { permanent_uuid: "0099253b0cac4859a9b664d709947d2d" member_type: VOTER last_known_addr { host: "127.17.198.129" port: 44053 } health_report { overall_health: HEALTHY } } peers { permanent_uuid: "a2a0987289534c4b8b966198e634df09" member_type: VOTER last_known_addr { host: "127.17.198.130" port: 46107 } health_report { overall_health: UNKNOWN } } peers { permanent_uuid: "f36ab173a94c4795ba669f8f4710ff96" member_type: VOTER last_known_addr { host: "127.17.198.131" port: 46763 } health_report { overall_health: UNKNOWN } } }
I20260709 12:12:56.568122 19558 consensus_queue.cc:260] T 04009ee5d68a4c49be806d813937d1dd P f36ab173a94c4795ba669f8f4710ff96 [NON_LEADER]: Queue going to NON_LEADER mode. State: All replicated index: 0, Majority replicated index: 0, Committed index: 0, Last appended: 0.0, Last appended by leader: 0, Current term: 0, Majority size: -1, State: 0, Mode: NON_LEADER, active raft config: opid_index: -1 OBSOLETE_local: false peers { permanent_uuid: "0099253b0cac4859a9b664d709947d2d" member_type: VOTER last_known_addr { host: "127.17.198.129" port: 44053 } } peers { permanent_uuid: "a2a0987289534c4b8b966198e634df09" member_type: VOTER last_known_addr { host: "127.17.198.130" port: 46107 } } peers { permanent_uuid: "f36ab173a94c4795ba669f8f4710ff96" member_type: VOTER last_known_addr { host: "127.17.198.131" port: 46763 } }
I20260709 12:12:56.543656 19629 raft_consensus.cc:493] T 0a6fdf7a2d92420dae8fd9db489948ae P a2a0987289534c4b8b966198e634df09 [term 0 FOLLOWER]: Starting pre-election (no leader contacted us within the election timeout)
I20260709 12:12:56.543599 19564 consensus_queue.cc:237] T f9643b31a8ce47789f201ded7f2f7655 P f36ab173a94c4795ba669f8f4710ff96 [LEADER]: Queue going to LEADER mode. State: All replicated index: 0, Majority replicated index: 0, Committed index: 0, Last appended: 0.0, Last appended by leader: 0, Current term: 1, Majority size: 2, State: 0, Mode: LEADER, active raft config: opid_index: -1 OBSOLETE_local: false peers { permanent_uuid: "0099253b0cac4859a9b664d709947d2d" member_type: VOTER last_known_addr { host: "127.17.198.129" port: 44053 } } peers { permanent_uuid: "a2a0987289534c4b8b966198e634df09" member_type: VOTER last_known_addr { host: "127.17.198.130" port: 46107 } } peers { permanent_uuid: "f36ab173a94c4795ba669f8f4710ff96" member_type: VOTER last_known_addr { host: "127.17.198.131" port: 46763 } }
I20260709 12:12:56.608527 19558 ts_tablet_manager.cc:1434] T 04009ee5d68a4c49be806d813937d1dd P f36ab173a94c4795ba669f8f4710ff96: Time spent starting tablet: real 0.090s	user 0.005s	sys 0.002s
I20260709 12:12:56.610204 19558 tablet_bootstrap.cc:492] T b66454d789e34e6a9bfbd66fe4addaba P f36ab173a94c4795ba669f8f4710ff96: Bootstrap starting.
I20260709 12:12:56.569192 19562 raft_consensus.cc:515] T 7dbfcab1464e4885a7384611c9434e6b P a2a0987289534c4b8b966198e634df09 [term 1 FOLLOWER]: Starting leader election with config: opid_index: -1 OBSOLETE_local: false peers { permanent_uuid: "0099253b0cac4859a9b664d709947d2d" member_type: VOTER last_known_addr { host: "127.17.198.129" port: 44053 } } peers { permanent_uuid: "a2a0987289534c4b8b966198e634df09" member_type: VOTER last_known_addr { host: "127.17.198.130" port: 46107 } } peers { permanent_uuid: "f36ab173a94c4795ba669f8f4710ff96" member_type: VOTER last_known_addr { host: "127.17.198.131" port: 46763 } }
I20260709 12:12:56.571317 19629 raft_consensus.cc:515] T 0a6fdf7a2d92420dae8fd9db489948ae P a2a0987289534c4b8b966198e634df09 [term 0 FOLLOWER]: Starting pre-election with config: opid_index: -1 OBSOLETE_local: false peers { permanent_uuid: "0099253b0cac4859a9b664d709947d2d" member_type: VOTER last_known_addr { host: "127.17.198.129" port: 44053 } } peers { permanent_uuid: "a2a0987289534c4b8b966198e634df09" member_type: VOTER last_known_addr { host: "127.17.198.130" port: 46107 } } peers { permanent_uuid: "f36ab173a94c4795ba669f8f4710ff96" member_type: VOTER last_known_addr { host: "127.17.198.131" port: 46763 } }
I20260709 12:12:56.620155 19629 leader_election.cc:290] T 0a6fdf7a2d92420dae8fd9db489948ae P a2a0987289534c4b8b966198e634df09 [CANDIDATE]: Term 1 pre-election: Requested pre-vote from peers 0099253b0cac4859a9b664d709947d2d (127.17.198.129:44053), f36ab173a94c4795ba669f8f4710ff96 (127.17.198.131:46763)
I20260709 12:12:56.620841 19555 tablet_bootstrap.cc:654] T 043fa00cd8244c1fbbaac9a7a727f3f1 P 0099253b0cac4859a9b664d709947d2d: Neither blocks nor log segments found. Creating new log.
I20260709 12:12:56.617030 19584 consensus_queue.cc:1048] T a68027fa48a445b4976da4feced90d74 P 0099253b0cac4859a9b664d709947d2d [LEADER]: Connected to new peer: Peer: permanent_uuid: "f36ab173a94c4795ba669f8f4710ff96" member_type: VOTER last_known_addr { host: "127.17.198.131" port: 46763 }, Status: LMP_MISMATCH, Last received: 0.0, Next index: 1, Last known committed idx: 0, Time since last communication: 0.002s
I20260709 12:12:56.632714 19582 consensus_queue.cc:1048] T d9acd486784d4862979a7023acec09e1 P f36ab173a94c4795ba669f8f4710ff96 [LEADER]: Connected to new peer: Peer: permanent_uuid: "0099253b0cac4859a9b664d709947d2d" member_type: VOTER last_known_addr { host: "127.17.198.129" port: 44053 }, Status: LMP_MISMATCH, Last received: 0.0, Next index: 1, Last known committed idx: 0, Time since last communication: 0.002s
I20260709 12:12:56.635169 19641 raft_consensus.cc:493] T 0a6fdf7a2d92420dae8fd9db489948ae P f36ab173a94c4795ba669f8f4710ff96 [term 0 FOLLOWER]: Starting pre-election (no leader contacted us within the election timeout)
I20260709 12:12:56.630334 19364 tablet_service.cc:1917] Received RequestConsensusVote() RPC: tablet_id: "0a6fdf7a2d92420dae8fd9db489948ae" candidate_uuid: "a2a0987289534c4b8b966198e634df09" candidate_term: 1 candidate_status { last_received { term: 0 index: 0 } } ignore_live_leader: false dest_uuid: "0099253b0cac4859a9b664d709947d2d" is_pre_election: true
I20260709 12:12:56.636587 19655 consensus_queue.cc:1048] T a68027fa48a445b4976da4feced90d74 P 0099253b0cac4859a9b664d709947d2d [LEADER]: Connected to new peer: Peer: permanent_uuid: "a2a0987289534c4b8b966198e634df09" member_type: VOTER last_known_addr { host: "127.17.198.130" port: 46107 }, Status: LMP_MISMATCH, Last received: 0.0, Next index: 1, Last known committed idx: 0, Time since last communication: 0.001s
I20260709 12:12:56.637286 19641 raft_consensus.cc:515] T 0a6fdf7a2d92420dae8fd9db489948ae P f36ab173a94c4795ba669f8f4710ff96 [term 0 FOLLOWER]: Starting pre-election with config: opid_index: -1 OBSOLETE_local: false peers { permanent_uuid: "0099253b0cac4859a9b664d709947d2d" member_type: VOTER last_known_addr { host: "127.17.198.129" port: 44053 } } peers { permanent_uuid: "a2a0987289534c4b8b966198e634df09" member_type: VOTER last_known_addr { host: "127.17.198.130" port: 46107 } } peers { permanent_uuid: "f36ab173a94c4795ba669f8f4710ff96" member_type: VOTER last_known_addr { host: "127.17.198.131" port: 46763 } }
I20260709 12:12:56.637705 19364 raft_consensus.cc:2468] T 0a6fdf7a2d92420dae8fd9db489948ae P 0099253b0cac4859a9b664d709947d2d [term 0 FOLLOWER]: Leader pre-election vote request: Granting yes vote for candidate a2a0987289534c4b8b966198e634df09 in term 0.
I20260709 12:12:56.638754 19562 leader_election.cc:290] T 7dbfcab1464e4885a7384611c9434e6b P a2a0987289534c4b8b966198e634df09 [CANDIDATE]: Term 1 election: Requested vote from peers 0099253b0cac4859a9b664d709947d2d (127.17.198.129:44053), f36ab173a94c4795ba669f8f4710ff96 (127.17.198.131:46763)
I20260709 12:12:56.639513 19641 leader_election.cc:290] T 0a6fdf7a2d92420dae8fd9db489948ae P f36ab173a94c4795ba669f8f4710ff96 [CANDIDATE]: Term 1 pre-election: Requested pre-vote from peers 0099253b0cac4859a9b664d709947d2d (127.17.198.129:44053), a2a0987289534c4b8b966198e634df09 (127.17.198.130:46107)
I20260709 12:12:56.635869 19516 tablet_service.cc:1917] Received RequestConsensusVote() RPC: tablet_id: "0a6fdf7a2d92420dae8fd9db489948ae" candidate_uuid: "a2a0987289534c4b8b966198e634df09" candidate_term: 1 candidate_status { last_received { term: 0 index: 0 } } ignore_live_leader: false dest_uuid: "f36ab173a94c4795ba669f8f4710ff96" is_pre_election: true
I20260709 12:12:56.642737 19516 raft_consensus.cc:2468] T 0a6fdf7a2d92420dae8fd9db489948ae P f36ab173a94c4795ba669f8f4710ff96 [term 0 FOLLOWER]: Leader pre-election vote request: Granting yes vote for candidate a2a0987289534c4b8b966198e634df09 in term 0.
I20260709 12:12:56.642867 19514 tablet_service.cc:1917] Received RequestConsensusVote() RPC: tablet_id: "7dbfcab1464e4885a7384611c9434e6b" candidate_uuid: "a2a0987289534c4b8b966198e634df09" candidate_term: 1 candidate_status { last_received { term: 0 index: 0 } } ignore_live_leader: false dest_uuid: "f36ab173a94c4795ba669f8f4710ff96"
I20260709 12:12:56.643442 19514 raft_consensus.cc:3060] T 7dbfcab1464e4885a7384611c9434e6b P f36ab173a94c4795ba669f8f4710ff96 [term 0 FOLLOWER]: Advancing to term 1
I20260709 12:12:56.649788 19406 leader_election.cc:304] T 0a6fdf7a2d92420dae8fd9db489948ae P a2a0987289534c4b8b966198e634df09 [CANDIDATE]: Term 1 pre-election: Election decided. Result: candidate won. Election summary: received 2 responses out of 3 voters: 2 yes votes; 0 no votes. yes voters: 0099253b0cac4859a9b664d709947d2d, a2a0987289534c4b8b966198e634df09; no voters: 
I20260709 12:12:56.649322 19367 tablet_service.cc:1917] Received RequestConsensusVote() RPC: tablet_id: "7dbfcab1464e4885a7384611c9434e6b" candidate_uuid: "a2a0987289534c4b8b966198e634df09" candidate_term: 1 candidate_status { last_received { term: 0 index: 0 } } ignore_live_leader: false dest_uuid: "0099253b0cac4859a9b664d709947d2d"
I20260709 12:12:56.651051 19685 raft_consensus.cc:2804] T 0a6fdf7a2d92420dae8fd9db489948ae P a2a0987289534c4b8b966198e634df09 [term 0 FOLLOWER]: Leader pre-election won for term 1
I20260709 12:12:56.651383 19685 raft_consensus.cc:493] T 0a6fdf7a2d92420dae8fd9db489948ae P a2a0987289534c4b8b966198e634df09 [term 0 FOLLOWER]: Starting leader election (no leader contacted us within the election timeout)
I20260709 12:12:56.651710 19685 raft_consensus.cc:3060] T 0a6fdf7a2d92420dae8fd9db489948ae P a2a0987289534c4b8b966198e634df09 [term 0 FOLLOWER]: Advancing to term 1
I20260709 12:12:56.651728 19556 tablet_bootstrap.cc:654] T 04009ee5d68a4c49be806d813937d1dd P a2a0987289534c4b8b966198e634df09: Neither blocks nor log segments found. Creating new log.
W20260709 12:12:56.656509 19406 leader_election.cc:343] T 7dbfcab1464e4885a7384611c9434e6b P a2a0987289534c4b8b966198e634df09 [CANDIDATE]: Term 1 election: Tablet error from VoteRequest() call to peer 0099253b0cac4859a9b664d709947d2d (127.17.198.129:44053): Illegal state: must be running to vote when last-logged opid is not known
I20260709 12:12:56.662812 19439 tablet_service.cc:1917] Received RequestConsensusVote() RPC: tablet_id: "0a6fdf7a2d92420dae8fd9db489948ae" candidate_uuid: "f36ab173a94c4795ba669f8f4710ff96" candidate_term: 1 candidate_status { last_received { term: 0 index: 0 } } ignore_live_leader: false dest_uuid: "a2a0987289534c4b8b966198e634df09" is_pre_election: true
I20260709 12:12:56.667090 19367 tablet_service.cc:1917] Received RequestConsensusVote() RPC: tablet_id: "0a6fdf7a2d92420dae8fd9db489948ae" candidate_uuid: "f36ab173a94c4795ba669f8f4710ff96" candidate_term: 1 candidate_status { last_received { term: 0 index: 0 } } ignore_live_leader: false dest_uuid: "0099253b0cac4859a9b664d709947d2d" is_pre_election: true
I20260709 12:12:56.669545 19367 raft_consensus.cc:2468] T 0a6fdf7a2d92420dae8fd9db489948ae P 0099253b0cac4859a9b664d709947d2d [term 0 FOLLOWER]: Leader pre-election vote request: Granting yes vote for candidate f36ab173a94c4795ba669f8f4710ff96 in term 0.
I20260709 12:12:56.668727 19685 raft_consensus.cc:515] T 0a6fdf7a2d92420dae8fd9db489948ae P a2a0987289534c4b8b966198e634df09 [term 1 FOLLOWER]: Starting leader election with config: opid_index: -1 OBSOLETE_local: false peers { permanent_uuid: "0099253b0cac4859a9b664d709947d2d" member_type: VOTER last_known_addr { host: "127.17.198.129" port: 44053 } } peers { permanent_uuid: "a2a0987289534c4b8b966198e634df09" member_type: VOTER last_known_addr { host: "127.17.198.130" port: 46107 } } peers { permanent_uuid: "f36ab173a94c4795ba669f8f4710ff96" member_type: VOTER last_known_addr { host: "127.17.198.131" port: 46763 } }
I20260709 12:12:56.675377 19439 raft_consensus.cc:2393] T 0a6fdf7a2d92420dae8fd9db489948ae P a2a0987289534c4b8b966198e634df09 [term 1 FOLLOWER]: Leader pre-election vote request: Denying vote to candidate f36ab173a94c4795ba669f8f4710ff96 in current term 1: Already voted for candidate a2a0987289534c4b8b966198e634df09 in this term.
I20260709 12:12:56.675771 19685 leader_election.cc:290] T 0a6fdf7a2d92420dae8fd9db489948ae P a2a0987289534c4b8b966198e634df09 [CANDIDATE]: Term 1 election: Requested vote from peers 0099253b0cac4859a9b664d709947d2d (127.17.198.129:44053), f36ab173a94c4795ba669f8f4710ff96 (127.17.198.131:46763)
I20260709 12:12:56.675747 19514 raft_consensus.cc:2468] T 7dbfcab1464e4885a7384611c9434e6b P f36ab173a94c4795ba669f8f4710ff96 [term 1 FOLLOWER]: Leader election vote request: Granting yes vote for candidate a2a0987289534c4b8b966198e634df09 in term 1.
I20260709 12:12:56.676604 19582 consensus_queue.cc:1048] T d9acd486784d4862979a7023acec09e1 P f36ab173a94c4795ba669f8f4710ff96 [LEADER]: Connected to new peer: Peer: permanent_uuid: "a2a0987289534c4b8b966198e634df09" member_type: VOTER last_known_addr { host: "127.17.198.130" port: 46107 }, Status: LMP_MISMATCH, Last received: 0.0, Next index: 1, Last known committed idx: 0, Time since last communication: 0.002s
I20260709 12:12:56.688382 19480 leader_election.cc:304] T 0a6fdf7a2d92420dae8fd9db489948ae P f36ab173a94c4795ba669f8f4710ff96 [CANDIDATE]: Term 1 pre-election: Election decided. Result: candidate won. Election summary: received 2 responses out of 3 voters: 2 yes votes; 0 no votes. yes voters: 0099253b0cac4859a9b664d709947d2d, f36ab173a94c4795ba669f8f4710ff96; no voters: 
I20260709 12:12:56.689227 19582 raft_consensus.cc:2804] T 0a6fdf7a2d92420dae8fd9db489948ae P f36ab173a94c4795ba669f8f4710ff96 [term 0 FOLLOWER]: Leader pre-election won for term 1
I20260709 12:12:56.689679 19582 raft_consensus.cc:493] T 0a6fdf7a2d92420dae8fd9db489948ae P f36ab173a94c4795ba669f8f4710ff96 [term 0 FOLLOWER]: Starting leader election (no leader contacted us within the election timeout)
I20260709 12:12:56.690080 19582 raft_consensus.cc:3060] T 0a6fdf7a2d92420dae8fd9db489948ae P f36ab173a94c4795ba669f8f4710ff96 [term 0 FOLLOWER]: Advancing to term 1
I20260709 12:12:56.691762 19406 leader_election.cc:304] T 7dbfcab1464e4885a7384611c9434e6b P a2a0987289534c4b8b966198e634df09 [CANDIDATE]: Term 1 election: Election decided. Result: candidate won. Election summary: received 3 responses out of 3 voters: 2 yes votes; 1 no votes. yes voters: a2a0987289534c4b8b966198e634df09, f36ab173a94c4795ba669f8f4710ff96; no voters: 0099253b0cac4859a9b664d709947d2d
I20260709 12:12:56.692144 19558 tablet_bootstrap.cc:654] T b66454d789e34e6a9bfbd66fe4addaba P f36ab173a94c4795ba669f8f4710ff96: Neither blocks nor log segments found. Creating new log.
I20260709 12:12:56.692857 19685 raft_consensus.cc:2804] T 7dbfcab1464e4885a7384611c9434e6b P a2a0987289534c4b8b966198e634df09 [term 1 FOLLOWER]: Leader election won for term 1
I20260709 12:12:56.693507 19685 raft_consensus.cc:697] T 7dbfcab1464e4885a7384611c9434e6b P a2a0987289534c4b8b966198e634df09 [term 1 LEADER]: Becoming Leader. State: Replica: a2a0987289534c4b8b966198e634df09, State: Running, Role: LEADER
I20260709 12:12:56.693799 19366 tablet_service.cc:1917] Received RequestConsensusVote() RPC: tablet_id: "0a6fdf7a2d92420dae8fd9db489948ae" candidate_uuid: "a2a0987289534c4b8b966198e634df09" candidate_term: 1 candidate_status { last_received { term: 0 index: 0 } } ignore_live_leader: false dest_uuid: "0099253b0cac4859a9b664d709947d2d"
I20260709 12:12:56.694417 19366 raft_consensus.cc:3060] T 0a6fdf7a2d92420dae8fd9db489948ae P 0099253b0cac4859a9b664d709947d2d [term 0 FOLLOWER]: Advancing to term 1
I20260709 12:12:56.702924 19514 tablet_service.cc:1917] Received RequestConsensusVote() RPC: tablet_id: "0a6fdf7a2d92420dae8fd9db489948ae" candidate_uuid: "a2a0987289534c4b8b966198e634df09" candidate_term: 1 candidate_status { last_received { term: 0 index: 0 } } ignore_live_leader: false dest_uuid: "f36ab173a94c4795ba669f8f4710ff96"
I20260709 12:12:56.703050 19582 raft_consensus.cc:515] T 0a6fdf7a2d92420dae8fd9db489948ae P f36ab173a94c4795ba669f8f4710ff96 [term 1 FOLLOWER]: Starting leader election with config: opid_index: -1 OBSOLETE_local: false peers { permanent_uuid: "0099253b0cac4859a9b664d709947d2d" member_type: VOTER last_known_addr { host: "127.17.198.129" port: 44053 } } peers { permanent_uuid: "a2a0987289534c4b8b966198e634df09" member_type: VOTER last_known_addr { host: "127.17.198.130" port: 46107 } } peers { permanent_uuid: "f36ab173a94c4795ba669f8f4710ff96" member_type: VOTER last_known_addr { host: "127.17.198.131" port: 46763 } }
I20260709 12:12:56.711199 19582 leader_election.cc:290] T 0a6fdf7a2d92420dae8fd9db489948ae P f36ab173a94c4795ba669f8f4710ff96 [CANDIDATE]: Term 1 election: Requested vote from peers 0099253b0cac4859a9b664d709947d2d (127.17.198.129:44053), a2a0987289534c4b8b966198e634df09 (127.17.198.130:46107)
I20260709 12:12:56.694377 19685 consensus_queue.cc:237] T 7dbfcab1464e4885a7384611c9434e6b P a2a0987289534c4b8b966198e634df09 [LEADER]: Queue going to LEADER mode. State: All replicated index: 0, Majority replicated index: 0, Committed index: 0, Last appended: 0.0, Last appended by leader: 0, Current term: 1, Majority size: 2, State: 0, Mode: LEADER, active raft config: opid_index: -1 OBSOLETE_local: false peers { permanent_uuid: "0099253b0cac4859a9b664d709947d2d" member_type: VOTER last_known_addr { host: "127.17.198.129" port: 44053 } } peers { permanent_uuid: "a2a0987289534c4b8b966198e634df09" member_type: VOTER last_known_addr { host: "127.17.198.130" port: 46107 } } peers { permanent_uuid: "f36ab173a94c4795ba669f8f4710ff96" member_type: VOTER last_known_addr { host: "127.17.198.131" port: 46763 } }
I20260709 12:12:56.711808 19514 raft_consensus.cc:2393] T 0a6fdf7a2d92420dae8fd9db489948ae P f36ab173a94c4795ba669f8f4710ff96 [term 1 FOLLOWER]: Leader election vote request: Denying vote to candidate a2a0987289534c4b8b966198e634df09 in current term 1: Already voted for candidate f36ab173a94c4795ba669f8f4710ff96 in this term.
I20260709 12:12:56.717835 19365 tablet_service.cc:1917] Received RequestConsensusVote() RPC: tablet_id: "0a6fdf7a2d92420dae8fd9db489948ae" candidate_uuid: "f36ab173a94c4795ba669f8f4710ff96" candidate_term: 1 candidate_status { last_received { term: 0 index: 0 } } ignore_live_leader: false dest_uuid: "0099253b0cac4859a9b664d709947d2d"
I20260709 12:12:56.718356 19438 tablet_service.cc:1917] Received RequestConsensusVote() RPC: tablet_id: "0a6fdf7a2d92420dae8fd9db489948ae" candidate_uuid: "f36ab173a94c4795ba669f8f4710ff96" candidate_term: 1 candidate_status { last_received { term: 0 index: 0 } } ignore_live_leader: false dest_uuid: "a2a0987289534c4b8b966198e634df09"
I20260709 12:12:56.719064 19438 raft_consensus.cc:2393] T 0a6fdf7a2d92420dae8fd9db489948ae P a2a0987289534c4b8b966198e634df09 [term 1 FOLLOWER]: Leader election vote request: Denying vote to candidate f36ab173a94c4795ba669f8f4710ff96 in current term 1: Already voted for candidate a2a0987289534c4b8b966198e634df09 in this term.
I20260709 12:12:56.723361 19480 leader_election.cc:304] T 0a6fdf7a2d92420dae8fd9db489948ae P f36ab173a94c4795ba669f8f4710ff96 [CANDIDATE]: Term 1 election: Election decided. Result: candidate lost. Election summary: received 3 responses out of 3 voters: 1 yes votes; 2 no votes. yes voters: f36ab173a94c4795ba669f8f4710ff96; no voters: 0099253b0cac4859a9b664d709947d2d, a2a0987289534c4b8b966198e634df09
I20260709 12:12:56.724414 19582 raft_consensus.cc:2749] T 0a6fdf7a2d92420dae8fd9db489948ae P f36ab173a94c4795ba669f8f4710ff96 [term 1 FOLLOWER]: Leader election lost for term 1. Reason: could not achieve majority
I20260709 12:12:56.728173 19366 raft_consensus.cc:2468] T 0a6fdf7a2d92420dae8fd9db489948ae P 0099253b0cac4859a9b664d709947d2d [term 1 FOLLOWER]: Leader election vote request: Granting yes vote for candidate a2a0987289534c4b8b966198e634df09 in term 1.
I20260709 12:12:56.729393 19406 leader_election.cc:304] T 0a6fdf7a2d92420dae8fd9db489948ae P a2a0987289534c4b8b966198e634df09 [CANDIDATE]: Term 1 election: Election decided. Result: candidate won. Election summary: received 3 responses out of 3 voters: 2 yes votes; 1 no votes. yes voters: 0099253b0cac4859a9b664d709947d2d, a2a0987289534c4b8b966198e634df09; no voters: f36ab173a94c4795ba669f8f4710ff96
I20260709 12:12:56.730731 19562 raft_consensus.cc:2804] T 0a6fdf7a2d92420dae8fd9db489948ae P a2a0987289534c4b8b966198e634df09 [term 1 FOLLOWER]: Leader election won for term 1
I20260709 12:12:56.734913 19562 raft_consensus.cc:697] T 0a6fdf7a2d92420dae8fd9db489948ae P a2a0987289534c4b8b966198e634df09 [term 1 LEADER]: Becoming Leader. State: Replica: a2a0987289534c4b8b966198e634df09, State: Running, Role: LEADER
I20260709 12:12:56.734225 19263 catalog_manager.cc:5697] T f9643b31a8ce47789f201ded7f2f7655 P f36ab173a94c4795ba669f8f4710ff96 reported cstate change: term changed from 0 to 1, leader changed from <none> to f36ab173a94c4795ba669f8f4710ff96 (127.17.198.131). New cstate: current_term: 1 leader_uuid: "f36ab173a94c4795ba669f8f4710ff96" committed_config { opid_index: -1 OBSOLETE_local: false peers { permanent_uuid: "0099253b0cac4859a9b664d709947d2d" member_type: VOTER last_known_addr { host: "127.17.198.129" port: 44053 } health_report { overall_health: UNKNOWN } } peers { permanent_uuid: "a2a0987289534c4b8b966198e634df09" member_type: VOTER last_known_addr { host: "127.17.198.130" port: 46107 } health_report { overall_health: UNKNOWN } } peers { permanent_uuid: "f36ab173a94c4795ba669f8f4710ff96" member_type: VOTER last_known_addr { host: "127.17.198.131" port: 46763 } health_report { overall_health: HEALTHY } } }
I20260709 12:12:56.735775 19562 consensus_queue.cc:237] T 0a6fdf7a2d92420dae8fd9db489948ae P a2a0987289534c4b8b966198e634df09 [LEADER]: Queue going to LEADER mode. State: All replicated index: 0, Majority replicated index: 0, Committed index: 0, Last appended: 0.0, Last appended by leader: 0, Current term: 1, Majority size: 2, State: 0, Mode: LEADER, active raft config: opid_index: -1 OBSOLETE_local: false peers { permanent_uuid: "0099253b0cac4859a9b664d709947d2d" member_type: VOTER last_known_addr { host: "127.17.198.129" port: 44053 } } peers { permanent_uuid: "a2a0987289534c4b8b966198e634df09" member_type: VOTER last_known_addr { host: "127.17.198.130" port: 46107 } } peers { permanent_uuid: "f36ab173a94c4795ba669f8f4710ff96" member_type: VOTER last_known_addr { host: "127.17.198.131" port: 46763 } }
I20260709 12:12:56.745870 19263 catalog_manager.cc:5697] T 69cb04c8e5544f28879561cffc9197c3 P f36ab173a94c4795ba669f8f4710ff96 reported cstate change: term changed from 0 to 1, leader changed from <none> to f36ab173a94c4795ba669f8f4710ff96 (127.17.198.131). New cstate: current_term: 1 leader_uuid: "f36ab173a94c4795ba669f8f4710ff96" committed_config { opid_index: -1 OBSOLETE_local: false peers { permanent_uuid: "0099253b0cac4859a9b664d709947d2d" member_type: VOTER last_known_addr { host: "127.17.198.129" port: 44053 } health_report { overall_health: UNKNOWN } } peers { permanent_uuid: "a2a0987289534c4b8b966198e634df09" member_type: VOTER last_known_addr { host: "127.17.198.130" port: 46107 } health_report { overall_health: UNKNOWN } } peers { permanent_uuid: "f36ab173a94c4795ba669f8f4710ff96" member_type: VOTER last_known_addr { host: "127.17.198.131" port: 46763 } health_report { overall_health: HEALTHY } } }
I20260709 12:12:56.759405 19555 tablet_bootstrap.cc:492] T 043fa00cd8244c1fbbaac9a7a727f3f1 P 0099253b0cac4859a9b664d709947d2d: No bootstrap required, opened a new log
I20260709 12:12:56.759922 19555 ts_tablet_manager.cc:1403] T 043fa00cd8244c1fbbaac9a7a727f3f1 P 0099253b0cac4859a9b664d709947d2d: Time spent bootstrapping tablet: real 0.278s	user 0.001s	sys 0.018s
I20260709 12:12:56.762583 19555 raft_consensus.cc:359] T 043fa00cd8244c1fbbaac9a7a727f3f1 P 0099253b0cac4859a9b664d709947d2d [term 0 FOLLOWER]: Replica starting. Triggering 0 pending ops. Active config: opid_index: -1 OBSOLETE_local: false peers { permanent_uuid: "0099253b0cac4859a9b664d709947d2d" member_type: VOTER last_known_addr { host: "127.17.198.129" port: 44053 } } peers { permanent_uuid: "a2a0987289534c4b8b966198e634df09" member_type: VOTER last_known_addr { host: "127.17.198.130" port: 46107 } } peers { permanent_uuid: "f36ab173a94c4795ba669f8f4710ff96" member_type: VOTER last_known_addr { host: "127.17.198.131" port: 46763 } }
I20260709 12:12:56.763073 19555 raft_consensus.cc:385] T 043fa00cd8244c1fbbaac9a7a727f3f1 P 0099253b0cac4859a9b664d709947d2d [term 0 FOLLOWER]: Consensus starting up: Expiring failure detector timer to make a prompt election more likely
I20260709 12:12:56.763286 19555 raft_consensus.cc:740] T 043fa00cd8244c1fbbaac9a7a727f3f1 P 0099253b0cac4859a9b664d709947d2d [term 0 FOLLOWER]: Becoming Follower/Learner. State: Replica: 0099253b0cac4859a9b664d709947d2d, State: Initialized, Role: FOLLOWER
I20260709 12:12:56.763839 19555 consensus_queue.cc:260] T 043fa00cd8244c1fbbaac9a7a727f3f1 P 0099253b0cac4859a9b664d709947d2d [NON_LEADER]: Queue going to NON_LEADER mode. State: All replicated index: 0, Majority replicated index: 0, Committed index: 0, Last appended: 0.0, Last appended by leader: 0, Current term: 0, Majority size: -1, State: 0, Mode: NON_LEADER, active raft config: opid_index: -1 OBSOLETE_local: false peers { permanent_uuid: "0099253b0cac4859a9b664d709947d2d" member_type: VOTER last_known_addr { host: "127.17.198.129" port: 44053 } } peers { permanent_uuid: "a2a0987289534c4b8b966198e634df09" member_type: VOTER last_known_addr { host: "127.17.198.130" port: 46107 } } peers { permanent_uuid: "f36ab173a94c4795ba669f8f4710ff96" member_type: VOTER last_known_addr { host: "127.17.198.131" port: 46763 } }
I20260709 12:12:56.765396 19555 ts_tablet_manager.cc:1434] T 043fa00cd8244c1fbbaac9a7a727f3f1 P 0099253b0cac4859a9b664d709947d2d: Time spent starting tablet: real 0.005s	user 0.000s	sys 0.002s
I20260709 12:12:56.766085 19555 tablet_bootstrap.cc:492] T 58a70c48bfac417084a1fc4eb82cc1b6 P 0099253b0cac4859a9b664d709947d2d: Bootstrap starting.
I20260709 12:12:56.771941 19264 catalog_manager.cc:5697] T 7dbfcab1464e4885a7384611c9434e6b P a2a0987289534c4b8b966198e634df09 reported cstate change: term changed from 0 to 1, leader changed from <none> to a2a0987289534c4b8b966198e634df09 (127.17.198.130). New cstate: current_term: 1 leader_uuid: "a2a0987289534c4b8b966198e634df09" committed_config { opid_index: -1 OBSOLETE_local: false peers { permanent_uuid: "0099253b0cac4859a9b664d709947d2d" member_type: VOTER last_known_addr { host: "127.17.198.129" port: 44053 } health_report { overall_health: UNKNOWN } } peers { permanent_uuid: "a2a0987289534c4b8b966198e634df09" member_type: VOTER last_known_addr { host: "127.17.198.130" port: 46107 } health_report { overall_health: HEALTHY } } peers { permanent_uuid: "f36ab173a94c4795ba669f8f4710ff96" member_type: VOTER last_known_addr { host: "127.17.198.131" port: 46763 } health_report { overall_health: UNKNOWN } } }
I20260709 12:12:56.775550 19556 tablet_bootstrap.cc:492] T 04009ee5d68a4c49be806d813937d1dd P a2a0987289534c4b8b966198e634df09: No bootstrap required, opened a new log
I20260709 12:12:56.775985 19556 ts_tablet_manager.cc:1403] T 04009ee5d68a4c49be806d813937d1dd P a2a0987289534c4b8b966198e634df09: Time spent bootstrapping tablet: real 0.233s	user 0.032s	sys 0.010s
I20260709 12:12:56.778138 19556 raft_consensus.cc:359] T 04009ee5d68a4c49be806d813937d1dd P a2a0987289534c4b8b966198e634df09 [term 0 FOLLOWER]: Replica starting. Triggering 0 pending ops. Active config: opid_index: -1 OBSOLETE_local: false peers { permanent_uuid: "0099253b0cac4859a9b664d709947d2d" member_type: VOTER last_known_addr { host: "127.17.198.129" port: 44053 } } peers { permanent_uuid: "a2a0987289534c4b8b966198e634df09" member_type: VOTER last_known_addr { host: "127.17.198.130" port: 46107 } } peers { permanent_uuid: "f36ab173a94c4795ba669f8f4710ff96" member_type: VOTER last_known_addr { host: "127.17.198.131" port: 46763 } }
I20260709 12:12:56.781131 19556 raft_consensus.cc:385] T 04009ee5d68a4c49be806d813937d1dd P a2a0987289534c4b8b966198e634df09 [term 0 FOLLOWER]: Consensus starting up: Expiring failure detector timer to make a prompt election more likely
I20260709 12:12:56.781410 19556 raft_consensus.cc:740] T 04009ee5d68a4c49be806d813937d1dd P a2a0987289534c4b8b966198e634df09 [term 0 FOLLOWER]: Becoming Follower/Learner. State: Replica: a2a0987289534c4b8b966198e634df09, State: Initialized, Role: FOLLOWER
I20260709 12:12:56.782136 19556 consensus_queue.cc:260] T 04009ee5d68a4c49be806d813937d1dd P a2a0987289534c4b8b966198e634df09 [NON_LEADER]: Queue going to NON_LEADER mode. State: All replicated index: 0, Majority replicated index: 0, Committed index: 0, Last appended: 0.0, Last appended by leader: 0, Current term: 0, Majority size: -1, State: 0, Mode: NON_LEADER, active raft config: opid_index: -1 OBSOLETE_local: false peers { permanent_uuid: "0099253b0cac4859a9b664d709947d2d" member_type: VOTER last_known_addr { host: "127.17.198.129" port: 44053 } } peers { permanent_uuid: "a2a0987289534c4b8b966198e634df09" member_type: VOTER last_known_addr { host: "127.17.198.130" port: 46107 } } peers { permanent_uuid: "f36ab173a94c4795ba669f8f4710ff96" member_type: VOTER last_known_addr { host: "127.17.198.131" port: 46763 } }
I20260709 12:12:56.784668 19555 tablet_bootstrap.cc:654] T 58a70c48bfac417084a1fc4eb82cc1b6 P 0099253b0cac4859a9b664d709947d2d: Neither blocks nor log segments found. Creating new log.
I20260709 12:12:56.788861 19556 ts_tablet_manager.cc:1434] T 04009ee5d68a4c49be806d813937d1dd P a2a0987289534c4b8b966198e634df09: Time spent starting tablet: real 0.013s	user 0.007s	sys 0.000s
I20260709 12:12:56.789798 19556 tablet_bootstrap.cc:492] T 258e8bdf836d48a7bc88ba273b471233 P a2a0987289534c4b8b966198e634df09: Bootstrap starting.
I20260709 12:12:56.790385 19558 tablet_bootstrap.cc:492] T b66454d789e34e6a9bfbd66fe4addaba P f36ab173a94c4795ba669f8f4710ff96: No bootstrap required, opened a new log
I20260709 12:12:56.790818 19558 ts_tablet_manager.cc:1403] T b66454d789e34e6a9bfbd66fe4addaba P f36ab173a94c4795ba669f8f4710ff96: Time spent bootstrapping tablet: real 0.181s	user 0.011s	sys 0.028s
I20260709 12:12:56.793430 19558 raft_consensus.cc:359] T b66454d789e34e6a9bfbd66fe4addaba P f36ab173a94c4795ba669f8f4710ff96 [term 0 FOLLOWER]: Replica starting. Triggering 0 pending ops. Active config: opid_index: -1 OBSOLETE_local: false peers { permanent_uuid: "0099253b0cac4859a9b664d709947d2d" member_type: VOTER last_known_addr { host: "127.17.198.129" port: 44053 } } peers { permanent_uuid: "a2a0987289534c4b8b966198e634df09" member_type: VOTER last_known_addr { host: "127.17.198.130" port: 46107 } } peers { permanent_uuid: "f36ab173a94c4795ba669f8f4710ff96" member_type: VOTER last_known_addr { host: "127.17.198.131" port: 46763 } }
I20260709 12:12:56.794116 19558 raft_consensus.cc:385] T b66454d789e34e6a9bfbd66fe4addaba P f36ab173a94c4795ba669f8f4710ff96 [term 0 FOLLOWER]: Consensus starting up: Expiring failure detector timer to make a prompt election more likely
I20260709 12:12:56.794399 19558 raft_consensus.cc:740] T b66454d789e34e6a9bfbd66fe4addaba P f36ab173a94c4795ba669f8f4710ff96 [term 0 FOLLOWER]: Becoming Follower/Learner. State: Replica: f36ab173a94c4795ba669f8f4710ff96, State: Initialized, Role: FOLLOWER
I20260709 12:12:56.795358 19556 tablet_bootstrap.cc:654] T 258e8bdf836d48a7bc88ba273b471233 P a2a0987289534c4b8b966198e634df09: Neither blocks nor log segments found. Creating new log.
I20260709 12:12:56.795040 19558 consensus_queue.cc:260] T b66454d789e34e6a9bfbd66fe4addaba P f36ab173a94c4795ba669f8f4710ff96 [NON_LEADER]: Queue going to NON_LEADER mode. State: All replicated index: 0, Majority replicated index: 0, Committed index: 0, Last appended: 0.0, Last appended by leader: 0, Current term: 0, Majority size: -1, State: 0, Mode: NON_LEADER, active raft config: opid_index: -1 OBSOLETE_local: false peers { permanent_uuid: "0099253b0cac4859a9b664d709947d2d" member_type: VOTER last_known_addr { host: "127.17.198.129" port: 44053 } } peers { permanent_uuid: "a2a0987289534c4b8b966198e634df09" member_type: VOTER last_known_addr { host: "127.17.198.130" port: 46107 } } peers { permanent_uuid: "f36ab173a94c4795ba669f8f4710ff96" member_type: VOTER last_known_addr { host: "127.17.198.131" port: 46763 } }
