W20260709 12:09:07.512432 28718 debug-util.cc:398] Leaking SignalData structure 0x7b08000b58c0 after lost signal to thread 28870
I20260709 12:09:07.755178 28023 auto_leader_rebalancer-test.cc:399] The leader distribution is 
I20260709 12:09:07.756084 28023 auto_leader_rebalancer.cc:141] leader rebalance for table test-workload
I20260709 12:09:07.764560 28697 tablet_service.cc:2072] Received LeaderStepDown RPC: tablet_id: "276e836486544f2aafe46bf749974382"
dest_uuid: "5fbb57d155ce4058b65518f08fd496e8"
mode: GRACEFUL
new_leader_uuid: "5bac3c7ed8e24d75a0d85e74f0af3ab0"
 from {username='slave'} at 127.0.0.1:54944
I20260709 12:09:07.765307 28697 raft_consensus.cc:606] T 276e836486544f2aafe46bf749974382 P 5fbb57d155ce4058b65518f08fd496e8 [term 3 LEADER]: Received request to transfer leadership to TS 5bac3c7ed8e24d75a0d85e74f0af3ab0
I20260709 12:09:07.769064 28697 tablet_service.cc:2072] Received LeaderStepDown RPC: tablet_id: "5d872b56b8e246d78f5a3e6b0219ac36"
dest_uuid: "5fbb57d155ce4058b65518f08fd496e8"
mode: GRACEFUL
new_leader_uuid: "f509ab7b58a9434789156b5295ae8aeb"
 from {username='slave'} at 127.0.0.1:54944
I20260709 12:09:07.769722 28697 raft_consensus.cc:606] T 5d872b56b8e246d78f5a3e6b0219ac36 P 5fbb57d155ce4058b65518f08fd496e8 [term 3 LEADER]: Received request to transfer leadership to TS f509ab7b58a9434789156b5295ae8aeb
I20260709 12:09:07.772372 28697 tablet_service.cc:2072] Received LeaderStepDown RPC: tablet_id: "ab7d5c665f224f2ab5d710c6db88f942"
dest_uuid: "5fbb57d155ce4058b65518f08fd496e8"
mode: GRACEFUL
new_leader_uuid: "f509ab7b58a9434789156b5295ae8aeb"
 from {username='slave'} at 127.0.0.1:54944
I20260709 12:09:07.772887 28697 raft_consensus.cc:606] T ab7d5c665f224f2ab5d710c6db88f942 P 5fbb57d155ce4058b65518f08fd496e8 [term 4 LEADER]: Received request to transfer leadership to TS f509ab7b58a9434789156b5295ae8aeb
I20260709 12:09:07.775419 28697 tablet_service.cc:2072] Received LeaderStepDown RPC: tablet_id: "db6d606177b84a468b40c1b3fd0d1719"
dest_uuid: "5fbb57d155ce4058b65518f08fd496e8"
mode: GRACEFUL
new_leader_uuid: "5bac3c7ed8e24d75a0d85e74f0af3ab0"
 from {username='slave'} at 127.0.0.1:54944
I20260709 12:09:07.775943 28697 raft_consensus.cc:606] T db6d606177b84a468b40c1b3fd0d1719 P 5fbb57d155ce4058b65518f08fd496e8 [term 2 LEADER]: Received request to transfer leadership to TS 5bac3c7ed8e24d75a0d85e74f0af3ab0
I20260709 12:09:07.777009 28023 auto_leader_rebalancer.cc:440] table: test-workload, leader rebalance finish, leader transfer count: 4
I20260709 12:09:07.777732 28023 auto_leader_rebalancer.cc:515] All tables' leader rebalancing finished this round
I20260709 12:09:07.821573 29052 raft_consensus.cc:993] T 5d872b56b8e246d78f5a3e6b0219ac36 P 5fbb57d155ce4058b65518f08fd496e8: : Instructing follower f509ab7b58a9434789156b5295ae8aeb to start an election
I20260709 12:09:07.822295 28939 raft_consensus.cc:1081] T 5d872b56b8e246d78f5a3e6b0219ac36 P 5fbb57d155ce4058b65518f08fd496e8 [term 3 LEADER]: Signalling peer f509ab7b58a9434789156b5295ae8aeb to start an election
I20260709 12:09:07.824241 28772 tablet_service.cc:2044] Received Run Leader Election RPC: tablet_id: "5d872b56b8e246d78f5a3e6b0219ac36"
dest_uuid: "f509ab7b58a9434789156b5295ae8aeb"
 from {username='slave'} at 127.0.0.1:47042
I20260709 12:09:07.824824 28772 raft_consensus.cc:493] T 5d872b56b8e246d78f5a3e6b0219ac36 P f509ab7b58a9434789156b5295ae8aeb [term 3 FOLLOWER]: Starting forced leader election (received explicit request)
I20260709 12:09:07.825253 28772 raft_consensus.cc:3060] T 5d872b56b8e246d78f5a3e6b0219ac36 P f509ab7b58a9434789156b5295ae8aeb [term 3 FOLLOWER]: Advancing to term 4
I20260709 12:09:07.833787 28772 raft_consensus.cc:515] T 5d872b56b8e246d78f5a3e6b0219ac36 P f509ab7b58a9434789156b5295ae8aeb [term 4 FOLLOWER]: Starting forced leader election with config: opid_index: -1 OBSOLETE_local: false peers { permanent_uuid: "5fbb57d155ce4058b65518f08fd496e8" member_type: VOTER last_known_addr { host: "127.27.93.193" port: 35511 } } peers { permanent_uuid: "f509ab7b58a9434789156b5295ae8aeb" member_type: VOTER last_known_addr { host: "127.27.93.194" port: 42759 } } peers { permanent_uuid: "5bac3c7ed8e24d75a0d85e74f0af3ab0" member_type: VOTER last_known_addr { host: "127.27.93.195" port: 45923 } }
I20260709 12:09:07.836892 28772 leader_election.cc:290] T 5d872b56b8e246d78f5a3e6b0219ac36 P f509ab7b58a9434789156b5295ae8aeb [CANDIDATE]: Term 4 election: Requested vote from peers 5fbb57d155ce4058b65518f08fd496e8 (127.27.93.193:35511), 5bac3c7ed8e24d75a0d85e74f0af3ab0 (127.27.93.195:45923)
I20260709 12:09:07.838455 28845 tablet_service.cc:1917] Received RequestConsensusVote() RPC: tablet_id: "5d872b56b8e246d78f5a3e6b0219ac36" candidate_uuid: "f509ab7b58a9434789156b5295ae8aeb" candidate_term: 4 candidate_status { last_received { term: 3 index: 3 } } ignore_live_leader: true dest_uuid: "5bac3c7ed8e24d75a0d85e74f0af3ab0"
I20260709 12:09:07.839203 28845 raft_consensus.cc:3060] T 5d872b56b8e246d78f5a3e6b0219ac36 P 5bac3c7ed8e24d75a0d85e74f0af3ab0 [term 3 FOLLOWER]: Advancing to term 4
I20260709 12:09:07.845323 28697 tablet_service.cc:1917] Received RequestConsensusVote() RPC: tablet_id: "5d872b56b8e246d78f5a3e6b0219ac36" candidate_uuid: "f509ab7b58a9434789156b5295ae8aeb" candidate_term: 4 candidate_status { last_received { term: 3 index: 3 } } ignore_live_leader: true dest_uuid: "5fbb57d155ce4058b65518f08fd496e8"
I20260709 12:09:07.846155 28697 raft_consensus.cc:3055] T 5d872b56b8e246d78f5a3e6b0219ac36 P 5fbb57d155ce4058b65518f08fd496e8 [term 3 LEADER]: Stepping down as leader of term 3
I20260709 12:09:07.846570 28697 raft_consensus.cc:740] T 5d872b56b8e246d78f5a3e6b0219ac36 P 5fbb57d155ce4058b65518f08fd496e8 [term 3 LEADER]: Becoming Follower/Learner. State: Replica: 5fbb57d155ce4058b65518f08fd496e8, State: Running, Role: LEADER
I20260709 12:09:07.847467 28697 consensus_queue.cc:260] T 5d872b56b8e246d78f5a3e6b0219ac36 P 5fbb57d155ce4058b65518f08fd496e8 [NON_LEADER]: Queue going to NON_LEADER mode. State: All replicated index: 0, Majority replicated index: 3, Committed index: 3, Last appended: 3.3, Last appended by leader: 3, Current term: 3, Majority size: -1, State: 0, Mode: NON_LEADER, active raft config: opid_index: -1 OBSOLETE_local: false peers { permanent_uuid: "5fbb57d155ce4058b65518f08fd496e8" member_type: VOTER last_known_addr { host: "127.27.93.193" port: 35511 } } peers { permanent_uuid: "f509ab7b58a9434789156b5295ae8aeb" member_type: VOTER last_known_addr { host: "127.27.93.194" port: 42759 } } peers { permanent_uuid: "5bac3c7ed8e24d75a0d85e74f0af3ab0" member_type: VOTER last_known_addr { host: "127.27.93.195" port: 45923 } }
I20260709 12:09:07.848865 28697 raft_consensus.cc:3060] T 5d872b56b8e246d78f5a3e6b0219ac36 P 5fbb57d155ce4058b65518f08fd496e8 [term 3 FOLLOWER]: Advancing to term 4
I20260709 12:09:07.857144 28845 raft_consensus.cc:2468] T 5d872b56b8e246d78f5a3e6b0219ac36 P 5bac3c7ed8e24d75a0d85e74f0af3ab0 [term 4 FOLLOWER]: Leader election vote request: Granting yes vote for candidate f509ab7b58a9434789156b5295ae8aeb in term 4.
I20260709 12:09:07.858356 28697 raft_consensus.cc:2468] T 5d872b56b8e246d78f5a3e6b0219ac36 P 5fbb57d155ce4058b65518f08fd496e8 [term 4 FOLLOWER]: Leader election vote request: Granting yes vote for candidate f509ab7b58a9434789156b5295ae8aeb in term 4.
I20260709 12:09:07.859203 28738 leader_election.cc:304] T 5d872b56b8e246d78f5a3e6b0219ac36 P f509ab7b58a9434789156b5295ae8aeb [CANDIDATE]: Term 4 election: Election decided. Result: candidate won. Election summary: received 2 responses out of 3 voters: 2 yes votes; 0 no votes. yes voters: 5bac3c7ed8e24d75a0d85e74f0af3ab0, f509ab7b58a9434789156b5295ae8aeb; no voters: 
I20260709 12:09:07.860340 29021 raft_consensus.cc:2804] T 5d872b56b8e246d78f5a3e6b0219ac36 P f509ab7b58a9434789156b5295ae8aeb [term 4 FOLLOWER]: Leader election won for term 4
I20260709 12:09:07.867424 29021 raft_consensus.cc:697] T 5d872b56b8e246d78f5a3e6b0219ac36 P f509ab7b58a9434789156b5295ae8aeb [term 4 LEADER]: Becoming Leader. State: Replica: f509ab7b58a9434789156b5295ae8aeb, State: Running, Role: LEADER
I20260709 12:09:07.868767 29021 consensus_queue.cc:237] T 5d872b56b8e246d78f5a3e6b0219ac36 P f509ab7b58a9434789156b5295ae8aeb [LEADER]: Queue going to LEADER mode. State: All replicated index: 0, Majority replicated index: 3, Committed index: 3, Last appended: 3.3, Last appended by leader: 3, Current term: 4, Majority size: 2, State: 0, Mode: LEADER, active raft config: opid_index: -1 OBSOLETE_local: false peers { permanent_uuid: "5fbb57d155ce4058b65518f08fd496e8" member_type: VOTER last_known_addr { host: "127.27.93.193" port: 35511 } } peers { permanent_uuid: "f509ab7b58a9434789156b5295ae8aeb" member_type: VOTER last_known_addr { host: "127.27.93.194" port: 42759 } } peers { permanent_uuid: "5bac3c7ed8e24d75a0d85e74f0af3ab0" member_type: VOTER last_known_addr { host: "127.27.93.195" port: 45923 } }
I20260709 12:09:07.884202 28595 catalog_manager.cc:5697] T 5d872b56b8e246d78f5a3e6b0219ac36 P f509ab7b58a9434789156b5295ae8aeb reported cstate change: term changed from 3 to 4, leader changed from 5fbb57d155ce4058b65518f08fd496e8 (127.27.93.193) to f509ab7b58a9434789156b5295ae8aeb (127.27.93.194). New cstate: current_term: 4 leader_uuid: "f509ab7b58a9434789156b5295ae8aeb" committed_config { opid_index: -1 OBSOLETE_local: false peers { permanent_uuid: "5fbb57d155ce4058b65518f08fd496e8" member_type: VOTER last_known_addr { host: "127.27.93.193" port: 35511 } health_report { overall_health: UNKNOWN } } peers { permanent_uuid: "f509ab7b58a9434789156b5295ae8aeb" member_type: VOTER last_known_addr { host: "127.27.93.194" port: 42759 } health_report { overall_health: HEALTHY } } peers { permanent_uuid: "5bac3c7ed8e24d75a0d85e74f0af3ab0" member_type: VOTER last_known_addr { host: "127.27.93.195" port: 45923 } health_report { overall_health: UNKNOWN } } }
I20260709 12:09:07.968936 29052 raft_consensus.cc:993] T db6d606177b84a468b40c1b3fd0d1719 P 5fbb57d155ce4058b65518f08fd496e8: : Instructing follower 5bac3c7ed8e24d75a0d85e74f0af3ab0 to start an election
I20260709 12:09:07.972739 29052 raft_consensus.cc:1081] T db6d606177b84a468b40c1b3fd0d1719 P 5fbb57d155ce4058b65518f08fd496e8 [term 2 LEADER]: Signalling peer 5bac3c7ed8e24d75a0d85e74f0af3ab0 to start an election
I20260709 12:09:07.973654 29059 raft_consensus.cc:993] T ab7d5c665f224f2ab5d710c6db88f942 P 5fbb57d155ce4058b65518f08fd496e8: : Instructing follower f509ab7b58a9434789156b5295ae8aeb to start an election
I20260709 12:09:07.974222 29059 raft_consensus.cc:1081] T ab7d5c665f224f2ab5d710c6db88f942 P 5fbb57d155ce4058b65518f08fd496e8 [term 4 LEADER]: Signalling peer f509ab7b58a9434789156b5295ae8aeb to start an election
I20260709 12:09:07.974700 28845 tablet_service.cc:2044] Received Run Leader Election RPC: tablet_id: "db6d606177b84a468b40c1b3fd0d1719"
dest_uuid: "5bac3c7ed8e24d75a0d85e74f0af3ab0"
 from {username='slave'} at 127.0.0.1:35582
I20260709 12:09:07.975268 28845 raft_consensus.cc:493] T db6d606177b84a468b40c1b3fd0d1719 P 5bac3c7ed8e24d75a0d85e74f0af3ab0 [term 2 FOLLOWER]: Starting forced leader election (received explicit request)
I20260709 12:09:07.975606 28845 raft_consensus.cc:3060] T db6d606177b84a468b40c1b3fd0d1719 P 5bac3c7ed8e24d75a0d85e74f0af3ab0 [term 2 FOLLOWER]: Advancing to term 3
I20260709 12:09:07.975713 28772 tablet_service.cc:2044] Received Run Leader Election RPC: tablet_id: "ab7d5c665f224f2ab5d710c6db88f942"
dest_uuid: "f509ab7b58a9434789156b5295ae8aeb"
 from {username='slave'} at 127.0.0.1:47042
I20260709 12:09:07.976243 28772 raft_consensus.cc:493] T ab7d5c665f224f2ab5d710c6db88f942 P f509ab7b58a9434789156b5295ae8aeb [term 4 FOLLOWER]: Starting forced leader election (received explicit request)
I20260709 12:09:07.976536 28772 raft_consensus.cc:3060] T ab7d5c665f224f2ab5d710c6db88f942 P f509ab7b58a9434789156b5295ae8aeb [term 4 FOLLOWER]: Advancing to term 5
I20260709 12:09:07.983179 28772 raft_consensus.cc:515] T ab7d5c665f224f2ab5d710c6db88f942 P f509ab7b58a9434789156b5295ae8aeb [term 5 FOLLOWER]: Starting forced leader election with config: opid_index: -1 OBSOLETE_local: false peers { permanent_uuid: "5fbb57d155ce4058b65518f08fd496e8" member_type: VOTER last_known_addr { host: "127.27.93.193" port: 35511 } } peers { permanent_uuid: "f509ab7b58a9434789156b5295ae8aeb" member_type: VOTER last_known_addr { host: "127.27.93.194" port: 42759 } } peers { permanent_uuid: "5bac3c7ed8e24d75a0d85e74f0af3ab0" member_type: VOTER last_known_addr { host: "127.27.93.195" port: 45923 } }
I20260709 12:09:07.983027 28845 raft_consensus.cc:515] T db6d606177b84a468b40c1b3fd0d1719 P 5bac3c7ed8e24d75a0d85e74f0af3ab0 [term 3 FOLLOWER]: Starting forced leader election with config: opid_index: -1 OBSOLETE_local: false peers { permanent_uuid: "5fbb57d155ce4058b65518f08fd496e8" member_type: VOTER last_known_addr { host: "127.27.93.193" port: 35511 } } peers { permanent_uuid: "f509ab7b58a9434789156b5295ae8aeb" member_type: VOTER last_known_addr { host: "127.27.93.194" port: 42759 } } peers { permanent_uuid: "5bac3c7ed8e24d75a0d85e74f0af3ab0" member_type: VOTER last_known_addr { host: "127.27.93.195" port: 45923 } }
I20260709 12:09:07.985728 28697 tablet_service.cc:1917] Received RequestConsensusVote() RPC: tablet_id: "ab7d5c665f224f2ab5d710c6db88f942" candidate_uuid: "f509ab7b58a9434789156b5295ae8aeb" candidate_term: 5 candidate_status { last_received { term: 4 index: 4 } } ignore_live_leader: true dest_uuid: "5fbb57d155ce4058b65518f08fd496e8"
I20260709 12:09:07.985886 28843 tablet_service.cc:1917] Received RequestConsensusVote() RPC: tablet_id: "ab7d5c665f224f2ab5d710c6db88f942" candidate_uuid: "f509ab7b58a9434789156b5295ae8aeb" candidate_term: 5 candidate_status { last_received { term: 4 index: 4 } } ignore_live_leader: true dest_uuid: "5bac3c7ed8e24d75a0d85e74f0af3ab0"
I20260709 12:09:07.986331 28697 raft_consensus.cc:3055] T ab7d5c665f224f2ab5d710c6db88f942 P 5fbb57d155ce4058b65518f08fd496e8 [term 4 LEADER]: Stepping down as leader of term 4
I20260709 12:09:07.986737 28697 raft_consensus.cc:740] T ab7d5c665f224f2ab5d710c6db88f942 P 5fbb57d155ce4058b65518f08fd496e8 [term 4 LEADER]: Becoming Follower/Learner. State: Replica: 5fbb57d155ce4058b65518f08fd496e8, State: Running, Role: LEADER
I20260709 12:09:07.986846 28845 leader_election.cc:290] T db6d606177b84a468b40c1b3fd0d1719 P 5bac3c7ed8e24d75a0d85e74f0af3ab0 [CANDIDATE]: Term 3 election: Requested vote from peers 5fbb57d155ce4058b65518f08fd496e8 (127.27.93.193:35511), f509ab7b58a9434789156b5295ae8aeb (127.27.93.194:42759)
I20260709 12:09:07.986377 28843 raft_consensus.cc:3060] T ab7d5c665f224f2ab5d710c6db88f942 P 5bac3c7ed8e24d75a0d85e74f0af3ab0 [term 4 FOLLOWER]: Advancing to term 5
I20260709 12:09:07.987511 28697 consensus_queue.cc:260] T ab7d5c665f224f2ab5d710c6db88f942 P 5fbb57d155ce4058b65518f08fd496e8 [NON_LEADER]: Queue going to NON_LEADER mode. State: All replicated index: 0, Majority replicated index: 4, Committed index: 4, Last appended: 4.4, Last appended by leader: 4, Current term: 4, Majority size: -1, State: 0, Mode: NON_LEADER, active raft config: opid_index: -1 OBSOLETE_local: false peers { permanent_uuid: "5fbb57d155ce4058b65518f08fd496e8" member_type: VOTER last_known_addr { host: "127.27.93.193" port: 35511 } } peers { permanent_uuid: "f509ab7b58a9434789156b5295ae8aeb" member_type: VOTER last_known_addr { host: "127.27.93.194" port: 42759 } } peers { permanent_uuid: "5bac3c7ed8e24d75a0d85e74f0af3ab0" member_type: VOTER last_known_addr { host: "127.27.93.195" port: 45923 } }
I20260709 12:09:07.988600 28697 raft_consensus.cc:3060] T ab7d5c665f224f2ab5d710c6db88f942 P 5fbb57d155ce4058b65518f08fd496e8 [term 4 FOLLOWER]: Advancing to term 5
I20260709 12:09:07.988823 28771 tablet_service.cc:1917] Received RequestConsensusVote() RPC: tablet_id: "db6d606177b84a468b40c1b3fd0d1719" candidate_uuid: "5bac3c7ed8e24d75a0d85e74f0af3ab0" candidate_term: 3 candidate_status { last_received { term: 2 index: 2 } } ignore_live_leader: true dest_uuid: "f509ab7b58a9434789156b5295ae8aeb"
I20260709 12:09:07.989437 28771 raft_consensus.cc:3060] T db6d606177b84a468b40c1b3fd0d1719 P f509ab7b58a9434789156b5295ae8aeb [term 2 FOLLOWER]: Advancing to term 3
I20260709 12:09:07.993223 28696 tablet_service.cc:1917] Received RequestConsensusVote() RPC: tablet_id: "db6d606177b84a468b40c1b3fd0d1719" candidate_uuid: "5bac3c7ed8e24d75a0d85e74f0af3ab0" candidate_term: 3 candidate_status { last_received { term: 2 index: 2 } } ignore_live_leader: true dest_uuid: "5fbb57d155ce4058b65518f08fd496e8"
I20260709 12:09:07.993777 28696 raft_consensus.cc:3055] T db6d606177b84a468b40c1b3fd0d1719 P 5fbb57d155ce4058b65518f08fd496e8 [term 2 LEADER]: Stepping down as leader of term 2
I20260709 12:09:07.994031 28696 raft_consensus.cc:740] T db6d606177b84a468b40c1b3fd0d1719 P 5fbb57d155ce4058b65518f08fd496e8 [term 2 LEADER]: Becoming Follower/Learner. State: Replica: 5fbb57d155ce4058b65518f08fd496e8, State: Running, Role: LEADER
I20260709 12:09:07.994729 28696 consensus_queue.cc:260] T db6d606177b84a468b40c1b3fd0d1719 P 5fbb57d155ce4058b65518f08fd496e8 [NON_LEADER]: Queue going to NON_LEADER mode. State: All replicated index: 0, Majority replicated index: 2, Committed index: 2, Last appended: 2.2, Last appended by leader: 2, Current term: 2, Majority size: -1, State: 0, Mode: NON_LEADER, active raft config: opid_index: -1 OBSOLETE_local: false peers { permanent_uuid: "5fbb57d155ce4058b65518f08fd496e8" member_type: VOTER last_known_addr { host: "127.27.93.193" port: 35511 } } peers { permanent_uuid: "f509ab7b58a9434789156b5295ae8aeb" member_type: VOTER last_known_addr { host: "127.27.93.194" port: 42759 } } peers { permanent_uuid: "5bac3c7ed8e24d75a0d85e74f0af3ab0" member_type: VOTER last_known_addr { host: "127.27.93.195" port: 45923 } }
I20260709 12:09:07.995326 28697 raft_consensus.cc:2468] T ab7d5c665f224f2ab5d710c6db88f942 P 5fbb57d155ce4058b65518f08fd496e8 [term 5 FOLLOWER]: Leader election vote request: Granting yes vote for candidate f509ab7b58a9434789156b5295ae8aeb in term 5.
I20260709 12:09:07.995970 28696 raft_consensus.cc:3060] T db6d606177b84a468b40c1b3fd0d1719 P 5fbb57d155ce4058b65518f08fd496e8 [term 2 FOLLOWER]: Advancing to term 3
I20260709 12:09:07.996541 28736 leader_election.cc:304] T ab7d5c665f224f2ab5d710c6db88f942 P f509ab7b58a9434789156b5295ae8aeb [CANDIDATE]: Term 5 election: Election decided. Result: candidate won. Election summary: received 2 responses out of 3 voters: 2 yes votes; 0 no votes. yes voters: 5fbb57d155ce4058b65518f08fd496e8, f509ab7b58a9434789156b5295ae8aeb; no voters: 
I20260709 12:09:07.997360 29021 raft_consensus.cc:2804] T ab7d5c665f224f2ab5d710c6db88f942 P f509ab7b58a9434789156b5295ae8aeb [term 5 FOLLOWER]: Leader election won for term 5
I20260709 12:09:07.997846 29021 raft_consensus.cc:697] T ab7d5c665f224f2ab5d710c6db88f942 P f509ab7b58a9434789156b5295ae8aeb [term 5 LEADER]: Becoming Leader. State: Replica: f509ab7b58a9434789156b5295ae8aeb, State: Running, Role: LEADER
I20260709 12:09:07.998042 28771 raft_consensus.cc:2468] T db6d606177b84a468b40c1b3fd0d1719 P f509ab7b58a9434789156b5295ae8aeb [term 3 FOLLOWER]: Leader election vote request: Granting yes vote for candidate 5bac3c7ed8e24d75a0d85e74f0af3ab0 in term 3.
I20260709 12:09:07.998755 29021 consensus_queue.cc:237] T ab7d5c665f224f2ab5d710c6db88f942 P f509ab7b58a9434789156b5295ae8aeb [LEADER]: Queue going to LEADER mode. State: All replicated index: 0, Majority replicated index: 4, Committed index: 4, Last appended: 4.4, Last appended by leader: 4, Current term: 5, Majority size: 2, State: 0, Mode: LEADER, active raft config: opid_index: -1 OBSOLETE_local: false peers { permanent_uuid: "5fbb57d155ce4058b65518f08fd496e8" member_type: VOTER last_known_addr { host: "127.27.93.193" port: 35511 } } peers { permanent_uuid: "f509ab7b58a9434789156b5295ae8aeb" member_type: VOTER last_known_addr { host: "127.27.93.194" port: 42759 } } peers { permanent_uuid: "5bac3c7ed8e24d75a0d85e74f0af3ab0" member_type: VOTER last_known_addr { host: "127.27.93.195" port: 45923 } }
I20260709 12:09:07.999655 28809 leader_election.cc:304] T db6d606177b84a468b40c1b3fd0d1719 P 5bac3c7ed8e24d75a0d85e74f0af3ab0 [CANDIDATE]: Term 3 election: Election decided. Result: candidate won. Election summary: received 2 responses out of 3 voters: 2 yes votes; 0 no votes. yes voters: 5bac3c7ed8e24d75a0d85e74f0af3ab0, f509ab7b58a9434789156b5295ae8aeb; no voters: 
I20260709 12:09:08.000715 29023 raft_consensus.cc:2804] T db6d606177b84a468b40c1b3fd0d1719 P 5bac3c7ed8e24d75a0d85e74f0af3ab0 [term 3 FOLLOWER]: Leader election won for term 3
I20260709 12:09:08.008088 28772 leader_election.cc:290] T ab7d5c665f224f2ab5d710c6db88f942 P f509ab7b58a9434789156b5295ae8aeb [CANDIDATE]: Term 5 election: Requested vote from peers 5fbb57d155ce4058b65518f08fd496e8 (127.27.93.193:35511), 5bac3c7ed8e24d75a0d85e74f0af3ab0 (127.27.93.195:45923)
I20260709 12:09:08.010426 28696 raft_consensus.cc:2468] T db6d606177b84a468b40c1b3fd0d1719 P 5fbb57d155ce4058b65518f08fd496e8 [term 3 FOLLOWER]: Leader election vote request: Granting yes vote for candidate 5bac3c7ed8e24d75a0d85e74f0af3ab0 in term 3.
I20260709 12:09:08.006611 28843 raft_consensus.cc:2468] T ab7d5c665f224f2ab5d710c6db88f942 P 5bac3c7ed8e24d75a0d85e74f0af3ab0 [term 5 FOLLOWER]: Leader election vote request: Granting yes vote for candidate f509ab7b58a9434789156b5295ae8aeb in term 5.
I20260709 12:09:08.016032 29023 raft_consensus.cc:697] T db6d606177b84a468b40c1b3fd0d1719 P 5bac3c7ed8e24d75a0d85e74f0af3ab0 [term 3 LEADER]: Becoming Leader. State: Replica: 5bac3c7ed8e24d75a0d85e74f0af3ab0, State: Running, Role: LEADER
I20260709 12:09:08.016903 29023 consensus_queue.cc:237] T db6d606177b84a468b40c1b3fd0d1719 P 5bac3c7ed8e24d75a0d85e74f0af3ab0 [LEADER]: Queue going to LEADER mode. State: All replicated index: 0, Majority replicated index: 2, Committed index: 2, Last appended: 2.2, Last appended by leader: 2, Current term: 3, Majority size: 2, State: 0, Mode: LEADER, active raft config: opid_index: -1 OBSOLETE_local: false peers { permanent_uuid: "5fbb57d155ce4058b65518f08fd496e8" member_type: VOTER last_known_addr { host: "127.27.93.193" port: 35511 } } peers { permanent_uuid: "f509ab7b58a9434789156b5295ae8aeb" member_type: VOTER last_known_addr { host: "127.27.93.194" port: 42759 } } peers { permanent_uuid: "5bac3c7ed8e24d75a0d85e74f0af3ab0" member_type: VOTER last_known_addr { host: "127.27.93.195" port: 45923 } }
I20260709 12:09:08.021181 28595 catalog_manager.cc:5697] T ab7d5c665f224f2ab5d710c6db88f942 P f509ab7b58a9434789156b5295ae8aeb reported cstate change: term changed from 4 to 5, leader changed from 5fbb57d155ce4058b65518f08fd496e8 (127.27.93.193) to f509ab7b58a9434789156b5295ae8aeb (127.27.93.194). New cstate: current_term: 5 leader_uuid: "f509ab7b58a9434789156b5295ae8aeb" committed_config { opid_index: -1 OBSOLETE_local: false peers { permanent_uuid: "5fbb57d155ce4058b65518f08fd496e8" member_type: VOTER last_known_addr { host: "127.27.93.193" port: 35511 } health_report { overall_health: UNKNOWN } } peers { permanent_uuid: "f509ab7b58a9434789156b5295ae8aeb" member_type: VOTER last_known_addr { host: "127.27.93.194" port: 42759 } health_report { overall_health: HEALTHY } } peers { permanent_uuid: "5bac3c7ed8e24d75a0d85e74f0af3ab0" member_type: VOTER last_known_addr { host: "127.27.93.195" port: 45923 } health_report { overall_health: UNKNOWN } } }
I20260709 12:09:08.026134 28593 catalog_manager.cc:5697] T db6d606177b84a468b40c1b3fd0d1719 P 5bac3c7ed8e24d75a0d85e74f0af3ab0 reported cstate change: term changed from 2 to 3, leader changed from 5fbb57d155ce4058b65518f08fd496e8 (127.27.93.193) to 5bac3c7ed8e24d75a0d85e74f0af3ab0 (127.27.93.195). New cstate: current_term: 3 leader_uuid: "5bac3c7ed8e24d75a0d85e74f0af3ab0" committed_config { opid_index: -1 OBSOLETE_local: false peers { permanent_uuid: "5fbb57d155ce4058b65518f08fd496e8" member_type: VOTER last_known_addr { host: "127.27.93.193" port: 35511 } health_report { overall_health: UNKNOWN } } peers { permanent_uuid: "f509ab7b58a9434789156b5295ae8aeb" member_type: VOTER last_known_addr { host: "127.27.93.194" port: 42759 } health_report { overall_health: UNKNOWN } } peers { permanent_uuid: "5bac3c7ed8e24d75a0d85e74f0af3ab0" member_type: VOTER last_known_addr { host: "127.27.93.195" port: 45923 } health_report { overall_health: HEALTHY } } }
I20260709 12:09:08.218533 29052 raft_consensus.cc:993] T 276e836486544f2aafe46bf749974382 P 5fbb57d155ce4058b65518f08fd496e8: : Instructing follower 5bac3c7ed8e24d75a0d85e74f0af3ab0 to start an election
I20260709 12:09:08.219018 29059 raft_consensus.cc:1081] T 276e836486544f2aafe46bf749974382 P 5fbb57d155ce4058b65518f08fd496e8 [term 3 LEADER]: Signalling peer 5bac3c7ed8e24d75a0d85e74f0af3ab0 to start an election
I20260709 12:09:08.220881 28845 tablet_service.cc:2044] Received Run Leader Election RPC: tablet_id: "276e836486544f2aafe46bf749974382"
dest_uuid: "5bac3c7ed8e24d75a0d85e74f0af3ab0"
 from {username='slave'} at 127.0.0.1:35582
I20260709 12:09:08.221340 28845 raft_consensus.cc:493] T 276e836486544f2aafe46bf749974382 P 5bac3c7ed8e24d75a0d85e74f0af3ab0 [term 3 FOLLOWER]: Starting forced leader election (received explicit request)
I20260709 12:09:08.221624 28845 raft_consensus.cc:3060] T 276e836486544f2aafe46bf749974382 P 5bac3c7ed8e24d75a0d85e74f0af3ab0 [term 3 FOLLOWER]: Advancing to term 4
I20260709 12:09:08.226217 28845 raft_consensus.cc:515] T 276e836486544f2aafe46bf749974382 P 5bac3c7ed8e24d75a0d85e74f0af3ab0 [term 4 FOLLOWER]: Starting forced leader election with config: opid_index: -1 OBSOLETE_local: false peers { permanent_uuid: "5fbb57d155ce4058b65518f08fd496e8" member_type: VOTER last_known_addr { host: "127.27.93.193" port: 35511 } } peers { permanent_uuid: "f509ab7b58a9434789156b5295ae8aeb" member_type: VOTER last_known_addr { host: "127.27.93.194" port: 42759 } } peers { permanent_uuid: "5bac3c7ed8e24d75a0d85e74f0af3ab0" member_type: VOTER last_known_addr { host: "127.27.93.195" port: 45923 } }
I20260709 12:09:08.227761 28845 leader_election.cc:290] T 276e836486544f2aafe46bf749974382 P 5bac3c7ed8e24d75a0d85e74f0af3ab0 [CANDIDATE]: Term 4 election: Requested vote from peers 5fbb57d155ce4058b65518f08fd496e8 (127.27.93.193:35511), f509ab7b58a9434789156b5295ae8aeb (127.27.93.194:42759)
I20260709 12:09:08.228729 28696 tablet_service.cc:1917] Received RequestConsensusVote() RPC: tablet_id: "276e836486544f2aafe46bf749974382" candidate_uuid: "5bac3c7ed8e24d75a0d85e74f0af3ab0" candidate_term: 4 candidate_status { last_received { term: 3 index: 3 } } ignore_live_leader: true dest_uuid: "5fbb57d155ce4058b65518f08fd496e8"
I20260709 12:09:08.228948 28772 tablet_service.cc:1917] Received RequestConsensusVote() RPC: tablet_id: "276e836486544f2aafe46bf749974382" candidate_uuid: "5bac3c7ed8e24d75a0d85e74f0af3ab0" candidate_term: 4 candidate_status { last_received { term: 3 index: 3 } } ignore_live_leader: true dest_uuid: "f509ab7b58a9434789156b5295ae8aeb"
I20260709 12:09:08.229329 28696 raft_consensus.cc:3055] T 276e836486544f2aafe46bf749974382 P 5fbb57d155ce4058b65518f08fd496e8 [term 3 LEADER]: Stepping down as leader of term 3
I20260709 12:09:08.229468 28772 raft_consensus.cc:3060] T 276e836486544f2aafe46bf749974382 P f509ab7b58a9434789156b5295ae8aeb [term 3 FOLLOWER]: Advancing to term 4
I20260709 12:09:08.229676 28696 raft_consensus.cc:740] T 276e836486544f2aafe46bf749974382 P 5fbb57d155ce4058b65518f08fd496e8 [term 3 LEADER]: Becoming Follower/Learner. State: Replica: 5fbb57d155ce4058b65518f08fd496e8, State: Running, Role: LEADER
I20260709 12:09:08.230697 28696 consensus_queue.cc:260] T 276e836486544f2aafe46bf749974382 P 5fbb57d155ce4058b65518f08fd496e8 [NON_LEADER]: Queue going to NON_LEADER mode. State: All replicated index: 0, Majority replicated index: 3, Committed index: 3, Last appended: 3.3, Last appended by leader: 3, Current term: 3, Majority size: -1, State: 0, Mode: NON_LEADER, active raft config: opid_index: -1 OBSOLETE_local: false peers { permanent_uuid: "5fbb57d155ce4058b65518f08fd496e8" member_type: VOTER last_known_addr { host: "127.27.93.193" port: 35511 } } peers { permanent_uuid: "f509ab7b58a9434789156b5295ae8aeb" member_type: VOTER last_known_addr { host: "127.27.93.194" port: 42759 } } peers { permanent_uuid: "5bac3c7ed8e24d75a0d85e74f0af3ab0" member_type: VOTER last_known_addr { host: "127.27.93.195" port: 45923 } }
I20260709 12:09:08.231954 28696 raft_consensus.cc:3060] T 276e836486544f2aafe46bf749974382 P 5fbb57d155ce4058b65518f08fd496e8 [term 3 FOLLOWER]: Advancing to term 4
I20260709 12:09:08.234200 28772 raft_consensus.cc:2468] T 276e836486544f2aafe46bf749974382 P f509ab7b58a9434789156b5295ae8aeb [term 4 FOLLOWER]: Leader election vote request: Granting yes vote for candidate 5bac3c7ed8e24d75a0d85e74f0af3ab0 in term 4.
I20260709 12:09:08.235309 28809 leader_election.cc:304] T 276e836486544f2aafe46bf749974382 P 5bac3c7ed8e24d75a0d85e74f0af3ab0 [CANDIDATE]: Term 4 election: Election decided. Result: candidate won. Election summary: received 2 responses out of 3 voters: 2 yes votes; 0 no votes. yes voters: 5bac3c7ed8e24d75a0d85e74f0af3ab0, f509ab7b58a9434789156b5295ae8aeb; no voters: 
I20260709 12:09:08.236060 29023 raft_consensus.cc:2804] T 276e836486544f2aafe46bf749974382 P 5bac3c7ed8e24d75a0d85e74f0af3ab0 [term 4 FOLLOWER]: Leader election won for term 4
I20260709 12:09:08.236485 29023 raft_consensus.cc:697] T 276e836486544f2aafe46bf749974382 P 5bac3c7ed8e24d75a0d85e74f0af3ab0 [term 4 LEADER]: Becoming Leader. State: Replica: 5bac3c7ed8e24d75a0d85e74f0af3ab0, State: Running, Role: LEADER
I20260709 12:09:08.237385 29023 consensus_queue.cc:237] T 276e836486544f2aafe46bf749974382 P 5bac3c7ed8e24d75a0d85e74f0af3ab0 [LEADER]: Queue going to LEADER mode. State: All replicated index: 0, Majority replicated index: 3, Committed index: 3, Last appended: 3.3, Last appended by leader: 3, Current term: 4, Majority size: 2, State: 0, Mode: LEADER, active raft config: opid_index: -1 OBSOLETE_local: false peers { permanent_uuid: "5fbb57d155ce4058b65518f08fd496e8" member_type: VOTER last_known_addr { host: "127.27.93.193" port: 35511 } } peers { permanent_uuid: "f509ab7b58a9434789156b5295ae8aeb" member_type: VOTER last_known_addr { host: "127.27.93.194" port: 42759 } } peers { permanent_uuid: "5bac3c7ed8e24d75a0d85e74f0af3ab0" member_type: VOTER last_known_addr { host: "127.27.93.195" port: 45923 } }
I20260709 12:09:08.238809 28696 raft_consensus.cc:2468] T 276e836486544f2aafe46bf749974382 P 5fbb57d155ce4058b65518f08fd496e8 [term 4 FOLLOWER]: Leader election vote request: Granting yes vote for candidate 5bac3c7ed8e24d75a0d85e74f0af3ab0 in term 4.
I20260709 12:09:08.245620 28593 catalog_manager.cc:5697] T 276e836486544f2aafe46bf749974382 P 5bac3c7ed8e24d75a0d85e74f0af3ab0 reported cstate change: term changed from 3 to 4, leader changed from 5fbb57d155ce4058b65518f08fd496e8 (127.27.93.193) to 5bac3c7ed8e24d75a0d85e74f0af3ab0 (127.27.93.195). New cstate: current_term: 4 leader_uuid: "5bac3c7ed8e24d75a0d85e74f0af3ab0" committed_config { opid_index: -1 OBSOLETE_local: false peers { permanent_uuid: "5fbb57d155ce4058b65518f08fd496e8" member_type: VOTER last_known_addr { host: "127.27.93.193" port: 35511 } health_report { overall_health: UNKNOWN } } peers { permanent_uuid: "f509ab7b58a9434789156b5295ae8aeb" member_type: VOTER last_known_addr { host: "127.27.93.194" port: 42759 } health_report { overall_health: UNKNOWN } } peers { permanent_uuid: "5bac3c7ed8e24d75a0d85e74f0af3ab0" member_type: VOTER last_known_addr { host: "127.27.93.195" port: 45923 } health_report { overall_health: HEALTHY } } }
I20260709 12:09:08.391186 28696 raft_consensus.cc:1275] T ab7d5c665f224f2ab5d710c6db88f942 P 5fbb57d155ce4058b65518f08fd496e8 [term 5 FOLLOWER]: Refusing update from remote peer f509ab7b58a9434789156b5295ae8aeb: Log matching property violated. Preceding OpId in replica: term: 4 index: 4. Preceding OpId from leader: term: 5 index: 5. (index mismatch)
I20260709 12:09:08.392624 29021 consensus_queue.cc:1048] T ab7d5c665f224f2ab5d710c6db88f942 P f509ab7b58a9434789156b5295ae8aeb [LEADER]: Connected to new peer: Peer: permanent_uuid: "5fbb57d155ce4058b65518f08fd496e8" member_type: VOTER last_known_addr { host: "127.27.93.193" port: 35511 }, Status: LMP_MISMATCH, Last received: 0.0, Next index: 5, Last known committed idx: 4, Time since last communication: 0.000s
I20260709 12:09:08.416978 28845 raft_consensus.cc:1275] T ab7d5c665f224f2ab5d710c6db88f942 P 5bac3c7ed8e24d75a0d85e74f0af3ab0 [term 5 FOLLOWER]: Refusing update from remote peer f509ab7b58a9434789156b5295ae8aeb: Log matching property violated. Preceding OpId in replica: term: 4 index: 4. Preceding OpId from leader: term: 5 index: 5. (index mismatch)
I20260709 12:09:08.418591 29053 consensus_queue.cc:1048] T ab7d5c665f224f2ab5d710c6db88f942 P f509ab7b58a9434789156b5295ae8aeb [LEADER]: Connected to new peer: Peer: permanent_uuid: "5bac3c7ed8e24d75a0d85e74f0af3ab0" member_type: VOTER last_known_addr { host: "127.27.93.195" port: 45923 }, Status: LMP_MISMATCH, Last received: 0.0, Next index: 5, Last known committed idx: 4, Time since last communication: 0.000s
I20260709 12:09:08.453936 28696 raft_consensus.cc:1275] T 5d872b56b8e246d78f5a3e6b0219ac36 P 5fbb57d155ce4058b65518f08fd496e8 [term 4 FOLLOWER]: Refusing update from remote peer f509ab7b58a9434789156b5295ae8aeb: Log matching property violated. Preceding OpId in replica: term: 3 index: 3. Preceding OpId from leader: term: 4 index: 4. (index mismatch)
I20260709 12:09:08.455211 29053 consensus_queue.cc:1048] T 5d872b56b8e246d78f5a3e6b0219ac36 P f509ab7b58a9434789156b5295ae8aeb [LEADER]: Connected to new peer: Peer: permanent_uuid: "5fbb57d155ce4058b65518f08fd496e8" member_type: VOTER last_known_addr { host: "127.27.93.193" port: 35511 }, Status: LMP_MISMATCH, Last received: 0.0, Next index: 4, Last known committed idx: 3, Time since last communication: 0.000s
I20260709 12:09:08.457788 28845 raft_consensus.cc:1275] T 5d872b56b8e246d78f5a3e6b0219ac36 P 5bac3c7ed8e24d75a0d85e74f0af3ab0 [term 4 FOLLOWER]: Refusing update from remote peer f509ab7b58a9434789156b5295ae8aeb: Log matching property violated. Preceding OpId in replica: term: 3 index: 3. Preceding OpId from leader: term: 4 index: 4. (index mismatch)
I20260709 12:09:08.459362 29053 consensus_queue.cc:1048] T 5d872b56b8e246d78f5a3e6b0219ac36 P f509ab7b58a9434789156b5295ae8aeb [LEADER]: Connected to new peer: Peer: permanent_uuid: "5bac3c7ed8e24d75a0d85e74f0af3ab0" member_type: VOTER last_known_addr { host: "127.27.93.195" port: 45923 }, Status: LMP_MISMATCH, Last received: 0.0, Next index: 4, Last known committed idx: 3, Time since last communication: 0.000s
I20260709 12:09:08.490226 28772 raft_consensus.cc:1275] T db6d606177b84a468b40c1b3fd0d1719 P f509ab7b58a9434789156b5295ae8aeb [term 3 FOLLOWER]: Refusing update from remote peer 5bac3c7ed8e24d75a0d85e74f0af3ab0: Log matching property violated. Preceding OpId in replica: term: 2 index: 2. Preceding OpId from leader: term: 3 index: 3. (index mismatch)
I20260709 12:09:08.491549 29023 consensus_queue.cc:1048] T db6d606177b84a468b40c1b3fd0d1719 P 5bac3c7ed8e24d75a0d85e74f0af3ab0 [LEADER]: Connected to new peer: Peer: permanent_uuid: "f509ab7b58a9434789156b5295ae8aeb" member_type: VOTER last_known_addr { host: "127.27.93.194" port: 42759 }, Status: LMP_MISMATCH, Last received: 0.0, Next index: 3, Last known committed idx: 2, Time since last communication: 0.000s
I20260709 12:09:08.504807 28696 raft_consensus.cc:1275] T db6d606177b84a468b40c1b3fd0d1719 P 5fbb57d155ce4058b65518f08fd496e8 [term 3 FOLLOWER]: Refusing update from remote peer 5bac3c7ed8e24d75a0d85e74f0af3ab0: Log matching property violated. Preceding OpId in replica: term: 2 index: 2. Preceding OpId from leader: term: 3 index: 3. (index mismatch)
I20260709 12:09:08.506713 29023 consensus_queue.cc:1048] T db6d606177b84a468b40c1b3fd0d1719 P 5bac3c7ed8e24d75a0d85e74f0af3ab0 [LEADER]: Connected to new peer: Peer: permanent_uuid: "5fbb57d155ce4058b65518f08fd496e8" member_type: VOTER last_known_addr { host: "127.27.93.193" port: 35511 }, Status: LMP_MISMATCH, Last received: 0.0, Next index: 3, Last known committed idx: 2, Time since last communication: 0.001s
I20260709 12:09:08.622189 28772 raft_consensus.cc:1275] T 276e836486544f2aafe46bf749974382 P f509ab7b58a9434789156b5295ae8aeb [term 4 FOLLOWER]: Refusing update from remote peer 5bac3c7ed8e24d75a0d85e74f0af3ab0: Log matching property violated. Preceding OpId in replica: term: 3 index: 3. Preceding OpId from leader: term: 4 index: 4. (index mismatch)
I20260709 12:09:08.623505 29074 consensus_queue.cc:1048] T 276e836486544f2aafe46bf749974382 P 5bac3c7ed8e24d75a0d85e74f0af3ab0 [LEADER]: Connected to new peer: Peer: permanent_uuid: "f509ab7b58a9434789156b5295ae8aeb" member_type: VOTER last_known_addr { host: "127.27.93.194" port: 42759 }, Status: LMP_MISMATCH, Last received: 0.0, Next index: 4, Last known committed idx: 3, Time since last communication: 0.000s
I20260709 12:09:08.641331 28696 raft_consensus.cc:1275] T 276e836486544f2aafe46bf749974382 P 5fbb57d155ce4058b65518f08fd496e8 [term 4 FOLLOWER]: Refusing update from remote peer 5bac3c7ed8e24d75a0d85e74f0af3ab0: Log matching property violated. Preceding OpId in replica: term: 3 index: 3. Preceding OpId from leader: term: 4 index: 4. (index mismatch)
I20260709 12:09:08.643213 29074 consensus_queue.cc:1048] T 276e836486544f2aafe46bf749974382 P 5bac3c7ed8e24d75a0d85e74f0af3ab0 [LEADER]: Connected to new peer: Peer: permanent_uuid: "5fbb57d155ce4058b65518f08fd496e8" member_type: VOTER last_known_addr { host: "127.27.93.193" port: 35511 }, Status: LMP_MISMATCH, Last received: 0.0, Next index: 4, Last known committed idx: 3, Time since last communication: 0.000s
I20260709 12:09:08.778891 28023 auto_leader_rebalancer.cc:141] leader rebalance for table test-workload
I20260709 12:09:08.784751 28023 auto_leader_rebalancer.cc:440] table: test-workload, leader rebalance finish, leader transfer count: 0
I20260709 12:09:08.785179 28023 auto_leader_rebalancer.cc:515] All tables' leader rebalancing finished this round
I20260709 12:09:09.786386 28023 auto_leader_rebalancer.cc:141] leader rebalance for table test-workload
I20260709 12:09:09.793625 28023 auto_leader_rebalancer.cc:440] table: test-workload, leader rebalance finish, leader transfer count: 0
I20260709 12:09:09.794137 28023 auto_leader_rebalancer.cc:515] All tables' leader rebalancing finished this round
I20260709 12:09:10.795186 28023 auto_leader_rebalancer.cc:141] leader rebalance for table test-workload
I20260709 12:09:10.801069 28023 auto_leader_rebalancer.cc:440] table: test-workload, leader rebalance finish, leader transfer count: 0
I20260709 12:09:10.801620 28023 auto_leader_rebalancer.cc:515] All tables' leader rebalancing finished this round
I20260709 12:09:11.802635 28023 auto_leader_rebalancer.cc:141] leader rebalance for table test-workload
I20260709 12:09:11.808125 28023 auto_leader_rebalancer.cc:440] table: test-workload, leader rebalance finish, leader transfer count: 0
I20260709 12:09:11.808573 28023 auto_leader_rebalancer.cc:515] All tables' leader rebalancing finished this round
I20260709 12:09:12.809597 28023 auto_leader_rebalancer.cc:141] leader rebalance for table test-workload
I20260709 12:09:12.816321 28023 auto_leader_rebalancer.cc:440] table: test-workload, leader rebalance finish, leader transfer count: 0
I20260709 12:09:12.816788 28023 auto_leader_rebalancer.cc:515] All tables' leader rebalancing finished this round
I20260709 12:09:13.817710 28023 auto_leader_rebalancer.cc:141] leader rebalance for table test-workload
I20260709 12:09:13.823205 28023 auto_leader_rebalancer.cc:440] table: test-workload, leader rebalance finish, leader transfer count: 0
I20260709 12:09:13.823868 28023 auto_leader_rebalancer.cc:515] All tables' leader rebalancing finished this round
I20260709 12:09:14.825007 28023 auto_leader_rebalancer.cc:141] leader rebalance for table test-workload
I20260709 12:09:14.832257 28023 auto_leader_rebalancer.cc:440] table: test-workload, leader rebalance finish, leader transfer count: 0
I20260709 12:09:14.832819 28023 auto_leader_rebalancer.cc:515] All tables' leader rebalancing finished this round
I20260709 12:09:15.843734 28023 auto_leader_rebalancer.cc:141] leader rebalance for table test-workload
I20260709 12:09:15.852645 28023 auto_leader_rebalancer.cc:440] table: test-workload, leader rebalance finish, leader transfer count: 0
I20260709 12:09:15.853101 28023 auto_leader_rebalancer.cc:515] All tables' leader rebalancing finished this round
I20260709 12:09:16.854192 28023 auto_leader_rebalancer.cc:141] leader rebalance for table test-workload
I20260709 12:09:16.859534 28023 auto_leader_rebalancer.cc:440] table: test-workload, leader rebalance finish, leader transfer count: 0
I20260709 12:09:16.860091 28023 auto_leader_rebalancer.cc:515] All tables' leader rebalancing finished this round
I20260709 12:09:17.906885 28023 auto_leader_rebalancer-test.cc:410] The leader distribution is 
I20260709 12:09:17.907593 28023 tablet_server.cc:179] TabletServer@127.27.93.193:0 shutting down...
W20260709 12:09:17.935675 28736 proxy.cc:239] Call had error, refreshing address and retrying: Remote error: Service unavailable: service kudu.consensus.ConsensusService not registered on TabletServer [suppressed 4 similar messages]
W20260709 12:09:17.940241 28736 consensus_peers.cc:597] T 5d872b56b8e246d78f5a3e6b0219ac36 P f509ab7b58a9434789156b5295ae8aeb -> Peer 5fbb57d155ce4058b65518f08fd496e8 (127.27.93.193:35511): Couldn't send request to peer 5fbb57d155ce4058b65518f08fd496e8. Status: Remote error: Service unavailable: service kudu.consensus.ConsensusService not registered on TabletServer. This is attempt 1: this message will repeat every 5th retry.
I20260709 12:09:17.962898 28023 ts_tablet_manager.cc:1507] Shutting down tablet manager...
I20260709 12:09:17.963639 28023 tablet_replica.cc:333] T 8731ac5fbbf745c5b102c08ef990748c P 5fbb57d155ce4058b65518f08fd496e8: stopping tablet replica
I20260709 12:09:17.964331 28023 raft_consensus.cc:2243] T 8731ac5fbbf745c5b102c08ef990748c P 5fbb57d155ce4058b65518f08fd496e8 [term 1 FOLLOWER]: Raft consensus shutting down.
I20260709 12:09:17.964905 28023 raft_consensus.cc:2272] T 8731ac5fbbf745c5b102c08ef990748c P 5fbb57d155ce4058b65518f08fd496e8 [term 1 FOLLOWER]: Raft consensus is shut down!
I20260709 12:09:17.968199 28023 tablet_replica.cc:333] T 4cd1f45b464e447985d03154f3c2bbe2 P 5fbb57d155ce4058b65518f08fd496e8: stopping tablet replica
I20260709 12:09:17.969453 28023 raft_consensus.cc:2243] T 4cd1f45b464e447985d03154f3c2bbe2 P 5fbb57d155ce4058b65518f08fd496e8 [term 2 LEADER]: Raft consensus shutting down.
I20260709 12:09:17.970575 28023 raft_consensus.cc:2272] T 4cd1f45b464e447985d03154f3c2bbe2 P 5fbb57d155ce4058b65518f08fd496e8 [term 2 FOLLOWER]: Raft consensus is shut down!
W20260709 12:09:17.970736 28736 consensus_peers.cc:597] T a56afc0bad8a414791f2c3ca103a5b6e P f509ab7b58a9434789156b5295ae8aeb -> Peer 5fbb57d155ce4058b65518f08fd496e8 (127.27.93.193:35511): Couldn't send request to peer 5fbb57d155ce4058b65518f08fd496e8. Status: Remote error: Service unavailable: service kudu.consensus.ConsensusService not registered on TabletServer. This is attempt 1: this message will repeat every 5th retry.
I20260709 12:09:17.973467 28023 tablet_replica.cc:333] T 5d872b56b8e246d78f5a3e6b0219ac36 P 5fbb57d155ce4058b65518f08fd496e8: stopping tablet replica
I20260709 12:09:17.974166 28023 raft_consensus.cc:2243] T 5d872b56b8e246d78f5a3e6b0219ac36 P 5fbb57d155ce4058b65518f08fd496e8 [term 4 FOLLOWER]: Raft consensus shutting down.
I20260709 12:09:17.975473 28023 raft_consensus.cc:2272] T 5d872b56b8e246d78f5a3e6b0219ac36 P 5fbb57d155ce4058b65518f08fd496e8 [term 4 FOLLOWER]: Raft consensus is shut down!
I20260709 12:09:17.978789 28023 tablet_replica.cc:333] T f2372479def24e7da20725fb16a28328 P 5fbb57d155ce4058b65518f08fd496e8: stopping tablet replica
I20260709 12:09:17.979377 28023 raft_consensus.cc:2243] T f2372479def24e7da20725fb16a28328 P 5fbb57d155ce4058b65518f08fd496e8 [term 2 LEADER]: Raft consensus shutting down.
I20260709 12:09:17.980432 28023 raft_consensus.cc:2272] T f2372479def24e7da20725fb16a28328 P 5fbb57d155ce4058b65518f08fd496e8 [term 2 FOLLOWER]: Raft consensus is shut down!
I20260709 12:09:17.982942 28023 tablet_replica.cc:333] T 276e836486544f2aafe46bf749974382 P 5fbb57d155ce4058b65518f08fd496e8: stopping tablet replica
I20260709 12:09:17.983559 28023 raft_consensus.cc:2243] T 276e836486544f2aafe46bf749974382 P 5fbb57d155ce4058b65518f08fd496e8 [term 4 FOLLOWER]: Raft consensus shutting down.
I20260709 12:09:17.984162 28023 raft_consensus.cc:2272] T 276e836486544f2aafe46bf749974382 P 5fbb57d155ce4058b65518f08fd496e8 [term 4 FOLLOWER]: Raft consensus is shut down!
I20260709 12:09:17.987152 28023 tablet_replica.cc:333] T ab7d5c665f224f2ab5d710c6db88f942 P 5fbb57d155ce4058b65518f08fd496e8: stopping tablet replica
I20260709 12:09:17.987673 28023 raft_consensus.cc:2243] T ab7d5c665f224f2ab5d710c6db88f942 P 5fbb57d155ce4058b65518f08fd496e8 [term 5 FOLLOWER]: Raft consensus shutting down.
I20260709 12:09:17.988241 28023 raft_consensus.cc:2272] T ab7d5c665f224f2ab5d710c6db88f942 P 5fbb57d155ce4058b65518f08fd496e8 [term 5 FOLLOWER]: Raft consensus is shut down!
I20260709 12:09:17.991580 28023 tablet_replica.cc:333] T 0021171036f34742a17d09a97bf428b8 P 5fbb57d155ce4058b65518f08fd496e8: stopping tablet replica
I20260709 12:09:17.993206 28023 raft_consensus.cc:2243] T 0021171036f34742a17d09a97bf428b8 P 5fbb57d155ce4058b65518f08fd496e8 [term 3 LEADER]: Raft consensus shutting down.
I20260709 12:09:17.994184 28023 raft_consensus.cc:2272] T 0021171036f34742a17d09a97bf428b8 P 5fbb57d155ce4058b65518f08fd496e8 [term 3 FOLLOWER]: Raft consensus is shut down!
I20260709 12:09:17.996219 28023 tablet_replica.cc:333] T a56afc0bad8a414791f2c3ca103a5b6e P 5fbb57d155ce4058b65518f08fd496e8: stopping tablet replica
I20260709 12:09:17.996670 28023 raft_consensus.cc:2243] T a56afc0bad8a414791f2c3ca103a5b6e P 5fbb57d155ce4058b65518f08fd496e8 [term 2 FOLLOWER]: Raft consensus shutting down.
I20260709 12:09:17.997094 28023 raft_consensus.cc:2272] T a56afc0bad8a414791f2c3ca103a5b6e P 5fbb57d155ce4058b65518f08fd496e8 [term 2 FOLLOWER]: Raft consensus is shut down!
I20260709 12:09:17.999531 28023 tablet_replica.cc:333] T 22ef042061ab4053a0bdbaec4e4a4051 P 5fbb57d155ce4058b65518f08fd496e8: stopping tablet replica
I20260709 12:09:18.000236 28023 raft_consensus.cc:2243] T 22ef042061ab4053a0bdbaec4e4a4051 P 5fbb57d155ce4058b65518f08fd496e8 [term 2 LEADER]: Raft consensus shutting down.
I20260709 12:09:18.001217 28023 raft_consensus.cc:2272] T 22ef042061ab4053a0bdbaec4e4a4051 P 5fbb57d155ce4058b65518f08fd496e8 [term 2 FOLLOWER]: Raft consensus is shut down!
I20260709 12:09:18.003259 28023 tablet_replica.cc:333] T db6d606177b84a468b40c1b3fd0d1719 P 5fbb57d155ce4058b65518f08fd496e8: stopping tablet replica
I20260709 12:09:18.003728 28023 raft_consensus.cc:2243] T db6d606177b84a468b40c1b3fd0d1719 P 5fbb57d155ce4058b65518f08fd496e8 [term 3 FOLLOWER]: Raft consensus shutting down.
I20260709 12:09:18.004220 28023 raft_consensus.cc:2272] T db6d606177b84a468b40c1b3fd0d1719 P 5fbb57d155ce4058b65518f08fd496e8 [term 3 FOLLOWER]: Raft consensus is shut down!
I20260709 12:09:18.058777 28023 tablet_server.cc:196] TabletServer@127.27.93.193:0 shutdown complete.
I20260709 12:09:18.082144 28023 tablet_server.cc:179] TabletServer@127.27.93.194:0 shutting down...
W20260709 12:09:18.103931 28736 consensus_peers.cc:597] T ab7d5c665f224f2ab5d710c6db88f942 P f509ab7b58a9434789156b5295ae8aeb -> Peer 5fbb57d155ce4058b65518f08fd496e8 (127.27.93.193:35511): Couldn't send request to peer 5fbb57d155ce4058b65518f08fd496e8. Status: Network error: Client connection negotiation failed: client connection to 127.27.93.193:35511: connect: Connection refused (error 111). This is attempt 1: this message will repeat every 5th retry.
I20260709 12:09:18.122824 28023 ts_tablet_manager.cc:1507] Shutting down tablet manager...
I20260709 12:09:18.123835 28023 tablet_replica.cc:333] T 5d872b56b8e246d78f5a3e6b0219ac36 P f509ab7b58a9434789156b5295ae8aeb: stopping tablet replica
I20260709 12:09:18.125217 28023 raft_consensus.cc:2243] T 5d872b56b8e246d78f5a3e6b0219ac36 P f509ab7b58a9434789156b5295ae8aeb [term 4 LEADER]: Raft consensus shutting down.
I20260709 12:09:18.126194 28023 raft_consensus.cc:2272] T 5d872b56b8e246d78f5a3e6b0219ac36 P f509ab7b58a9434789156b5295ae8aeb [term 4 FOLLOWER]: Raft consensus is shut down!
I20260709 12:09:18.128832 28023 tablet_replica.cc:333] T a56afc0bad8a414791f2c3ca103a5b6e P f509ab7b58a9434789156b5295ae8aeb: stopping tablet replica
I20260709 12:09:18.129395 28023 raft_consensus.cc:2243] T a56afc0bad8a414791f2c3ca103a5b6e P f509ab7b58a9434789156b5295ae8aeb [term 2 LEADER]: Raft consensus shutting down.
I20260709 12:09:18.130378 28023 raft_consensus.cc:2272] T a56afc0bad8a414791f2c3ca103a5b6e P f509ab7b58a9434789156b5295ae8aeb [term 2 FOLLOWER]: Raft consensus is shut down!
I20260709 12:09:18.132393 28023 tablet_replica.cc:333] T 22ef042061ab4053a0bdbaec4e4a4051 P f509ab7b58a9434789156b5295ae8aeb: stopping tablet replica
I20260709 12:09:18.132879 28023 raft_consensus.cc:2243] T 22ef042061ab4053a0bdbaec4e4a4051 P f509ab7b58a9434789156b5295ae8aeb [term 2 FOLLOWER]: Raft consensus shutting down.
I20260709 12:09:18.133430 28023 raft_consensus.cc:2272] T 22ef042061ab4053a0bdbaec4e4a4051 P f509ab7b58a9434789156b5295ae8aeb [term 2 FOLLOWER]: Raft consensus is shut down!
I20260709 12:09:18.136296 28023 tablet_replica.cc:333] T 0021171036f34742a17d09a97bf428b8 P f509ab7b58a9434789156b5295ae8aeb: stopping tablet replica
I20260709 12:09:18.136869 28023 raft_consensus.cc:2243] T 0021171036f34742a17d09a97bf428b8 P f509ab7b58a9434789156b5295ae8aeb [term 3 FOLLOWER]: Raft consensus shutting down.
I20260709 12:09:18.137466 28023 raft_consensus.cc:2272] T 0021171036f34742a17d09a97bf428b8 P f509ab7b58a9434789156b5295ae8aeb [term 3 FOLLOWER]: Raft consensus is shut down!
