I20260709 12:11:55.585866 30870 tablet_service.cc:1917] Received RequestConsensusVote() RPC: tablet_id: "bc0643e53a5a478a9e76796c416e77a4" candidate_uuid: "fcd8414565a54eecb31d8521af297360" candidate_term: 2 candidate_status { last_received { term: 1 index: 1 } } ignore_live_leader: true dest_uuid: "a0fe5878e72a4421ac521218b4d5e2cc"
I20260709 12:11:55.586506 30870 raft_consensus.cc:3060] T bc0643e53a5a478a9e76796c416e77a4 P a0fe5878e72a4421ac521218b4d5e2cc [term 1 FOLLOWER]: Advancing to term 2
I20260709 12:11:55.596679 30870 raft_consensus.cc:2468] T bc0643e53a5a478a9e76796c416e77a4 P a0fe5878e72a4421ac521218b4d5e2cc [term 2 FOLLOWER]: Leader election vote request: Granting yes vote for candidate fcd8414565a54eecb31d8521af297360 in term 2.
I20260709 12:11:55.600978 31065 raft_consensus.cc:993] T ec445877f26a43ff85661f6f9c04e20f P fcd8414565a54eecb31d8521af297360: : Instructing follower a0fe5878e72a4421ac521218b4d5e2cc to start an election
I20260709 12:11:55.601425 31065 raft_consensus.cc:1081] T ec445877f26a43ff85661f6f9c04e20f P fcd8414565a54eecb31d8521af297360 [term 1 LEADER]: Signalling peer a0fe5878e72a4421ac521218b4d5e2cc to start an election
I20260709 12:11:55.603354 30872 tablet_service.cc:2044] Received Run Leader Election RPC: tablet_id: "ec445877f26a43ff85661f6f9c04e20f"
dest_uuid: "a0fe5878e72a4421ac521218b4d5e2cc"
 from {username='slave'} at 127.0.0.1:47006
I20260709 12:11:55.603916 30872 raft_consensus.cc:493] T ec445877f26a43ff85661f6f9c04e20f P a0fe5878e72a4421ac521218b4d5e2cc [term 1 FOLLOWER]: Starting forced leader election (received explicit request)
I20260709 12:11:55.604259 30872 raft_consensus.cc:3060] T ec445877f26a43ff85661f6f9c04e20f P a0fe5878e72a4421ac521218b4d5e2cc [term 1 FOLLOWER]: Advancing to term 2
I20260709 12:11:55.604153 30692 catalog_manager.cc:5697] T bc0643e53a5a478a9e76796c416e77a4 P fcd8414565a54eecb31d8521af297360 reported cstate change: term changed from 1 to 2, leader changed from fce1b7c066c148ebb0cab40b63b2a602 (127.29.241.131) to fcd8414565a54eecb31d8521af297360 (127.29.241.129). New cstate: current_term: 2 leader_uuid: "fcd8414565a54eecb31d8521af297360" committed_config { opid_index: -1 OBSOLETE_local: false peers { permanent_uuid: "fcd8414565a54eecb31d8521af297360" member_type: VOTER last_known_addr { host: "127.29.241.129" port: 38825 } health_report { overall_health: HEALTHY } } peers { permanent_uuid: "a0fe5878e72a4421ac521218b4d5e2cc" member_type: VOTER last_known_addr { host: "127.29.241.130" port: 33411 } health_report { overall_health: UNKNOWN } } peers { permanent_uuid: "fce1b7c066c148ebb0cab40b63b2a602" member_type: VOTER last_known_addr { host: "127.29.241.131" port: 32787 } health_report { overall_health: UNKNOWN } } }
I20260709 12:11:55.611115 30872 raft_consensus.cc:515] T ec445877f26a43ff85661f6f9c04e20f P a0fe5878e72a4421ac521218b4d5e2cc [term 2 FOLLOWER]: Starting forced leader election with config: opid_index: -1 OBSOLETE_local: false peers { permanent_uuid: "fcd8414565a54eecb31d8521af297360" member_type: VOTER last_known_addr { host: "127.29.241.129" port: 38825 } } peers { permanent_uuid: "a0fe5878e72a4421ac521218b4d5e2cc" member_type: VOTER last_known_addr { host: "127.29.241.130" port: 33411 } } peers { permanent_uuid: "fce1b7c066c148ebb0cab40b63b2a602" member_type: VOTER last_known_addr { host: "127.29.241.131" port: 32787 } }
I20260709 12:11:55.614957 30796 tablet_service.cc:1917] Received RequestConsensusVote() RPC: tablet_id: "ec445877f26a43ff85661f6f9c04e20f" candidate_uuid: "a0fe5878e72a4421ac521218b4d5e2cc" candidate_term: 2 candidate_status { last_received { term: 1 index: 1 } } ignore_live_leader: true dest_uuid: "fcd8414565a54eecb31d8521af297360"
I20260709 12:11:55.615533 30796 raft_consensus.cc:3055] T ec445877f26a43ff85661f6f9c04e20f P fcd8414565a54eecb31d8521af297360 [term 1 LEADER]: Stepping down as leader of term 1
I20260709 12:11:55.615856 30796 raft_consensus.cc:740] T ec445877f26a43ff85661f6f9c04e20f P fcd8414565a54eecb31d8521af297360 [term 1 LEADER]: Becoming Follower/Learner. State: Replica: fcd8414565a54eecb31d8521af297360, State: Running, Role: LEADER
I20260709 12:11:55.617074 31068 raft_consensus.cc:993] T 41dfb76bab2a4729abdd645e508217a0 P fcd8414565a54eecb31d8521af297360: : Instructing follower a0fe5878e72a4421ac521218b4d5e2cc to start an election
I20260709 12:11:55.616673 30796 consensus_queue.cc:260] T ec445877f26a43ff85661f6f9c04e20f P fcd8414565a54eecb31d8521af297360 [NON_LEADER]: Queue going to NON_LEADER mode. State: All replicated index: 0, Majority replicated index: 1, Committed index: 1, Last appended: 1.1, Last appended by leader: 1, Current term: 1, Majority size: -1, State: 0, Mode: NON_LEADER, active raft config: opid_index: -1 OBSOLETE_local: false peers { permanent_uuid: "fcd8414565a54eecb31d8521af297360" member_type: VOTER last_known_addr { host: "127.29.241.129" port: 38825 } } peers { permanent_uuid: "a0fe5878e72a4421ac521218b4d5e2cc" member_type: VOTER last_known_addr { host: "127.29.241.130" port: 33411 } } peers { permanent_uuid: "fce1b7c066c148ebb0cab40b63b2a602" member_type: VOTER last_known_addr { host: "127.29.241.131" port: 32787 } }
I20260709 12:11:55.617503 31068 raft_consensus.cc:1081] T 41dfb76bab2a4729abdd645e508217a0 P fcd8414565a54eecb31d8521af297360 [term 1 LEADER]: Signalling peer a0fe5878e72a4421ac521218b4d5e2cc to start an election
I20260709 12:11:55.617614 30796 raft_consensus.cc:3060] T ec445877f26a43ff85661f6f9c04e20f P fcd8414565a54eecb31d8521af297360 [term 1 FOLLOWER]: Advancing to term 2
I20260709 12:11:55.619833 30871 tablet_service.cc:2044] Received Run Leader Election RPC: tablet_id: "41dfb76bab2a4729abdd645e508217a0"
dest_uuid: "a0fe5878e72a4421ac521218b4d5e2cc"
 from {username='slave'} at 127.0.0.1:47006
I20260709 12:11:55.620457 30871 raft_consensus.cc:493] T 41dfb76bab2a4729abdd645e508217a0 P a0fe5878e72a4421ac521218b4d5e2cc [term 1 FOLLOWER]: Starting forced leader election (received explicit request)
I20260709 12:11:55.620885 30871 raft_consensus.cc:3060] T 41dfb76bab2a4729abdd645e508217a0 P a0fe5878e72a4421ac521218b4d5e2cc [term 1 FOLLOWER]: Advancing to term 2
I20260709 12:11:55.623243 30945 tablet_service.cc:1917] Received RequestConsensusVote() RPC: tablet_id: "ec445877f26a43ff85661f6f9c04e20f" candidate_uuid: "a0fe5878e72a4421ac521218b4d5e2cc" candidate_term: 2 candidate_status { last_received { term: 1 index: 1 } } ignore_live_leader: true dest_uuid: "fce1b7c066c148ebb0cab40b63b2a602"
I20260709 12:11:55.623807 30945 raft_consensus.cc:3060] T ec445877f26a43ff85661f6f9c04e20f P fce1b7c066c148ebb0cab40b63b2a602 [term 1 FOLLOWER]: Advancing to term 2
I20260709 12:11:55.626709 30796 raft_consensus.cc:2468] T ec445877f26a43ff85661f6f9c04e20f P fcd8414565a54eecb31d8521af297360 [term 2 FOLLOWER]: Leader election vote request: Granting yes vote for candidate a0fe5878e72a4421ac521218b4d5e2cc in term 2.
I20260709 12:11:55.630053 30871 raft_consensus.cc:515] T 41dfb76bab2a4729abdd645e508217a0 P a0fe5878e72a4421ac521218b4d5e2cc [term 2 FOLLOWER]: Starting forced leader election with config: opid_index: -1 OBSOLETE_local: false peers { permanent_uuid: "fcd8414565a54eecb31d8521af297360" member_type: VOTER last_known_addr { host: "127.29.241.129" port: 38825 } } peers { permanent_uuid: "a0fe5878e72a4421ac521218b4d5e2cc" member_type: VOTER last_known_addr { host: "127.29.241.130" port: 33411 } } peers { permanent_uuid: "fce1b7c066c148ebb0cab40b63b2a602" member_type: VOTER last_known_addr { host: "127.29.241.131" port: 32787 } }
I20260709 12:11:55.631217 30945 raft_consensus.cc:2468] T ec445877f26a43ff85661f6f9c04e20f P fce1b7c066c148ebb0cab40b63b2a602 [term 2 FOLLOWER]: Leader election vote request: Granting yes vote for candidate a0fe5878e72a4421ac521218b4d5e2cc in term 2.
I20260709 12:11:55.632540 30835 leader_election.cc:304] T ec445877f26a43ff85661f6f9c04e20f P a0fe5878e72a4421ac521218b4d5e2cc [CANDIDATE]: Term 2 election: Election decided. Result: candidate won. Election summary: received 2 responses out of 3 voters: 2 yes votes; 0 no votes. yes voters: a0fe5878e72a4421ac521218b4d5e2cc, fce1b7c066c148ebb0cab40b63b2a602; no voters: 
I20260709 12:11:55.633375 30997 raft_consensus.cc:2804] T ec445877f26a43ff85661f6f9c04e20f P a0fe5878e72a4421ac521218b4d5e2cc [term 2 FOLLOWER]: Leader election won for term 2
I20260709 12:11:55.633842 30997 raft_consensus.cc:697] T ec445877f26a43ff85661f6f9c04e20f P a0fe5878e72a4421ac521218b4d5e2cc [term 2 LEADER]: Becoming Leader. State: Replica: a0fe5878e72a4421ac521218b4d5e2cc, State: Running, Role: LEADER
I20260709 12:11:55.634615 30946 raft_consensus.cc:1275] T 9bd430980306449d86cea07b8f28425e P fce1b7c066c148ebb0cab40b63b2a602 [term 2 FOLLOWER]: Refusing update from remote peer fcd8414565a54eecb31d8521af297360: Log matching property violated. Preceding OpId in replica: term: 1 index: 1. Preceding OpId from leader: term: 2 index: 2. (index mismatch)
I20260709 12:11:55.634604 30997 consensus_queue.cc:237] T ec445877f26a43ff85661f6f9c04e20f P a0fe5878e72a4421ac521218b4d5e2cc [LEADER]: Queue going to LEADER mode. State: All replicated index: 0, Majority replicated index: 1, Committed index: 1, Last appended: 1.1, Last appended by leader: 1, Current term: 2, Majority size: 2, State: 0, Mode: LEADER, active raft config: opid_index: -1 OBSOLETE_local: false peers { permanent_uuid: "fcd8414565a54eecb31d8521af297360" member_type: VOTER last_known_addr { host: "127.29.241.129" port: 38825 } } peers { permanent_uuid: "a0fe5878e72a4421ac521218b4d5e2cc" member_type: VOTER last_known_addr { host: "127.29.241.130" port: 33411 } } peers { permanent_uuid: "fce1b7c066c148ebb0cab40b63b2a602" member_type: VOTER last_known_addr { host: "127.29.241.131" port: 32787 } }
I20260709 12:11:55.636454 31068 consensus_queue.cc:1048] T 9bd430980306449d86cea07b8f28425e P fcd8414565a54eecb31d8521af297360 [LEADER]: Connected to new peer: Peer: permanent_uuid: "fce1b7c066c148ebb0cab40b63b2a602" member_type: VOTER last_known_addr { host: "127.29.241.131" port: 32787 }, Status: LMP_MISMATCH, Last received: 0.0, Next index: 2, Last known committed idx: 1, Time since last communication: 0.000s
I20260709 12:11:55.638253 30872 leader_election.cc:290] T ec445877f26a43ff85661f6f9c04e20f P a0fe5878e72a4421ac521218b4d5e2cc [CANDIDATE]: Term 2 election: Requested vote from peers fcd8414565a54eecb31d8521af297360 (127.29.241.129:38825), fce1b7c066c148ebb0cab40b63b2a602 (127.29.241.131:32787)
I20260709 12:11:55.639613 30870 raft_consensus.cc:1275] T 9bd430980306449d86cea07b8f28425e P a0fe5878e72a4421ac521218b4d5e2cc [term 2 FOLLOWER]: Refusing update from remote peer fcd8414565a54eecb31d8521af297360: Log matching property violated. Preceding OpId in replica: term: 1 index: 1. Preceding OpId from leader: term: 2 index: 2. (index mismatch)
I20260709 12:11:55.641160 31068 consensus_queue.cc:1048] T 9bd430980306449d86cea07b8f28425e P fcd8414565a54eecb31d8521af297360 [LEADER]: Connected to new peer: Peer: permanent_uuid: "a0fe5878e72a4421ac521218b4d5e2cc" member_type: VOTER last_known_addr { host: "127.29.241.130" port: 33411 }, Status: LMP_MISMATCH, Last received: 0.0, Next index: 2, Last known committed idx: 1, Time since last communication: 0.000s
I20260709 12:11:55.644479 30871 leader_election.cc:290] T 41dfb76bab2a4729abdd645e508217a0 P a0fe5878e72a4421ac521218b4d5e2cc [CANDIDATE]: Term 2 election: Requested vote from peers fcd8414565a54eecb31d8521af297360 (127.29.241.129:38825), fce1b7c066c148ebb0cab40b63b2a602 (127.29.241.131:32787)
I20260709 12:11:55.646360 30795 tablet_service.cc:1917] Received RequestConsensusVote() RPC: tablet_id: "41dfb76bab2a4729abdd645e508217a0" candidate_uuid: "a0fe5878e72a4421ac521218b4d5e2cc" candidate_term: 2 candidate_status { last_received { term: 1 index: 1 } } ignore_live_leader: true dest_uuid: "fcd8414565a54eecb31d8521af297360"
I20260709 12:11:55.646938 30795 raft_consensus.cc:3055] T 41dfb76bab2a4729abdd645e508217a0 P fcd8414565a54eecb31d8521af297360 [term 1 LEADER]: Stepping down as leader of term 1
I20260709 12:11:55.647274 30795 raft_consensus.cc:740] T 41dfb76bab2a4729abdd645e508217a0 P fcd8414565a54eecb31d8521af297360 [term 1 LEADER]: Becoming Follower/Learner. State: Replica: fcd8414565a54eecb31d8521af297360, State: Running, Role: LEADER
I20260709 12:11:55.648061 30795 consensus_queue.cc:260] T 41dfb76bab2a4729abdd645e508217a0 P fcd8414565a54eecb31d8521af297360 [NON_LEADER]: Queue going to NON_LEADER mode. State: All replicated index: 0, Majority replicated index: 1, Committed index: 1, Last appended: 1.1, Last appended by leader: 1, Current term: 1, Majority size: -1, State: 0, Mode: NON_LEADER, active raft config: opid_index: -1 OBSOLETE_local: false peers { permanent_uuid: "fcd8414565a54eecb31d8521af297360" member_type: VOTER last_known_addr { host: "127.29.241.129" port: 38825 } } peers { permanent_uuid: "a0fe5878e72a4421ac521218b4d5e2cc" member_type: VOTER last_known_addr { host: "127.29.241.130" port: 33411 } } peers { permanent_uuid: "fce1b7c066c148ebb0cab40b63b2a602" member_type: VOTER last_known_addr { host: "127.29.241.131" port: 32787 } }
I20260709 12:11:55.649165 30795 raft_consensus.cc:3060] T 41dfb76bab2a4729abdd645e508217a0 P fcd8414565a54eecb31d8521af297360 [term 1 FOLLOWER]: Advancing to term 2
I20260709 12:11:55.648907 30694 catalog_manager.cc:5697] T ec445877f26a43ff85661f6f9c04e20f P a0fe5878e72a4421ac521218b4d5e2cc reported cstate change: term changed from 1 to 2, leader changed from fcd8414565a54eecb31d8521af297360 (127.29.241.129) to a0fe5878e72a4421ac521218b4d5e2cc (127.29.241.130). New cstate: current_term: 2 leader_uuid: "a0fe5878e72a4421ac521218b4d5e2cc" committed_config { opid_index: -1 OBSOLETE_local: false peers { permanent_uuid: "fcd8414565a54eecb31d8521af297360" member_type: VOTER last_known_addr { host: "127.29.241.129" port: 38825 } health_report { overall_health: UNKNOWN } } peers { permanent_uuid: "a0fe5878e72a4421ac521218b4d5e2cc" member_type: VOTER last_known_addr { host: "127.29.241.130" port: 33411 } health_report { overall_health: HEALTHY } } peers { permanent_uuid: "fce1b7c066c148ebb0cab40b63b2a602" member_type: VOTER last_known_addr { host: "127.29.241.131" port: 32787 } health_report { overall_health: UNKNOWN } } }
I20260709 12:11:55.654634 30945 tablet_service.cc:1917] Received RequestConsensusVote() RPC: tablet_id: "41dfb76bab2a4729abdd645e508217a0" candidate_uuid: "a0fe5878e72a4421ac521218b4d5e2cc" candidate_term: 2 candidate_status { last_received { term: 1 index: 1 } } ignore_live_leader: true dest_uuid: "fce1b7c066c148ebb0cab40b63b2a602"
I20260709 12:11:55.655279 30945 raft_consensus.cc:3060] T 41dfb76bab2a4729abdd645e508217a0 P fce1b7c066c148ebb0cab40b63b2a602 [term 1 FOLLOWER]: Advancing to term 2
I20260709 12:11:55.666738 30945 raft_consensus.cc:2468] T 41dfb76bab2a4729abdd645e508217a0 P fce1b7c066c148ebb0cab40b63b2a602 [term 2 FOLLOWER]: Leader election vote request: Granting yes vote for candidate a0fe5878e72a4421ac521218b4d5e2cc in term 2.
I20260709 12:11:55.667977 30795 raft_consensus.cc:2468] T 41dfb76bab2a4729abdd645e508217a0 P fcd8414565a54eecb31d8521af297360 [term 2 FOLLOWER]: Leader election vote request: Granting yes vote for candidate a0fe5878e72a4421ac521218b4d5e2cc in term 2.
I20260709 12:11:55.669014 30835 leader_election.cc:304] T 41dfb76bab2a4729abdd645e508217a0 P a0fe5878e72a4421ac521218b4d5e2cc [CANDIDATE]: Term 2 election: Election decided. Result: candidate won. Election summary: received 2 responses out of 3 voters: 2 yes votes; 0 no votes. yes voters: a0fe5878e72a4421ac521218b4d5e2cc, fce1b7c066c148ebb0cab40b63b2a602; no voters: 
I20260709 12:11:55.669934 30997 raft_consensus.cc:2804] T 41dfb76bab2a4729abdd645e508217a0 P a0fe5878e72a4421ac521218b4d5e2cc [term 2 FOLLOWER]: Leader election won for term 2
I20260709 12:11:55.670575 30997 raft_consensus.cc:697] T 41dfb76bab2a4729abdd645e508217a0 P a0fe5878e72a4421ac521218b4d5e2cc [term 2 LEADER]: Becoming Leader. State: Replica: a0fe5878e72a4421ac521218b4d5e2cc, State: Running, Role: LEADER
I20260709 12:11:55.671545 30997 consensus_queue.cc:237] T 41dfb76bab2a4729abdd645e508217a0 P a0fe5878e72a4421ac521218b4d5e2cc [LEADER]: Queue going to LEADER mode. State: All replicated index: 0, Majority replicated index: 1, Committed index: 1, Last appended: 1.1, Last appended by leader: 1, Current term: 2, Majority size: 2, State: 0, Mode: LEADER, active raft config: opid_index: -1 OBSOLETE_local: false peers { permanent_uuid: "fcd8414565a54eecb31d8521af297360" member_type: VOTER last_known_addr { host: "127.29.241.129" port: 38825 } } peers { permanent_uuid: "a0fe5878e72a4421ac521218b4d5e2cc" member_type: VOTER last_known_addr { host: "127.29.241.130" port: 33411 } } peers { permanent_uuid: "fce1b7c066c148ebb0cab40b63b2a602" member_type: VOTER last_known_addr { host: "127.29.241.131" port: 32787 } }
I20260709 12:11:55.682521 30691 catalog_manager.cc:5697] T 41dfb76bab2a4729abdd645e508217a0 P a0fe5878e72a4421ac521218b4d5e2cc reported cstate change: term changed from 1 to 2, leader changed from fcd8414565a54eecb31d8521af297360 (127.29.241.129) to a0fe5878e72a4421ac521218b4d5e2cc (127.29.241.130). New cstate: current_term: 2 leader_uuid: "a0fe5878e72a4421ac521218b4d5e2cc" committed_config { opid_index: -1 OBSOLETE_local: false peers { permanent_uuid: "fcd8414565a54eecb31d8521af297360" member_type: VOTER last_known_addr { host: "127.29.241.129" port: 38825 } health_report { overall_health: UNKNOWN } } peers { permanent_uuid: "a0fe5878e72a4421ac521218b4d5e2cc" member_type: VOTER last_known_addr { host: "127.29.241.130" port: 33411 } health_report { overall_health: HEALTHY } } peers { permanent_uuid: "fce1b7c066c148ebb0cab40b63b2a602" member_type: VOTER last_known_addr { host: "127.29.241.131" port: 32787 } health_report { overall_health: UNKNOWN } } }
I20260709 12:11:55.685874 30945 raft_consensus.cc:1275] T 3fcb1781a53c4afaac4134c1efbd9fa6 P fce1b7c066c148ebb0cab40b63b2a602 [term 2 FOLLOWER]: Refusing update from remote peer fcd8414565a54eecb31d8521af297360: Log matching property violated. Preceding OpId in replica: term: 1 index: 1. Preceding OpId from leader: term: 2 index: 2. (index mismatch)
I20260709 12:11:55.687131 31068 consensus_queue.cc:1048] T 3fcb1781a53c4afaac4134c1efbd9fa6 P fcd8414565a54eecb31d8521af297360 [LEADER]: Connected to new peer: Peer: permanent_uuid: "fce1b7c066c148ebb0cab40b63b2a602" member_type: VOTER last_known_addr { host: "127.29.241.131" port: 32787 }, Status: LMP_MISMATCH, Last received: 0.0, Next index: 2, Last known committed idx: 1, Time since last communication: 0.000s
I20260709 12:11:55.699286 30872 raft_consensus.cc:3060] T 3fcb1781a53c4afaac4134c1efbd9fa6 P a0fe5878e72a4421ac521218b4d5e2cc [term 1 FOLLOWER]: Advancing to term 2
I20260709 12:11:55.706364 30872 raft_consensus.cc:1275] T 3fcb1781a53c4afaac4134c1efbd9fa6 P a0fe5878e72a4421ac521218b4d5e2cc [term 2 FOLLOWER]: Refusing update from remote peer fcd8414565a54eecb31d8521af297360: Log matching property violated. Preceding OpId in replica: term: 1 index: 1. Preceding OpId from leader: term: 2 index: 2. (index mismatch)
I20260709 12:11:55.707716 31068 consensus_queue.cc:1048] T 3fcb1781a53c4afaac4134c1efbd9fa6 P fcd8414565a54eecb31d8521af297360 [LEADER]: Connected to new peer: Peer: permanent_uuid: "a0fe5878e72a4421ac521218b4d5e2cc" member_type: VOTER last_known_addr { host: "127.29.241.130" port: 33411 }, Status: LMP_MISMATCH, Last received: 0.0, Next index: 2, Last known committed idx: 1, Time since last communication: 0.000s
I20260709 12:11:55.946211 30945 raft_consensus.cc:1275] T c9e73785001c45e2a82a2cb6f238dbb9 P fce1b7c066c148ebb0cab40b63b2a602 [term 2 FOLLOWER]: Refusing update from remote peer a0fe5878e72a4421ac521218b4d5e2cc: Log matching property violated. Preceding OpId in replica: term: 1 index: 1. Preceding OpId from leader: term: 2 index: 2. (index mismatch)
I20260709 12:11:55.947490 31037 consensus_queue.cc:1048] T c9e73785001c45e2a82a2cb6f238dbb9 P a0fe5878e72a4421ac521218b4d5e2cc [LEADER]: Connected to new peer: Peer: permanent_uuid: "fce1b7c066c148ebb0cab40b63b2a602" member_type: VOTER last_known_addr { host: "127.29.241.131" port: 32787 }, Status: LMP_MISMATCH, Last received: 0.0, Next index: 2, Last known committed idx: 1, Time since last communication: 0.000s
I20260709 12:11:55.950601 30795 raft_consensus.cc:1275] T c9e73785001c45e2a82a2cb6f238dbb9 P fcd8414565a54eecb31d8521af297360 [term 2 FOLLOWER]: Refusing update from remote peer a0fe5878e72a4421ac521218b4d5e2cc: Log matching property violated. Preceding OpId in replica: term: 1 index: 1. Preceding OpId from leader: term: 2 index: 2. (index mismatch)
I20260709 12:11:55.952232 31037 consensus_queue.cc:1048] T c9e73785001c45e2a82a2cb6f238dbb9 P a0fe5878e72a4421ac521218b4d5e2cc [LEADER]: Connected to new peer: Peer: permanent_uuid: "fcd8414565a54eecb31d8521af297360" member_type: VOTER last_known_addr { host: "127.29.241.129" port: 38825 }, Status: LMP_MISMATCH, Last received: 0.0, Next index: 2, Last known committed idx: 1, Time since last communication: 0.000s
I20260709 12:11:56.050737 30945 raft_consensus.cc:1275] T bc0643e53a5a478a9e76796c416e77a4 P fce1b7c066c148ebb0cab40b63b2a602 [term 2 FOLLOWER]: Refusing update from remote peer fcd8414565a54eecb31d8521af297360: Log matching property violated. Preceding OpId in replica: term: 1 index: 1. Preceding OpId from leader: term: 2 index: 2. (index mismatch)
I20260709 12:11:56.055226 31017 consensus_queue.cc:1048] T bc0643e53a5a478a9e76796c416e77a4 P fcd8414565a54eecb31d8521af297360 [LEADER]: Connected to new peer: Peer: permanent_uuid: "fce1b7c066c148ebb0cab40b63b2a602" member_type: VOTER last_known_addr { host: "127.29.241.131" port: 32787 }, Status: LMP_MISMATCH, Last received: 0.0, Next index: 2, Last known committed idx: 1, Time since last communication: 0.000s
I20260709 12:11:56.076057 30795 raft_consensus.cc:1275] T 41dfb76bab2a4729abdd645e508217a0 P fcd8414565a54eecb31d8521af297360 [term 2 FOLLOWER]: Refusing update from remote peer a0fe5878e72a4421ac521218b4d5e2cc: Log matching property violated. Preceding OpId in replica: term: 1 index: 1. Preceding OpId from leader: term: 2 index: 2. (index mismatch)
I20260709 12:11:56.076241 30872 raft_consensus.cc:1275] T bc0643e53a5a478a9e76796c416e77a4 P a0fe5878e72a4421ac521218b4d5e2cc [term 2 FOLLOWER]: Refusing update from remote peer fcd8414565a54eecb31d8521af297360: Log matching property violated. Preceding OpId in replica: term: 1 index: 1. Preceding OpId from leader: term: 2 index: 2. (index mismatch)
I20260709 12:11:56.077463 31072 consensus_queue.cc:1048] T 41dfb76bab2a4729abdd645e508217a0 P a0fe5878e72a4421ac521218b4d5e2cc [LEADER]: Connected to new peer: Peer: permanent_uuid: "fcd8414565a54eecb31d8521af297360" member_type: VOTER last_known_addr { host: "127.29.241.129" port: 38825 }, Status: LMP_MISMATCH, Last received: 0.0, Next index: 2, Last known committed idx: 1, Time since last communication: 0.000s
I20260709 12:11:56.078007 31017 consensus_queue.cc:1048] T bc0643e53a5a478a9e76796c416e77a4 P fcd8414565a54eecb31d8521af297360 [LEADER]: Connected to new peer: Peer: permanent_uuid: "a0fe5878e72a4421ac521218b4d5e2cc" member_type: VOTER last_known_addr { host: "127.29.241.130" port: 33411 }, Status: LMP_MISMATCH, Last received: 0.0, Next index: 2, Last known committed idx: 1, Time since last communication: 0.000s
I20260709 12:11:56.090451 30945 raft_consensus.cc:1275] T 41dfb76bab2a4729abdd645e508217a0 P fce1b7c066c148ebb0cab40b63b2a602 [term 2 FOLLOWER]: Refusing update from remote peer a0fe5878e72a4421ac521218b4d5e2cc: Log matching property violated. Preceding OpId in replica: term: 1 index: 1. Preceding OpId from leader: term: 2 index: 2. (index mismatch)
I20260709 12:11:56.092797 30997 consensus_queue.cc:1048] T 41dfb76bab2a4729abdd645e508217a0 P a0fe5878e72a4421ac521218b4d5e2cc [LEADER]: Connected to new peer: Peer: permanent_uuid: "fce1b7c066c148ebb0cab40b63b2a602" member_type: VOTER last_known_addr { host: "127.29.241.131" port: 32787 }, Status: LMP_MISMATCH, Last received: 0.0, Next index: 2, Last known committed idx: 1, Time since last communication: 0.000s
I20260709 12:11:56.176185 30945 raft_consensus.cc:1275] T ec445877f26a43ff85661f6f9c04e20f P fce1b7c066c148ebb0cab40b63b2a602 [term 2 FOLLOWER]: Refusing update from remote peer a0fe5878e72a4421ac521218b4d5e2cc: Log matching property violated. Preceding OpId in replica: term: 1 index: 1. Preceding OpId from leader: term: 2 index: 2. (index mismatch)
I20260709 12:11:56.177444 31071 consensus_queue.cc:1048] T ec445877f26a43ff85661f6f9c04e20f P a0fe5878e72a4421ac521218b4d5e2cc [LEADER]: Connected to new peer: Peer: permanent_uuid: "fce1b7c066c148ebb0cab40b63b2a602" member_type: VOTER last_known_addr { host: "127.29.241.131" port: 32787 }, Status: LMP_MISMATCH, Last received: 0.0, Next index: 2, Last known committed idx: 1, Time since last communication: 0.000s
I20260709 12:11:56.186383 30795 raft_consensus.cc:1275] T ec445877f26a43ff85661f6f9c04e20f P fcd8414565a54eecb31d8521af297360 [term 2 FOLLOWER]: Refusing update from remote peer a0fe5878e72a4421ac521218b4d5e2cc: Log matching property violated. Preceding OpId in replica: term: 1 index: 1. Preceding OpId from leader: term: 2 index: 2. (index mismatch)
I20260709 12:11:56.187662 31072 consensus_queue.cc:1048] T ec445877f26a43ff85661f6f9c04e20f P a0fe5878e72a4421ac521218b4d5e2cc [LEADER]: Connected to new peer: Peer: permanent_uuid: "fcd8414565a54eecb31d8521af297360" member_type: VOTER last_known_addr { host: "127.29.241.129" port: 38825 }, Status: LMP_MISMATCH, Last received: 0.0, Next index: 2, Last known committed idx: 1, Time since last communication: 0.000s
I20260709 12:11:58.198674 30662 auto_leader_rebalancer-test.cc:294] The leader distribution is 
I20260709 12:11:58.199438 30662 auto_leader_rebalancer.cc:141] leader rebalance for table test-workload
I20260709 12:11:58.216681 30795 tablet_service.cc:2072] Received LeaderStepDown RPC: tablet_id: "9bd430980306449d86cea07b8f28425e"
dest_uuid: "fcd8414565a54eecb31d8521af297360"
mode: GRACEFUL
new_leader_uuid: "fce1b7c066c148ebb0cab40b63b2a602"
 from {username='slave'} at 127.0.0.1:58496
I20260709 12:11:58.217260 30795 raft_consensus.cc:606] T 9bd430980306449d86cea07b8f28425e P fcd8414565a54eecb31d8521af297360 [term 2 LEADER]: Received request to transfer leadership to TS fce1b7c066c148ebb0cab40b63b2a602
I20260709 12:11:58.227986 30872 tablet_service.cc:2072] Received LeaderStepDown RPC: tablet_id: "c9e73785001c45e2a82a2cb6f238dbb9"
dest_uuid: "a0fe5878e72a4421ac521218b4d5e2cc"
mode: GRACEFUL
new_leader_uuid: "fce1b7c066c148ebb0cab40b63b2a602"
 from {username='slave'} at 127.0.0.1:47014
I20260709 12:11:58.228694 30872 raft_consensus.cc:606] T c9e73785001c45e2a82a2cb6f238dbb9 P a0fe5878e72a4421ac521218b4d5e2cc [term 2 LEADER]: Received request to transfer leadership to TS fce1b7c066c148ebb0cab40b63b2a602
I20260709 12:11:58.229976 30662 auto_leader_rebalancer.cc:440] table: test-workload, leader rebalance finish, leader transfer count: 2
I20260709 12:11:58.230589 30662 auto_leader_rebalancer.cc:515] All tables' leader rebalancing finished this round
I20260709 12:11:58.290472 31081 raft_consensus.cc:993] T 9bd430980306449d86cea07b8f28425e P fcd8414565a54eecb31d8521af297360: : Instructing follower fce1b7c066c148ebb0cab40b63b2a602 to start an election
I20260709 12:11:58.291002 31085 raft_consensus.cc:1081] T 9bd430980306449d86cea07b8f28425e P fcd8414565a54eecb31d8521af297360 [term 2 LEADER]: Signalling peer fce1b7c066c148ebb0cab40b63b2a602 to start an election
I20260709 12:11:58.292677 30944 tablet_service.cc:2044] Received Run Leader Election RPC: tablet_id: "9bd430980306449d86cea07b8f28425e"
dest_uuid: "fce1b7c066c148ebb0cab40b63b2a602"
 from {username='slave'} at 127.0.0.1:59500
I20260709 12:11:58.293175 30944 raft_consensus.cc:493] T 9bd430980306449d86cea07b8f28425e P fce1b7c066c148ebb0cab40b63b2a602 [term 2 FOLLOWER]: Starting forced leader election (received explicit request)
I20260709 12:11:58.293479 30944 raft_consensus.cc:3060] T 9bd430980306449d86cea07b8f28425e P fce1b7c066c148ebb0cab40b63b2a602 [term 2 FOLLOWER]: Advancing to term 3
I20260709 12:11:58.298015 30944 raft_consensus.cc:515] T 9bd430980306449d86cea07b8f28425e P fce1b7c066c148ebb0cab40b63b2a602 [term 3 FOLLOWER]: Starting forced leader election with config: opid_index: -1 OBSOLETE_local: false peers { permanent_uuid: "fcd8414565a54eecb31d8521af297360" member_type: VOTER last_known_addr { host: "127.29.241.129" port: 38825 } } peers { permanent_uuid: "a0fe5878e72a4421ac521218b4d5e2cc" member_type: VOTER last_known_addr { host: "127.29.241.130" port: 33411 } } peers { permanent_uuid: "fce1b7c066c148ebb0cab40b63b2a602" member_type: VOTER last_known_addr { host: "127.29.241.131" port: 32787 } }
I20260709 12:11:58.299559 30944 leader_election.cc:290] T 9bd430980306449d86cea07b8f28425e P fce1b7c066c148ebb0cab40b63b2a602 [CANDIDATE]: Term 3 election: Requested vote from peers fcd8414565a54eecb31d8521af297360 (127.29.241.129:38825), a0fe5878e72a4421ac521218b4d5e2cc (127.29.241.130:33411)
I20260709 12:11:58.300451 30795 tablet_service.cc:1917] Received RequestConsensusVote() RPC: tablet_id: "9bd430980306449d86cea07b8f28425e" candidate_uuid: "fce1b7c066c148ebb0cab40b63b2a602" candidate_term: 3 candidate_status { last_received { term: 2 index: 2 } } ignore_live_leader: true dest_uuid: "fcd8414565a54eecb31d8521af297360"
I20260709 12:11:58.300717 30872 tablet_service.cc:1917] Received RequestConsensusVote() RPC: tablet_id: "9bd430980306449d86cea07b8f28425e" candidate_uuid: "fce1b7c066c148ebb0cab40b63b2a602" candidate_term: 3 candidate_status { last_received { term: 2 index: 2 } } ignore_live_leader: true dest_uuid: "a0fe5878e72a4421ac521218b4d5e2cc"
I20260709 12:11:58.301128 30795 raft_consensus.cc:3055] T 9bd430980306449d86cea07b8f28425e P fcd8414565a54eecb31d8521af297360 [term 2 LEADER]: Stepping down as leader of term 2
I20260709 12:11:58.301262 30872 raft_consensus.cc:3060] T 9bd430980306449d86cea07b8f28425e P a0fe5878e72a4421ac521218b4d5e2cc [term 2 FOLLOWER]: Advancing to term 3
I20260709 12:11:58.301510 30795 raft_consensus.cc:740] T 9bd430980306449d86cea07b8f28425e P fcd8414565a54eecb31d8521af297360 [term 2 LEADER]: Becoming Follower/Learner. State: Replica: fcd8414565a54eecb31d8521af297360, State: Running, Role: LEADER
I20260709 12:11:58.302363 30795 consensus_queue.cc:260] T 9bd430980306449d86cea07b8f28425e P fcd8414565a54eecb31d8521af297360 [NON_LEADER]: Queue going to NON_LEADER mode. State: All replicated index: 0, Majority replicated index: 2, Committed index: 2, Last appended: 2.2, Last appended by leader: 2, Current term: 2, Majority size: -1, State: 0, Mode: NON_LEADER, active raft config: opid_index: -1 OBSOLETE_local: false peers { permanent_uuid: "fcd8414565a54eecb31d8521af297360" member_type: VOTER last_known_addr { host: "127.29.241.129" port: 38825 } } peers { permanent_uuid: "a0fe5878e72a4421ac521218b4d5e2cc" member_type: VOTER last_known_addr { host: "127.29.241.130" port: 33411 } } peers { permanent_uuid: "fce1b7c066c148ebb0cab40b63b2a602" member_type: VOTER last_known_addr { host: "127.29.241.131" port: 32787 } }
I20260709 12:11:58.303548 30795 raft_consensus.cc:3060] T 9bd430980306449d86cea07b8f28425e P fcd8414565a54eecb31d8521af297360 [term 2 FOLLOWER]: Advancing to term 3
I20260709 12:11:58.307898 30872 raft_consensus.cc:2468] T 9bd430980306449d86cea07b8f28425e P a0fe5878e72a4421ac521218b4d5e2cc [term 3 FOLLOWER]: Leader election vote request: Granting yes vote for candidate fce1b7c066c148ebb0cab40b63b2a602 in term 3.
I20260709 12:11:58.309168 30911 leader_election.cc:304] T 9bd430980306449d86cea07b8f28425e P fce1b7c066c148ebb0cab40b63b2a602 [CANDIDATE]: Term 3 election: Election decided. Result: candidate won. Election summary: received 2 responses out of 3 voters: 2 yes votes; 0 no votes. yes voters: a0fe5878e72a4421ac521218b4d5e2cc, fce1b7c066c148ebb0cab40b63b2a602; no voters: 
I20260709 12:11:58.309962 31080 raft_consensus.cc:2804] T 9bd430980306449d86cea07b8f28425e P fce1b7c066c148ebb0cab40b63b2a602 [term 3 FOLLOWER]: Leader election won for term 3
I20260709 12:11:58.310093 30795 raft_consensus.cc:2468] T 9bd430980306449d86cea07b8f28425e P fcd8414565a54eecb31d8521af297360 [term 3 FOLLOWER]: Leader election vote request: Granting yes vote for candidate fce1b7c066c148ebb0cab40b63b2a602 in term 3.
I20260709 12:11:58.311314 31080 raft_consensus.cc:697] T 9bd430980306449d86cea07b8f28425e P fce1b7c066c148ebb0cab40b63b2a602 [term 3 LEADER]: Becoming Leader. State: Replica: fce1b7c066c148ebb0cab40b63b2a602, State: Running, Role: LEADER
I20260709 12:11:58.312088 31080 consensus_queue.cc:237] T 9bd430980306449d86cea07b8f28425e P fce1b7c066c148ebb0cab40b63b2a602 [LEADER]: Queue going to LEADER mode. State: All replicated index: 0, Majority replicated index: 2, Committed index: 2, Last appended: 2.2, Last appended by leader: 2, Current term: 3, Majority size: 2, State: 0, Mode: LEADER, active raft config: opid_index: -1 OBSOLETE_local: false peers { permanent_uuid: "fcd8414565a54eecb31d8521af297360" member_type: VOTER last_known_addr { host: "127.29.241.129" port: 38825 } } peers { permanent_uuid: "a0fe5878e72a4421ac521218b4d5e2cc" member_type: VOTER last_known_addr { host: "127.29.241.130" port: 33411 } } peers { permanent_uuid: "fce1b7c066c148ebb0cab40b63b2a602" member_type: VOTER last_known_addr { host: "127.29.241.131" port: 32787 } }
I20260709 12:11:58.319010 30691 catalog_manager.cc:5697] T 9bd430980306449d86cea07b8f28425e P fce1b7c066c148ebb0cab40b63b2a602 reported cstate change: term changed from 2 to 3, leader changed from fcd8414565a54eecb31d8521af297360 (127.29.241.129) to fce1b7c066c148ebb0cab40b63b2a602 (127.29.241.131). New cstate: current_term: 3 leader_uuid: "fce1b7c066c148ebb0cab40b63b2a602" committed_config { opid_index: -1 OBSOLETE_local: false peers { permanent_uuid: "fcd8414565a54eecb31d8521af297360" member_type: VOTER last_known_addr { host: "127.29.241.129" port: 38825 } health_report { overall_health: UNKNOWN } } peers { permanent_uuid: "a0fe5878e72a4421ac521218b4d5e2cc" member_type: VOTER last_known_addr { host: "127.29.241.130" port: 33411 } health_report { overall_health: UNKNOWN } } peers { permanent_uuid: "fce1b7c066c148ebb0cab40b63b2a602" member_type: VOTER last_known_addr { host: "127.29.241.131" port: 32787 } health_report { overall_health: HEALTHY } } }
I20260709 12:11:58.533179 31092 raft_consensus.cc:993] T c9e73785001c45e2a82a2cb6f238dbb9 P a0fe5878e72a4421ac521218b4d5e2cc: : Instructing follower fce1b7c066c148ebb0cab40b63b2a602 to start an election
I20260709 12:11:58.533610 30997 raft_consensus.cc:1081] T c9e73785001c45e2a82a2cb6f238dbb9 P a0fe5878e72a4421ac521218b4d5e2cc [term 2 LEADER]: Signalling peer fce1b7c066c148ebb0cab40b63b2a602 to start an election
I20260709 12:11:58.534991 30944 tablet_service.cc:2044] Received Run Leader Election RPC: tablet_id: "c9e73785001c45e2a82a2cb6f238dbb9"
dest_uuid: "fce1b7c066c148ebb0cab40b63b2a602"
 from {username='slave'} at 127.0.0.1:59512
I20260709 12:11:58.535585 30944 raft_consensus.cc:493] T c9e73785001c45e2a82a2cb6f238dbb9 P fce1b7c066c148ebb0cab40b63b2a602 [term 2 FOLLOWER]: Starting forced leader election (received explicit request)
I20260709 12:11:58.535918 30944 raft_consensus.cc:3060] T c9e73785001c45e2a82a2cb6f238dbb9 P fce1b7c066c148ebb0cab40b63b2a602 [term 2 FOLLOWER]: Advancing to term 3
I20260709 12:11:58.540184 30944 raft_consensus.cc:515] T c9e73785001c45e2a82a2cb6f238dbb9 P fce1b7c066c148ebb0cab40b63b2a602 [term 3 FOLLOWER]: Starting forced leader election with config: opid_index: -1 OBSOLETE_local: false peers { permanent_uuid: "fcd8414565a54eecb31d8521af297360" member_type: VOTER last_known_addr { host: "127.29.241.129" port: 38825 } } peers { permanent_uuid: "a0fe5878e72a4421ac521218b4d5e2cc" member_type: VOTER last_known_addr { host: "127.29.241.130" port: 33411 } } peers { permanent_uuid: "fce1b7c066c148ebb0cab40b63b2a602" member_type: VOTER last_known_addr { host: "127.29.241.131" port: 32787 } }
I20260709 12:11:58.541714 30944 leader_election.cc:290] T c9e73785001c45e2a82a2cb6f238dbb9 P fce1b7c066c148ebb0cab40b63b2a602 [CANDIDATE]: Term 3 election: Requested vote from peers fcd8414565a54eecb31d8521af297360 (127.29.241.129:38825), a0fe5878e72a4421ac521218b4d5e2cc (127.29.241.130:33411)
I20260709 12:11:58.542798 30795 tablet_service.cc:1917] Received RequestConsensusVote() RPC: tablet_id: "c9e73785001c45e2a82a2cb6f238dbb9" candidate_uuid: "fce1b7c066c148ebb0cab40b63b2a602" candidate_term: 3 candidate_status { last_received { term: 2 index: 2 } } ignore_live_leader: true dest_uuid: "fcd8414565a54eecb31d8521af297360"
I20260709 12:11:58.542948 30872 tablet_service.cc:1917] Received RequestConsensusVote() RPC: tablet_id: "c9e73785001c45e2a82a2cb6f238dbb9" candidate_uuid: "fce1b7c066c148ebb0cab40b63b2a602" candidate_term: 3 candidate_status { last_received { term: 2 index: 2 } } ignore_live_leader: true dest_uuid: "a0fe5878e72a4421ac521218b4d5e2cc"
I20260709 12:11:58.543393 30795 raft_consensus.cc:3060] T c9e73785001c45e2a82a2cb6f238dbb9 P fcd8414565a54eecb31d8521af297360 [term 2 FOLLOWER]: Advancing to term 3
I20260709 12:11:58.543468 30872 raft_consensus.cc:3055] T c9e73785001c45e2a82a2cb6f238dbb9 P a0fe5878e72a4421ac521218b4d5e2cc [term 2 LEADER]: Stepping down as leader of term 2
I20260709 12:11:58.543884 30872 raft_consensus.cc:740] T c9e73785001c45e2a82a2cb6f238dbb9 P a0fe5878e72a4421ac521218b4d5e2cc [term 2 LEADER]: Becoming Follower/Learner. State: Replica: a0fe5878e72a4421ac521218b4d5e2cc, State: Running, Role: LEADER
I20260709 12:11:58.544567 30872 consensus_queue.cc:260] T c9e73785001c45e2a82a2cb6f238dbb9 P a0fe5878e72a4421ac521218b4d5e2cc [NON_LEADER]: Queue going to NON_LEADER mode. State: All replicated index: 0, Majority replicated index: 2, Committed index: 2, Last appended: 2.2, Last appended by leader: 2, Current term: 2, Majority size: -1, State: 0, Mode: NON_LEADER, active raft config: opid_index: -1 OBSOLETE_local: false peers { permanent_uuid: "fcd8414565a54eecb31d8521af297360" member_type: VOTER last_known_addr { host: "127.29.241.129" port: 38825 } } peers { permanent_uuid: "a0fe5878e72a4421ac521218b4d5e2cc" member_type: VOTER last_known_addr { host: "127.29.241.130" port: 33411 } } peers { permanent_uuid: "fce1b7c066c148ebb0cab40b63b2a602" member_type: VOTER last_known_addr { host: "127.29.241.131" port: 32787 } }
I20260709 12:11:58.545423 30872 raft_consensus.cc:3060] T c9e73785001c45e2a82a2cb6f238dbb9 P a0fe5878e72a4421ac521218b4d5e2cc [term 2 FOLLOWER]: Advancing to term 3
I20260709 12:11:58.548408 30795 raft_consensus.cc:2468] T c9e73785001c45e2a82a2cb6f238dbb9 P fcd8414565a54eecb31d8521af297360 [term 3 FOLLOWER]: Leader election vote request: Granting yes vote for candidate fce1b7c066c148ebb0cab40b63b2a602 in term 3.
I20260709 12:11:58.549554 30911 leader_election.cc:304] T c9e73785001c45e2a82a2cb6f238dbb9 P fce1b7c066c148ebb0cab40b63b2a602 [CANDIDATE]: Term 3 election: Election decided. Result: candidate won. Election summary: received 2 responses out of 3 voters: 2 yes votes; 0 no votes. yes voters: fcd8414565a54eecb31d8521af297360, fce1b7c066c148ebb0cab40b63b2a602; no voters: 
I20260709 12:11:58.549782 30872 raft_consensus.cc:2468] T c9e73785001c45e2a82a2cb6f238dbb9 P a0fe5878e72a4421ac521218b4d5e2cc [term 3 FOLLOWER]: Leader election vote request: Granting yes vote for candidate fce1b7c066c148ebb0cab40b63b2a602 in term 3.
I20260709 12:11:58.550391 31080 raft_consensus.cc:2804] T c9e73785001c45e2a82a2cb6f238dbb9 P fce1b7c066c148ebb0cab40b63b2a602 [term 3 FOLLOWER]: Leader election won for term 3
I20260709 12:11:58.550905 31080 raft_consensus.cc:697] T c9e73785001c45e2a82a2cb6f238dbb9 P fce1b7c066c148ebb0cab40b63b2a602 [term 3 LEADER]: Becoming Leader. State: Replica: fce1b7c066c148ebb0cab40b63b2a602, State: Running, Role: LEADER
I20260709 12:11:58.551687 31080 consensus_queue.cc:237] T c9e73785001c45e2a82a2cb6f238dbb9 P fce1b7c066c148ebb0cab40b63b2a602 [LEADER]: Queue going to LEADER mode. State: All replicated index: 0, Majority replicated index: 2, Committed index: 2, Last appended: 2.2, Last appended by leader: 2, Current term: 3, Majority size: 2, State: 0, Mode: LEADER, active raft config: opid_index: -1 OBSOLETE_local: false peers { permanent_uuid: "fcd8414565a54eecb31d8521af297360" member_type: VOTER last_known_addr { host: "127.29.241.129" port: 38825 } } peers { permanent_uuid: "a0fe5878e72a4421ac521218b4d5e2cc" member_type: VOTER last_known_addr { host: "127.29.241.130" port: 33411 } } peers { permanent_uuid: "fce1b7c066c148ebb0cab40b63b2a602" member_type: VOTER last_known_addr { host: "127.29.241.131" port: 32787 } }
I20260709 12:11:58.559037 30691 catalog_manager.cc:5697] T c9e73785001c45e2a82a2cb6f238dbb9 P fce1b7c066c148ebb0cab40b63b2a602 reported cstate change: term changed from 2 to 3, leader changed from a0fe5878e72a4421ac521218b4d5e2cc (127.29.241.130) to fce1b7c066c148ebb0cab40b63b2a602 (127.29.241.131). New cstate: current_term: 3 leader_uuid: "fce1b7c066c148ebb0cab40b63b2a602" committed_config { opid_index: -1 OBSOLETE_local: false peers { permanent_uuid: "fcd8414565a54eecb31d8521af297360" member_type: VOTER last_known_addr { host: "127.29.241.129" port: 38825 } health_report { overall_health: UNKNOWN } } peers { permanent_uuid: "a0fe5878e72a4421ac521218b4d5e2cc" member_type: VOTER last_known_addr { host: "127.29.241.130" port: 33411 } health_report { overall_health: UNKNOWN } } peers { permanent_uuid: "fce1b7c066c148ebb0cab40b63b2a602" member_type: VOTER last_known_addr { host: "127.29.241.131" port: 32787 } health_report { overall_health: HEALTHY } } }
I20260709 12:11:58.762979 30872 raft_consensus.cc:1275] T 9bd430980306449d86cea07b8f28425e P a0fe5878e72a4421ac521218b4d5e2cc [term 3 FOLLOWER]: Refusing update from remote peer fce1b7c066c148ebb0cab40b63b2a602: Log matching property violated. Preceding OpId in replica: term: 2 index: 2. Preceding OpId from leader: term: 3 index: 3. (index mismatch)
I20260709 12:11:58.764742 31080 consensus_queue.cc:1048] T 9bd430980306449d86cea07b8f28425e P fce1b7c066c148ebb0cab40b63b2a602 [LEADER]: Connected to new peer: Peer: permanent_uuid: "a0fe5878e72a4421ac521218b4d5e2cc" member_type: VOTER last_known_addr { host: "127.29.241.130" port: 33411 }, Status: LMP_MISMATCH, Last received: 0.0, Next index: 3, Last known committed idx: 2, Time since last communication: 0.000s
I20260709 12:11:58.774914 30795 raft_consensus.cc:1275] T 9bd430980306449d86cea07b8f28425e P fcd8414565a54eecb31d8521af297360 [term 3 FOLLOWER]: Refusing update from remote peer fce1b7c066c148ebb0cab40b63b2a602: Log matching property violated. Preceding OpId in replica: term: 2 index: 2. Preceding OpId from leader: term: 3 index: 3. (index mismatch)
I20260709 12:11:58.776695 31086 consensus_queue.cc:1048] T 9bd430980306449d86cea07b8f28425e P fce1b7c066c148ebb0cab40b63b2a602 [LEADER]: Connected to new peer: Peer: permanent_uuid: "fcd8414565a54eecb31d8521af297360" member_type: VOTER last_known_addr { host: "127.29.241.129" port: 38825 }, Status: LMP_MISMATCH, Last received: 0.0, Next index: 3, Last known committed idx: 2, Time since last communication: 0.000s
I20260709 12:11:58.980906 30795 raft_consensus.cc:1275] T c9e73785001c45e2a82a2cb6f238dbb9 P fcd8414565a54eecb31d8521af297360 [term 3 FOLLOWER]: Refusing update from remote peer fce1b7c066c148ebb0cab40b63b2a602: Log matching property violated. Preceding OpId in replica: term: 2 index: 2. Preceding OpId from leader: term: 3 index: 3. (index mismatch)
I20260709 12:11:58.982527 31086 consensus_queue.cc:1048] T c9e73785001c45e2a82a2cb6f238dbb9 P fce1b7c066c148ebb0cab40b63b2a602 [LEADER]: Connected to new peer: Peer: permanent_uuid: "fcd8414565a54eecb31d8521af297360" member_type: VOTER last_known_addr { host: "127.29.241.129" port: 38825 }, Status: LMP_MISMATCH, Last received: 0.0, Next index: 3, Last known committed idx: 2, Time since last communication: 0.000s
I20260709 12:11:58.988204 30872 raft_consensus.cc:1275] T c9e73785001c45e2a82a2cb6f238dbb9 P a0fe5878e72a4421ac521218b4d5e2cc [term 3 FOLLOWER]: Refusing update from remote peer fce1b7c066c148ebb0cab40b63b2a602: Log matching property violated. Preceding OpId in replica: term: 2 index: 2. Preceding OpId from leader: term: 3 index: 3. (index mismatch)
I20260709 12:11:58.990130 31086 consensus_queue.cc:1048] T c9e73785001c45e2a82a2cb6f238dbb9 P fce1b7c066c148ebb0cab40b63b2a602 [LEADER]: Connected to new peer: Peer: permanent_uuid: "a0fe5878e72a4421ac521218b4d5e2cc" member_type: VOTER last_known_addr { host: "127.29.241.130" port: 33411 }, Status: LMP_MISMATCH, Last received: 0.0, Next index: 3, Last known committed idx: 2, Time since last communication: 0.001s
I20260709 12:11:59.231557 30662 auto_leader_rebalancer.cc:141] leader rebalance for table test-workload
I20260709 12:11:59.236637 30662 auto_leader_rebalancer.cc:440] table: test-workload, leader rebalance finish, leader transfer count: 0
I20260709 12:11:59.237051 30662 auto_leader_rebalancer.cc:515] All tables' leader rebalancing finished this round
I20260709 12:12:00.238178 30662 auto_leader_rebalancer.cc:141] leader rebalance for table test-workload
I20260709 12:12:00.243633 30662 auto_leader_rebalancer.cc:440] table: test-workload, leader rebalance finish, leader transfer count: 0
I20260709 12:12:00.244120 30662 auto_leader_rebalancer.cc:515] All tables' leader rebalancing finished this round
I20260709 12:12:01.245085 30662 auto_leader_rebalancer.cc:141] leader rebalance for table test-workload
I20260709 12:12:01.251150 30662 auto_leader_rebalancer.cc:440] table: test-workload, leader rebalance finish, leader transfer count: 0
I20260709 12:12:01.251647 30662 auto_leader_rebalancer.cc:515] All tables' leader rebalancing finished this round
I20260709 12:12:02.252938 30662 auto_leader_rebalancer.cc:141] leader rebalance for table test-workload
I20260709 12:12:02.258432 30662 auto_leader_rebalancer.cc:440] table: test-workload, leader rebalance finish, leader transfer count: 0
I20260709 12:12:02.258872 30662 auto_leader_rebalancer.cc:515] All tables' leader rebalancing finished this round
I20260709 12:12:03.259816 30662 auto_leader_rebalancer.cc:141] leader rebalance for table test-workload
I20260709 12:12:03.265419 30662 auto_leader_rebalancer.cc:440] table: test-workload, leader rebalance finish, leader transfer count: 0
I20260709 12:12:03.265841 30662 auto_leader_rebalancer.cc:515] All tables' leader rebalancing finished this round
I20260709 12:12:04.266860 30662 auto_leader_rebalancer.cc:141] leader rebalance for table test-workload
I20260709 12:12:04.272501 30662 auto_leader_rebalancer.cc:440] table: test-workload, leader rebalance finish, leader transfer count: 0
I20260709 12:12:04.272985 30662 auto_leader_rebalancer.cc:515] All tables' leader rebalancing finished this round
I20260709 12:12:05.355473 30662 auto_leader_rebalancer.cc:141] leader rebalance for table test-workload
I20260709 12:12:05.360311 30662 auto_leader_rebalancer.cc:440] table: test-workload, leader rebalance finish, leader transfer count: 0
I20260709 12:12:05.360710 30662 auto_leader_rebalancer.cc:515] All tables' leader rebalancing finished this round
W20260709 12:12:06.290890 30967 debug-util.cc:398] Leaking SignalData structure 0x7b080016e060 after lost signal to thread 30665
W20260709 12:12:06.291617 30967 debug-util.cc:398] Leaking SignalData structure 0x7b080016e740 after lost signal to thread 30728
W20260709 12:12:06.292508 30967 debug-util.cc:398] Leaking SignalData structure 0x7b08001f8c60 after lost signal to thread 30821
W20260709 12:12:06.293447 30967 debug-util.cc:398] Leaking SignalData structure 0x7b08001f8420 after lost signal to thread 30896
W20260709 12:12:06.294188 30967 debug-util.cc:398] Leaking SignalData structure 0x7b08001d06c0 after lost signal to thread 30970
I20260709 12:12:06.361830 30662 auto_leader_rebalancer.cc:141] leader rebalance for table test-workload
I20260709 12:12:06.370070 30662 auto_leader_rebalancer.cc:440] table: test-workload, leader rebalance finish, leader transfer count: 0
I20260709 12:12:06.370628 30662 auto_leader_rebalancer.cc:515] All tables' leader rebalancing finished this round
I20260709 12:12:07.371937 30662 auto_leader_rebalancer.cc:141] leader rebalance for table test-workload
I20260709 12:12:07.379822 30662 auto_leader_rebalancer.cc:440] table: test-workload, leader rebalance finish, leader transfer count: 0
I20260709 12:12:07.380385 30662 auto_leader_rebalancer.cc:515] All tables' leader rebalancing finished this round
I20260709 12:12:08.413651 30662 auto_leader_rebalancer-test.cc:313] The leader distribution is 
I20260709 12:12:08.419523 30796 tablet_service.cc:2072] Received LeaderStepDown RPC: tablet_id: "1f9cb59574074155932bd6b17de6427d"
dest_uuid: "fcd8414565a54eecb31d8521af297360"
mode: GRACEFUL
new_leader_uuid: "a0fe5878e72a4421ac521218b4d5e2cc"
 from {username='slave'} at 127.0.0.1:58482
I20260709 12:12:08.420454 30796 raft_consensus.cc:606] T 1f9cb59574074155932bd6b17de6427d P fcd8414565a54eecb31d8521af297360 [term 1 LEADER]: Received request to transfer leadership to TS a0fe5878e72a4421ac521218b4d5e2cc
I20260709 12:12:08.426496 30796 tablet_service.cc:2072] Received LeaderStepDown RPC: tablet_id: "3fcb1781a53c4afaac4134c1efbd9fa6"
dest_uuid: "fcd8414565a54eecb31d8521af297360"
mode: GRACEFUL
new_leader_uuid: "a0fe5878e72a4421ac521218b4d5e2cc"
 from {username='slave'} at 127.0.0.1:58482
I20260709 12:12:08.426986 30796 raft_consensus.cc:606] T 3fcb1781a53c4afaac4134c1efbd9fa6 P fcd8414565a54eecb31d8521af297360 [term 2 LEADER]: Received request to transfer leadership to TS a0fe5878e72a4421ac521218b4d5e2cc
I20260709 12:12:08.432085 30796 tablet_service.cc:2072] Received LeaderStepDown RPC: tablet_id: "bc0643e53a5a478a9e76796c416e77a4"
dest_uuid: "fcd8414565a54eecb31d8521af297360"
mode: GRACEFUL
new_leader_uuid: "a0fe5878e72a4421ac521218b4d5e2cc"
 from {username='slave'} at 127.0.0.1:58482
