I20260709 12:12:03.940582 14007 consensus_queue.cc:260] T 45b94f6c319746e08a030cd932ed2997 P b473778023344d62b365199375b0df92 [NON_LEADER]: Queue going to NON_LEADER mode. State: All replicated index: 0, Majority replicated index: 0, Committed index: 0, Last appended: 0.0, Last appended by leader: 0, Current term: 0, Majority size: -1, State: 0, Mode: NON_LEADER, active raft config: opid_index: -1 OBSOLETE_local: false peers { permanent_uuid: "b473778023344d62b365199375b0df92" member_type: VOTER last_known_addr { host: "127.13.91.129" port: 43183 } } peers { permanent_uuid: "1c32f779da7e46f8bce8b45e37cb9c05" member_type: VOTER last_known_addr { host: "127.13.91.130" port: 41887 } } peers { permanent_uuid: "091c8ac49f3f4e7194b48537fcbd8c82" member_type: VOTER last_known_addr { host: "127.13.91.131" port: 42601 } }
I20260709 12:12:03.948253 14023 raft_consensus.cc:2804] T 488dd8864e474c2ba39ce26ed352ed4c P 1c32f779da7e46f8bce8b45e37cb9c05 [term 0 FOLLOWER]: Leader pre-election won for term 1
I20260709 12:12:03.949230 14023 raft_consensus.cc:493] T 488dd8864e474c2ba39ce26ed352ed4c P 1c32f779da7e46f8bce8b45e37cb9c05 [term 0 FOLLOWER]: Starting leader election (no leader contacted us within the election timeout)
I20260709 12:12:03.949590 14023 raft_consensus.cc:3060] T 488dd8864e474c2ba39ce26ed352ed4c P 1c32f779da7e46f8bce8b45e37cb9c05 [term 0 FOLLOWER]: Advancing to term 1
I20260709 12:12:03.950243 14007 ts_tablet_manager.cc:1434] T 45b94f6c319746e08a030cd932ed2997 P b473778023344d62b365199375b0df92: Time spent starting tablet: real 0.033s	user 0.006s	sys 0.000s
I20260709 12:12:03.948992 13888 raft_consensus.cc:2393] T a7afdc2a5bb74597803b8ed2736aa0d4 P 1c32f779da7e46f8bce8b45e37cb9c05 [term 1 FOLLOWER]: Leader election vote request: Denying vote to candidate 091c8ac49f3f4e7194b48537fcbd8c82 in current term 1: Already voted for candidate b473778023344d62b365199375b0df92 in this term.
I20260709 12:12:03.951380 14007 tablet_bootstrap.cc:492] T 488dd8864e474c2ba39ce26ed352ed4c P b473778023344d62b365199375b0df92: Bootstrap starting.
I20260709 12:12:03.952699 14005 consensus_queue.cc:260] T 0cc298e1daa7481f9acad38e0192780c P 091c8ac49f3f4e7194b48537fcbd8c82 [NON_LEADER]: Queue going to NON_LEADER mode. State: All replicated index: 0, Majority replicated index: 0, Committed index: 0, Last appended: 0.0, Last appended by leader: 0, Current term: 0, Majority size: -1, State: 0, Mode: NON_LEADER, active raft config: opid_index: -1 OBSOLETE_local: false peers { permanent_uuid: "b473778023344d62b365199375b0df92" member_type: VOTER last_known_addr { host: "127.13.91.129" port: 43183 } } peers { permanent_uuid: "1c32f779da7e46f8bce8b45e37cb9c05" member_type: VOTER last_known_addr { host: "127.13.91.130" port: 41887 } } peers { permanent_uuid: "091c8ac49f3f4e7194b48537fcbd8c82" member_type: VOTER last_known_addr { host: "127.13.91.131" port: 42601 } }
I20260709 12:12:03.953074 13961 raft_consensus.cc:2468] T 8d15835c86734745a37fbd2cba4e79e6 P 091c8ac49f3f4e7194b48537fcbd8c82 [term 1 FOLLOWER]: Leader election vote request: Granting yes vote for candidate 1c32f779da7e46f8bce8b45e37cb9c05 in term 1.
I20260709 12:12:03.955657 14010 leader_election.cc:290] T 45b94f6c319746e08a030cd932ed2997 P 1c32f779da7e46f8bce8b45e37cb9c05 [CANDIDATE]: Term 1 election: Requested vote from peers b473778023344d62b365199375b0df92 (127.13.91.129:43183), 091c8ac49f3f4e7194b48537fcbd8c82 (127.13.91.131:42601)
I20260709 12:12:03.962668 14005 ts_tablet_manager.cc:1434] T 0cc298e1daa7481f9acad38e0192780c P 091c8ac49f3f4e7194b48537fcbd8c82: Time spent starting tablet: real 0.048s	user 0.007s	sys 0.002s
I20260709 12:12:03.964097 13812 tablet_service.cc:1917] Received RequestConsensusVote() RPC: tablet_id: "45b94f6c319746e08a030cd932ed2997" candidate_uuid: "1c32f779da7e46f8bce8b45e37cb9c05" candidate_term: 1 candidate_status { last_received { term: 0 index: 0 } } ignore_live_leader: false dest_uuid: "b473778023344d62b365199375b0df92"
I20260709 12:12:03.964478 14005 tablet_bootstrap.cc:492] T 86f4716989324052b6e4d5ca2f60873d P 091c8ac49f3f4e7194b48537fcbd8c82: Bootstrap starting.
I20260709 12:12:03.964740 13812 raft_consensus.cc:3060] T 45b94f6c319746e08a030cd932ed2997 P b473778023344d62b365199375b0df92 [term 0 FOLLOWER]: Advancing to term 1
I20260709 12:12:03.965049 13854 leader_election.cc:304] T 8d15835c86734745a37fbd2cba4e79e6 P 1c32f779da7e46f8bce8b45e37cb9c05 [CANDIDATE]: Term 1 election: Election decided. Result: candidate won. Election summary: received 2 responses out of 3 voters: 2 yes votes; 0 no votes. yes voters: 1c32f779da7e46f8bce8b45e37cb9c05, b473778023344d62b365199375b0df92; no voters: 
I20260709 12:12:03.965890 13888 tablet_service.cc:1917] Received RequestConsensusVote() RPC: tablet_id: "0283cd178f654f3c83be620200881da0" candidate_uuid: "091c8ac49f3f4e7194b48537fcbd8c82" candidate_term: 1 candidate_status { last_received { term: 0 index: 0 } } ignore_live_leader: false dest_uuid: "1c32f779da7e46f8bce8b45e37cb9c05" is_pre_election: true
I20260709 12:12:03.964128 13925 leader_election.cc:304] T a7afdc2a5bb74597803b8ed2736aa0d4 P 091c8ac49f3f4e7194b48537fcbd8c82 [CANDIDATE]: Term 1 election: Election decided. Result: candidate lost. Election summary: received 3 responses out of 3 voters: 1 yes votes; 2 no votes. yes voters: 091c8ac49f3f4e7194b48537fcbd8c82; no voters: 1c32f779da7e46f8bce8b45e37cb9c05, b473778023344d62b365199375b0df92
I20260709 12:12:03.966476 13888 raft_consensus.cc:2468] T 0283cd178f654f3c83be620200881da0 P 1c32f779da7e46f8bce8b45e37cb9c05 [term 0 FOLLOWER]: Leader pre-election vote request: Granting yes vote for candidate 091c8ac49f3f4e7194b48537fcbd8c82 in term 0.
I20260709 12:12:03.968562 14046 raft_consensus.cc:2749] T a7afdc2a5bb74597803b8ed2736aa0d4 P 091c8ac49f3f4e7194b48537fcbd8c82 [term 1 FOLLOWER]: Leader election lost for term 1. Reason: could not achieve majority
I20260709 12:12:03.968570 14010 raft_consensus.cc:2804] T 8d15835c86734745a37fbd2cba4e79e6 P 1c32f779da7e46f8bce8b45e37cb9c05 [term 1 FOLLOWER]: Leader election won for term 1
I20260709 12:12:03.960796 14047 consensus_queue.cc:237] T a7afdc2a5bb74597803b8ed2736aa0d4 P b473778023344d62b365199375b0df92 [LEADER]: Queue going to LEADER mode. State: All replicated index: 0, Majority replicated index: 0, Committed index: 0, Last appended: 0.0, Last appended by leader: 0, Current term: 1, Majority size: 2, State: 0, Mode: LEADER, active raft config: opid_index: -1 OBSOLETE_local: false peers { permanent_uuid: "b473778023344d62b365199375b0df92" member_type: VOTER last_known_addr { host: "127.13.91.129" port: 43183 } } peers { permanent_uuid: "1c32f779da7e46f8bce8b45e37cb9c05" member_type: VOTER last_known_addr { host: "127.13.91.130" port: 41887 } } peers { permanent_uuid: "091c8ac49f3f4e7194b48537fcbd8c82" member_type: VOTER last_known_addr { host: "127.13.91.131" port: 42601 } }
I20260709 12:12:03.971108 14010 raft_consensus.cc:697] T 8d15835c86734745a37fbd2cba4e79e6 P 1c32f779da7e46f8bce8b45e37cb9c05 [term 1 LEADER]: Becoming Leader. State: Replica: 1c32f779da7e46f8bce8b45e37cb9c05, State: Running, Role: LEADER
I20260709 12:12:03.972410 14010 consensus_queue.cc:237] T 8d15835c86734745a37fbd2cba4e79e6 P 1c32f779da7e46f8bce8b45e37cb9c05 [LEADER]: Queue going to LEADER mode. State: All replicated index: 0, Majority replicated index: 0, Committed index: 0, Last appended: 0.0, Last appended by leader: 0, Current term: 1, Majority size: 2, State: 0, Mode: LEADER, active raft config: opid_index: -1 OBSOLETE_local: false peers { permanent_uuid: "b473778023344d62b365199375b0df92" member_type: VOTER last_known_addr { host: "127.13.91.129" port: 43183 } } peers { permanent_uuid: "1c32f779da7e46f8bce8b45e37cb9c05" member_type: VOTER last_known_addr { host: "127.13.91.130" port: 41887 } } peers { permanent_uuid: "091c8ac49f3f4e7194b48537fcbd8c82" member_type: VOTER last_known_addr { host: "127.13.91.131" port: 42601 } }
I20260709 12:12:03.974370 13961 tablet_service.cc:1917] Received RequestConsensusVote() RPC: tablet_id: "45b94f6c319746e08a030cd932ed2997" candidate_uuid: "1c32f779da7e46f8bce8b45e37cb9c05" candidate_term: 1 candidate_status { last_received { term: 0 index: 0 } } ignore_live_leader: false dest_uuid: "091c8ac49f3f4e7194b48537fcbd8c82"
I20260709 12:12:03.975108 13961 raft_consensus.cc:3060] T 45b94f6c319746e08a030cd932ed2997 P 091c8ac49f3f4e7194b48537fcbd8c82 [term 0 FOLLOWER]: Advancing to term 1
I20260709 12:12:03.976473 14006 tablet_bootstrap.cc:654] T 86f4716989324052b6e4d5ca2f60873d P 1c32f779da7e46f8bce8b45e37cb9c05: Neither blocks nor log segments found. Creating new log.
I20260709 12:12:03.973879 13812 raft_consensus.cc:2468] T 45b94f6c319746e08a030cd932ed2997 P b473778023344d62b365199375b0df92 [term 1 FOLLOWER]: Leader election vote request: Granting yes vote for candidate 1c32f779da7e46f8bce8b45e37cb9c05 in term 1.
I20260709 12:12:03.976814 13925 leader_election.cc:304] T 0283cd178f654f3c83be620200881da0 P 091c8ac49f3f4e7194b48537fcbd8c82 [CANDIDATE]: Term 1 pre-election: Election decided. Result: candidate won. Election summary: received 3 responses out of 3 voters: 2 yes votes; 1 no votes. yes voters: 091c8ac49f3f4e7194b48537fcbd8c82, 1c32f779da7e46f8bce8b45e37cb9c05; no voters: b473778023344d62b365199375b0df92
I20260709 12:12:03.979525 14046 raft_consensus.cc:2804] T 0283cd178f654f3c83be620200881da0 P 091c8ac49f3f4e7194b48537fcbd8c82 [term 0 FOLLOWER]: Leader pre-election won for term 1
I20260709 12:12:03.979904 14046 raft_consensus.cc:493] T 0283cd178f654f3c83be620200881da0 P 091c8ac49f3f4e7194b48537fcbd8c82 [term 0 FOLLOWER]: Starting leader election (no leader contacted us within the election timeout)
I20260709 12:12:03.980301 14046 raft_consensus.cc:3060] T 0283cd178f654f3c83be620200881da0 P 091c8ac49f3f4e7194b48537fcbd8c82 [term 0 FOLLOWER]: Advancing to term 1
I20260709 12:12:03.980433 14005 tablet_bootstrap.cc:654] T 86f4716989324052b6e4d5ca2f60873d P 091c8ac49f3f4e7194b48537fcbd8c82: Neither blocks nor log segments found. Creating new log.
I20260709 12:12:03.987568 14046 raft_consensus.cc:515] T 0283cd178f654f3c83be620200881da0 P 091c8ac49f3f4e7194b48537fcbd8c82 [term 1 FOLLOWER]: Starting leader election with config: opid_index: -1 OBSOLETE_local: false peers { permanent_uuid: "b473778023344d62b365199375b0df92" member_type: VOTER last_known_addr { host: "127.13.91.129" port: 43183 } } peers { permanent_uuid: "1c32f779da7e46f8bce8b45e37cb9c05" member_type: VOTER last_known_addr { host: "127.13.91.130" port: 41887 } } peers { permanent_uuid: "091c8ac49f3f4e7194b48537fcbd8c82" member_type: VOTER last_known_addr { host: "127.13.91.131" port: 42601 } }
I20260709 12:12:03.990054 14045 raft_consensus.cc:493] T 0cc298e1daa7481f9acad38e0192780c P 091c8ac49f3f4e7194b48537fcbd8c82 [term 0 FOLLOWER]: Starting pre-election (no leader contacted us within the election timeout)
I20260709 12:12:03.993088 14023 raft_consensus.cc:515] T 488dd8864e474c2ba39ce26ed352ed4c P 1c32f779da7e46f8bce8b45e37cb9c05 [term 1 FOLLOWER]: Starting leader election with config: opid_index: -1 OBSOLETE_local: false peers { permanent_uuid: "b473778023344d62b365199375b0df92" member_type: VOTER last_known_addr { host: "127.13.91.129" port: 43183 } } peers { permanent_uuid: "1c32f779da7e46f8bce8b45e37cb9c05" member_type: VOTER last_known_addr { host: "127.13.91.130" port: 41887 } } peers { permanent_uuid: "091c8ac49f3f4e7194b48537fcbd8c82" member_type: VOTER last_known_addr { host: "127.13.91.131" port: 42601 } }
I20260709 12:12:03.995029 14023 leader_election.cc:290] T 488dd8864e474c2ba39ce26ed352ed4c P 1c32f779da7e46f8bce8b45e37cb9c05 [CANDIDATE]: Term 1 election: Requested vote from peers b473778023344d62b365199375b0df92 (127.13.91.129:43183), 091c8ac49f3f4e7194b48537fcbd8c82 (127.13.91.131:42601)
I20260709 12:12:03.990967 14046 leader_election.cc:290] T 0283cd178f654f3c83be620200881da0 P 091c8ac49f3f4e7194b48537fcbd8c82 [CANDIDATE]: Term 1 election: Requested vote from peers b473778023344d62b365199375b0df92 (127.13.91.129:43183), 1c32f779da7e46f8bce8b45e37cb9c05 (127.13.91.130:41887)
I20260709 12:12:03.995893 13812 tablet_service.cc:1917] Received RequestConsensusVote() RPC: tablet_id: "0283cd178f654f3c83be620200881da0" candidate_uuid: "091c8ac49f3f4e7194b48537fcbd8c82" candidate_term: 1 candidate_status { last_received { term: 0 index: 0 } } ignore_live_leader: false dest_uuid: "b473778023344d62b365199375b0df92"
I20260709 12:12:03.995894 13961 raft_consensus.cc:2468] T 45b94f6c319746e08a030cd932ed2997 P 091c8ac49f3f4e7194b48537fcbd8c82 [term 1 FOLLOWER]: Leader election vote request: Granting yes vote for candidate 1c32f779da7e46f8bce8b45e37cb9c05 in term 1.
I20260709 12:12:03.998792 14007 tablet_bootstrap.cc:654] T 488dd8864e474c2ba39ce26ed352ed4c P b473778023344d62b365199375b0df92: Neither blocks nor log segments found. Creating new log.
W20260709 12:12:03.998875 13928 leader_election.cc:343] T 0283cd178f654f3c83be620200881da0 P 091c8ac49f3f4e7194b48537fcbd8c82 [CANDIDATE]: Term 1 election: Tablet error from VoteRequest() call to peer b473778023344d62b365199375b0df92 (127.13.91.129:43183): Illegal state: must be running to vote when last-logged opid is not known
I20260709 12:12:03.990821 13854 leader_election.cc:304] T 45b94f6c319746e08a030cd932ed2997 P 1c32f779da7e46f8bce8b45e37cb9c05 [CANDIDATE]: Term 1 election: Election decided. Result: candidate won. Election summary: received 2 responses out of 3 voters: 2 yes votes; 0 no votes. yes voters: 1c32f779da7e46f8bce8b45e37cb9c05, b473778023344d62b365199375b0df92; no voters: 
I20260709 12:12:03.996025 14045 raft_consensus.cc:515] T 0cc298e1daa7481f9acad38e0192780c P 091c8ac49f3f4e7194b48537fcbd8c82 [term 0 FOLLOWER]: Starting pre-election with config: opid_index: -1 OBSOLETE_local: false peers { permanent_uuid: "b473778023344d62b365199375b0df92" member_type: VOTER last_known_addr { host: "127.13.91.129" port: 43183 } } peers { permanent_uuid: "1c32f779da7e46f8bce8b45e37cb9c05" member_type: VOTER last_known_addr { host: "127.13.91.130" port: 41887 } } peers { permanent_uuid: "091c8ac49f3f4e7194b48537fcbd8c82" member_type: VOTER last_known_addr { host: "127.13.91.131" port: 42601 } }
I20260709 12:12:04.010735 14045 leader_election.cc:290] T 0cc298e1daa7481f9acad38e0192780c P 091c8ac49f3f4e7194b48537fcbd8c82 [CANDIDATE]: Term 1 pre-election: Requested pre-vote from peers b473778023344d62b365199375b0df92 (127.13.91.129:43183), 1c32f779da7e46f8bce8b45e37cb9c05 (127.13.91.130:41887)
I20260709 12:12:04.004468 14023 raft_consensus.cc:2804] T 45b94f6c319746e08a030cd932ed2997 P 1c32f779da7e46f8bce8b45e37cb9c05 [term 1 FOLLOWER]: Leader election won for term 1
I20260709 12:12:04.011567 13812 tablet_service.cc:1917] Received RequestConsensusVote() RPC: tablet_id: "0cc298e1daa7481f9acad38e0192780c" candidate_uuid: "091c8ac49f3f4e7194b48537fcbd8c82" candidate_term: 1 candidate_status { last_received { term: 0 index: 0 } } ignore_live_leader: false dest_uuid: "b473778023344d62b365199375b0df92" is_pre_election: true
I20260709 12:12:04.011754 14023 raft_consensus.cc:697] T 45b94f6c319746e08a030cd932ed2997 P 1c32f779da7e46f8bce8b45e37cb9c05 [term 1 LEADER]: Becoming Leader. State: Replica: 1c32f779da7e46f8bce8b45e37cb9c05, State: Running, Role: LEADER
I20260709 12:12:04.012701 14023 consensus_queue.cc:237] T 45b94f6c319746e08a030cd932ed2997 P 1c32f779da7e46f8bce8b45e37cb9c05 [LEADER]: Queue going to LEADER mode. State: All replicated index: 0, Majority replicated index: 0, Committed index: 0, Last appended: 0.0, Last appended by leader: 0, Current term: 1, Majority size: 2, State: 0, Mode: LEADER, active raft config: opid_index: -1 OBSOLETE_local: false peers { permanent_uuid: "b473778023344d62b365199375b0df92" member_type: VOTER last_known_addr { host: "127.13.91.129" port: 43183 } } peers { permanent_uuid: "1c32f779da7e46f8bce8b45e37cb9c05" member_type: VOTER last_known_addr { host: "127.13.91.130" port: 41887 } } peers { permanent_uuid: "091c8ac49f3f4e7194b48537fcbd8c82" member_type: VOTER last_known_addr { host: "127.13.91.131" port: 42601 } }
W20260709 12:12:04.013072 13928 leader_election.cc:343] T 0cc298e1daa7481f9acad38e0192780c P 091c8ac49f3f4e7194b48537fcbd8c82 [CANDIDATE]: Term 1 pre-election: Tablet error from VoteRequest() call to peer b473778023344d62b365199375b0df92 (127.13.91.129:43183): Illegal state: must be running to vote when last-logged opid is not known
I20260709 12:12:04.026219 14007 tablet_bootstrap.cc:492] T 488dd8864e474c2ba39ce26ed352ed4c P b473778023344d62b365199375b0df92: No bootstrap required, opened a new log
I20260709 12:12:04.026700 14007 ts_tablet_manager.cc:1403] T 488dd8864e474c2ba39ce26ed352ed4c P b473778023344d62b365199375b0df92: Time spent bootstrapping tablet: real 0.076s	user 0.025s	sys 0.006s
I20260709 12:12:04.029594 14007 raft_consensus.cc:359] T 488dd8864e474c2ba39ce26ed352ed4c P b473778023344d62b365199375b0df92 [term 0 FOLLOWER]: Replica starting. Triggering 0 pending ops. Active config: opid_index: -1 OBSOLETE_local: false peers { permanent_uuid: "b473778023344d62b365199375b0df92" member_type: VOTER last_known_addr { host: "127.13.91.129" port: 43183 } } peers { permanent_uuid: "1c32f779da7e46f8bce8b45e37cb9c05" member_type: VOTER last_known_addr { host: "127.13.91.130" port: 41887 } } peers { permanent_uuid: "091c8ac49f3f4e7194b48537fcbd8c82" member_type: VOTER last_known_addr { host: "127.13.91.131" port: 42601 } }
I20260709 12:12:04.030287 14007 raft_consensus.cc:385] T 488dd8864e474c2ba39ce26ed352ed4c P b473778023344d62b365199375b0df92 [term 0 FOLLOWER]: Consensus starting up: Expiring failure detector timer to make a prompt election more likely
I20260709 12:12:04.030628 14007 raft_consensus.cc:740] T 488dd8864e474c2ba39ce26ed352ed4c P b473778023344d62b365199375b0df92 [term 0 FOLLOWER]: Becoming Follower/Learner. State: Replica: b473778023344d62b365199375b0df92, State: Initialized, Role: FOLLOWER
I20260709 12:12:04.034500 14005 tablet_bootstrap.cc:492] T 86f4716989324052b6e4d5ca2f60873d P 091c8ac49f3f4e7194b48537fcbd8c82: No bootstrap required, opened a new log
I20260709 12:12:04.034847 14005 ts_tablet_manager.cc:1403] T 86f4716989324052b6e4d5ca2f60873d P 091c8ac49f3f4e7194b48537fcbd8c82: Time spent bootstrapping tablet: real 0.072s	user 0.009s	sys 0.010s
I20260709 12:12:04.032896 13708 catalog_manager.cc:5697] T 8d15835c86734745a37fbd2cba4e79e6 P 1c32f779da7e46f8bce8b45e37cb9c05 reported cstate change: term changed from 0 to 1, leader changed from <none> to 1c32f779da7e46f8bce8b45e37cb9c05 (127.13.91.130). New cstate: current_term: 1 leader_uuid: "1c32f779da7e46f8bce8b45e37cb9c05" committed_config { opid_index: -1 OBSOLETE_local: false peers { permanent_uuid: "b473778023344d62b365199375b0df92" member_type: VOTER last_known_addr { host: "127.13.91.129" port: 43183 } health_report { overall_health: UNKNOWN } } peers { permanent_uuid: "1c32f779da7e46f8bce8b45e37cb9c05" member_type: VOTER last_known_addr { host: "127.13.91.130" port: 41887 } health_report { overall_health: HEALTHY } } peers { permanent_uuid: "091c8ac49f3f4e7194b48537fcbd8c82" member_type: VOTER last_known_addr { host: "127.13.91.131" port: 42601 } health_report { overall_health: UNKNOWN } } }
I20260709 12:12:04.037119 13812 tablet_service.cc:1917] Received RequestConsensusVote() RPC: tablet_id: "488dd8864e474c2ba39ce26ed352ed4c" candidate_uuid: "1c32f779da7e46f8bce8b45e37cb9c05" candidate_term: 1 candidate_status { last_received { term: 0 index: 0 } } ignore_live_leader: false dest_uuid: "b473778023344d62b365199375b0df92"
I20260709 12:12:04.038143 14006 tablet_bootstrap.cc:492] T 86f4716989324052b6e4d5ca2f60873d P 1c32f779da7e46f8bce8b45e37cb9c05: No bootstrap required, opened a new log
I20260709 12:12:04.038599 14006 ts_tablet_manager.cc:1403] T 86f4716989324052b6e4d5ca2f60873d P 1c32f779da7e46f8bce8b45e37cb9c05: Time spent bootstrapping tablet: real 0.097s	user 0.020s	sys 0.029s
I20260709 12:12:04.031414 14007 consensus_queue.cc:260] T 488dd8864e474c2ba39ce26ed352ed4c P b473778023344d62b365199375b0df92 [NON_LEADER]: Queue going to NON_LEADER mode. State: All replicated index: 0, Majority replicated index: 0, Committed index: 0, Last appended: 0.0, Last appended by leader: 0, Current term: 0, Majority size: -1, State: 0, Mode: NON_LEADER, active raft config: opid_index: -1 OBSOLETE_local: false peers { permanent_uuid: "b473778023344d62b365199375b0df92" member_type: VOTER last_known_addr { host: "127.13.91.129" port: 43183 } } peers { permanent_uuid: "1c32f779da7e46f8bce8b45e37cb9c05" member_type: VOTER last_known_addr { host: "127.13.91.130" port: 41887 } } peers { permanent_uuid: "091c8ac49f3f4e7194b48537fcbd8c82" member_type: VOTER last_known_addr { host: "127.13.91.131" port: 42601 } }
I20260709 12:12:04.041347 13812 raft_consensus.cc:3060] T 488dd8864e474c2ba39ce26ed352ed4c P b473778023344d62b365199375b0df92 [term 0 FOLLOWER]: Advancing to term 1
I20260709 12:12:04.041796 13961 tablet_service.cc:1917] Received RequestConsensusVote() RPC: tablet_id: "488dd8864e474c2ba39ce26ed352ed4c" candidate_uuid: "1c32f779da7e46f8bce8b45e37cb9c05" candidate_term: 1 candidate_status { last_received { term: 0 index: 0 } } ignore_live_leader: false dest_uuid: "091c8ac49f3f4e7194b48537fcbd8c82"
I20260709 12:12:04.042367 13961 raft_consensus.cc:3060] T 488dd8864e474c2ba39ce26ed352ed4c P 091c8ac49f3f4e7194b48537fcbd8c82 [term 0 FOLLOWER]: Advancing to term 1
I20260709 12:12:04.043114 14005 raft_consensus.cc:359] T 86f4716989324052b6e4d5ca2f60873d P 091c8ac49f3f4e7194b48537fcbd8c82 [term 0 FOLLOWER]: Replica starting. Triggering 0 pending ops. Active config: opid_index: -1 OBSOLETE_local: false peers { permanent_uuid: "b473778023344d62b365199375b0df92" member_type: VOTER last_known_addr { host: "127.13.91.129" port: 43183 } } peers { permanent_uuid: "1c32f779da7e46f8bce8b45e37cb9c05" member_type: VOTER last_known_addr { host: "127.13.91.130" port: 41887 } } peers { permanent_uuid: "091c8ac49f3f4e7194b48537fcbd8c82" member_type: VOTER last_known_addr { host: "127.13.91.131" port: 42601 } }
I20260709 12:12:04.043744 14005 raft_consensus.cc:385] T 86f4716989324052b6e4d5ca2f60873d P 091c8ac49f3f4e7194b48537fcbd8c82 [term 0 FOLLOWER]: Consensus starting up: Expiring failure detector timer to make a prompt election more likely
I20260709 12:12:04.043988 14005 raft_consensus.cc:740] T 86f4716989324052b6e4d5ca2f60873d P 091c8ac49f3f4e7194b48537fcbd8c82 [term 0 FOLLOWER]: Becoming Follower/Learner. State: Replica: 091c8ac49f3f4e7194b48537fcbd8c82, State: Initialized, Role: FOLLOWER
I20260709 12:12:04.044781 14005 consensus_queue.cc:260] T 86f4716989324052b6e4d5ca2f60873d P 091c8ac49f3f4e7194b48537fcbd8c82 [NON_LEADER]: Queue going to NON_LEADER mode. State: All replicated index: 0, Majority replicated index: 0, Committed index: 0, Last appended: 0.0, Last appended by leader: 0, Current term: 0, Majority size: -1, State: 0, Mode: NON_LEADER, active raft config: opid_index: -1 OBSOLETE_local: false peers { permanent_uuid: "b473778023344d62b365199375b0df92" member_type: VOTER last_known_addr { host: "127.13.91.129" port: 43183 } } peers { permanent_uuid: "1c32f779da7e46f8bce8b45e37cb9c05" member_type: VOTER last_known_addr { host: "127.13.91.130" port: 41887 } } peers { permanent_uuid: "091c8ac49f3f4e7194b48537fcbd8c82" member_type: VOTER last_known_addr { host: "127.13.91.131" port: 42601 } }
I20260709 12:12:04.048237 14006 raft_consensus.cc:359] T 86f4716989324052b6e4d5ca2f60873d P 1c32f779da7e46f8bce8b45e37cb9c05 [term 0 FOLLOWER]: Replica starting. Triggering 0 pending ops. Active config: opid_index: -1 OBSOLETE_local: false peers { permanent_uuid: "b473778023344d62b365199375b0df92" member_type: VOTER last_known_addr { host: "127.13.91.129" port: 43183 } } peers { permanent_uuid: "1c32f779da7e46f8bce8b45e37cb9c05" member_type: VOTER last_known_addr { host: "127.13.91.130" port: 41887 } } peers { permanent_uuid: "091c8ac49f3f4e7194b48537fcbd8c82" member_type: VOTER last_known_addr { host: "127.13.91.131" port: 42601 } }
I20260709 12:12:04.048892 14006 raft_consensus.cc:385] T 86f4716989324052b6e4d5ca2f60873d P 1c32f779da7e46f8bce8b45e37cb9c05 [term 0 FOLLOWER]: Consensus starting up: Expiring failure detector timer to make a prompt election more likely
I20260709 12:12:04.049150 14006 raft_consensus.cc:740] T 86f4716989324052b6e4d5ca2f60873d P 1c32f779da7e46f8bce8b45e37cb9c05 [term 0 FOLLOWER]: Becoming Follower/Learner. State: Replica: 1c32f779da7e46f8bce8b45e37cb9c05, State: Initialized, Role: FOLLOWER
I20260709 12:12:04.049705 13961 raft_consensus.cc:2468] T 488dd8864e474c2ba39ce26ed352ed4c P 091c8ac49f3f4e7194b48537fcbd8c82 [term 1 FOLLOWER]: Leader election vote request: Granting yes vote for candidate 1c32f779da7e46f8bce8b45e37cb9c05 in term 1.
I20260709 12:12:04.049875 14006 consensus_queue.cc:260] T 86f4716989324052b6e4d5ca2f60873d P 1c32f779da7e46f8bce8b45e37cb9c05 [NON_LEADER]: Queue going to NON_LEADER mode. State: All replicated index: 0, Majority replicated index: 0, Committed index: 0, Last appended: 0.0, Last appended by leader: 0, Current term: 0, Majority size: -1, State: 0, Mode: NON_LEADER, active raft config: opid_index: -1 OBSOLETE_local: false peers { permanent_uuid: "b473778023344d62b365199375b0df92" member_type: VOTER last_known_addr { host: "127.13.91.129" port: 43183 } } peers { permanent_uuid: "1c32f779da7e46f8bce8b45e37cb9c05" member_type: VOTER last_known_addr { host: "127.13.91.130" port: 41887 } } peers { permanent_uuid: "091c8ac49f3f4e7194b48537fcbd8c82" member_type: VOTER last_known_addr { host: "127.13.91.131" port: 42601 } }
I20260709 12:12:04.053256 14006 ts_tablet_manager.cc:1434] T 86f4716989324052b6e4d5ca2f60873d P 1c32f779da7e46f8bce8b45e37cb9c05: Time spent starting tablet: real 0.014s	user 0.001s	sys 0.005s
I20260709 12:12:04.054113 14006 tablet_bootstrap.cc:492] T 0cc298e1daa7481f9acad38e0192780c P 1c32f779da7e46f8bce8b45e37cb9c05: Bootstrap starting.
I20260709 12:12:04.056133 14007 ts_tablet_manager.cc:1434] T 488dd8864e474c2ba39ce26ed352ed4c P b473778023344d62b365199375b0df92: Time spent starting tablet: real 0.029s	user 0.007s	sys 0.003s
I20260709 12:12:04.057112 14007 tablet_bootstrap.cc:492] T 86f4716989324052b6e4d5ca2f60873d P b473778023344d62b365199375b0df92: Bootstrap starting.
I20260709 12:12:04.059509 13812 raft_consensus.cc:2468] T 488dd8864e474c2ba39ce26ed352ed4c P b473778023344d62b365199375b0df92 [term 1 FOLLOWER]: Leader election vote request: Granting yes vote for candidate 1c32f779da7e46f8bce8b45e37cb9c05 in term 1.
I20260709 12:12:04.061699 14005 ts_tablet_manager.cc:1434] T 86f4716989324052b6e4d5ca2f60873d P 091c8ac49f3f4e7194b48537fcbd8c82: Time spent starting tablet: real 0.027s	user 0.006s	sys 0.001s
I20260709 12:12:04.066172 13888 tablet_service.cc:1917] Received RequestConsensusVote() RPC: tablet_id: "0283cd178f654f3c83be620200881da0" candidate_uuid: "091c8ac49f3f4e7194b48537fcbd8c82" candidate_term: 1 candidate_status { last_received { term: 0 index: 0 } } ignore_live_leader: false dest_uuid: "1c32f779da7e46f8bce8b45e37cb9c05"
I20260709 12:12:04.066581 13887 tablet_service.cc:1917] Received RequestConsensusVote() RPC: tablet_id: "0cc298e1daa7481f9acad38e0192780c" candidate_uuid: "091c8ac49f3f4e7194b48537fcbd8c82" candidate_term: 1 candidate_status { last_received { term: 0 index: 0 } } ignore_live_leader: false dest_uuid: "1c32f779da7e46f8bce8b45e37cb9c05" is_pre_election: true
I20260709 12:12:04.066753 13888 raft_consensus.cc:3060] T 0283cd178f654f3c83be620200881da0 P 1c32f779da7e46f8bce8b45e37cb9c05 [term 0 FOLLOWER]: Advancing to term 1
I20260709 12:12:04.068948 13854 leader_election.cc:304] T 488dd8864e474c2ba39ce26ed352ed4c P 1c32f779da7e46f8bce8b45e37cb9c05 [CANDIDATE]: Term 1 election: Election decided. Result: candidate won. Election summary: received 2 responses out of 3 voters: 2 yes votes; 0 no votes. yes voters: 091c8ac49f3f4e7194b48537fcbd8c82, 1c32f779da7e46f8bce8b45e37cb9c05; no voters: 
I20260709 12:12:04.069751 14023 raft_consensus.cc:2804] T 488dd8864e474c2ba39ce26ed352ed4c P 1c32f779da7e46f8bce8b45e37cb9c05 [term 1 FOLLOWER]: Leader election won for term 1
W20260709 12:12:04.070024 13925 leader_election.cc:343] T 0cc298e1daa7481f9acad38e0192780c P 091c8ac49f3f4e7194b48537fcbd8c82 [CANDIDATE]: Term 1 pre-election: Tablet error from VoteRequest() call to peer 1c32f779da7e46f8bce8b45e37cb9c05 (127.13.91.130:41887): Illegal state: must be running to vote when last-logged opid is not known
I20260709 12:12:04.070218 14023 raft_consensus.cc:697] T 488dd8864e474c2ba39ce26ed352ed4c P 1c32f779da7e46f8bce8b45e37cb9c05 [term 1 LEADER]: Becoming Leader. State: Replica: 1c32f779da7e46f8bce8b45e37cb9c05, State: Running, Role: LEADER
I20260709 12:12:04.070487 13925 leader_election.cc:304] T 0cc298e1daa7481f9acad38e0192780c P 091c8ac49f3f4e7194b48537fcbd8c82 [CANDIDATE]: Term 1 pre-election: Election decided. Result: candidate lost. Election summary: received 3 responses out of 3 voters: 1 yes votes; 2 no votes. yes voters: 091c8ac49f3f4e7194b48537fcbd8c82; no voters: 1c32f779da7e46f8bce8b45e37cb9c05, b473778023344d62b365199375b0df92
I20260709 12:12:04.071064 14023 consensus_queue.cc:237] T 488dd8864e474c2ba39ce26ed352ed4c P 1c32f779da7e46f8bce8b45e37cb9c05 [LEADER]: Queue going to LEADER mode. State: All replicated index: 0, Majority replicated index: 0, Committed index: 0, Last appended: 0.0, Last appended by leader: 0, Current term: 1, Majority size: 2, State: 0, Mode: LEADER, active raft config: opid_index: -1 OBSOLETE_local: false peers { permanent_uuid: "b473778023344d62b365199375b0df92" member_type: VOTER last_known_addr { host: "127.13.91.129" port: 43183 } } peers { permanent_uuid: "1c32f779da7e46f8bce8b45e37cb9c05" member_type: VOTER last_known_addr { host: "127.13.91.130" port: 41887 } } peers { permanent_uuid: "091c8ac49f3f4e7194b48537fcbd8c82" member_type: VOTER last_known_addr { host: "127.13.91.131" port: 42601 } }
I20260709 12:12:04.071727 14045 raft_consensus.cc:2749] T 0cc298e1daa7481f9acad38e0192780c P 091c8ac49f3f4e7194b48537fcbd8c82 [term 0 FOLLOWER]: Leader pre-election lost for term 1. Reason: could not achieve majority
I20260709 12:12:04.073645 13888 raft_consensus.cc:2468] T 0283cd178f654f3c83be620200881da0 P 1c32f779da7e46f8bce8b45e37cb9c05 [term 1 FOLLOWER]: Leader election vote request: Granting yes vote for candidate 091c8ac49f3f4e7194b48537fcbd8c82 in term 1.
I20260709 12:12:04.074837 14007 tablet_bootstrap.cc:654] T 86f4716989324052b6e4d5ca2f60873d P b473778023344d62b365199375b0df92: Neither blocks nor log segments found. Creating new log.
I20260709 12:12:04.074481 13708 catalog_manager.cc:5697] T 45b94f6c319746e08a030cd932ed2997 P 1c32f779da7e46f8bce8b45e37cb9c05 reported cstate change: term changed from 0 to 1, leader changed from <none> to 1c32f779da7e46f8bce8b45e37cb9c05 (127.13.91.130). New cstate: current_term: 1 leader_uuid: "1c32f779da7e46f8bce8b45e37cb9c05" committed_config { opid_index: -1 OBSOLETE_local: false peers { permanent_uuid: "b473778023344d62b365199375b0df92" member_type: VOTER last_known_addr { host: "127.13.91.129" port: 43183 } health_report { overall_health: UNKNOWN } } peers { permanent_uuid: "1c32f779da7e46f8bce8b45e37cb9c05" member_type: VOTER last_known_addr { host: "127.13.91.130" port: 41887 } health_report { overall_health: HEALTHY } } peers { permanent_uuid: "091c8ac49f3f4e7194b48537fcbd8c82" member_type: VOTER last_known_addr { host: "127.13.91.131" port: 42601 } health_report { overall_health: UNKNOWN } } }
I20260709 12:12:04.078533 13925 leader_election.cc:304] T 0283cd178f654f3c83be620200881da0 P 091c8ac49f3f4e7194b48537fcbd8c82 [CANDIDATE]: Term 1 election: Election decided. Result: candidate won. Election summary: received 3 responses out of 3 voters: 2 yes votes; 1 no votes. yes voters: 091c8ac49f3f4e7194b48537fcbd8c82, 1c32f779da7e46f8bce8b45e37cb9c05; no voters: b473778023344d62b365199375b0df92
I20260709 12:12:04.079633 14045 raft_consensus.cc:2804] T 0283cd178f654f3c83be620200881da0 P 091c8ac49f3f4e7194b48537fcbd8c82 [term 1 FOLLOWER]: Leader election won for term 1
I20260709 12:12:04.080086 14045 raft_consensus.cc:697] T 0283cd178f654f3c83be620200881da0 P 091c8ac49f3f4e7194b48537fcbd8c82 [term 1 LEADER]: Becoming Leader. State: Replica: 091c8ac49f3f4e7194b48537fcbd8c82, State: Running, Role: LEADER
I20260709 12:12:04.080888 14045 consensus_queue.cc:237] T 0283cd178f654f3c83be620200881da0 P 091c8ac49f3f4e7194b48537fcbd8c82 [LEADER]: Queue going to LEADER mode. State: All replicated index: 0, Majority replicated index: 0, Committed index: 0, Last appended: 0.0, Last appended by leader: 0, Current term: 1, Majority size: 2, State: 0, Mode: LEADER, active raft config: opid_index: -1 OBSOLETE_local: false peers { permanent_uuid: "b473778023344d62b365199375b0df92" member_type: VOTER last_known_addr { host: "127.13.91.129" port: 43183 } } peers { permanent_uuid: "1c32f779da7e46f8bce8b45e37cb9c05" member_type: VOTER last_known_addr { host: "127.13.91.130" port: 41887 } } peers { permanent_uuid: "091c8ac49f3f4e7194b48537fcbd8c82" member_type: VOTER last_known_addr { host: "127.13.91.131" port: 42601 } }
I20260709 12:12:04.078778 14006 tablet_bootstrap.cc:654] T 0cc298e1daa7481f9acad38e0192780c P 1c32f779da7e46f8bce8b45e37cb9c05: Neither blocks nor log segments found. Creating new log.
I20260709 12:12:04.093556 14007 tablet_bootstrap.cc:492] T 86f4716989324052b6e4d5ca2f60873d P b473778023344d62b365199375b0df92: No bootstrap required, opened a new log
I20260709 12:12:04.092933 13706 catalog_manager.cc:5697] T 317e0523df524636a6948e974031accf P b473778023344d62b365199375b0df92 reported cstate change: term changed from 0 to 1, leader changed from <none> to b473778023344d62b365199375b0df92 (127.13.91.129). New cstate: current_term: 1 leader_uuid: "b473778023344d62b365199375b0df92" committed_config { opid_index: -1 OBSOLETE_local: false peers { permanent_uuid: "091c8ac49f3f4e7194b48537fcbd8c82" member_type: VOTER last_known_addr { host: "127.13.91.131" port: 42601 } health_report { overall_health: UNKNOWN } } peers { permanent_uuid: "1c32f779da7e46f8bce8b45e37cb9c05" member_type: VOTER last_known_addr { host: "127.13.91.130" port: 41887 } health_report { overall_health: UNKNOWN } } peers { permanent_uuid: "b473778023344d62b365199375b0df92" member_type: VOTER last_known_addr { host: "127.13.91.129" port: 43183 } health_report { overall_health: HEALTHY } } }
I20260709 12:12:04.094043 14007 ts_tablet_manager.cc:1403] T 86f4716989324052b6e4d5ca2f60873d P b473778023344d62b365199375b0df92: Time spent bootstrapping tablet: real 0.037s	user 0.011s	sys 0.006s
I20260709 12:12:04.094883 13706 catalog_manager.cc:5697] T a7afdc2a5bb74597803b8ed2736aa0d4 P b473778023344d62b365199375b0df92 reported cstate change: term changed from 0 to 1, leader changed from <none> to b473778023344d62b365199375b0df92 (127.13.91.129). New cstate: current_term: 1 leader_uuid: "b473778023344d62b365199375b0df92" committed_config { opid_index: -1 OBSOLETE_local: false peers { permanent_uuid: "b473778023344d62b365199375b0df92" member_type: VOTER last_known_addr { host: "127.13.91.129" port: 43183 } health_report { overall_health: HEALTHY } } peers { permanent_uuid: "1c32f779da7e46f8bce8b45e37cb9c05" member_type: VOTER last_known_addr { host: "127.13.91.130" port: 41887 } health_report { overall_health: UNKNOWN } } peers { permanent_uuid: "091c8ac49f3f4e7194b48537fcbd8c82" member_type: VOTER last_known_addr { host: "127.13.91.131" port: 42601 } health_report { overall_health: UNKNOWN } } }
I20260709 12:12:04.095453 13709 catalog_manager.cc:5697] T 0283cd178f654f3c83be620200881da0 P 091c8ac49f3f4e7194b48537fcbd8c82 reported cstate change: term changed from 0 to 1, leader changed from <none> to 091c8ac49f3f4e7194b48537fcbd8c82 (127.13.91.131). New cstate: current_term: 1 leader_uuid: "091c8ac49f3f4e7194b48537fcbd8c82" committed_config { opid_index: -1 OBSOLETE_local: false peers { permanent_uuid: "b473778023344d62b365199375b0df92" member_type: VOTER last_known_addr { host: "127.13.91.129" port: 43183 } health_report { overall_health: UNKNOWN } } peers { permanent_uuid: "1c32f779da7e46f8bce8b45e37cb9c05" member_type: VOTER last_known_addr { host: "127.13.91.130" port: 41887 } health_report { overall_health: UNKNOWN } } peers { permanent_uuid: "091c8ac49f3f4e7194b48537fcbd8c82" member_type: VOTER last_known_addr { host: "127.13.91.131" port: 42601 } health_report { overall_health: HEALTHY } } }
I20260709 12:12:04.105298 14007 raft_consensus.cc:359] T 86f4716989324052b6e4d5ca2f60873d P b473778023344d62b365199375b0df92 [term 0 FOLLOWER]: Replica starting. Triggering 0 pending ops. Active config: opid_index: -1 OBSOLETE_local: false peers { permanent_uuid: "b473778023344d62b365199375b0df92" member_type: VOTER last_known_addr { host: "127.13.91.129" port: 43183 } } peers { permanent_uuid: "1c32f779da7e46f8bce8b45e37cb9c05" member_type: VOTER last_known_addr { host: "127.13.91.130" port: 41887 } } peers { permanent_uuid: "091c8ac49f3f4e7194b48537fcbd8c82" member_type: VOTER last_known_addr { host: "127.13.91.131" port: 42601 } }
I20260709 12:12:04.106072 14007 raft_consensus.cc:385] T 86f4716989324052b6e4d5ca2f60873d P b473778023344d62b365199375b0df92 [term 0 FOLLOWER]: Consensus starting up: Expiring failure detector timer to make a prompt election more likely
I20260709 12:12:04.106367 14007 raft_consensus.cc:740] T 86f4716989324052b6e4d5ca2f60873d P b473778023344d62b365199375b0df92 [term 0 FOLLOWER]: Becoming Follower/Learner. State: Replica: b473778023344d62b365199375b0df92, State: Initialized, Role: FOLLOWER
I20260709 12:12:04.107066 14007 consensus_queue.cc:260] T 86f4716989324052b6e4d5ca2f60873d P b473778023344d62b365199375b0df92 [NON_LEADER]: Queue going to NON_LEADER mode. State: All replicated index: 0, Majority replicated index: 0, Committed index: 0, Last appended: 0.0, Last appended by leader: 0, Current term: 0, Majority size: -1, State: 0, Mode: NON_LEADER, active raft config: opid_index: -1 OBSOLETE_local: false peers { permanent_uuid: "b473778023344d62b365199375b0df92" member_type: VOTER last_known_addr { host: "127.13.91.129" port: 43183 } } peers { permanent_uuid: "1c32f779da7e46f8bce8b45e37cb9c05" member_type: VOTER last_known_addr { host: "127.13.91.130" port: 41887 } } peers { permanent_uuid: "091c8ac49f3f4e7194b48537fcbd8c82" member_type: VOTER last_known_addr { host: "127.13.91.131" port: 42601 } }
I20260709 12:12:04.108567 13708 catalog_manager.cc:5697] T 488dd8864e474c2ba39ce26ed352ed4c P 1c32f779da7e46f8bce8b45e37cb9c05 reported cstate change: term changed from 0 to 1, leader changed from <none> to 1c32f779da7e46f8bce8b45e37cb9c05 (127.13.91.130). New cstate: current_term: 1 leader_uuid: "1c32f779da7e46f8bce8b45e37cb9c05" committed_config { opid_index: -1 OBSOLETE_local: false peers { permanent_uuid: "b473778023344d62b365199375b0df92" member_type: VOTER last_known_addr { host: "127.13.91.129" port: 43183 } health_report { overall_health: UNKNOWN } } peers { permanent_uuid: "1c32f779da7e46f8bce8b45e37cb9c05" member_type: VOTER last_known_addr { host: "127.13.91.130" port: 41887 } health_report { overall_health: HEALTHY } } peers { permanent_uuid: "091c8ac49f3f4e7194b48537fcbd8c82" member_type: VOTER last_known_addr { host: "127.13.91.131" port: 42601 } health_report { overall_health: UNKNOWN } } }
I20260709 12:12:04.111521 14007 ts_tablet_manager.cc:1434] T 86f4716989324052b6e4d5ca2f60873d P b473778023344d62b365199375b0df92: Time spent starting tablet: real 0.017s	user 0.008s	sys 0.000s
I20260709 12:12:04.112464 14007 tablet_bootstrap.cc:492] T 0283cd178f654f3c83be620200881da0 P b473778023344d62b365199375b0df92: Bootstrap starting.
I20260709 12:12:04.120404 14007 tablet_bootstrap.cc:654] T 0283cd178f654f3c83be620200881da0 P b473778023344d62b365199375b0df92: Neither blocks nor log segments found. Creating new log.
I20260709 12:12:04.121767 14006 tablet_bootstrap.cc:492] T 0cc298e1daa7481f9acad38e0192780c P 1c32f779da7e46f8bce8b45e37cb9c05: No bootstrap required, opened a new log
I20260709 12:12:04.122227 14006 ts_tablet_manager.cc:1403] T 0cc298e1daa7481f9acad38e0192780c P 1c32f779da7e46f8bce8b45e37cb9c05: Time spent bootstrapping tablet: real 0.068s	user 0.009s	sys 0.001s
I20260709 12:12:04.124854 14006 raft_consensus.cc:359] T 0cc298e1daa7481f9acad38e0192780c P 1c32f779da7e46f8bce8b45e37cb9c05 [term 0 FOLLOWER]: Replica starting. Triggering 0 pending ops. Active config: opid_index: -1 OBSOLETE_local: false peers { permanent_uuid: "b473778023344d62b365199375b0df92" member_type: VOTER last_known_addr { host: "127.13.91.129" port: 43183 } } peers { permanent_uuid: "1c32f779da7e46f8bce8b45e37cb9c05" member_type: VOTER last_known_addr { host: "127.13.91.130" port: 41887 } } peers { permanent_uuid: "091c8ac49f3f4e7194b48537fcbd8c82" member_type: VOTER last_known_addr { host: "127.13.91.131" port: 42601 } }
I20260709 12:12:04.125299 14006 raft_consensus.cc:385] T 0cc298e1daa7481f9acad38e0192780c P 1c32f779da7e46f8bce8b45e37cb9c05 [term 0 FOLLOWER]: Consensus starting up: Expiring failure detector timer to make a prompt election more likely
I20260709 12:12:04.125484 14006 raft_consensus.cc:740] T 0cc298e1daa7481f9acad38e0192780c P 1c32f779da7e46f8bce8b45e37cb9c05 [term 0 FOLLOWER]: Becoming Follower/Learner. State: Replica: 1c32f779da7e46f8bce8b45e37cb9c05, State: Initialized, Role: FOLLOWER
I20260709 12:12:04.126094 14006 consensus_queue.cc:260] T 0cc298e1daa7481f9acad38e0192780c P 1c32f779da7e46f8bce8b45e37cb9c05 [NON_LEADER]: Queue going to NON_LEADER mode. State: All replicated index: 0, Majority replicated index: 0, Committed index: 0, Last appended: 0.0, Last appended by leader: 0, Current term: 0, Majority size: -1, State: 0, Mode: NON_LEADER, active raft config: opid_index: -1 OBSOLETE_local: false peers { permanent_uuid: "b473778023344d62b365199375b0df92" member_type: VOTER last_known_addr { host: "127.13.91.129" port: 43183 } } peers { permanent_uuid: "1c32f779da7e46f8bce8b45e37cb9c05" member_type: VOTER last_known_addr { host: "127.13.91.130" port: 41887 } } peers { permanent_uuid: "091c8ac49f3f4e7194b48537fcbd8c82" member_type: VOTER last_known_addr { host: "127.13.91.131" port: 42601 } }
I20260709 12:12:04.126690 14007 tablet_bootstrap.cc:492] T 0283cd178f654f3c83be620200881da0 P b473778023344d62b365199375b0df92: No bootstrap required, opened a new log
I20260709 12:12:04.127450 14007 ts_tablet_manager.cc:1403] T 0283cd178f654f3c83be620200881da0 P b473778023344d62b365199375b0df92: Time spent bootstrapping tablet: real 0.015s	user 0.007s	sys 0.006s
I20260709 12:12:04.128038 14006 ts_tablet_manager.cc:1434] T 0cc298e1daa7481f9acad38e0192780c P 1c32f779da7e46f8bce8b45e37cb9c05: Time spent starting tablet: real 0.006s	user 0.004s	sys 0.000s
I20260709 12:12:04.126886 14045 raft_consensus.cc:493] T 86f4716989324052b6e4d5ca2f60873d P 091c8ac49f3f4e7194b48537fcbd8c82 [term 0 FOLLOWER]: Starting pre-election (no leader contacted us within the election timeout)
I20260709 12:12:04.129823 14007 raft_consensus.cc:359] T 0283cd178f654f3c83be620200881da0 P b473778023344d62b365199375b0df92 [term 0 FOLLOWER]: Replica starting. Triggering 0 pending ops. Active config: opid_index: -1 OBSOLETE_local: false peers { permanent_uuid: "b473778023344d62b365199375b0df92" member_type: VOTER last_known_addr { host: "127.13.91.129" port: 43183 } } peers { permanent_uuid: "1c32f779da7e46f8bce8b45e37cb9c05" member_type: VOTER last_known_addr { host: "127.13.91.130" port: 41887 } } peers { permanent_uuid: "091c8ac49f3f4e7194b48537fcbd8c82" member_type: VOTER last_known_addr { host: "127.13.91.131" port: 42601 } }
I20260709 12:12:04.130401 14007 raft_consensus.cc:385] T 0283cd178f654f3c83be620200881da0 P b473778023344d62b365199375b0df92 [term 0 FOLLOWER]: Consensus starting up: Expiring failure detector timer to make a prompt election more likely
I20260709 12:12:04.130640 14007 raft_consensus.cc:740] T 0283cd178f654f3c83be620200881da0 P b473778023344d62b365199375b0df92 [term 0 FOLLOWER]: Becoming Follower/Learner. State: Replica: b473778023344d62b365199375b0df92, State: Initialized, Role: FOLLOWER
I20260709 12:12:04.131340 14007 consensus_queue.cc:260] T 0283cd178f654f3c83be620200881da0 P b473778023344d62b365199375b0df92 [NON_LEADER]: Queue going to NON_LEADER mode. State: All replicated index: 0, Majority replicated index: 0, Committed index: 0, Last appended: 0.0, Last appended by leader: 0, Current term: 0, Majority size: -1, State: 0, Mode: NON_LEADER, active raft config: opid_index: -1 OBSOLETE_local: false peers { permanent_uuid: "b473778023344d62b365199375b0df92" member_type: VOTER last_known_addr { host: "127.13.91.129" port: 43183 } } peers { permanent_uuid: "1c32f779da7e46f8bce8b45e37cb9c05" member_type: VOTER last_known_addr { host: "127.13.91.130" port: 41887 } } peers { permanent_uuid: "091c8ac49f3f4e7194b48537fcbd8c82" member_type: VOTER last_known_addr { host: "127.13.91.131" port: 42601 } }
I20260709 12:12:04.133037 14007 ts_tablet_manager.cc:1434] T 0283cd178f654f3c83be620200881da0 P b473778023344d62b365199375b0df92: Time spent starting tablet: real 0.005s	user 0.005s	sys 0.000s
I20260709 12:12:04.134003 14007 tablet_bootstrap.cc:492] T 0cc298e1daa7481f9acad38e0192780c P b473778023344d62b365199375b0df92: Bootstrap starting.
I20260709 12:12:04.129482 14045 raft_consensus.cc:515] T 86f4716989324052b6e4d5ca2f60873d P 091c8ac49f3f4e7194b48537fcbd8c82 [term 0 FOLLOWER]: Starting pre-election with config: opid_index: -1 OBSOLETE_local: false peers { permanent_uuid: "b473778023344d62b365199375b0df92" member_type: VOTER last_known_addr { host: "127.13.91.129" port: 43183 } } peers { permanent_uuid: "1c32f779da7e46f8bce8b45e37cb9c05" member_type: VOTER last_known_addr { host: "127.13.91.130" port: 41887 } } peers { permanent_uuid: "091c8ac49f3f4e7194b48537fcbd8c82" member_type: VOTER last_known_addr { host: "127.13.91.131" port: 42601 } }
I20260709 12:12:04.135812 14045 leader_election.cc:290] T 86f4716989324052b6e4d5ca2f60873d P 091c8ac49f3f4e7194b48537fcbd8c82 [CANDIDATE]: Term 1 pre-election: Requested pre-vote from peers b473778023344d62b365199375b0df92 (127.13.91.129:43183), 1c32f779da7e46f8bce8b45e37cb9c05 (127.13.91.130:41887)
I20260709 12:12:04.136515 13812 tablet_service.cc:1917] Received RequestConsensusVote() RPC: tablet_id: "86f4716989324052b6e4d5ca2f60873d" candidate_uuid: "091c8ac49f3f4e7194b48537fcbd8c82" candidate_term: 1 candidate_status { last_received { term: 0 index: 0 } } ignore_live_leader: false dest_uuid: "b473778023344d62b365199375b0df92" is_pre_election: true
I20260709 12:12:04.137125 13812 raft_consensus.cc:2468] T 86f4716989324052b6e4d5ca2f60873d P b473778023344d62b365199375b0df92 [term 0 FOLLOWER]: Leader pre-election vote request: Granting yes vote for candidate 091c8ac49f3f4e7194b48537fcbd8c82 in term 0.
I20260709 12:12:04.137840 13888 tablet_service.cc:1917] Received RequestConsensusVote() RPC: tablet_id: "86f4716989324052b6e4d5ca2f60873d" candidate_uuid: "091c8ac49f3f4e7194b48537fcbd8c82" candidate_term: 1 candidate_status { last_received { term: 0 index: 0 } } ignore_live_leader: false dest_uuid: "1c32f779da7e46f8bce8b45e37cb9c05" is_pre_election: true
I20260709 12:12:04.138326 13928 leader_election.cc:304] T 86f4716989324052b6e4d5ca2f60873d P 091c8ac49f3f4e7194b48537fcbd8c82 [CANDIDATE]: Term 1 pre-election: Election decided. Result: candidate won. Election summary: received 2 responses out of 3 voters: 2 yes votes; 0 no votes. yes voters: 091c8ac49f3f4e7194b48537fcbd8c82, b473778023344d62b365199375b0df92; no voters: 
I20260709 12:12:04.138438 13888 raft_consensus.cc:2468] T 86f4716989324052b6e4d5ca2f60873d P 1c32f779da7e46f8bce8b45e37cb9c05 [term 0 FOLLOWER]: Leader pre-election vote request: Granting yes vote for candidate 091c8ac49f3f4e7194b48537fcbd8c82 in term 0.
I20260709 12:12:04.139183 14045 raft_consensus.cc:2804] T 86f4716989324052b6e4d5ca2f60873d P 091c8ac49f3f4e7194b48537fcbd8c82 [term 0 FOLLOWER]: Leader pre-election won for term 1
I20260709 12:12:04.139532 14045 raft_consensus.cc:493] T 86f4716989324052b6e4d5ca2f60873d P 091c8ac49f3f4e7194b48537fcbd8c82 [term 0 FOLLOWER]: Starting leader election (no leader contacted us within the election timeout)
I20260709 12:12:04.139873 14045 raft_consensus.cc:3060] T 86f4716989324052b6e4d5ca2f60873d P 091c8ac49f3f4e7194b48537fcbd8c82 [term 0 FOLLOWER]: Advancing to term 1
I20260709 12:12:04.140900 14007 tablet_bootstrap.cc:654] T 0cc298e1daa7481f9acad38e0192780c P b473778023344d62b365199375b0df92: Neither blocks nor log segments found. Creating new log.
I20260709 12:12:04.146775 14045 raft_consensus.cc:515] T 86f4716989324052b6e4d5ca2f60873d P 091c8ac49f3f4e7194b48537fcbd8c82 [term 1 FOLLOWER]: Starting leader election with config: opid_index: -1 OBSOLETE_local: false peers { permanent_uuid: "b473778023344d62b365199375b0df92" member_type: VOTER last_known_addr { host: "127.13.91.129" port: 43183 } } peers { permanent_uuid: "1c32f779da7e46f8bce8b45e37cb9c05" member_type: VOTER last_known_addr { host: "127.13.91.130" port: 41887 } } peers { permanent_uuid: "091c8ac49f3f4e7194b48537fcbd8c82" member_type: VOTER last_known_addr { host: "127.13.91.131" port: 42601 } }
I20260709 12:12:04.149834 13812 tablet_service.cc:1917] Received RequestConsensusVote() RPC: tablet_id: "86f4716989324052b6e4d5ca2f60873d" candidate_uuid: "091c8ac49f3f4e7194b48537fcbd8c82" candidate_term: 1 candidate_status { last_received { term: 0 index: 0 } } ignore_live_leader: false dest_uuid: "b473778023344d62b365199375b0df92"
I20260709 12:12:04.150451 13812 raft_consensus.cc:3060] T 86f4716989324052b6e4d5ca2f60873d P b473778023344d62b365199375b0df92 [term 0 FOLLOWER]: Advancing to term 1
I20260709 12:12:04.157554 13812 raft_consensus.cc:2468] T 86f4716989324052b6e4d5ca2f60873d P b473778023344d62b365199375b0df92 [term 1 FOLLOWER]: Leader election vote request: Granting yes vote for candidate 091c8ac49f3f4e7194b48537fcbd8c82 in term 1.
