I20260709 12:12:58.039124  5121 ts_tablet_manager.cc:1434] T 47a7f0837aac484dacd9f13841217077 P 7097c9d695464fcfb96171135abe2f35: Time spent starting tablet: real 0.020s	user 0.006s	sys 0.000s
I20260709 12:12:58.042223  5121 tablet_bootstrap.cc:492] T d0617f49cf844292827200e6c03c2c5e P 7097c9d695464fcfb96171135abe2f35: Bootstrap starting.
I20260709 12:12:58.048997  5259 raft_consensus.cc:493] T 425609905a4d4e3496435b67dbeb330d P 8982ca3eddc241d4b53897c3bf23ffcc [term 0 FOLLOWER]: Starting pre-election (no leader contacted us within the election timeout)
I20260709 12:12:58.049603  5259 raft_consensus.cc:515] T 425609905a4d4e3496435b67dbeb330d P 8982ca3eddc241d4b53897c3bf23ffcc [term 0 FOLLOWER]: Starting pre-election with config: opid_index: -1 OBSOLETE_local: false peers { permanent_uuid: "e34c3d385e474feda309bab023a2495d" member_type: VOTER last_known_addr { host: "127.3.170.129" port: 33185 } } peers { permanent_uuid: "8982ca3eddc241d4b53897c3bf23ffcc" member_type: VOTER last_known_addr { host: "127.3.170.130" port: 44611 } } peers { permanent_uuid: "7097c9d695464fcfb96171135abe2f35" member_type: VOTER last_known_addr { host: "127.3.170.131" port: 42893 } }
I20260709 12:12:58.073601  5211 raft_consensus.cc:493] T 47a7f0837aac484dacd9f13841217077 P 8982ca3eddc241d4b53897c3bf23ffcc [term 0 FOLLOWER]: Starting pre-election (no leader contacted us within the election timeout)
I20260709 12:12:58.074353  5211 raft_consensus.cc:515] T 47a7f0837aac484dacd9f13841217077 P 8982ca3eddc241d4b53897c3bf23ffcc [term 0 FOLLOWER]: Starting pre-election with config: opid_index: -1 OBSOLETE_local: false peers { permanent_uuid: "e34c3d385e474feda309bab023a2495d" member_type: VOTER last_known_addr { host: "127.3.170.129" port: 33185 } } peers { permanent_uuid: "8982ca3eddc241d4b53897c3bf23ffcc" member_type: VOTER last_known_addr { host: "127.3.170.130" port: 44611 } } peers { permanent_uuid: "7097c9d695464fcfb96171135abe2f35" member_type: VOTER last_known_addr { host: "127.3.170.131" port: 42893 } }
I20260709 12:12:58.079898  4924 tablet_service.cc:1917] Received RequestConsensusVote() RPC: tablet_id: "47a7f0837aac484dacd9f13841217077" candidate_uuid: "8982ca3eddc241d4b53897c3bf23ffcc" candidate_term: 1 candidate_status { last_received { term: 0 index: 0 } } ignore_live_leader: false dest_uuid: "e34c3d385e474feda309bab023a2495d" is_pre_election: true
W20260709 12:12:58.081977  4970 leader_election.cc:343] T 47a7f0837aac484dacd9f13841217077 P 8982ca3eddc241d4b53897c3bf23ffcc [CANDIDATE]: Term 1 pre-election: Tablet error from VoteRequest() call to peer e34c3d385e474feda309bab023a2495d (127.3.170.129:33185): Illegal state: must be running to vote when last-logged opid is not known
I20260709 12:12:58.082458  5074 tablet_service.cc:1917] Received RequestConsensusVote() RPC: tablet_id: "47a7f0837aac484dacd9f13841217077" candidate_uuid: "8982ca3eddc241d4b53897c3bf23ffcc" candidate_term: 1 candidate_status { last_received { term: 0 index: 0 } } ignore_live_leader: false dest_uuid: "7097c9d695464fcfb96171135abe2f35" is_pre_election: true
I20260709 12:12:58.083159  5074 raft_consensus.cc:2468] T 47a7f0837aac484dacd9f13841217077 P 7097c9d695464fcfb96171135abe2f35 [term 0 FOLLOWER]: Leader pre-election vote request: Granting yes vote for candidate 8982ca3eddc241d4b53897c3bf23ffcc in term 0.
I20260709 12:12:58.085681  4969 leader_election.cc:304] T 47a7f0837aac484dacd9f13841217077 P 8982ca3eddc241d4b53897c3bf23ffcc [CANDIDATE]: Term 1 pre-election: Election decided. Result: candidate won. Election summary: received 3 responses out of 3 voters: 2 yes votes; 1 no votes. yes voters: 7097c9d695464fcfb96171135abe2f35, 8982ca3eddc241d4b53897c3bf23ffcc; no voters: e34c3d385e474feda309bab023a2495d
I20260709 12:12:58.087954  5345 raft_consensus.cc:2804] T 47a7f0837aac484dacd9f13841217077 P 8982ca3eddc241d4b53897c3bf23ffcc [term 0 FOLLOWER]: Leader pre-election won for term 1
I20260709 12:12:58.088480  5345 raft_consensus.cc:493] T 47a7f0837aac484dacd9f13841217077 P 8982ca3eddc241d4b53897c3bf23ffcc [term 0 FOLLOWER]: Starting leader election (no leader contacted us within the election timeout)
I20260709 12:12:58.089291  5345 raft_consensus.cc:3060] T 47a7f0837aac484dacd9f13841217077 P 8982ca3eddc241d4b53897c3bf23ffcc [term 0 FOLLOWER]: Advancing to term 1
I20260709 12:12:58.076617  5211 leader_election.cc:290] T 47a7f0837aac484dacd9f13841217077 P 8982ca3eddc241d4b53897c3bf23ffcc [CANDIDATE]: Term 1 pre-election: Requested pre-vote from peers e34c3d385e474feda309bab023a2495d (127.3.170.129:33185), 7097c9d695464fcfb96171135abe2f35 (127.3.170.131:42893)
I20260709 12:12:58.103554  5345 raft_consensus.cc:515] T 47a7f0837aac484dacd9f13841217077 P 8982ca3eddc241d4b53897c3bf23ffcc [term 1 FOLLOWER]: Starting leader election with config: opid_index: -1 OBSOLETE_local: false peers { permanent_uuid: "e34c3d385e474feda309bab023a2495d" member_type: VOTER last_known_addr { host: "127.3.170.129" port: 33185 } } peers { permanent_uuid: "8982ca3eddc241d4b53897c3bf23ffcc" member_type: VOTER last_known_addr { host: "127.3.170.130" port: 44611 } } peers { permanent_uuid: "7097c9d695464fcfb96171135abe2f35" member_type: VOTER last_known_addr { host: "127.3.170.131" port: 42893 } }
I20260709 12:12:58.114063  5118 ts_tablet_manager.cc:1434] T 47a7f0837aac484dacd9f13841217077 P 8982ca3eddc241d4b53897c3bf23ffcc: Time spent starting tablet: real 0.079s	user 0.023s	sys 0.023s
I20260709 12:12:58.115284  5118 tablet_bootstrap.cc:492] T af49ea283bf341769da96da66cf1903f P 8982ca3eddc241d4b53897c3bf23ffcc: Bootstrap starting.
I20260709 12:12:58.114985  4826 catalog_manager.cc:5697] T 9d3e77933c4b4d339f32c2bf38279da5 P e34c3d385e474feda309bab023a2495d reported cstate change: term changed from 0 to 1, leader changed from <none> to e34c3d385e474feda309bab023a2495d (127.3.170.129). New cstate: current_term: 1 leader_uuid: "e34c3d385e474feda309bab023a2495d" committed_config { opid_index: -1 OBSOLETE_local: false peers { permanent_uuid: "e34c3d385e474feda309bab023a2495d" member_type: VOTER last_known_addr { host: "127.3.170.129" port: 33185 } health_report { overall_health: HEALTHY } } peers { permanent_uuid: "8982ca3eddc241d4b53897c3bf23ffcc" member_type: VOTER last_known_addr { host: "127.3.170.130" port: 44611 } health_report { overall_health: UNKNOWN } } peers { permanent_uuid: "7097c9d695464fcfb96171135abe2f35" member_type: VOTER last_known_addr { host: "127.3.170.131" port: 42893 } health_report { overall_health: UNKNOWN } } }
I20260709 12:12:58.123811  5259 leader_election.cc:290] T 425609905a4d4e3496435b67dbeb330d P 8982ca3eddc241d4b53897c3bf23ffcc [CANDIDATE]: Term 1 pre-election: Requested pre-vote from peers e34c3d385e474feda309bab023a2495d (127.3.170.129:33185), 7097c9d695464fcfb96171135abe2f35 (127.3.170.131:42893)
W20260709 12:12:58.125216  4894 outbound_call.cc:321] RPC callback for RPC call kudu.consensus.ConsensusService.UpdateConsensus -> {remote=127.3.170.130:44611, user_credentials={real_user=slave}} blocked reactor thread for 45318.8us
I20260709 12:12:58.125417  5345 leader_election.cc:290] T 47a7f0837aac484dacd9f13841217077 P 8982ca3eddc241d4b53897c3bf23ffcc [CANDIDATE]: Term 1 election: Requested vote from peers e34c3d385e474feda309bab023a2495d (127.3.170.129:33185), 7097c9d695464fcfb96171135abe2f35 (127.3.170.131:42893)
I20260709 12:12:58.135780  5121 tablet_bootstrap.cc:654] T d0617f49cf844292827200e6c03c2c5e P 7097c9d695464fcfb96171135abe2f35: Neither blocks nor log segments found. Creating new log.
I20260709 12:12:58.142228  5118 tablet_bootstrap.cc:654] T af49ea283bf341769da96da66cf1903f P 8982ca3eddc241d4b53897c3bf23ffcc: Neither blocks nor log segments found. Creating new log.
I20260709 12:12:58.147770  5119 tablet_bootstrap.cc:654] T 7398c312db4247a18825668de89aa164 P e34c3d385e474feda309bab023a2495d: Neither blocks nor log segments found. Creating new log.
I20260709 12:12:58.149360  5074 tablet_service.cc:1917] Received RequestConsensusVote() RPC: tablet_id: "425609905a4d4e3496435b67dbeb330d" candidate_uuid: "8982ca3eddc241d4b53897c3bf23ffcc" candidate_term: 1 candidate_status { last_received { term: 0 index: 0 } } ignore_live_leader: false dest_uuid: "7097c9d695464fcfb96171135abe2f35" is_pre_election: true
I20260709 12:12:58.151248  5074 tablet_service.cc:1917] Received RequestConsensusVote() RPC: tablet_id: "47a7f0837aac484dacd9f13841217077" candidate_uuid: "8982ca3eddc241d4b53897c3bf23ffcc" candidate_term: 1 candidate_status { last_received { term: 0 index: 0 } } ignore_live_leader: false dest_uuid: "7097c9d695464fcfb96171135abe2f35"
I20260709 12:12:58.152055  5074 raft_consensus.cc:3060] T 47a7f0837aac484dacd9f13841217077 P 7097c9d695464fcfb96171135abe2f35 [term 0 FOLLOWER]: Advancing to term 1
W20260709 12:12:58.156594  4969 leader_election.cc:343] T 425609905a4d4e3496435b67dbeb330d P 8982ca3eddc241d4b53897c3bf23ffcc [CANDIDATE]: Term 1 pre-election: Tablet error from VoteRequest() call to peer 7097c9d695464fcfb96171135abe2f35 (127.3.170.131:42893): Illegal state: must be running to vote when last-logged opid is not known
I20260709 12:12:58.158143  4924 tablet_service.cc:1917] Received RequestConsensusVote() RPC: tablet_id: "425609905a4d4e3496435b67dbeb330d" candidate_uuid: "8982ca3eddc241d4b53897c3bf23ffcc" candidate_term: 1 candidate_status { last_received { term: 0 index: 0 } } ignore_live_leader: false dest_uuid: "e34c3d385e474feda309bab023a2495d" is_pre_election: true
I20260709 12:12:58.159700  4924 tablet_service.cc:1917] Received RequestConsensusVote() RPC: tablet_id: "47a7f0837aac484dacd9f13841217077" candidate_uuid: "8982ca3eddc241d4b53897c3bf23ffcc" candidate_term: 1 candidate_status { last_received { term: 0 index: 0 } } ignore_live_leader: false dest_uuid: "e34c3d385e474feda309bab023a2495d"
I20260709 12:12:58.161983  5121 tablet_bootstrap.cc:492] T d0617f49cf844292827200e6c03c2c5e P 7097c9d695464fcfb96171135abe2f35: No bootstrap required, opened a new log
W20260709 12:12:58.162238  4970 leader_election.cc:343] T 425609905a4d4e3496435b67dbeb330d P 8982ca3eddc241d4b53897c3bf23ffcc [CANDIDATE]: Term 1 pre-election: Tablet error from VoteRequest() call to peer e34c3d385e474feda309bab023a2495d (127.3.170.129:33185): Illegal state: must be running to vote when last-logged opid is not known
I20260709 12:12:58.162516  5121 ts_tablet_manager.cc:1403] T d0617f49cf844292827200e6c03c2c5e P 7097c9d695464fcfb96171135abe2f35: Time spent bootstrapping tablet: real 0.120s	user 0.007s	sys 0.006s
I20260709 12:12:58.162734  4970 leader_election.cc:304] T 425609905a4d4e3496435b67dbeb330d P 8982ca3eddc241d4b53897c3bf23ffcc [CANDIDATE]: Term 1 pre-election: Election decided. Result: candidate lost. Election summary: received 3 responses out of 3 voters: 1 yes votes; 2 no votes. yes voters: 8982ca3eddc241d4b53897c3bf23ffcc; no voters: 7097c9d695464fcfb96171135abe2f35, e34c3d385e474feda309bab023a2495d
I20260709 12:12:58.165036  5345 raft_consensus.cc:2749] T 425609905a4d4e3496435b67dbeb330d P 8982ca3eddc241d4b53897c3bf23ffcc [term 0 FOLLOWER]: Leader pre-election lost for term 1. Reason: could not achieve majority
W20260709 12:12:58.171208  4970 leader_election.cc:343] T 47a7f0837aac484dacd9f13841217077 P 8982ca3eddc241d4b53897c3bf23ffcc [CANDIDATE]: Term 1 election: Tablet error from VoteRequest() call to peer e34c3d385e474feda309bab023a2495d (127.3.170.129:33185): Illegal state: must be running to vote when last-logged opid is not known
I20260709 12:12:58.172586  5074 raft_consensus.cc:2468] T 47a7f0837aac484dacd9f13841217077 P 7097c9d695464fcfb96171135abe2f35 [term 1 FOLLOWER]: Leader election vote request: Granting yes vote for candidate 8982ca3eddc241d4b53897c3bf23ffcc in term 1.
I20260709 12:12:58.172417  5121 raft_consensus.cc:359] T d0617f49cf844292827200e6c03c2c5e P 7097c9d695464fcfb96171135abe2f35 [term 0 FOLLOWER]: Replica starting. Triggering 0 pending ops. Active config: opid_index: -1 OBSOLETE_local: false peers { permanent_uuid: "e34c3d385e474feda309bab023a2495d" member_type: VOTER last_known_addr { host: "127.3.170.129" port: 33185 } } peers { permanent_uuid: "8982ca3eddc241d4b53897c3bf23ffcc" member_type: VOTER last_known_addr { host: "127.3.170.130" port: 44611 } } peers { permanent_uuid: "7097c9d695464fcfb96171135abe2f35" member_type: VOTER last_known_addr { host: "127.3.170.131" port: 42893 } }
I20260709 12:12:58.173257  5121 raft_consensus.cc:385] T d0617f49cf844292827200e6c03c2c5e P 7097c9d695464fcfb96171135abe2f35 [term 0 FOLLOWER]: Consensus starting up: Expiring failure detector timer to make a prompt election more likely
I20260709 12:12:58.173554  5121 raft_consensus.cc:740] T d0617f49cf844292827200e6c03c2c5e P 7097c9d695464fcfb96171135abe2f35 [term 0 FOLLOWER]: Becoming Follower/Learner. State: Replica: 7097c9d695464fcfb96171135abe2f35, State: Initialized, Role: FOLLOWER
I20260709 12:12:58.176813  5118 tablet_bootstrap.cc:492] T af49ea283bf341769da96da66cf1903f P 8982ca3eddc241d4b53897c3bf23ffcc: No bootstrap required, opened a new log
I20260709 12:12:58.177341  5118 ts_tablet_manager.cc:1403] T af49ea283bf341769da96da66cf1903f P 8982ca3eddc241d4b53897c3bf23ffcc: Time spent bootstrapping tablet: real 0.062s	user 0.012s	sys 0.006s
I20260709 12:12:58.181126  5118 raft_consensus.cc:359] T af49ea283bf341769da96da66cf1903f P 8982ca3eddc241d4b53897c3bf23ffcc [term 0 FOLLOWER]: Replica starting. Triggering 0 pending ops. Active config: opid_index: -1 OBSOLETE_local: false peers { permanent_uuid: "e34c3d385e474feda309bab023a2495d" member_type: VOTER last_known_addr { host: "127.3.170.129" port: 33185 } } peers { permanent_uuid: "8982ca3eddc241d4b53897c3bf23ffcc" member_type: VOTER last_known_addr { host: "127.3.170.130" port: 44611 } } peers { permanent_uuid: "7097c9d695464fcfb96171135abe2f35" member_type: VOTER last_known_addr { host: "127.3.170.131" port: 42893 } }
I20260709 12:12:58.181835  5118 raft_consensus.cc:385] T af49ea283bf341769da96da66cf1903f P 8982ca3eddc241d4b53897c3bf23ffcc [term 0 FOLLOWER]: Consensus starting up: Expiring failure detector timer to make a prompt election more likely
I20260709 12:12:58.182101  5118 raft_consensus.cc:740] T af49ea283bf341769da96da66cf1903f P 8982ca3eddc241d4b53897c3bf23ffcc [term 0 FOLLOWER]: Becoming Follower/Learner. State: Replica: 8982ca3eddc241d4b53897c3bf23ffcc, State: Initialized, Role: FOLLOWER
I20260709 12:12:58.182871  5118 consensus_queue.cc:260] T af49ea283bf341769da96da66cf1903f P 8982ca3eddc241d4b53897c3bf23ffcc [NON_LEADER]: Queue going to NON_LEADER mode. State: All replicated index: 0, Majority replicated index: 0, Committed index: 0, Last appended: 0.0, Last appended by leader: 0, Current term: 0, Majority size: -1, State: 0, Mode: NON_LEADER, active raft config: opid_index: -1 OBSOLETE_local: false peers { permanent_uuid: "e34c3d385e474feda309bab023a2495d" member_type: VOTER last_known_addr { host: "127.3.170.129" port: 33185 } } peers { permanent_uuid: "8982ca3eddc241d4b53897c3bf23ffcc" member_type: VOTER last_known_addr { host: "127.3.170.130" port: 44611 } } peers { permanent_uuid: "7097c9d695464fcfb96171135abe2f35" member_type: VOTER last_known_addr { host: "127.3.170.131" port: 42893 } }
I20260709 12:12:58.185217  5118 ts_tablet_manager.cc:1434] T af49ea283bf341769da96da66cf1903f P 8982ca3eddc241d4b53897c3bf23ffcc: Time spent starting tablet: real 0.008s	user 0.007s	sys 0.000s
I20260709 12:12:58.186301  5118 tablet_bootstrap.cc:492] T 391d150ca8a14ee78f9cdf3ac266b4bb P 8982ca3eddc241d4b53897c3bf23ffcc: Bootstrap starting.
I20260709 12:12:58.189604  5121 consensus_queue.cc:260] T d0617f49cf844292827200e6c03c2c5e P 7097c9d695464fcfb96171135abe2f35 [NON_LEADER]: Queue going to NON_LEADER mode. State: All replicated index: 0, Majority replicated index: 0, Committed index: 0, Last appended: 0.0, Last appended by leader: 0, Current term: 0, Majority size: -1, State: 0, Mode: NON_LEADER, active raft config: opid_index: -1 OBSOLETE_local: false peers { permanent_uuid: "e34c3d385e474feda309bab023a2495d" member_type: VOTER last_known_addr { host: "127.3.170.129" port: 33185 } } peers { permanent_uuid: "8982ca3eddc241d4b53897c3bf23ffcc" member_type: VOTER last_known_addr { host: "127.3.170.130" port: 44611 } } peers { permanent_uuid: "7097c9d695464fcfb96171135abe2f35" member_type: VOTER last_known_addr { host: "127.3.170.131" port: 42893 } }
I20260709 12:12:58.192759  5121 ts_tablet_manager.cc:1434] T d0617f49cf844292827200e6c03c2c5e P 7097c9d695464fcfb96171135abe2f35: Time spent starting tablet: real 0.030s	user 0.004s	sys 0.004s
I20260709 12:12:58.195412  5121 tablet_bootstrap.cc:492] T 7398c312db4247a18825668de89aa164 P 7097c9d695464fcfb96171135abe2f35: Bootstrap starting.
I20260709 12:12:58.195209  4969 leader_election.cc:304] T 47a7f0837aac484dacd9f13841217077 P 8982ca3eddc241d4b53897c3bf23ffcc [CANDIDATE]: Term 1 election: Election decided. Result: candidate won. Election summary: received 3 responses out of 3 voters: 2 yes votes; 1 no votes. yes voters: 7097c9d695464fcfb96171135abe2f35, 8982ca3eddc241d4b53897c3bf23ffcc; no voters: e34c3d385e474feda309bab023a2495d
I20260709 12:12:58.199783  5345 consensus_queue.cc:1048] T bcd91dcf9534496ca3320eb88da50485 P 8982ca3eddc241d4b53897c3bf23ffcc [LEADER]: Connected to new peer: Peer: permanent_uuid: "e34c3d385e474feda309bab023a2495d" member_type: VOTER last_known_addr { host: "127.3.170.129" port: 33185 }, Status: LMP_MISMATCH, Last received: 0.0, Next index: 1, Last known committed idx: 0, Time since last communication: 0.000s
I20260709 12:12:58.211846  5119 tablet_bootstrap.cc:492] T 7398c312db4247a18825668de89aa164 P e34c3d385e474feda309bab023a2495d: No bootstrap required, opened a new log
I20260709 12:12:58.212527  5119 ts_tablet_manager.cc:1403] T 7398c312db4247a18825668de89aa164 P e34c3d385e474feda309bab023a2495d: Time spent bootstrapping tablet: real 0.184s	user 0.015s	sys 0.008s
W20260709 12:12:58.217619  4875 auto_rebalancer.cc:288] Could not retrieve cluster info: Service unavailable: Tablet not running
I20260709 12:12:58.209368  5211 raft_consensus.cc:2804] T 47a7f0837aac484dacd9f13841217077 P 8982ca3eddc241d4b53897c3bf23ffcc [term 1 FOLLOWER]: Leader election won for term 1
I20260709 12:12:58.220331  5211 raft_consensus.cc:697] T 47a7f0837aac484dacd9f13841217077 P 8982ca3eddc241d4b53897c3bf23ffcc [term 1 LEADER]: Becoming Leader. State: Replica: 8982ca3eddc241d4b53897c3bf23ffcc, State: Running, Role: LEADER
I20260709 12:12:58.221252  5211 consensus_queue.cc:237] T 47a7f0837aac484dacd9f13841217077 P 8982ca3eddc241d4b53897c3bf23ffcc [LEADER]: Queue going to LEADER mode. State: All replicated index: 0, Majority replicated index: 0, Committed index: 0, Last appended: 0.0, Last appended by leader: 0, Current term: 1, Majority size: 2, State: 0, Mode: LEADER, active raft config: opid_index: -1 OBSOLETE_local: false peers { permanent_uuid: "e34c3d385e474feda309bab023a2495d" member_type: VOTER last_known_addr { host: "127.3.170.129" port: 33185 } } peers { permanent_uuid: "8982ca3eddc241d4b53897c3bf23ffcc" member_type: VOTER last_known_addr { host: "127.3.170.130" port: 44611 } } peers { permanent_uuid: "7097c9d695464fcfb96171135abe2f35" member_type: VOTER last_known_addr { host: "127.3.170.131" port: 42893 } }
I20260709 12:12:58.226948  5119 raft_consensus.cc:359] T 7398c312db4247a18825668de89aa164 P e34c3d385e474feda309bab023a2495d [term 0 FOLLOWER]: Replica starting. Triggering 0 pending ops. Active config: opid_index: -1 OBSOLETE_local: false peers { permanent_uuid: "e34c3d385e474feda309bab023a2495d" member_type: VOTER last_known_addr { host: "127.3.170.129" port: 33185 } } peers { permanent_uuid: "8982ca3eddc241d4b53897c3bf23ffcc" member_type: VOTER last_known_addr { host: "127.3.170.130" port: 44611 } } peers { permanent_uuid: "7097c9d695464fcfb96171135abe2f35" member_type: VOTER last_known_addr { host: "127.3.170.131" port: 42893 } }
I20260709 12:12:58.227681  5119 raft_consensus.cc:385] T 7398c312db4247a18825668de89aa164 P e34c3d385e474feda309bab023a2495d [term 0 FOLLOWER]: Consensus starting up: Expiring failure detector timer to make a prompt election more likely
I20260709 12:12:58.227964  5119 raft_consensus.cc:740] T 7398c312db4247a18825668de89aa164 P e34c3d385e474feda309bab023a2495d [term 0 FOLLOWER]: Becoming Follower/Learner. State: Replica: e34c3d385e474feda309bab023a2495d, State: Initialized, Role: FOLLOWER
I20260709 12:12:58.229560  5119 consensus_queue.cc:260] T 7398c312db4247a18825668de89aa164 P e34c3d385e474feda309bab023a2495d [NON_LEADER]: Queue going to NON_LEADER mode. State: All replicated index: 0, Majority replicated index: 0, Committed index: 0, Last appended: 0.0, Last appended by leader: 0, Current term: 0, Majority size: -1, State: 0, Mode: NON_LEADER, active raft config: opid_index: -1 OBSOLETE_local: false peers { permanent_uuid: "e34c3d385e474feda309bab023a2495d" member_type: VOTER last_known_addr { host: "127.3.170.129" port: 33185 } } peers { permanent_uuid: "8982ca3eddc241d4b53897c3bf23ffcc" member_type: VOTER last_known_addr { host: "127.3.170.130" port: 44611 } } peers { permanent_uuid: "7097c9d695464fcfb96171135abe2f35" member_type: VOTER last_known_addr { host: "127.3.170.131" port: 42893 } }
I20260709 12:12:58.232411  5259 consensus_queue.cc:1048] T 7b7f2ffd58ca42f1a2360ed76a6fe3d0 P 8982ca3eddc241d4b53897c3bf23ffcc [LEADER]: Connected to new peer: Peer: permanent_uuid: "e34c3d385e474feda309bab023a2495d" member_type: VOTER last_known_addr { host: "127.3.170.129" port: 33185 }, Status: LMP_MISMATCH, Last received: 0.0, Next index: 1, Last known committed idx: 0, Time since last communication: 0.002s
I20260709 12:12:58.237763  5211 consensus_queue.cc:1048] T bcd91dcf9534496ca3320eb88da50485 P 8982ca3eddc241d4b53897c3bf23ffcc [LEADER]: Connected to new peer: Peer: permanent_uuid: "7097c9d695464fcfb96171135abe2f35" member_type: VOTER last_known_addr { host: "127.3.170.131" port: 42893 }, Status: LMP_MISMATCH, Last received: 0.0, Next index: 1, Last known committed idx: 0, Time since last communication: 0.000s
I20260709 12:12:58.239467  5121 tablet_bootstrap.cc:654] T 7398c312db4247a18825668de89aa164 P 7097c9d695464fcfb96171135abe2f35: Neither blocks nor log segments found. Creating new log.
I20260709 12:12:58.241303  5119 ts_tablet_manager.cc:1434] T 7398c312db4247a18825668de89aa164 P e34c3d385e474feda309bab023a2495d: Time spent starting tablet: real 0.027s	user 0.007s	sys 0.000s
I20260709 12:12:58.242401  5119 tablet_bootstrap.cc:492] T 425609905a4d4e3496435b67dbeb330d P e34c3d385e474feda309bab023a2495d: Bootstrap starting.
I20260709 12:12:58.242893  5118 tablet_bootstrap.cc:654] T 391d150ca8a14ee78f9cdf3ac266b4bb P 8982ca3eddc241d4b53897c3bf23ffcc: Neither blocks nor log segments found. Creating new log.
I20260709 12:12:58.249173  5119 tablet_bootstrap.cc:654] T 425609905a4d4e3496435b67dbeb330d P e34c3d385e474feda309bab023a2495d: Neither blocks nor log segments found. Creating new log.
I20260709 12:12:58.250891  4826 catalog_manager.cc:5697] T 47a7f0837aac484dacd9f13841217077 P 8982ca3eddc241d4b53897c3bf23ffcc reported cstate change: term changed from 0 to 1, leader changed from <none> to 8982ca3eddc241d4b53897c3bf23ffcc (127.3.170.130). New cstate: current_term: 1 leader_uuid: "8982ca3eddc241d4b53897c3bf23ffcc" committed_config { opid_index: -1 OBSOLETE_local: false peers { permanent_uuid: "e34c3d385e474feda309bab023a2495d" member_type: VOTER last_known_addr { host: "127.3.170.129" port: 33185 } health_report { overall_health: UNKNOWN } } peers { permanent_uuid: "8982ca3eddc241d4b53897c3bf23ffcc" member_type: VOTER last_known_addr { host: "127.3.170.130" port: 44611 } health_report { overall_health: HEALTHY } } peers { permanent_uuid: "7097c9d695464fcfb96171135abe2f35" member_type: VOTER last_known_addr { host: "127.3.170.131" port: 42893 } health_report { overall_health: UNKNOWN } } }
I20260709 12:12:58.264415  5121 tablet_bootstrap.cc:492] T 7398c312db4247a18825668de89aa164 P 7097c9d695464fcfb96171135abe2f35: No bootstrap required, opened a new log
I20260709 12:12:58.265198  5121 ts_tablet_manager.cc:1403] T 7398c312db4247a18825668de89aa164 P 7097c9d695464fcfb96171135abe2f35: Time spent bootstrapping tablet: real 0.070s	user 0.009s	sys 0.007s
I20260709 12:12:58.274888  5118 tablet_bootstrap.cc:492] T 391d150ca8a14ee78f9cdf3ac266b4bb P 8982ca3eddc241d4b53897c3bf23ffcc: No bootstrap required, opened a new log
I20260709 12:12:58.275404  5118 ts_tablet_manager.cc:1403] T 391d150ca8a14ee78f9cdf3ac266b4bb P 8982ca3eddc241d4b53897c3bf23ffcc: Time spent bootstrapping tablet: real 0.089s	user 0.008s	sys 0.004s
I20260709 12:12:58.278044  5118 raft_consensus.cc:359] T 391d150ca8a14ee78f9cdf3ac266b4bb P 8982ca3eddc241d4b53897c3bf23ffcc [term 0 FOLLOWER]: Replica starting. Triggering 0 pending ops. Active config: opid_index: -1 OBSOLETE_local: false peers { permanent_uuid: "e34c3d385e474feda309bab023a2495d" member_type: VOTER last_known_addr { host: "127.3.170.129" port: 33185 } } peers { permanent_uuid: "8982ca3eddc241d4b53897c3bf23ffcc" member_type: VOTER last_known_addr { host: "127.3.170.130" port: 44611 } } peers { permanent_uuid: "7097c9d695464fcfb96171135abe2f35" member_type: VOTER last_known_addr { host: "127.3.170.131" port: 42893 } }
I20260709 12:12:58.278740  5118 raft_consensus.cc:385] T 391d150ca8a14ee78f9cdf3ac266b4bb P 8982ca3eddc241d4b53897c3bf23ffcc [term 0 FOLLOWER]: Consensus starting up: Expiring failure detector timer to make a prompt election more likely
I20260709 12:12:58.278999  5118 raft_consensus.cc:740] T 391d150ca8a14ee78f9cdf3ac266b4bb P 8982ca3eddc241d4b53897c3bf23ffcc [term 0 FOLLOWER]: Becoming Follower/Learner. State: Replica: 8982ca3eddc241d4b53897c3bf23ffcc, State: Initialized, Role: FOLLOWER
I20260709 12:12:58.279609  5118 consensus_queue.cc:260] T 391d150ca8a14ee78f9cdf3ac266b4bb P 8982ca3eddc241d4b53897c3bf23ffcc [NON_LEADER]: Queue going to NON_LEADER mode. State: All replicated index: 0, Majority replicated index: 0, Committed index: 0, Last appended: 0.0, Last appended by leader: 0, Current term: 0, Majority size: -1, State: 0, Mode: NON_LEADER, active raft config: opid_index: -1 OBSOLETE_local: false peers { permanent_uuid: "e34c3d385e474feda309bab023a2495d" member_type: VOTER last_known_addr { host: "127.3.170.129" port: 33185 } } peers { permanent_uuid: "8982ca3eddc241d4b53897c3bf23ffcc" member_type: VOTER last_known_addr { host: "127.3.170.130" port: 44611 } } peers { permanent_uuid: "7097c9d695464fcfb96171135abe2f35" member_type: VOTER last_known_addr { host: "127.3.170.131" port: 42893 } }
I20260709 12:12:58.285017  5345 consensus_queue.cc:1048] T 7b7f2ffd58ca42f1a2360ed76a6fe3d0 P 8982ca3eddc241d4b53897c3bf23ffcc [LEADER]: Connected to new peer: Peer: permanent_uuid: "7097c9d695464fcfb96171135abe2f35" member_type: VOTER last_known_addr { host: "127.3.170.131" port: 42893 }, Status: LMP_MISMATCH, Last received: 0.0, Next index: 1, Last known committed idx: 0, Time since last communication: 0.000s
I20260709 12:12:58.298832  5121 raft_consensus.cc:359] T 7398c312db4247a18825668de89aa164 P 7097c9d695464fcfb96171135abe2f35 [term 0 FOLLOWER]: Replica starting. Triggering 0 pending ops. Active config: opid_index: -1 OBSOLETE_local: false peers { permanent_uuid: "e34c3d385e474feda309bab023a2495d" member_type: VOTER last_known_addr { host: "127.3.170.129" port: 33185 } } peers { permanent_uuid: "8982ca3eddc241d4b53897c3bf23ffcc" member_type: VOTER last_known_addr { host: "127.3.170.130" port: 44611 } } peers { permanent_uuid: "7097c9d695464fcfb96171135abe2f35" member_type: VOTER last_known_addr { host: "127.3.170.131" port: 42893 } }
I20260709 12:12:58.299633  5121 raft_consensus.cc:385] T 7398c312db4247a18825668de89aa164 P 7097c9d695464fcfb96171135abe2f35 [term 0 FOLLOWER]: Consensus starting up: Expiring failure detector timer to make a prompt election more likely
I20260709 12:12:58.299947  5121 raft_consensus.cc:740] T 7398c312db4247a18825668de89aa164 P 7097c9d695464fcfb96171135abe2f35 [term 0 FOLLOWER]: Becoming Follower/Learner. State: Replica: 7097c9d695464fcfb96171135abe2f35, State: Initialized, Role: FOLLOWER
I20260709 12:12:58.298861  5118 ts_tablet_manager.cc:1434] T 391d150ca8a14ee78f9cdf3ac266b4bb P 8982ca3eddc241d4b53897c3bf23ffcc: Time spent starting tablet: real 0.023s	user 0.005s	sys 0.000s
I20260709 12:12:58.302984  5119 tablet_bootstrap.cc:492] T 425609905a4d4e3496435b67dbeb330d P e34c3d385e474feda309bab023a2495d: No bootstrap required, opened a new log
I20260709 12:12:58.303445  5119 ts_tablet_manager.cc:1403] T 425609905a4d4e3496435b67dbeb330d P e34c3d385e474feda309bab023a2495d: Time spent bootstrapping tablet: real 0.061s	user 0.017s	sys 0.029s
I20260709 12:12:58.303627  5118 tablet_bootstrap.cc:492] T d0617f49cf844292827200e6c03c2c5e P 8982ca3eddc241d4b53897c3bf23ffcc: Bootstrap starting.
I20260709 12:12:58.305615  5121 consensus_queue.cc:260] T 7398c312db4247a18825668de89aa164 P 7097c9d695464fcfb96171135abe2f35 [NON_LEADER]: Queue going to NON_LEADER mode. State: All replicated index: 0, Majority replicated index: 0, Committed index: 0, Last appended: 0.0, Last appended by leader: 0, Current term: 0, Majority size: -1, State: 0, Mode: NON_LEADER, active raft config: opid_index: -1 OBSOLETE_local: false peers { permanent_uuid: "e34c3d385e474feda309bab023a2495d" member_type: VOTER last_known_addr { host: "127.3.170.129" port: 33185 } } peers { permanent_uuid: "8982ca3eddc241d4b53897c3bf23ffcc" member_type: VOTER last_known_addr { host: "127.3.170.130" port: 44611 } } peers { permanent_uuid: "7097c9d695464fcfb96171135abe2f35" member_type: VOTER last_known_addr { host: "127.3.170.131" port: 42893 } }
I20260709 12:12:58.308859  5119 raft_consensus.cc:359] T 425609905a4d4e3496435b67dbeb330d P e34c3d385e474feda309bab023a2495d [term 0 FOLLOWER]: Replica starting. Triggering 0 pending ops. Active config: opid_index: -1 OBSOLETE_local: false peers { permanent_uuid: "e34c3d385e474feda309bab023a2495d" member_type: VOTER last_known_addr { host: "127.3.170.129" port: 33185 } } peers { permanent_uuid: "8982ca3eddc241d4b53897c3bf23ffcc" member_type: VOTER last_known_addr { host: "127.3.170.130" port: 44611 } } peers { permanent_uuid: "7097c9d695464fcfb96171135abe2f35" member_type: VOTER last_known_addr { host: "127.3.170.131" port: 42893 } }
I20260709 12:12:58.309581  5119 raft_consensus.cc:385] T 425609905a4d4e3496435b67dbeb330d P e34c3d385e474feda309bab023a2495d [term 0 FOLLOWER]: Consensus starting up: Expiring failure detector timer to make a prompt election more likely
I20260709 12:12:58.309880  5119 raft_consensus.cc:740] T 425609905a4d4e3496435b67dbeb330d P e34c3d385e474feda309bab023a2495d [term 0 FOLLOWER]: Becoming Follower/Learner. State: Replica: e34c3d385e474feda309bab023a2495d, State: Initialized, Role: FOLLOWER
I20260709 12:12:58.310532  5119 consensus_queue.cc:260] T 425609905a4d4e3496435b67dbeb330d P e34c3d385e474feda309bab023a2495d [NON_LEADER]: Queue going to NON_LEADER mode. State: All replicated index: 0, Majority replicated index: 0, Committed index: 0, Last appended: 0.0, Last appended by leader: 0, Current term: 0, Majority size: -1, State: 0, Mode: NON_LEADER, active raft config: opid_index: -1 OBSOLETE_local: false peers { permanent_uuid: "e34c3d385e474feda309bab023a2495d" member_type: VOTER last_known_addr { host: "127.3.170.129" port: 33185 } } peers { permanent_uuid: "8982ca3eddc241d4b53897c3bf23ffcc" member_type: VOTER last_known_addr { host: "127.3.170.130" port: 44611 } } peers { permanent_uuid: "7097c9d695464fcfb96171135abe2f35" member_type: VOTER last_known_addr { host: "127.3.170.131" port: 42893 } }
I20260709 12:12:58.312242  5119 ts_tablet_manager.cc:1434] T 425609905a4d4e3496435b67dbeb330d P e34c3d385e474feda309bab023a2495d: Time spent starting tablet: real 0.009s	user 0.007s	sys 0.002s
I20260709 12:12:58.313424  5118 tablet_bootstrap.cc:654] T d0617f49cf844292827200e6c03c2c5e P 8982ca3eddc241d4b53897c3bf23ffcc: Neither blocks nor log segments found. Creating new log.
I20260709 12:12:58.320013  5119 tablet_bootstrap.cc:492] T 47a7f0837aac484dacd9f13841217077 P e34c3d385e474feda309bab023a2495d: Bootstrap starting.
I20260709 12:12:58.327171  5119 tablet_bootstrap.cc:654] T 47a7f0837aac484dacd9f13841217077 P e34c3d385e474feda309bab023a2495d: Neither blocks nor log segments found. Creating new log.
I20260709 12:12:58.332013  5257 raft_consensus.cc:493] T 425609905a4d4e3496435b67dbeb330d P e34c3d385e474feda309bab023a2495d [term 0 FOLLOWER]: Starting pre-election (no leader contacted us within the election timeout)
I20260709 12:12:58.332672  5257 raft_consensus.cc:515] T 425609905a4d4e3496435b67dbeb330d P e34c3d385e474feda309bab023a2495d [term 0 FOLLOWER]: Starting pre-election with config: opid_index: -1 OBSOLETE_local: false peers { permanent_uuid: "e34c3d385e474feda309bab023a2495d" member_type: VOTER last_known_addr { host: "127.3.170.129" port: 33185 } } peers { permanent_uuid: "8982ca3eddc241d4b53897c3bf23ffcc" member_type: VOTER last_known_addr { host: "127.3.170.130" port: 44611 } } peers { permanent_uuid: "7097c9d695464fcfb96171135abe2f35" member_type: VOTER last_known_addr { host: "127.3.170.131" port: 42893 } }
I20260709 12:12:58.336458  4999 tablet_service.cc:1917] Received RequestConsensusVote() RPC: tablet_id: "425609905a4d4e3496435b67dbeb330d" candidate_uuid: "e34c3d385e474feda309bab023a2495d" candidate_term: 1 candidate_status { last_received { term: 0 index: 0 } } ignore_live_leader: false dest_uuid: "8982ca3eddc241d4b53897c3bf23ffcc" is_pre_election: true
I20260709 12:12:58.337496  5121 ts_tablet_manager.cc:1434] T 7398c312db4247a18825668de89aa164 P 7097c9d695464fcfb96171135abe2f35: Time spent starting tablet: real 0.072s	user 0.006s	sys 0.003s
I20260709 12:12:58.337322  4999 raft_consensus.cc:2468] T 425609905a4d4e3496435b67dbeb330d P 8982ca3eddc241d4b53897c3bf23ffcc [term 0 FOLLOWER]: Leader pre-election vote request: Granting yes vote for candidate e34c3d385e474feda309bab023a2495d in term 0.
I20260709 12:12:58.339334  5121 tablet_bootstrap.cc:492] T 425609905a4d4e3496435b67dbeb330d P 7097c9d695464fcfb96171135abe2f35: Bootstrap starting.
I20260709 12:12:58.341883  4894 leader_election.cc:304] T 425609905a4d4e3496435b67dbeb330d P e34c3d385e474feda309bab023a2495d [CANDIDATE]: Term 1 pre-election: Election decided. Result: candidate won. Election summary: received 2 responses out of 3 voters: 2 yes votes; 0 no votes. yes voters: 8982ca3eddc241d4b53897c3bf23ffcc, e34c3d385e474feda309bab023a2495d; no voters: 
I20260709 12:12:58.343384  5182 raft_consensus.cc:2804] T 425609905a4d4e3496435b67dbeb330d P e34c3d385e474feda309bab023a2495d [term 0 FOLLOWER]: Leader pre-election won for term 1
I20260709 12:12:58.345963  5220 raft_consensus.cc:493] T af49ea283bf341769da96da66cf1903f P 8982ca3eddc241d4b53897c3bf23ffcc [term 0 FOLLOWER]: Starting pre-election (no leader contacted us within the election timeout)
I20260709 12:12:58.346176  5077 tablet_service.cc:1917] Received RequestConsensusVote() RPC: tablet_id: "425609905a4d4e3496435b67dbeb330d" candidate_uuid: "e34c3d385e474feda309bab023a2495d" candidate_term: 1 candidate_status { last_received { term: 0 index: 0 } } ignore_live_leader: false dest_uuid: "7097c9d695464fcfb96171135abe2f35" is_pre_election: true
I20260709 12:12:58.345235  5182 raft_consensus.cc:493] T 425609905a4d4e3496435b67dbeb330d P e34c3d385e474feda309bab023a2495d [term 0 FOLLOWER]: Starting leader election (no leader contacted us within the election timeout)
I20260709 12:12:58.350665  5182 raft_consensus.cc:3060] T 425609905a4d4e3496435b67dbeb330d P e34c3d385e474feda309bab023a2495d [term 0 FOLLOWER]: Advancing to term 1
I20260709 12:12:58.348709  5220 raft_consensus.cc:515] T af49ea283bf341769da96da66cf1903f P 8982ca3eddc241d4b53897c3bf23ffcc [term 0 FOLLOWER]: Starting pre-election with config: opid_index: -1 OBSOLETE_local: false peers { permanent_uuid: "e34c3d385e474feda309bab023a2495d" member_type: VOTER last_known_addr { host: "127.3.170.129" port: 33185 } } peers { permanent_uuid: "8982ca3eddc241d4b53897c3bf23ffcc" member_type: VOTER last_known_addr { host: "127.3.170.130" port: 44611 } } peers { permanent_uuid: "7097c9d695464fcfb96171135abe2f35" member_type: VOTER last_known_addr { host: "127.3.170.131" port: 42893 } }
I20260709 12:12:58.356417  4924 tablet_service.cc:1917] Received RequestConsensusVote() RPC: tablet_id: "af49ea283bf341769da96da66cf1903f" candidate_uuid: "8982ca3eddc241d4b53897c3bf23ffcc" candidate_term: 1 candidate_status { last_received { term: 0 index: 0 } } ignore_live_leader: false dest_uuid: "e34c3d385e474feda309bab023a2495d" is_pre_election: true
W20260709 12:12:58.359086  4894 leader_election.cc:343] T 425609905a4d4e3496435b67dbeb330d P e34c3d385e474feda309bab023a2495d [CANDIDATE]: Term 1 pre-election: Tablet error from VoteRequest() call to peer 7097c9d695464fcfb96171135abe2f35 (127.3.170.131:42893): Illegal state: must be running to vote when last-logged opid is not known
I20260709 12:12:58.362113  5121 tablet_bootstrap.cc:654] T 425609905a4d4e3496435b67dbeb330d P 7097c9d695464fcfb96171135abe2f35: Neither blocks nor log segments found. Creating new log.
I20260709 12:12:58.338268  5257 leader_election.cc:290] T 425609905a4d4e3496435b67dbeb330d P e34c3d385e474feda309bab023a2495d [CANDIDATE]: Term 1 pre-election: Requested pre-vote from peers 8982ca3eddc241d4b53897c3bf23ffcc (127.3.170.130:44611), 7097c9d695464fcfb96171135abe2f35 (127.3.170.131:42893)
I20260709 12:12:58.366868  5077 tablet_service.cc:1917] Received RequestConsensusVote() RPC: tablet_id: "af49ea283bf341769da96da66cf1903f" candidate_uuid: "8982ca3eddc241d4b53897c3bf23ffcc" candidate_term: 1 candidate_status { last_received { term: 0 index: 0 } } ignore_live_leader: false dest_uuid: "7097c9d695464fcfb96171135abe2f35" is_pre_election: true
W20260709 12:12:58.369081  4969 leader_election.cc:343] T af49ea283bf341769da96da66cf1903f P 8982ca3eddc241d4b53897c3bf23ffcc [CANDIDATE]: Term 1 pre-election: Tablet error from VoteRequest() call to peer 7097c9d695464fcfb96171135abe2f35 (127.3.170.131:42893): Illegal state: must be running to vote when last-logged opid is not known
W20260709 12:12:58.370922  4970 leader_election.cc:343] T af49ea283bf341769da96da66cf1903f P 8982ca3eddc241d4b53897c3bf23ffcc [CANDIDATE]: Term 1 pre-election: Tablet error from VoteRequest() call to peer e34c3d385e474feda309bab023a2495d (127.3.170.129:33185): Illegal state: must be running to vote when last-logged opid is not known
I20260709 12:12:58.371592  4970 leader_election.cc:304] T af49ea283bf341769da96da66cf1903f P 8982ca3eddc241d4b53897c3bf23ffcc [CANDIDATE]: Term 1 pre-election: Election decided. Result: candidate lost. Election summary: received 3 responses out of 3 voters: 1 yes votes; 2 no votes. yes voters: 8982ca3eddc241d4b53897c3bf23ffcc; no voters: 7097c9d695464fcfb96171135abe2f35, e34c3d385e474feda309bab023a2495d
I20260709 12:12:58.373366  5259 raft_consensus.cc:493] T 391d150ca8a14ee78f9cdf3ac266b4bb P 8982ca3eddc241d4b53897c3bf23ffcc [term 0 FOLLOWER]: Starting pre-election (no leader contacted us within the election timeout)
I20260709 12:12:58.374045  5345 raft_consensus.cc:2749] T af49ea283bf341769da96da66cf1903f P 8982ca3eddc241d4b53897c3bf23ffcc [term 0 FOLLOWER]: Leader pre-election lost for term 1. Reason: could not achieve majority
I20260709 12:12:58.373879  5259 raft_consensus.cc:515] T 391d150ca8a14ee78f9cdf3ac266b4bb P 8982ca3eddc241d4b53897c3bf23ffcc [term 0 FOLLOWER]: Starting pre-election with config: opid_index: -1 OBSOLETE_local: false peers { permanent_uuid: "e34c3d385e474feda309bab023a2495d" member_type: VOTER last_known_addr { host: "127.3.170.129" port: 33185 } } peers { permanent_uuid: "8982ca3eddc241d4b53897c3bf23ffcc" member_type: VOTER last_known_addr { host: "127.3.170.130" port: 44611 } } peers { permanent_uuid: "7097c9d695464fcfb96171135abe2f35" member_type: VOTER last_known_addr { host: "127.3.170.131" port: 42893 } }
I20260709 12:12:58.379601  5182 raft_consensus.cc:515] T 425609905a4d4e3496435b67dbeb330d P e34c3d385e474feda309bab023a2495d [term 1 FOLLOWER]: Starting leader election with config: opid_index: -1 OBSOLETE_local: false peers { permanent_uuid: "e34c3d385e474feda309bab023a2495d" member_type: VOTER last_known_addr { host: "127.3.170.129" port: 33185 } } peers { permanent_uuid: "8982ca3eddc241d4b53897c3bf23ffcc" member_type: VOTER last_known_addr { host: "127.3.170.130" port: 44611 } } peers { permanent_uuid: "7097c9d695464fcfb96171135abe2f35" member_type: VOTER last_known_addr { host: "127.3.170.131" port: 42893 } }
I20260709 12:12:58.361554  5220 leader_election.cc:290] T af49ea283bf341769da96da66cf1903f P 8982ca3eddc241d4b53897c3bf23ffcc [CANDIDATE]: Term 1 pre-election: Requested pre-vote from peers e34c3d385e474feda309bab023a2495d (127.3.170.129:33185), 7097c9d695464fcfb96171135abe2f35 (127.3.170.131:42893)
I20260709 12:12:58.382695  5259 leader_election.cc:290] T 391d150ca8a14ee78f9cdf3ac266b4bb P 8982ca3eddc241d4b53897c3bf23ffcc [CANDIDATE]: Term 1 pre-election: Requested pre-vote from peers e34c3d385e474feda309bab023a2495d (127.3.170.129:33185), 7097c9d695464fcfb96171135abe2f35 (127.3.170.131:42893)
I20260709 12:12:58.384780  5182 leader_election.cc:290] T 425609905a4d4e3496435b67dbeb330d P e34c3d385e474feda309bab023a2495d [CANDIDATE]: Term 1 election: Requested vote from peers 8982ca3eddc241d4b53897c3bf23ffcc (127.3.170.130:44611), 7097c9d695464fcfb96171135abe2f35 (127.3.170.131:42893)
I20260709 12:12:58.386698  4999 tablet_service.cc:1917] Received RequestConsensusVote() RPC: tablet_id: "425609905a4d4e3496435b67dbeb330d" candidate_uuid: "e34c3d385e474feda309bab023a2495d" candidate_term: 1 candidate_status { last_received { term: 0 index: 0 } } ignore_live_leader: false dest_uuid: "8982ca3eddc241d4b53897c3bf23ffcc"
I20260709 12:12:58.387207  4924 tablet_service.cc:1917] Received RequestConsensusVote() RPC: tablet_id: "391d150ca8a14ee78f9cdf3ac266b4bb" candidate_uuid: "8982ca3eddc241d4b53897c3bf23ffcc" candidate_term: 1 candidate_status { last_received { term: 0 index: 0 } } ignore_live_leader: false dest_uuid: "e34c3d385e474feda309bab023a2495d" is_pre_election: true
I20260709 12:12:58.387418  4999 raft_consensus.cc:3060] T 425609905a4d4e3496435b67dbeb330d P 8982ca3eddc241d4b53897c3bf23ffcc [term 0 FOLLOWER]: Advancing to term 1
W20260709 12:12:58.389030  4970 leader_election.cc:343] T 391d150ca8a14ee78f9cdf3ac266b4bb P 8982ca3eddc241d4b53897c3bf23ffcc [CANDIDATE]: Term 1 pre-election: Tablet error from VoteRequest() call to peer e34c3d385e474feda309bab023a2495d (127.3.170.129:33185): Illegal state: must be running to vote when last-logged opid is not known
I20260709 12:12:58.390451  5077 tablet_service.cc:1917] Received RequestConsensusVote() RPC: tablet_id: "425609905a4d4e3496435b67dbeb330d" candidate_uuid: "e34c3d385e474feda309bab023a2495d" candidate_term: 1 candidate_status { last_received { term: 0 index: 0 } } ignore_live_leader: false dest_uuid: "7097c9d695464fcfb96171135abe2f35"
I20260709 12:12:58.391234  5118 tablet_bootstrap.cc:492] T d0617f49cf844292827200e6c03c2c5e P 8982ca3eddc241d4b53897c3bf23ffcc: No bootstrap required, opened a new log
I20260709 12:12:58.391736  5118 ts_tablet_manager.cc:1403] T d0617f49cf844292827200e6c03c2c5e P 8982ca3eddc241d4b53897c3bf23ffcc: Time spent bootstrapping tablet: real 0.088s	user 0.031s	sys 0.026s
I20260709 12:12:58.392900  5074 tablet_service.cc:1917] Received RequestConsensusVote() RPC: tablet_id: "391d150ca8a14ee78f9cdf3ac266b4bb" candidate_uuid: "8982ca3eddc241d4b53897c3bf23ffcc" candidate_term: 1 candidate_status { last_received { term: 0 index: 0 } } ignore_live_leader: false dest_uuid: "7097c9d695464fcfb96171135abe2f35" is_pre_election: true
I20260709 12:12:58.394469  5118 raft_consensus.cc:359] T d0617f49cf844292827200e6c03c2c5e P 8982ca3eddc241d4b53897c3bf23ffcc [term 0 FOLLOWER]: Replica starting. Triggering 0 pending ops. Active config: opid_index: -1 OBSOLETE_local: false peers { permanent_uuid: "e34c3d385e474feda309bab023a2495d" member_type: VOTER last_known_addr { host: "127.3.170.129" port: 33185 } } peers { permanent_uuid: "8982ca3eddc241d4b53897c3bf23ffcc" member_type: VOTER last_known_addr { host: "127.3.170.130" port: 44611 } } peers { permanent_uuid: "7097c9d695464fcfb96171135abe2f35" member_type: VOTER last_known_addr { host: "127.3.170.131" port: 42893 } }
I20260709 12:12:58.395219  5118 raft_consensus.cc:385] T d0617f49cf844292827200e6c03c2c5e P 8982ca3eddc241d4b53897c3bf23ffcc [term 0 FOLLOWER]: Consensus starting up: Expiring failure detector timer to make a prompt election more likely
I20260709 12:12:58.395542  5118 raft_consensus.cc:740] T d0617f49cf844292827200e6c03c2c5e P 8982ca3eddc241d4b53897c3bf23ffcc [term 0 FOLLOWER]: Becoming Follower/Learner. State: Replica: 8982ca3eddc241d4b53897c3bf23ffcc, State: Initialized, Role: FOLLOWER
I20260709 12:12:58.396027  5118 consensus_queue.cc:260] T d0617f49cf844292827200e6c03c2c5e P 8982ca3eddc241d4b53897c3bf23ffcc [NON_LEADER]: Queue going to NON_LEADER mode. State: All replicated index: 0, Majority replicated index: 0, Committed index: 0, Last appended: 0.0, Last appended by leader: 0, Current term: 0, Majority size: -1, State: 0, Mode: NON_LEADER, active raft config: opid_index: -1 OBSOLETE_local: false peers { permanent_uuid: "e34c3d385e474feda309bab023a2495d" member_type: VOTER last_known_addr { host: "127.3.170.129" port: 33185 } } peers { permanent_uuid: "8982ca3eddc241d4b53897c3bf23ffcc" member_type: VOTER last_known_addr { host: "127.3.170.130" port: 44611 } } peers { permanent_uuid: "7097c9d695464fcfb96171135abe2f35" member_type: VOTER last_known_addr { host: "127.3.170.131" port: 42893 } }
I20260709 12:12:58.397413  4999 raft_consensus.cc:2468] T 425609905a4d4e3496435b67dbeb330d P 8982ca3eddc241d4b53897c3bf23ffcc [term 1 FOLLOWER]: Leader election vote request: Granting yes vote for candidate e34c3d385e474feda309bab023a2495d in term 1.
I20260709 12:12:58.397989  5118 ts_tablet_manager.cc:1434] T d0617f49cf844292827200e6c03c2c5e P 8982ca3eddc241d4b53897c3bf23ffcc: Time spent starting tablet: real 0.006s	user 0.007s	sys 0.000s
I20260709 12:12:58.398804  4894 leader_election.cc:304] T 425609905a4d4e3496435b67dbeb330d P e34c3d385e474feda309bab023a2495d [CANDIDATE]: Term 1 election: Election decided. Result: candidate won. Election summary: received 2 responses out of 3 voters: 2 yes votes; 0 no votes. yes voters: 8982ca3eddc241d4b53897c3bf23ffcc, e34c3d385e474feda309bab023a2495d; no voters: 
I20260709 12:12:58.404567  5182 raft_consensus.cc:2804] T 425609905a4d4e3496435b67dbeb330d P e34c3d385e474feda309bab023a2495d [term 1 FOLLOWER]: Leader election won for term 1
I20260709 12:12:58.404887  5119 tablet_bootstrap.cc:492] T 47a7f0837aac484dacd9f13841217077 P e34c3d385e474feda309bab023a2495d: No bootstrap required, opened a new log
W20260709 12:12:58.404649  4969 leader_election.cc:343] T 391d150ca8a14ee78f9cdf3ac266b4bb P 8982ca3eddc241d4b53897c3bf23ffcc [CANDIDATE]: Term 1 pre-election: Tablet error from VoteRequest() call to peer 7097c9d695464fcfb96171135abe2f35 (127.3.170.131:42893): Illegal state: must be running to vote when last-logged opid is not known
I20260709 12:12:58.405393  4969 leader_election.cc:304] T 391d150ca8a14ee78f9cdf3ac266b4bb P 8982ca3eddc241d4b53897c3bf23ffcc [CANDIDATE]: Term 1 pre-election: Election decided. Result: candidate lost. Election summary: received 3 responses out of 3 voters: 1 yes votes; 2 no votes. yes voters: 8982ca3eddc241d4b53897c3bf23ffcc; no voters: 7097c9d695464fcfb96171135abe2f35, e34c3d385e474feda309bab023a2495d
I20260709 12:12:58.406358  5182 raft_consensus.cc:697] T 425609905a4d4e3496435b67dbeb330d P e34c3d385e474feda309bab023a2495d [term 1 LEADER]: Becoming Leader. State: Replica: e34c3d385e474feda309bab023a2495d, State: Running, Role: LEADER
I20260709 12:12:58.406898  5220 raft_consensus.cc:2749] T 391d150ca8a14ee78f9cdf3ac266b4bb P 8982ca3eddc241d4b53897c3bf23ffcc [term 0 FOLLOWER]: Leader pre-election lost for term 1. Reason: could not achieve majority
I20260709 12:12:58.407987  5119 ts_tablet_manager.cc:1403] T 47a7f0837aac484dacd9f13841217077 P e34c3d385e474feda309bab023a2495d: Time spent bootstrapping tablet: real 0.088s	user 0.015s	sys 0.028s
W20260709 12:12:58.408056  4894 leader_election.cc:343] T 425609905a4d4e3496435b67dbeb330d P e34c3d385e474feda309bab023a2495d [CANDIDATE]: Term 1 election: Tablet error from VoteRequest() call to peer 7097c9d695464fcfb96171135abe2f35 (127.3.170.131:42893): Illegal state: must be running to vote when last-logged opid is not known
I20260709 12:12:58.409106  5118 tablet_bootstrap.cc:492] T 5ced558d3cd2471d8df529610697fba4 P 8982ca3eddc241d4b53897c3bf23ffcc: Bootstrap starting.
I20260709 12:12:58.407668  5182 consensus_queue.cc:237] T 425609905a4d4e3496435b67dbeb330d P e34c3d385e474feda309bab023a2495d [LEADER]: Queue going to LEADER mode. State: All replicated index: 0, Majority replicated index: 0, Committed index: 0, Last appended: 0.0, Last appended by leader: 0, Current term: 1, Majority size: 2, State: 0, Mode: LEADER, active raft config: opid_index: -1 OBSOLETE_local: false peers { permanent_uuid: "e34c3d385e474feda309bab023a2495d" member_type: VOTER last_known_addr { host: "127.3.170.129" port: 33185 } } peers { permanent_uuid: "8982ca3eddc241d4b53897c3bf23ffcc" member_type: VOTER last_known_addr { host: "127.3.170.130" port: 44611 } } peers { permanent_uuid: "7097c9d695464fcfb96171135abe2f35" member_type: VOTER last_known_addr { host: "127.3.170.131" port: 42893 } }
