I20260709 12:12:36.444059 14614 raft_consensus.cc:740] T 7aaaf80555ac4269adc0c07566827695 P 5a146fd51c504860b43fe0cdc8bfa6b5 [term 2 LEADER]: Becoming Follower/Learner. State: Replica: 5a146fd51c504860b43fe0cdc8bfa6b5, State: Running, Role: LEADER
I20260709 12:12:36.444151 14852 consensus_queue.cc:237] T 6171be289c494d63bd2dfc8f4149e315 P 557023beb3b948908b69f2f79c90669b [LEADER]: Queue going to LEADER mode. State: All replicated index: 0, Majority replicated index: 2, Committed index: 2, Last appended: 2.2, Last appended by leader: 2, Current term: 3, Majority size: 2, State: 0, Mode: LEADER, active raft config: opid_index: -1 OBSOLETE_local: false peers { permanent_uuid: "557023beb3b948908b69f2f79c90669b" member_type: VOTER last_known_addr { host: "127.13.140.1" port: 41581 } } peers { permanent_uuid: "5a146fd51c504860b43fe0cdc8bfa6b5" member_type: VOTER last_known_addr { host: "127.13.140.2" port: 45181 } } peers { permanent_uuid: "a582cf9c0ce940a9b7289bf98df789e9" member_type: VOTER last_known_addr { host: "127.13.140.3" port: 41159 } }
I20260709 12:12:36.444648 14614 consensus_queue.cc:260] T 7aaaf80555ac4269adc0c07566827695 P 5a146fd51c504860b43fe0cdc8bfa6b5 [NON_LEADER]: Queue going to NON_LEADER mode. State: All replicated index: 0, Majority replicated index: 2, Committed index: 2, Last appended: 2.2, Last appended by leader: 2, Current term: 2, Majority size: -1, State: 0, Mode: NON_LEADER, active raft config: opid_index: -1 OBSOLETE_local: false peers { permanent_uuid: "557023beb3b948908b69f2f79c90669b" member_type: VOTER last_known_addr { host: "127.13.140.1" port: 41581 } } peers { permanent_uuid: "5a146fd51c504860b43fe0cdc8bfa6b5" member_type: VOTER last_known_addr { host: "127.13.140.2" port: 45181 } } peers { permanent_uuid: "a582cf9c0ce940a9b7289bf98df789e9" member_type: VOTER last_known_addr { host: "127.13.140.3" port: 41159 } }
I20260709 12:12:36.445441 14614 raft_consensus.cc:3060] T 7aaaf80555ac4269adc0c07566827695 P 5a146fd51c504860b43fe0cdc8bfa6b5 [term 2 FOLLOWER]: Advancing to term 3
I20260709 12:12:36.448916 14688 tablet_service.cc:1917] Received RequestConsensusVote() RPC: tablet_id: "7aaaf80555ac4269adc0c07566827695" candidate_uuid: "557023beb3b948908b69f2f79c90669b" candidate_term: 3 candidate_status { last_received { term: 2 index: 2 } } ignore_live_leader: true dest_uuid: "a582cf9c0ce940a9b7289bf98df789e9"
I20260709 12:12:36.449445 14688 raft_consensus.cc:3060] T 7aaaf80555ac4269adc0c07566827695 P a582cf9c0ce940a9b7289bf98df789e9 [term 2 FOLLOWER]: Advancing to term 3
I20260709 12:12:36.450799 14614 raft_consensus.cc:2468] T 7aaaf80555ac4269adc0c07566827695 P 5a146fd51c504860b43fe0cdc8bfa6b5 [term 3 FOLLOWER]: Leader election vote request: Granting yes vote for candidate 557023beb3b948908b69f2f79c90669b in term 3.
I20260709 12:12:36.451848 14503 leader_election.cc:304] T 7aaaf80555ac4269adc0c07566827695 P 557023beb3b948908b69f2f79c90669b [CANDIDATE]: Term 3 election: Election decided. Result: candidate won. Election summary: received 2 responses out of 3 voters: 2 yes votes; 0 no votes. yes voters: 557023beb3b948908b69f2f79c90669b, 5a146fd51c504860b43fe0cdc8bfa6b5; no voters: 
I20260709 12:12:36.452742 14849 raft_consensus.cc:2804] T 7aaaf80555ac4269adc0c07566827695 P 557023beb3b948908b69f2f79c90669b [term 3 FOLLOWER]: Leader election won for term 3
I20260709 12:12:36.453164 14849 raft_consensus.cc:697] T 7aaaf80555ac4269adc0c07566827695 P 557023beb3b948908b69f2f79c90669b [term 3 LEADER]: Becoming Leader. State: Replica: 557023beb3b948908b69f2f79c90669b, State: Running, Role: LEADER
I20260709 12:12:36.454003 14849 consensus_queue.cc:237] T 7aaaf80555ac4269adc0c07566827695 P 557023beb3b948908b69f2f79c90669b [LEADER]: Queue going to LEADER mode. State: All replicated index: 0, Majority replicated index: 2, Committed index: 2, Last appended: 2.2, Last appended by leader: 2, Current term: 3, Majority size: 2, State: 0, Mode: LEADER, active raft config: opid_index: -1 OBSOLETE_local: false peers { permanent_uuid: "557023beb3b948908b69f2f79c90669b" member_type: VOTER last_known_addr { host: "127.13.140.1" port: 41581 } } peers { permanent_uuid: "5a146fd51c504860b43fe0cdc8bfa6b5" member_type: VOTER last_known_addr { host: "127.13.140.2" port: 45181 } } peers { permanent_uuid: "a582cf9c0ce940a9b7289bf98df789e9" member_type: VOTER last_known_addr { host: "127.13.140.3" port: 41159 } }
I20260709 12:12:36.454391 14688 raft_consensus.cc:2468] T 7aaaf80555ac4269adc0c07566827695 P a582cf9c0ce940a9b7289bf98df789e9 [term 3 FOLLOWER]: Leader election vote request: Granting yes vote for candidate 557023beb3b948908b69f2f79c90669b in term 3.
I20260709 12:12:36.458976 14436 catalog_manager.cc:5697] T a6043e99412c42bdb035130d5298eac7 P 557023beb3b948908b69f2f79c90669b reported cstate change: term changed from 2 to 3, leader changed from a582cf9c0ce940a9b7289bf98df789e9 (127.13.140.3) to 557023beb3b948908b69f2f79c90669b (127.13.140.1). New cstate: current_term: 3 leader_uuid: "557023beb3b948908b69f2f79c90669b" committed_config { opid_index: -1 OBSOLETE_local: false peers { permanent_uuid: "557023beb3b948908b69f2f79c90669b" member_type: VOTER last_known_addr { host: "127.13.140.1" port: 41581 } health_report { overall_health: HEALTHY } } peers { permanent_uuid: "5a146fd51c504860b43fe0cdc8bfa6b5" member_type: VOTER last_known_addr { host: "127.13.140.2" port: 45181 } health_report { overall_health: UNKNOWN } } peers { permanent_uuid: "a582cf9c0ce940a9b7289bf98df789e9" member_type: VOTER last_known_addr { host: "127.13.140.3" port: 41159 } health_report { overall_health: UNKNOWN } } }
I20260709 12:12:36.474583 14436 catalog_manager.cc:5697] T 6171be289c494d63bd2dfc8f4149e315 P 557023beb3b948908b69f2f79c90669b reported cstate change: term changed from 2 to 3, leader changed from 5a146fd51c504860b43fe0cdc8bfa6b5 (127.13.140.2) to 557023beb3b948908b69f2f79c90669b (127.13.140.1). New cstate: current_term: 3 leader_uuid: "557023beb3b948908b69f2f79c90669b" committed_config { opid_index: -1 OBSOLETE_local: false peers { permanent_uuid: "557023beb3b948908b69f2f79c90669b" member_type: VOTER last_known_addr { host: "127.13.140.1" port: 41581 } health_report { overall_health: HEALTHY } } peers { permanent_uuid: "5a146fd51c504860b43fe0cdc8bfa6b5" member_type: VOTER last_known_addr { host: "127.13.140.2" port: 45181 } health_report { overall_health: UNKNOWN } } peers { permanent_uuid: "a582cf9c0ce940a9b7289bf98df789e9" member_type: VOTER last_known_addr { host: "127.13.140.3" port: 41159 } health_report { overall_health: UNKNOWN } } }
I20260709 12:12:36.475792 14436 catalog_manager.cc:5697] T 7aaaf80555ac4269adc0c07566827695 P 557023beb3b948908b69f2f79c90669b reported cstate change: term changed from 2 to 3, leader changed from 5a146fd51c504860b43fe0cdc8bfa6b5 (127.13.140.2) to 557023beb3b948908b69f2f79c90669b (127.13.140.1). New cstate: current_term: 3 leader_uuid: "557023beb3b948908b69f2f79c90669b" committed_config { opid_index: -1 OBSOLETE_local: false peers { permanent_uuid: "557023beb3b948908b69f2f79c90669b" member_type: VOTER last_known_addr { host: "127.13.140.1" port: 41581 } health_report { overall_health: HEALTHY } } peers { permanent_uuid: "5a146fd51c504860b43fe0cdc8bfa6b5" member_type: VOTER last_known_addr { host: "127.13.140.2" port: 45181 } health_report { overall_health: UNKNOWN } } peers { permanent_uuid: "a582cf9c0ce940a9b7289bf98df789e9" member_type: VOTER last_known_addr { host: "127.13.140.3" port: 41159 } health_report { overall_health: UNKNOWN } } }
I20260709 12:12:36.616220 14851 raft_consensus.cc:993] T 64538c9ddcdd4fa8a3a593a411b7f110 P 5a146fd51c504860b43fe0cdc8bfa6b5: : Instructing follower 557023beb3b948908b69f2f79c90669b to start an election
I20260709 12:12:36.616700 14846 raft_consensus.cc:1081] T 64538c9ddcdd4fa8a3a593a411b7f110 P 5a146fd51c504860b43fe0cdc8bfa6b5 [term 1 LEADER]: Signalling peer 557023beb3b948908b69f2f79c90669b to start an election
I20260709 12:12:36.618106 14539 tablet_service.cc:2044] Received Run Leader Election RPC: tablet_id: "64538c9ddcdd4fa8a3a593a411b7f110"
dest_uuid: "557023beb3b948908b69f2f79c90669b"
 from {username='slave'} at 127.0.0.1:51228
I20260709 12:12:36.618534 14539 raft_consensus.cc:493] T 64538c9ddcdd4fa8a3a593a411b7f110 P 557023beb3b948908b69f2f79c90669b [term 1 FOLLOWER]: Starting forced leader election (received explicit request)
I20260709 12:12:36.618784 14539 raft_consensus.cc:3060] T 64538c9ddcdd4fa8a3a593a411b7f110 P 557023beb3b948908b69f2f79c90669b [term 1 FOLLOWER]: Advancing to term 2
I20260709 12:12:36.623057 14539 raft_consensus.cc:515] T 64538c9ddcdd4fa8a3a593a411b7f110 P 557023beb3b948908b69f2f79c90669b [term 2 FOLLOWER]: Starting forced leader election with config: opid_index: -1 OBSOLETE_local: false peers { permanent_uuid: "557023beb3b948908b69f2f79c90669b" member_type: VOTER last_known_addr { host: "127.13.140.1" port: 41581 } } peers { permanent_uuid: "5a146fd51c504860b43fe0cdc8bfa6b5" member_type: VOTER last_known_addr { host: "127.13.140.2" port: 45181 } } peers { permanent_uuid: "a582cf9c0ce940a9b7289bf98df789e9" member_type: VOTER last_known_addr { host: "127.13.140.3" port: 41159 } }
I20260709 12:12:36.624657 14539 leader_election.cc:290] T 64538c9ddcdd4fa8a3a593a411b7f110 P 557023beb3b948908b69f2f79c90669b [CANDIDATE]: Term 2 election: Requested vote from peers 5a146fd51c504860b43fe0cdc8bfa6b5 (127.13.140.2:45181), a582cf9c0ce940a9b7289bf98df789e9 (127.13.140.3:41159)
I20260709 12:12:36.625237 14614 tablet_service.cc:1917] Received RequestConsensusVote() RPC: tablet_id: "64538c9ddcdd4fa8a3a593a411b7f110" candidate_uuid: "557023beb3b948908b69f2f79c90669b" candidate_term: 2 candidate_status { last_received { term: 1 index: 1 } } ignore_live_leader: true dest_uuid: "5a146fd51c504860b43fe0cdc8bfa6b5"
I20260709 12:12:36.625623 14688 tablet_service.cc:1917] Received RequestConsensusVote() RPC: tablet_id: "64538c9ddcdd4fa8a3a593a411b7f110" candidate_uuid: "557023beb3b948908b69f2f79c90669b" candidate_term: 2 candidate_status { last_received { term: 1 index: 1 } } ignore_live_leader: true dest_uuid: "a582cf9c0ce940a9b7289bf98df789e9"
I20260709 12:12:36.625785 14614 raft_consensus.cc:3055] T 64538c9ddcdd4fa8a3a593a411b7f110 P 5a146fd51c504860b43fe0cdc8bfa6b5 [term 1 LEADER]: Stepping down as leader of term 1
I20260709 12:12:36.626097 14614 raft_consensus.cc:740] T 64538c9ddcdd4fa8a3a593a411b7f110 P 5a146fd51c504860b43fe0cdc8bfa6b5 [term 1 LEADER]: Becoming Follower/Learner. State: Replica: 5a146fd51c504860b43fe0cdc8bfa6b5, State: Running, Role: LEADER
I20260709 12:12:36.626097 14688 raft_consensus.cc:3060] T 64538c9ddcdd4fa8a3a593a411b7f110 P a582cf9c0ce940a9b7289bf98df789e9 [term 1 FOLLOWER]: Advancing to term 2
I20260709 12:12:36.627019 14614 consensus_queue.cc:260] T 64538c9ddcdd4fa8a3a593a411b7f110 P 5a146fd51c504860b43fe0cdc8bfa6b5 [NON_LEADER]: Queue going to NON_LEADER mode. State: All replicated index: 0, Majority replicated index: 1, Committed index: 1, Last appended: 1.1, Last appended by leader: 1, Current term: 1, Majority size: -1, State: 0, Mode: NON_LEADER, active raft config: opid_index: -1 OBSOLETE_local: false peers { permanent_uuid: "557023beb3b948908b69f2f79c90669b" member_type: VOTER last_known_addr { host: "127.13.140.1" port: 41581 } } peers { permanent_uuid: "5a146fd51c504860b43fe0cdc8bfa6b5" member_type: VOTER last_known_addr { host: "127.13.140.2" port: 45181 } } peers { permanent_uuid: "a582cf9c0ce940a9b7289bf98df789e9" member_type: VOTER last_known_addr { host: "127.13.140.3" port: 41159 } }
I20260709 12:12:36.628232 14614 raft_consensus.cc:3060] T 64538c9ddcdd4fa8a3a593a411b7f110 P 5a146fd51c504860b43fe0cdc8bfa6b5 [term 1 FOLLOWER]: Advancing to term 2
I20260709 12:12:36.632496 14688 raft_consensus.cc:2468] T 64538c9ddcdd4fa8a3a593a411b7f110 P a582cf9c0ce940a9b7289bf98df789e9 [term 2 FOLLOWER]: Leader election vote request: Granting yes vote for candidate 557023beb3b948908b69f2f79c90669b in term 2.
I20260709 12:12:36.633462 14505 leader_election.cc:304] T 64538c9ddcdd4fa8a3a593a411b7f110 P 557023beb3b948908b69f2f79c90669b [CANDIDATE]: Term 2 election: Election decided. Result: candidate won. Election summary: received 2 responses out of 3 voters: 2 yes votes; 0 no votes. yes voters: 557023beb3b948908b69f2f79c90669b, a582cf9c0ce940a9b7289bf98df789e9; no voters: 
I20260709 12:12:36.634204 14849 raft_consensus.cc:2804] T 64538c9ddcdd4fa8a3a593a411b7f110 P 557023beb3b948908b69f2f79c90669b [term 2 FOLLOWER]: Leader election won for term 2
I20260709 12:12:36.634362 14614 raft_consensus.cc:2468] T 64538c9ddcdd4fa8a3a593a411b7f110 P 5a146fd51c504860b43fe0cdc8bfa6b5 [term 2 FOLLOWER]: Leader election vote request: Granting yes vote for candidate 557023beb3b948908b69f2f79c90669b in term 2.
I20260709 12:12:36.634595 14849 raft_consensus.cc:697] T 64538c9ddcdd4fa8a3a593a411b7f110 P 557023beb3b948908b69f2f79c90669b [term 2 LEADER]: Becoming Leader. State: Replica: 557023beb3b948908b69f2f79c90669b, State: Running, Role: LEADER
I20260709 12:12:36.635485 14849 consensus_queue.cc:237] T 64538c9ddcdd4fa8a3a593a411b7f110 P 557023beb3b948908b69f2f79c90669b [LEADER]: Queue going to LEADER mode. State: All replicated index: 0, Majority replicated index: 1, Committed index: 1, Last appended: 1.1, Last appended by leader: 1, Current term: 2, Majority size: 2, State: 0, Mode: LEADER, active raft config: opid_index: -1 OBSOLETE_local: false peers { permanent_uuid: "557023beb3b948908b69f2f79c90669b" member_type: VOTER last_known_addr { host: "127.13.140.1" port: 41581 } } peers { permanent_uuid: "5a146fd51c504860b43fe0cdc8bfa6b5" member_type: VOTER last_known_addr { host: "127.13.140.2" port: 45181 } } peers { permanent_uuid: "a582cf9c0ce940a9b7289bf98df789e9" member_type: VOTER last_known_addr { host: "127.13.140.3" port: 41159 } }
I20260709 12:12:36.641592 14436 catalog_manager.cc:5697] T 64538c9ddcdd4fa8a3a593a411b7f110 P 557023beb3b948908b69f2f79c90669b reported cstate change: term changed from 1 to 2, leader changed from 5a146fd51c504860b43fe0cdc8bfa6b5 (127.13.140.2) to 557023beb3b948908b69f2f79c90669b (127.13.140.1). New cstate: current_term: 2 leader_uuid: "557023beb3b948908b69f2f79c90669b" committed_config { opid_index: -1 OBSOLETE_local: false peers { permanent_uuid: "557023beb3b948908b69f2f79c90669b" member_type: VOTER last_known_addr { host: "127.13.140.1" port: 41581 } health_report { overall_health: HEALTHY } } peers { permanent_uuid: "5a146fd51c504860b43fe0cdc8bfa6b5" member_type: VOTER last_known_addr { host: "127.13.140.2" port: 45181 } health_report { overall_health: UNKNOWN } } peers { permanent_uuid: "a582cf9c0ce940a9b7289bf98df789e9" member_type: VOTER last_known_addr { host: "127.13.140.3" port: 41159 } health_report { overall_health: UNKNOWN } } }
I20260709 12:12:36.769867 14848 raft_consensus.cc:993] T 2c1b28616d9e4f0993f47d33c28f0d9e P a582cf9c0ce940a9b7289bf98df789e9: : Instructing follower 557023beb3b948908b69f2f79c90669b to start an election
I20260709 12:12:36.770269 14850 raft_consensus.cc:1081] T 2c1b28616d9e4f0993f47d33c28f0d9e P a582cf9c0ce940a9b7289bf98df789e9 [term 3 LEADER]: Signalling peer 557023beb3b948908b69f2f79c90669b to start an election
I20260709 12:12:36.771711 14539 tablet_service.cc:2044] Received Run Leader Election RPC: tablet_id: "2c1b28616d9e4f0993f47d33c28f0d9e"
dest_uuid: "557023beb3b948908b69f2f79c90669b"
 from {username='slave'} at 127.0.0.1:51230
I20260709 12:12:36.772130 14539 raft_consensus.cc:493] T 2c1b28616d9e4f0993f47d33c28f0d9e P 557023beb3b948908b69f2f79c90669b [term 3 FOLLOWER]: Starting forced leader election (received explicit request)
I20260709 12:12:36.772375 14539 raft_consensus.cc:3060] T 2c1b28616d9e4f0993f47d33c28f0d9e P 557023beb3b948908b69f2f79c90669b [term 3 FOLLOWER]: Advancing to term 4
I20260709 12:12:36.776346 14539 raft_consensus.cc:515] T 2c1b28616d9e4f0993f47d33c28f0d9e P 557023beb3b948908b69f2f79c90669b [term 4 FOLLOWER]: Starting forced leader election with config: opid_index: -1 OBSOLETE_local: false peers { permanent_uuid: "557023beb3b948908b69f2f79c90669b" member_type: VOTER last_known_addr { host: "127.13.140.1" port: 41581 } } peers { permanent_uuid: "5a146fd51c504860b43fe0cdc8bfa6b5" member_type: VOTER last_known_addr { host: "127.13.140.2" port: 45181 } } peers { permanent_uuid: "a582cf9c0ce940a9b7289bf98df789e9" member_type: VOTER last_known_addr { host: "127.13.140.3" port: 41159 } }
I20260709 12:12:36.777714 14539 leader_election.cc:290] T 2c1b28616d9e4f0993f47d33c28f0d9e P 557023beb3b948908b69f2f79c90669b [CANDIDATE]: Term 4 election: Requested vote from peers 5a146fd51c504860b43fe0cdc8bfa6b5 (127.13.140.2:45181), a582cf9c0ce940a9b7289bf98df789e9 (127.13.140.3:41159)
I20260709 12:12:36.778483 14614 tablet_service.cc:1917] Received RequestConsensusVote() RPC: tablet_id: "2c1b28616d9e4f0993f47d33c28f0d9e" candidate_uuid: "557023beb3b948908b69f2f79c90669b" candidate_term: 4 candidate_status { last_received { term: 3 index: 3 } } ignore_live_leader: true dest_uuid: "5a146fd51c504860b43fe0cdc8bfa6b5"
I20260709 12:12:36.778647 14688 tablet_service.cc:1917] Received RequestConsensusVote() RPC: tablet_id: "2c1b28616d9e4f0993f47d33c28f0d9e" candidate_uuid: "557023beb3b948908b69f2f79c90669b" candidate_term: 4 candidate_status { last_received { term: 3 index: 3 } } ignore_live_leader: true dest_uuid: "a582cf9c0ce940a9b7289bf98df789e9"
I20260709 12:12:36.778955 14614 raft_consensus.cc:3060] T 2c1b28616d9e4f0993f47d33c28f0d9e P 5a146fd51c504860b43fe0cdc8bfa6b5 [term 3 FOLLOWER]: Advancing to term 4
I20260709 12:12:36.779110 14688 raft_consensus.cc:3055] T 2c1b28616d9e4f0993f47d33c28f0d9e P a582cf9c0ce940a9b7289bf98df789e9 [term 3 LEADER]: Stepping down as leader of term 3
I20260709 12:12:36.779444 14688 raft_consensus.cc:740] T 2c1b28616d9e4f0993f47d33c28f0d9e P a582cf9c0ce940a9b7289bf98df789e9 [term 3 LEADER]: Becoming Follower/Learner. State: Replica: a582cf9c0ce940a9b7289bf98df789e9, State: Running, Role: LEADER
I20260709 12:12:36.780103 14688 consensus_queue.cc:260] T 2c1b28616d9e4f0993f47d33c28f0d9e P a582cf9c0ce940a9b7289bf98df789e9 [NON_LEADER]: Queue going to NON_LEADER mode. State: All replicated index: 0, Majority replicated index: 3, Committed index: 3, Last appended: 3.3, Last appended by leader: 3, Current term: 3, Majority size: -1, State: 0, Mode: NON_LEADER, active raft config: opid_index: -1 OBSOLETE_local: false peers { permanent_uuid: "557023beb3b948908b69f2f79c90669b" member_type: VOTER last_known_addr { host: "127.13.140.1" port: 41581 } } peers { permanent_uuid: "5a146fd51c504860b43fe0cdc8bfa6b5" member_type: VOTER last_known_addr { host: "127.13.140.2" port: 45181 } } peers { permanent_uuid: "a582cf9c0ce940a9b7289bf98df789e9" member_type: VOTER last_known_addr { host: "127.13.140.3" port: 41159 } }
I20260709 12:12:36.780921 14688 raft_consensus.cc:3060] T 2c1b28616d9e4f0993f47d33c28f0d9e P a582cf9c0ce940a9b7289bf98df789e9 [term 3 FOLLOWER]: Advancing to term 4
I20260709 12:12:36.783082 14614 raft_consensus.cc:2468] T 2c1b28616d9e4f0993f47d33c28f0d9e P 5a146fd51c504860b43fe0cdc8bfa6b5 [term 4 FOLLOWER]: Leader election vote request: Granting yes vote for candidate 557023beb3b948908b69f2f79c90669b in term 4.
I20260709 12:12:36.784018 14503 leader_election.cc:304] T 2c1b28616d9e4f0993f47d33c28f0d9e P 557023beb3b948908b69f2f79c90669b [CANDIDATE]: Term 4 election: Election decided. Result: candidate won. Election summary: received 2 responses out of 3 voters: 2 yes votes; 0 no votes. yes voters: 557023beb3b948908b69f2f79c90669b, 5a146fd51c504860b43fe0cdc8bfa6b5; no voters: 
I20260709 12:12:36.784612 14688 raft_consensus.cc:2468] T 2c1b28616d9e4f0993f47d33c28f0d9e P a582cf9c0ce940a9b7289bf98df789e9 [term 4 FOLLOWER]: Leader election vote request: Granting yes vote for candidate 557023beb3b948908b69f2f79c90669b in term 4.
I20260709 12:12:36.784665 14849 raft_consensus.cc:2804] T 2c1b28616d9e4f0993f47d33c28f0d9e P 557023beb3b948908b69f2f79c90669b [term 4 FOLLOWER]: Leader election won for term 4
I20260709 12:12:36.785094 14849 raft_consensus.cc:697] T 2c1b28616d9e4f0993f47d33c28f0d9e P 557023beb3b948908b69f2f79c90669b [term 4 LEADER]: Becoming Leader. State: Replica: 557023beb3b948908b69f2f79c90669b, State: Running, Role: LEADER
I20260709 12:12:36.785920 14849 consensus_queue.cc:237] T 2c1b28616d9e4f0993f47d33c28f0d9e P 557023beb3b948908b69f2f79c90669b [LEADER]: Queue going to LEADER mode. State: All replicated index: 0, Majority replicated index: 3, Committed index: 3, Last appended: 3.3, Last appended by leader: 3, Current term: 4, Majority size: 2, State: 0, Mode: LEADER, active raft config: opid_index: -1 OBSOLETE_local: false peers { permanent_uuid: "557023beb3b948908b69f2f79c90669b" member_type: VOTER last_known_addr { host: "127.13.140.1" port: 41581 } } peers { permanent_uuid: "5a146fd51c504860b43fe0cdc8bfa6b5" member_type: VOTER last_known_addr { host: "127.13.140.2" port: 45181 } } peers { permanent_uuid: "a582cf9c0ce940a9b7289bf98df789e9" member_type: VOTER last_known_addr { host: "127.13.140.3" port: 41159 } }
I20260709 12:12:36.792165 14436 catalog_manager.cc:5697] T 2c1b28616d9e4f0993f47d33c28f0d9e P 557023beb3b948908b69f2f79c90669b reported cstate change: term changed from 3 to 4, leader changed from a582cf9c0ce940a9b7289bf98df789e9 (127.13.140.3) to 557023beb3b948908b69f2f79c90669b (127.13.140.1). New cstate: current_term: 4 leader_uuid: "557023beb3b948908b69f2f79c90669b" committed_config { opid_index: -1 OBSOLETE_local: false peers { permanent_uuid: "557023beb3b948908b69f2f79c90669b" member_type: VOTER last_known_addr { host: "127.13.140.1" port: 41581 } health_report { overall_health: HEALTHY } } peers { permanent_uuid: "5a146fd51c504860b43fe0cdc8bfa6b5" member_type: VOTER last_known_addr { host: "127.13.140.2" port: 45181 } health_report { overall_health: UNKNOWN } } peers { permanent_uuid: "a582cf9c0ce940a9b7289bf98df789e9" member_type: VOTER last_known_addr { host: "127.13.140.3" port: 41159 } health_report { overall_health: UNKNOWN } } }
I20260709 12:12:36.815438 14614 raft_consensus.cc:1275] T a6043e99412c42bdb035130d5298eac7 P 5a146fd51c504860b43fe0cdc8bfa6b5 [term 3 FOLLOWER]: Refusing update from remote peer 557023beb3b948908b69f2f79c90669b: Log matching property violated. Preceding OpId in replica: term: 2 index: 2. Preceding OpId from leader: term: 3 index: 3. (index mismatch)
I20260709 12:12:36.816475 14849 consensus_queue.cc:1048] T a6043e99412c42bdb035130d5298eac7 P 557023beb3b948908b69f2f79c90669b [LEADER]: Connected to new peer: Peer: permanent_uuid: "5a146fd51c504860b43fe0cdc8bfa6b5" member_type: VOTER last_known_addr { host: "127.13.140.2" port: 45181 }, Status: LMP_MISMATCH, Last received: 0.0, Next index: 3, Last known committed idx: 2, Time since last communication: 0.000s
I20260709 12:12:36.825030 14688 raft_consensus.cc:1275] T a6043e99412c42bdb035130d5298eac7 P a582cf9c0ce940a9b7289bf98df789e9 [term 3 FOLLOWER]: Refusing update from remote peer 557023beb3b948908b69f2f79c90669b: Log matching property violated. Preceding OpId in replica: term: 2 index: 2. Preceding OpId from leader: term: 3 index: 3. (index mismatch)
I20260709 12:12:36.826390 14849 consensus_queue.cc:1048] T a6043e99412c42bdb035130d5298eac7 P 557023beb3b948908b69f2f79c90669b [LEADER]: Connected to new peer: Peer: permanent_uuid: "a582cf9c0ce940a9b7289bf98df789e9" member_type: VOTER last_known_addr { host: "127.13.140.3" port: 41159 }, Status: LMP_MISMATCH, Last received: 0.0, Next index: 3, Last known committed idx: 2, Time since last communication: 0.001s
I20260709 12:12:36.888696 14688 raft_consensus.cc:1275] T 6171be289c494d63bd2dfc8f4149e315 P a582cf9c0ce940a9b7289bf98df789e9 [term 3 FOLLOWER]: Refusing update from remote peer 557023beb3b948908b69f2f79c90669b: Log matching property violated. Preceding OpId in replica: term: 2 index: 2. Preceding OpId from leader: term: 3 index: 3. (index mismatch)
I20260709 12:12:36.889969 14849 consensus_queue.cc:1048] T 6171be289c494d63bd2dfc8f4149e315 P 557023beb3b948908b69f2f79c90669b [LEADER]: Connected to new peer: Peer: permanent_uuid: "a582cf9c0ce940a9b7289bf98df789e9" member_type: VOTER last_known_addr { host: "127.13.140.3" port: 41159 }, Status: LMP_MISMATCH, Last received: 0.0, Next index: 3, Last known committed idx: 2, Time since last communication: 0.000s
I20260709 12:12:36.897655 14688 raft_consensus.cc:1275] T 7aaaf80555ac4269adc0c07566827695 P a582cf9c0ce940a9b7289bf98df789e9 [term 3 FOLLOWER]: Refusing update from remote peer 557023beb3b948908b69f2f79c90669b: Log matching property violated. Preceding OpId in replica: term: 2 index: 2. Preceding OpId from leader: term: 3 index: 3. (index mismatch)
I20260709 12:12:36.899439 14614 raft_consensus.cc:1275] T 6171be289c494d63bd2dfc8f4149e315 P 5a146fd51c504860b43fe0cdc8bfa6b5 [term 3 FOLLOWER]: Refusing update from remote peer 557023beb3b948908b69f2f79c90669b: Log matching property violated. Preceding OpId in replica: term: 2 index: 2. Preceding OpId from leader: term: 3 index: 3. (index mismatch)
I20260709 12:12:36.900050 14849 consensus_queue.cc:1048] T 7aaaf80555ac4269adc0c07566827695 P 557023beb3b948908b69f2f79c90669b [LEADER]: Connected to new peer: Peer: permanent_uuid: "a582cf9c0ce940a9b7289bf98df789e9" member_type: VOTER last_known_addr { host: "127.13.140.3" port: 41159 }, Status: LMP_MISMATCH, Last received: 0.0, Next index: 3, Last known committed idx: 2, Time since last communication: 0.000s
I20260709 12:12:36.902179 14852 consensus_queue.cc:1048] T 6171be289c494d63bd2dfc8f4149e315 P 557023beb3b948908b69f2f79c90669b [LEADER]: Connected to new peer: Peer: permanent_uuid: "5a146fd51c504860b43fe0cdc8bfa6b5" member_type: VOTER last_known_addr { host: "127.13.140.2" port: 45181 }, Status: LMP_MISMATCH, Last received: 0.0, Next index: 3, Last known committed idx: 2, Time since last communication: 0.000s
I20260709 12:12:36.916690 14614 raft_consensus.cc:1275] T 7aaaf80555ac4269adc0c07566827695 P 5a146fd51c504860b43fe0cdc8bfa6b5 [term 3 FOLLOWER]: Refusing update from remote peer 557023beb3b948908b69f2f79c90669b: Log matching property violated. Preceding OpId in replica: term: 2 index: 2. Preceding OpId from leader: term: 3 index: 3. (index mismatch)
I20260709 12:12:36.918147 14854 consensus_queue.cc:1048] T 7aaaf80555ac4269adc0c07566827695 P 557023beb3b948908b69f2f79c90669b [LEADER]: Connected to new peer: Peer: permanent_uuid: "5a146fd51c504860b43fe0cdc8bfa6b5" member_type: VOTER last_known_addr { host: "127.13.140.2" port: 45181 }, Status: LMP_MISMATCH, Last received: 0.0, Next index: 3, Last known committed idx: 2, Time since last communication: 0.000s
I20260709 12:12:37.082697 14688 raft_consensus.cc:1275] T 64538c9ddcdd4fa8a3a593a411b7f110 P a582cf9c0ce940a9b7289bf98df789e9 [term 2 FOLLOWER]: Refusing update from remote peer 557023beb3b948908b69f2f79c90669b: Log matching property violated. Preceding OpId in replica: term: 1 index: 1. Preceding OpId from leader: term: 2 index: 2. (index mismatch)
I20260709 12:12:37.083833 14854 consensus_queue.cc:1048] T 64538c9ddcdd4fa8a3a593a411b7f110 P 557023beb3b948908b69f2f79c90669b [LEADER]: Connected to new peer: Peer: permanent_uuid: "a582cf9c0ce940a9b7289bf98df789e9" member_type: VOTER last_known_addr { host: "127.13.140.3" port: 41159 }, Status: LMP_MISMATCH, Last received: 0.0, Next index: 2, Last known committed idx: 1, Time since last communication: 0.000s
I20260709 12:12:37.092128 14614 raft_consensus.cc:1275] T 64538c9ddcdd4fa8a3a593a411b7f110 P 5a146fd51c504860b43fe0cdc8bfa6b5 [term 2 FOLLOWER]: Refusing update from remote peer 557023beb3b948908b69f2f79c90669b: Log matching property violated. Preceding OpId in replica: term: 1 index: 1. Preceding OpId from leader: term: 2 index: 2. (index mismatch)
I20260709 12:12:37.093998 14849 consensus_queue.cc:1048] T 64538c9ddcdd4fa8a3a593a411b7f110 P 557023beb3b948908b69f2f79c90669b [LEADER]: Connected to new peer: Peer: permanent_uuid: "5a146fd51c504860b43fe0cdc8bfa6b5" member_type: VOTER last_known_addr { host: "127.13.140.2" port: 45181 }, Status: LMP_MISMATCH, Last received: 0.0, Next index: 2, Last known committed idx: 1, Time since last communication: 0.000s
I20260709 12:12:37.237496 14688 raft_consensus.cc:1275] T 2c1b28616d9e4f0993f47d33c28f0d9e P a582cf9c0ce940a9b7289bf98df789e9 [term 4 FOLLOWER]: Refusing update from remote peer 557023beb3b948908b69f2f79c90669b: Log matching property violated. Preceding OpId in replica: term: 3 index: 3. Preceding OpId from leader: term: 4 index: 4. (index mismatch)
I20260709 12:12:37.238732 14849 consensus_queue.cc:1048] T 2c1b28616d9e4f0993f47d33c28f0d9e P 557023beb3b948908b69f2f79c90669b [LEADER]: Connected to new peer: Peer: permanent_uuid: "a582cf9c0ce940a9b7289bf98df789e9" member_type: VOTER last_known_addr { host: "127.13.140.3" port: 41159 }, Status: LMP_MISMATCH, Last received: 0.0, Next index: 4, Last known committed idx: 3, Time since last communication: 0.000s
I20260709 12:12:37.246832 14614 raft_consensus.cc:1275] T 2c1b28616d9e4f0993f47d33c28f0d9e P 5a146fd51c504860b43fe0cdc8bfa6b5 [term 4 FOLLOWER]: Refusing update from remote peer 557023beb3b948908b69f2f79c90669b: Log matching property violated. Preceding OpId in replica: term: 3 index: 3. Preceding OpId from leader: term: 4 index: 4. (index mismatch)
I20260709 12:12:37.248394 14852 consensus_queue.cc:1048] T 2c1b28616d9e4f0993f47d33c28f0d9e P 557023beb3b948908b69f2f79c90669b [LEADER]: Connected to new peer: Peer: permanent_uuid: "5a146fd51c504860b43fe0cdc8bfa6b5" member_type: VOTER last_known_addr { host: "127.13.140.2" port: 45181 }, Status: LMP_MISMATCH, Last received: 0.0, Next index: 4, Last known committed idx: 3, Time since last communication: 0.000s
I20260709 12:12:39.393476 13872 auto_leader_rebalancer-test.cc:399] The leader distribution is 
I20260709 12:12:39.394191 13872 auto_leader_rebalancer.cc:141] leader rebalance for table test-workload
I20260709 12:12:39.401583 14539 tablet_service.cc:2072] Received LeaderStepDown RPC: tablet_id: "6171be289c494d63bd2dfc8f4149e315"
dest_uuid: "557023beb3b948908b69f2f79c90669b"
mode: GRACEFUL
new_leader_uuid: "a582cf9c0ce940a9b7289bf98df789e9"
 from {username='slave'} at 127.0.0.1:51244
I20260709 12:12:39.402079 14539 raft_consensus.cc:606] T 6171be289c494d63bd2dfc8f4149e315 P 557023beb3b948908b69f2f79c90669b [term 3 LEADER]: Received request to transfer leadership to TS a582cf9c0ce940a9b7289bf98df789e9
I20260709 12:12:39.404419 14539 tablet_service.cc:2072] Received LeaderStepDown RPC: tablet_id: "7aaaf80555ac4269adc0c07566827695"
dest_uuid: "557023beb3b948908b69f2f79c90669b"
mode: GRACEFUL
new_leader_uuid: "a582cf9c0ce940a9b7289bf98df789e9"
 from {username='slave'} at 127.0.0.1:51244
I20260709 12:12:39.404841 14539 raft_consensus.cc:606] T 7aaaf80555ac4269adc0c07566827695 P 557023beb3b948908b69f2f79c90669b [term 3 LEADER]: Received request to transfer leadership to TS a582cf9c0ce940a9b7289bf98df789e9
I20260709 12:12:39.406823 14539 tablet_service.cc:2072] Received LeaderStepDown RPC: tablet_id: "a6043e99412c42bdb035130d5298eac7"
dest_uuid: "557023beb3b948908b69f2f79c90669b"
mode: GRACEFUL
new_leader_uuid: "5a146fd51c504860b43fe0cdc8bfa6b5"
 from {username='slave'} at 127.0.0.1:51244
I20260709 12:12:39.407218 14539 raft_consensus.cc:606] T a6043e99412c42bdb035130d5298eac7 P 557023beb3b948908b69f2f79c90669b [term 3 LEADER]: Received request to transfer leadership to TS 5a146fd51c504860b43fe0cdc8bfa6b5
I20260709 12:12:39.409224 14539 tablet_service.cc:2072] Received LeaderStepDown RPC: tablet_id: "feee4cf0393440ebbb0d42fa636adda4"
dest_uuid: "557023beb3b948908b69f2f79c90669b"
mode: GRACEFUL
new_leader_uuid: "5a146fd51c504860b43fe0cdc8bfa6b5"
 from {username='slave'} at 127.0.0.1:51244
I20260709 12:12:39.409615 14539 raft_consensus.cc:606] T feee4cf0393440ebbb0d42fa636adda4 P 557023beb3b948908b69f2f79c90669b [term 2 LEADER]: Received request to transfer leadership to TS 5a146fd51c504860b43fe0cdc8bfa6b5
I20260709 12:12:39.410554 13872 auto_leader_rebalancer.cc:440] table: test-workload, leader rebalance finish, leader transfer count: 4
I20260709 12:12:39.410964 13872 auto_leader_rebalancer.cc:515] All tables' leader rebalancing finished this round
I20260709 12:12:39.630230 14876 raft_consensus.cc:993] T feee4cf0393440ebbb0d42fa636adda4 P 557023beb3b948908b69f2f79c90669b: : Instructing follower 5a146fd51c504860b43fe0cdc8bfa6b5 to start an election
I20260709 12:12:39.630741 14852 raft_consensus.cc:1081] T feee4cf0393440ebbb0d42fa636adda4 P 557023beb3b948908b69f2f79c90669b [term 2 LEADER]: Signalling peer 5a146fd51c504860b43fe0cdc8bfa6b5 to start an election
I20260709 12:12:39.632130 14614 tablet_service.cc:2044] Received Run Leader Election RPC: tablet_id: "feee4cf0393440ebbb0d42fa636adda4"
dest_uuid: "5a146fd51c504860b43fe0cdc8bfa6b5"
 from {username='slave'} at 127.0.0.1:37876
I20260709 12:12:39.632565 14614 raft_consensus.cc:493] T feee4cf0393440ebbb0d42fa636adda4 P 5a146fd51c504860b43fe0cdc8bfa6b5 [term 2 FOLLOWER]: Starting forced leader election (received explicit request)
I20260709 12:12:39.632808 14614 raft_consensus.cc:3060] T feee4cf0393440ebbb0d42fa636adda4 P 5a146fd51c504860b43fe0cdc8bfa6b5 [term 2 FOLLOWER]: Advancing to term 3
I20260709 12:12:39.636765 14614 raft_consensus.cc:515] T feee4cf0393440ebbb0d42fa636adda4 P 5a146fd51c504860b43fe0cdc8bfa6b5 [term 3 FOLLOWER]: Starting forced leader election with config: opid_index: -1 OBSOLETE_local: false peers { permanent_uuid: "557023beb3b948908b69f2f79c90669b" member_type: VOTER last_known_addr { host: "127.13.140.1" port: 41581 } } peers { permanent_uuid: "a582cf9c0ce940a9b7289bf98df789e9" member_type: VOTER last_known_addr { host: "127.13.140.3" port: 41159 } } peers { permanent_uuid: "5a146fd51c504860b43fe0cdc8bfa6b5" member_type: VOTER last_known_addr { host: "127.13.140.2" port: 45181 } }
I20260709 12:12:39.638437 14614 leader_election.cc:290] T feee4cf0393440ebbb0d42fa636adda4 P 5a146fd51c504860b43fe0cdc8bfa6b5 [CANDIDATE]: Term 3 election: Requested vote from peers 557023beb3b948908b69f2f79c90669b (127.13.140.1:41581), a582cf9c0ce940a9b7289bf98df789e9 (127.13.140.3:41159)
I20260709 12:12:39.639329 14539 tablet_service.cc:1917] Received RequestConsensusVote() RPC: tablet_id: "feee4cf0393440ebbb0d42fa636adda4" candidate_uuid: "5a146fd51c504860b43fe0cdc8bfa6b5" candidate_term: 3 candidate_status { last_received { term: 2 index: 2 } } ignore_live_leader: true dest_uuid: "557023beb3b948908b69f2f79c90669b"
I20260709 12:12:39.639496 14688 tablet_service.cc:1917] Received RequestConsensusVote() RPC: tablet_id: "feee4cf0393440ebbb0d42fa636adda4" candidate_uuid: "5a146fd51c504860b43fe0cdc8bfa6b5" candidate_term: 3 candidate_status { last_received { term: 2 index: 2 } } ignore_live_leader: true dest_uuid: "a582cf9c0ce940a9b7289bf98df789e9"
I20260709 12:12:39.639842 14539 raft_consensus.cc:3055] T feee4cf0393440ebbb0d42fa636adda4 P 557023beb3b948908b69f2f79c90669b [term 2 LEADER]: Stepping down as leader of term 2
I20260709 12:12:39.640023 14688 raft_consensus.cc:3060] T feee4cf0393440ebbb0d42fa636adda4 P a582cf9c0ce940a9b7289bf98df789e9 [term 2 FOLLOWER]: Advancing to term 3
I20260709 12:12:39.640182 14539 raft_consensus.cc:740] T feee4cf0393440ebbb0d42fa636adda4 P 557023beb3b948908b69f2f79c90669b [term 2 LEADER]: Becoming Follower/Learner. State: Replica: 557023beb3b948908b69f2f79c90669b, State: Running, Role: LEADER
I20260709 12:12:39.640872 14539 consensus_queue.cc:260] T feee4cf0393440ebbb0d42fa636adda4 P 557023beb3b948908b69f2f79c90669b [NON_LEADER]: Queue going to NON_LEADER mode. State: All replicated index: 0, Majority replicated index: 2, Committed index: 2, Last appended: 2.2, Last appended by leader: 2, Current term: 2, Majority size: -1, State: 0, Mode: NON_LEADER, active raft config: opid_index: -1 OBSOLETE_local: false peers { permanent_uuid: "557023beb3b948908b69f2f79c90669b" member_type: VOTER last_known_addr { host: "127.13.140.1" port: 41581 } } peers { permanent_uuid: "a582cf9c0ce940a9b7289bf98df789e9" member_type: VOTER last_known_addr { host: "127.13.140.3" port: 41159 } } peers { permanent_uuid: "5a146fd51c504860b43fe0cdc8bfa6b5" member_type: VOTER last_known_addr { host: "127.13.140.2" port: 45181 } }
I20260709 12:12:39.641665 14539 raft_consensus.cc:3060] T feee4cf0393440ebbb0d42fa636adda4 P 557023beb3b948908b69f2f79c90669b [term 2 FOLLOWER]: Advancing to term 3
I20260709 12:12:39.645668 14539 raft_consensus.cc:2468] T feee4cf0393440ebbb0d42fa636adda4 P 557023beb3b948908b69f2f79c90669b [term 3 FOLLOWER]: Leader election vote request: Granting yes vote for candidate 5a146fd51c504860b43fe0cdc8bfa6b5 in term 3.
I20260709 12:12:39.645794 14688 raft_consensus.cc:2468] T feee4cf0393440ebbb0d42fa636adda4 P a582cf9c0ce940a9b7289bf98df789e9 [term 3 FOLLOWER]: Leader election vote request: Granting yes vote for candidate 5a146fd51c504860b43fe0cdc8bfa6b5 in term 3.
I20260709 12:12:39.646739 14577 leader_election.cc:304] T feee4cf0393440ebbb0d42fa636adda4 P 5a146fd51c504860b43fe0cdc8bfa6b5 [CANDIDATE]: Term 3 election: Election decided. Result: candidate won. Election summary: received 2 responses out of 3 voters: 2 yes votes; 0 no votes. yes voters: 557023beb3b948908b69f2f79c90669b, 5a146fd51c504860b43fe0cdc8bfa6b5; no voters: 
I20260709 12:12:39.647514 14846 raft_consensus.cc:2804] T feee4cf0393440ebbb0d42fa636adda4 P 5a146fd51c504860b43fe0cdc8bfa6b5 [term 3 FOLLOWER]: Leader election won for term 3
I20260709 12:12:39.648262 14846 raft_consensus.cc:697] T feee4cf0393440ebbb0d42fa636adda4 P 5a146fd51c504860b43fe0cdc8bfa6b5 [term 3 LEADER]: Becoming Leader. State: Replica: 5a146fd51c504860b43fe0cdc8bfa6b5, State: Running, Role: LEADER
I20260709 12:12:39.648921 14846 consensus_queue.cc:237] T feee4cf0393440ebbb0d42fa636adda4 P 5a146fd51c504860b43fe0cdc8bfa6b5 [LEADER]: Queue going to LEADER mode. State: All replicated index: 0, Majority replicated index: 2, Committed index: 2, Last appended: 2.2, Last appended by leader: 2, Current term: 3, Majority size: 2, State: 0, Mode: LEADER, active raft config: opid_index: -1 OBSOLETE_local: false peers { permanent_uuid: "557023beb3b948908b69f2f79c90669b" member_type: VOTER last_known_addr { host: "127.13.140.1" port: 41581 } } peers { permanent_uuid: "a582cf9c0ce940a9b7289bf98df789e9" member_type: VOTER last_known_addr { host: "127.13.140.3" port: 41159 } } peers { permanent_uuid: "5a146fd51c504860b43fe0cdc8bfa6b5" member_type: VOTER last_known_addr { host: "127.13.140.2" port: 45181 } }
I20260709 12:12:39.655359 14437 catalog_manager.cc:5697] T feee4cf0393440ebbb0d42fa636adda4 P 5a146fd51c504860b43fe0cdc8bfa6b5 reported cstate change: term changed from 2 to 3, leader changed from 557023beb3b948908b69f2f79c90669b (127.13.140.1) to 5a146fd51c504860b43fe0cdc8bfa6b5 (127.13.140.2). New cstate: current_term: 3 leader_uuid: "5a146fd51c504860b43fe0cdc8bfa6b5" committed_config { opid_index: -1 OBSOLETE_local: false peers { permanent_uuid: "557023beb3b948908b69f2f79c90669b" member_type: VOTER last_known_addr { host: "127.13.140.1" port: 41581 } health_report { overall_health: UNKNOWN } } peers { permanent_uuid: "a582cf9c0ce940a9b7289bf98df789e9" member_type: VOTER last_known_addr { host: "127.13.140.3" port: 41159 } health_report { overall_health: UNKNOWN } } peers { permanent_uuid: "5a146fd51c504860b43fe0cdc8bfa6b5" member_type: VOTER last_known_addr { host: "127.13.140.2" port: 45181 } health_report { overall_health: HEALTHY } } }
I20260709 12:12:39.745736 14876 raft_consensus.cc:993] T a6043e99412c42bdb035130d5298eac7 P 557023beb3b948908b69f2f79c90669b: : Instructing follower 5a146fd51c504860b43fe0cdc8bfa6b5 to start an election
I20260709 12:12:39.746140 14876 raft_consensus.cc:1081] T a6043e99412c42bdb035130d5298eac7 P 557023beb3b948908b69f2f79c90669b [term 3 LEADER]: Signalling peer 5a146fd51c504860b43fe0cdc8bfa6b5 to start an election
I20260709 12:12:39.747394 14614 tablet_service.cc:2044] Received Run Leader Election RPC: tablet_id: "a6043e99412c42bdb035130d5298eac7"
dest_uuid: "5a146fd51c504860b43fe0cdc8bfa6b5"
 from {username='slave'} at 127.0.0.1:37876
I20260709 12:12:39.747820 14614 raft_consensus.cc:493] T a6043e99412c42bdb035130d5298eac7 P 5a146fd51c504860b43fe0cdc8bfa6b5 [term 3 FOLLOWER]: Starting forced leader election (received explicit request)
I20260709 12:12:39.748056 14614 raft_consensus.cc:3060] T a6043e99412c42bdb035130d5298eac7 P 5a146fd51c504860b43fe0cdc8bfa6b5 [term 3 FOLLOWER]: Advancing to term 4
I20260709 12:12:39.752040 14614 raft_consensus.cc:515] T a6043e99412c42bdb035130d5298eac7 P 5a146fd51c504860b43fe0cdc8bfa6b5 [term 4 FOLLOWER]: Starting forced leader election with config: opid_index: -1 OBSOLETE_local: false peers { permanent_uuid: "557023beb3b948908b69f2f79c90669b" member_type: VOTER last_known_addr { host: "127.13.140.1" port: 41581 } } peers { permanent_uuid: "5a146fd51c504860b43fe0cdc8bfa6b5" member_type: VOTER last_known_addr { host: "127.13.140.2" port: 45181 } } peers { permanent_uuid: "a582cf9c0ce940a9b7289bf98df789e9" member_type: VOTER last_known_addr { host: "127.13.140.3" port: 41159 } }
I20260709 12:12:39.753441 14614 leader_election.cc:290] T a6043e99412c42bdb035130d5298eac7 P 5a146fd51c504860b43fe0cdc8bfa6b5 [CANDIDATE]: Term 4 election: Requested vote from peers 557023beb3b948908b69f2f79c90669b (127.13.140.1:41581), a582cf9c0ce940a9b7289bf98df789e9 (127.13.140.3:41159)
I20260709 12:12:39.754101 14539 tablet_service.cc:1917] Received RequestConsensusVote() RPC: tablet_id: "a6043e99412c42bdb035130d5298eac7" candidate_uuid: "5a146fd51c504860b43fe0cdc8bfa6b5" candidate_term: 4 candidate_status { last_received { term: 3 index: 3 } } ignore_live_leader: true dest_uuid: "557023beb3b948908b69f2f79c90669b"
I20260709 12:12:39.754344 14688 tablet_service.cc:1917] Received RequestConsensusVote() RPC: tablet_id: "a6043e99412c42bdb035130d5298eac7" candidate_uuid: "5a146fd51c504860b43fe0cdc8bfa6b5" candidate_term: 4 candidate_status { last_received { term: 3 index: 3 } } ignore_live_leader: true dest_uuid: "a582cf9c0ce940a9b7289bf98df789e9"
I20260709 12:12:39.754635 14539 raft_consensus.cc:3055] T a6043e99412c42bdb035130d5298eac7 P 557023beb3b948908b69f2f79c90669b [term 3 LEADER]: Stepping down as leader of term 3
I20260709 12:12:39.754842 14688 raft_consensus.cc:3060] T a6043e99412c42bdb035130d5298eac7 P a582cf9c0ce940a9b7289bf98df789e9 [term 3 FOLLOWER]: Advancing to term 4
I20260709 12:12:39.754976 14539 raft_consensus.cc:740] T a6043e99412c42bdb035130d5298eac7 P 557023beb3b948908b69f2f79c90669b [term 3 LEADER]: Becoming Follower/Learner. State: Replica: 557023beb3b948908b69f2f79c90669b, State: Running, Role: LEADER
I20260709 12:12:39.755722 14539 consensus_queue.cc:260] T a6043e99412c42bdb035130d5298eac7 P 557023beb3b948908b69f2f79c90669b [NON_LEADER]: Queue going to NON_LEADER mode. State: All replicated index: 0, Majority replicated index: 3, Committed index: 3, Last appended: 3.3, Last appended by leader: 3, Current term: 3, Majority size: -1, State: 0, Mode: NON_LEADER, active raft config: opid_index: -1 OBSOLETE_local: false peers { permanent_uuid: "557023beb3b948908b69f2f79c90669b" member_type: VOTER last_known_addr { host: "127.13.140.1" port: 41581 } } peers { permanent_uuid: "5a146fd51c504860b43fe0cdc8bfa6b5" member_type: VOTER last_known_addr { host: "127.13.140.2" port: 45181 } } peers { permanent_uuid: "a582cf9c0ce940a9b7289bf98df789e9" member_type: VOTER last_known_addr { host: "127.13.140.3" port: 41159 } }
I20260709 12:12:39.756705 14539 raft_consensus.cc:3060] T a6043e99412c42bdb035130d5298eac7 P 557023beb3b948908b69f2f79c90669b [term 3 FOLLOWER]: Advancing to term 4
I20260709 12:12:39.759533 14688 raft_consensus.cc:2468] T a6043e99412c42bdb035130d5298eac7 P a582cf9c0ce940a9b7289bf98df789e9 [term 4 FOLLOWER]: Leader election vote request: Granting yes vote for candidate 5a146fd51c504860b43fe0cdc8bfa6b5 in term 4.
I20260709 12:12:39.760459 14580 leader_election.cc:304] T a6043e99412c42bdb035130d5298eac7 P 5a146fd51c504860b43fe0cdc8bfa6b5 [CANDIDATE]: Term 4 election: Election decided. Result: candidate won. Election summary: received 2 responses out of 3 voters: 2 yes votes; 0 no votes. yes voters: 5a146fd51c504860b43fe0cdc8bfa6b5, a582cf9c0ce940a9b7289bf98df789e9; no voters: 
I20260709 12:12:39.760980 14539 raft_consensus.cc:2468] T a6043e99412c42bdb035130d5298eac7 P 557023beb3b948908b69f2f79c90669b [term 4 FOLLOWER]: Leader election vote request: Granting yes vote for candidate 5a146fd51c504860b43fe0cdc8bfa6b5 in term 4.
I20260709 12:12:39.761152 14846 raft_consensus.cc:2804] T a6043e99412c42bdb035130d5298eac7 P 5a146fd51c504860b43fe0cdc8bfa6b5 [term 4 FOLLOWER]: Leader election won for term 4
I20260709 12:12:39.761610 14846 raft_consensus.cc:697] T a6043e99412c42bdb035130d5298eac7 P 5a146fd51c504860b43fe0cdc8bfa6b5 [term 4 LEADER]: Becoming Leader. State: Replica: 5a146fd51c504860b43fe0cdc8bfa6b5, State: Running, Role: LEADER
I20260709 12:12:39.762408 14846 consensus_queue.cc:237] T a6043e99412c42bdb035130d5298eac7 P 5a146fd51c504860b43fe0cdc8bfa6b5 [LEADER]: Queue going to LEADER mode. State: All replicated index: 0, Majority replicated index: 3, Committed index: 3, Last appended: 3.3, Last appended by leader: 3, Current term: 4, Majority size: 2, State: 0, Mode: LEADER, active raft config: opid_index: -1 OBSOLETE_local: false peers { permanent_uuid: "557023beb3b948908b69f2f79c90669b" member_type: VOTER last_known_addr { host: "127.13.140.1" port: 41581 } } peers { permanent_uuid: "5a146fd51c504860b43fe0cdc8bfa6b5" member_type: VOTER last_known_addr { host: "127.13.140.2" port: 45181 } } peers { permanent_uuid: "a582cf9c0ce940a9b7289bf98df789e9" member_type: VOTER last_known_addr { host: "127.13.140.3" port: 41159 } }
I20260709 12:12:39.768846 14437 catalog_manager.cc:5697] T a6043e99412c42bdb035130d5298eac7 P 5a146fd51c504860b43fe0cdc8bfa6b5 reported cstate change: term changed from 3 to 4, leader changed from 557023beb3b948908b69f2f79c90669b (127.13.140.1) to 5a146fd51c504860b43fe0cdc8bfa6b5 (127.13.140.2). New cstate: current_term: 4 leader_uuid: "5a146fd51c504860b43fe0cdc8bfa6b5" committed_config { opid_index: -1 OBSOLETE_local: false peers { permanent_uuid: "557023beb3b948908b69f2f79c90669b" member_type: VOTER last_known_addr { host: "127.13.140.1" port: 41581 } health_report { overall_health: UNKNOWN } } peers { permanent_uuid: "5a146fd51c504860b43fe0cdc8bfa6b5" member_type: VOTER last_known_addr { host: "127.13.140.2" port: 45181 } health_report { overall_health: HEALTHY } } peers { permanent_uuid: "a582cf9c0ce940a9b7289bf98df789e9" member_type: VOTER last_known_addr { host: "127.13.140.3" port: 41159 } health_report { overall_health: UNKNOWN } } }
I20260709 12:12:39.832335 14852 raft_consensus.cc:993] T 7aaaf80555ac4269adc0c07566827695 P 557023beb3b948908b69f2f79c90669b: : Instructing follower a582cf9c0ce940a9b7289bf98df789e9 to start an election
I20260709 12:12:39.832754 14876 raft_consensus.cc:1081] T 7aaaf80555ac4269adc0c07566827695 P 557023beb3b948908b69f2f79c90669b [term 3 LEADER]: Signalling peer a582cf9c0ce940a9b7289bf98df789e9 to start an election
I20260709 12:12:39.834051 14688 tablet_service.cc:2044] Received Run Leader Election RPC: tablet_id: "7aaaf80555ac4269adc0c07566827695"
dest_uuid: "a582cf9c0ce940a9b7289bf98df789e9"
 from {username='slave'} at 127.0.0.1:49330
I20260709 12:12:39.834457 14688 raft_consensus.cc:493] T 7aaaf80555ac4269adc0c07566827695 P a582cf9c0ce940a9b7289bf98df789e9 [term 3 FOLLOWER]: Starting forced leader election (received explicit request)
I20260709 12:12:39.834674 14688 raft_consensus.cc:3060] T 7aaaf80555ac4269adc0c07566827695 P a582cf9c0ce940a9b7289bf98df789e9 [term 3 FOLLOWER]: Advancing to term 4
I20260709 12:12:39.838698 14688 raft_consensus.cc:515] T 7aaaf80555ac4269adc0c07566827695 P a582cf9c0ce940a9b7289bf98df789e9 [term 4 FOLLOWER]: Starting forced leader election with config: opid_index: -1 OBSOLETE_local: false peers { permanent_uuid: "557023beb3b948908b69f2f79c90669b" member_type: VOTER last_known_addr { host: "127.13.140.1" port: 41581 } } peers { permanent_uuid: "5a146fd51c504860b43fe0cdc8bfa6b5" member_type: VOTER last_known_addr { host: "127.13.140.2" port: 45181 } } peers { permanent_uuid: "a582cf9c0ce940a9b7289bf98df789e9" member_type: VOTER last_known_addr { host: "127.13.140.3" port: 41159 } }
I20260709 12:12:39.840476 14688 leader_election.cc:290] T 7aaaf80555ac4269adc0c07566827695 P a582cf9c0ce940a9b7289bf98df789e9 [CANDIDATE]: Term 4 election: Requested vote from peers 557023beb3b948908b69f2f79c90669b (127.13.140.1:41581), 5a146fd51c504860b43fe0cdc8bfa6b5 (127.13.140.2:45181)
I20260709 12:12:39.841274 14539 tablet_service.cc:1917] Received RequestConsensusVote() RPC: tablet_id: "7aaaf80555ac4269adc0c07566827695" candidate_uuid: "a582cf9c0ce940a9b7289bf98df789e9" candidate_term: 4 candidate_status { last_received { term: 3 index: 3 } } ignore_live_leader: true dest_uuid: "557023beb3b948908b69f2f79c90669b"
I20260709 12:12:39.841406 14614 tablet_service.cc:1917] Received RequestConsensusVote() RPC: tablet_id: "7aaaf80555ac4269adc0c07566827695" candidate_uuid: "a582cf9c0ce940a9b7289bf98df789e9" candidate_term: 4 candidate_status { last_received { term: 3 index: 3 } } ignore_live_leader: true dest_uuid: "5a146fd51c504860b43fe0cdc8bfa6b5"
I20260709 12:12:39.841782 14539 raft_consensus.cc:3055] T 7aaaf80555ac4269adc0c07566827695 P 557023beb3b948908b69f2f79c90669b [term 3 LEADER]: Stepping down as leader of term 3
I20260709 12:12:39.841854 14614 raft_consensus.cc:3060] T 7aaaf80555ac4269adc0c07566827695 P 5a146fd51c504860b43fe0cdc8bfa6b5 [term 3 FOLLOWER]: Advancing to term 4
I20260709 12:12:39.842046 14539 raft_consensus.cc:740] T 7aaaf80555ac4269adc0c07566827695 P 557023beb3b948908b69f2f79c90669b [term 3 LEADER]: Becoming Follower/Learner. State: Replica: 557023beb3b948908b69f2f79c90669b, State: Running, Role: LEADER
