I20260709 12:09:17.227785  1619 raft_consensus.cc:740] T 207ceaaaa5f04052b08242201400a8c6 P a381a5e64a7f4193b94a110919200c3f [term 0 FOLLOWER]: Becoming Follower/Learner. State: Replica: a381a5e64a7f4193b94a110919200c3f, State: Initialized, Role: FOLLOWER
I20260709 12:09:17.220638  1616 raft_consensus.cc:359] T 3de14eb277734d81a51284603e39a7a1 P d008a8aeebb34060a7b3b6c216efcad4 [term 0 FOLLOWER]: Replica starting. Triggering 0 pending ops. Active config: opid_index: -1 OBSOLETE_local: false peers { permanent_uuid: "acfbf2e996424e90818c6e98b8c9a10e" member_type: VOTER last_known_addr { host: "127.31.240.65" port: 34893 } } peers { permanent_uuid: "a381a5e64a7f4193b94a110919200c3f" member_type: VOTER last_known_addr { host: "127.31.240.66" port: 43637 } } peers { permanent_uuid: "d008a8aeebb34060a7b3b6c216efcad4" member_type: VOTER last_known_addr { host: "127.31.240.67" port: 41575 } }
I20260709 12:09:17.228166  1616 raft_consensus.cc:385] T 3de14eb277734d81a51284603e39a7a1 P d008a8aeebb34060a7b3b6c216efcad4 [term 0 FOLLOWER]: Consensus starting up: Expiring failure detector timer to make a prompt election more likely
I20260709 12:09:17.228411  1616 raft_consensus.cc:740] T 3de14eb277734d81a51284603e39a7a1 P d008a8aeebb34060a7b3b6c216efcad4 [term 0 FOLLOWER]: Becoming Follower/Learner. State: Replica: d008a8aeebb34060a7b3b6c216efcad4, State: Initialized, Role: FOLLOWER
I20260709 12:09:17.229303  1616 consensus_queue.cc:260] T 3de14eb277734d81a51284603e39a7a1 P d008a8aeebb34060a7b3b6c216efcad4 [NON_LEADER]: Queue going to NON_LEADER mode. State: All replicated index: 0, Majority replicated index: 0, Committed index: 0, Last appended: 0.0, Last appended by leader: 0, Current term: 0, Majority size: -1, State: 0, Mode: NON_LEADER, active raft config: opid_index: -1 OBSOLETE_local: false peers { permanent_uuid: "acfbf2e996424e90818c6e98b8c9a10e" member_type: VOTER last_known_addr { host: "127.31.240.65" port: 34893 } } peers { permanent_uuid: "a381a5e64a7f4193b94a110919200c3f" member_type: VOTER last_known_addr { host: "127.31.240.66" port: 43637 } } peers { permanent_uuid: "d008a8aeebb34060a7b3b6c216efcad4" member_type: VOTER last_known_addr { host: "127.31.240.67" port: 41575 } }
I20260709 12:09:17.228477  1619 consensus_queue.cc:260] T 207ceaaaa5f04052b08242201400a8c6 P a381a5e64a7f4193b94a110919200c3f [NON_LEADER]: Queue going to NON_LEADER mode. State: All replicated index: 0, Majority replicated index: 0, Committed index: 0, Last appended: 0.0, Last appended by leader: 0, Current term: 0, Majority size: -1, State: 0, Mode: NON_LEADER, active raft config: opid_index: -1 OBSOLETE_local: false peers { permanent_uuid: "acfbf2e996424e90818c6e98b8c9a10e" member_type: VOTER last_known_addr { host: "127.31.240.65" port: 34893 } } peers { permanent_uuid: "a381a5e64a7f4193b94a110919200c3f" member_type: VOTER last_known_addr { host: "127.31.240.66" port: 43637 } } peers { permanent_uuid: "d008a8aeebb34060a7b3b6c216efcad4" member_type: VOTER last_known_addr { host: "127.31.240.67" port: 41575 } }
I20260709 12:09:17.231750  1616 ts_tablet_manager.cc:1434] T 3de14eb277734d81a51284603e39a7a1 P d008a8aeebb34060a7b3b6c216efcad4: Time spent starting tablet: real 0.032s	user 0.005s	sys 0.001s
I20260709 12:09:17.231799  1619 ts_tablet_manager.cc:1434] T 207ceaaaa5f04052b08242201400a8c6 P a381a5e64a7f4193b94a110919200c3f: Time spent starting tablet: real 0.007s	user 0.005s	sys 0.000s
I20260709 12:09:17.227882  1614 tablet_bootstrap.cc:654] T db9c66741c7c40e9876e6b7d80beffba P acfbf2e996424e90818c6e98b8c9a10e: Neither blocks nor log segments found. Creating new log.
I20260709 12:09:17.232759  1616 tablet_bootstrap.cc:492] T 3ad488968c944b3ea5ff2bf10f4c4579 P d008a8aeebb34060a7b3b6c216efcad4: Bootstrap starting.
I20260709 12:09:17.233223  1619 tablet_bootstrap.cc:492] T f68b3fbfe6ae4e6ea31023712962d8d0 P a381a5e64a7f4193b94a110919200c3f: Bootstrap starting.
I20260709 12:09:17.241262  1619 tablet_bootstrap.cc:654] T f68b3fbfe6ae4e6ea31023712962d8d0 P a381a5e64a7f4193b94a110919200c3f: Neither blocks nor log segments found. Creating new log.
I20260709 12:09:17.243191  1840 raft_consensus.cc:493] T 3de14eb277734d81a51284603e39a7a1 P d008a8aeebb34060a7b3b6c216efcad4 [term 0 FOLLOWER]: Starting pre-election (no leader contacted us within the election timeout)
I20260709 12:09:17.243777  1840 raft_consensus.cc:515] T 3de14eb277734d81a51284603e39a7a1 P d008a8aeebb34060a7b3b6c216efcad4 [term 0 FOLLOWER]: Starting pre-election with config: opid_index: -1 OBSOLETE_local: false peers { permanent_uuid: "acfbf2e996424e90818c6e98b8c9a10e" member_type: VOTER last_known_addr { host: "127.31.240.65" port: 34893 } } peers { permanent_uuid: "a381a5e64a7f4193b94a110919200c3f" member_type: VOTER last_known_addr { host: "127.31.240.66" port: 43637 } } peers { permanent_uuid: "d008a8aeebb34060a7b3b6c216efcad4" member_type: VOTER last_known_addr { host: "127.31.240.67" port: 41575 } }
I20260709 12:09:17.246574  1840 leader_election.cc:290] T 3de14eb277734d81a51284603e39a7a1 P d008a8aeebb34060a7b3b6c216efcad4 [CANDIDATE]: Term 1 pre-election: Requested pre-vote from peers acfbf2e996424e90818c6e98b8c9a10e (127.31.240.65:34893), a381a5e64a7f4193b94a110919200c3f (127.31.240.66:43637)
I20260709 12:09:17.248507  1424 tablet_service.cc:1917] Received RequestConsensusVote() RPC: tablet_id: "3de14eb277734d81a51284603e39a7a1" candidate_uuid: "d008a8aeebb34060a7b3b6c216efcad4" candidate_term: 1 candidate_status { last_received { term: 0 index: 0 } } ignore_live_leader: false dest_uuid: "acfbf2e996424e90818c6e98b8c9a10e" is_pre_election: true
I20260709 12:09:17.248507  1496 tablet_service.cc:1917] Received RequestConsensusVote() RPC: tablet_id: "3de14eb277734d81a51284603e39a7a1" candidate_uuid: "d008a8aeebb34060a7b3b6c216efcad4" candidate_term: 1 candidate_status { last_received { term: 0 index: 0 } } ignore_live_leader: false dest_uuid: "a381a5e64a7f4193b94a110919200c3f" is_pre_election: true
I20260709 12:09:17.249773  1496 raft_consensus.cc:2393] T 3de14eb277734d81a51284603e39a7a1 P a381a5e64a7f4193b94a110919200c3f [term 1 FOLLOWER]: Leader pre-election vote request: Denying vote to candidate d008a8aeebb34060a7b3b6c216efcad4 in current term 1: Already voted for candidate acfbf2e996424e90818c6e98b8c9a10e in this term.
I20260709 12:09:17.251096  1539 leader_election.cc:304] T 3de14eb277734d81a51284603e39a7a1 P d008a8aeebb34060a7b3b6c216efcad4 [CANDIDATE]: Term 1 pre-election: Election decided. Result: candidate lost. Election summary: received 3 responses out of 3 voters: 1 yes votes; 2 no votes. yes voters: d008a8aeebb34060a7b3b6c216efcad4; no voters: a381a5e64a7f4193b94a110919200c3f, acfbf2e996424e90818c6e98b8c9a10e
I20260709 12:09:17.252113  1840 raft_consensus.cc:3060] T 3de14eb277734d81a51284603e39a7a1 P d008a8aeebb34060a7b3b6c216efcad4 [term 0 FOLLOWER]: Advancing to term 1
I20260709 12:09:17.253446  1614 tablet_bootstrap.cc:492] T db9c66741c7c40e9876e6b7d80beffba P acfbf2e996424e90818c6e98b8c9a10e: No bootstrap required, opened a new log
I20260709 12:09:17.253923  1614 ts_tablet_manager.cc:1403] T db9c66741c7c40e9876e6b7d80beffba P acfbf2e996424e90818c6e98b8c9a10e: Time spent bootstrapping tablet: real 0.032s	user 0.013s	sys 0.010s
I20260709 12:09:17.255077  1616 tablet_bootstrap.cc:654] T 3ad488968c944b3ea5ff2bf10f4c4579 P d008a8aeebb34060a7b3b6c216efcad4: Neither blocks nor log segments found. Creating new log.
I20260709 12:09:17.256805  1614 raft_consensus.cc:359] T db9c66741c7c40e9876e6b7d80beffba P acfbf2e996424e90818c6e98b8c9a10e [term 0 FOLLOWER]: Replica starting. Triggering 0 pending ops. Active config: opid_index: -1 OBSOLETE_local: false peers { permanent_uuid: "acfbf2e996424e90818c6e98b8c9a10e" member_type: VOTER last_known_addr { host: "127.31.240.65" port: 34893 } } peers { permanent_uuid: "a381a5e64a7f4193b94a110919200c3f" member_type: VOTER last_known_addr { host: "127.31.240.66" port: 43637 } } peers { permanent_uuid: "d008a8aeebb34060a7b3b6c216efcad4" member_type: VOTER last_known_addr { host: "127.31.240.67" port: 41575 } }
I20260709 12:09:17.257462  1614 raft_consensus.cc:385] T db9c66741c7c40e9876e6b7d80beffba P acfbf2e996424e90818c6e98b8c9a10e [term 0 FOLLOWER]: Consensus starting up: Expiring failure detector timer to make a prompt election more likely
I20260709 12:09:17.257711  1614 raft_consensus.cc:740] T db9c66741c7c40e9876e6b7d80beffba P acfbf2e996424e90818c6e98b8c9a10e [term 0 FOLLOWER]: Becoming Follower/Learner. State: Replica: acfbf2e996424e90818c6e98b8c9a10e, State: Initialized, Role: FOLLOWER
I20260709 12:09:17.260640  1619 tablet_bootstrap.cc:492] T f68b3fbfe6ae4e6ea31023712962d8d0 P a381a5e64a7f4193b94a110919200c3f: No bootstrap required, opened a new log
I20260709 12:09:17.261159  1619 ts_tablet_manager.cc:1403] T f68b3fbfe6ae4e6ea31023712962d8d0 P a381a5e64a7f4193b94a110919200c3f: Time spent bootstrapping tablet: real 0.028s	user 0.003s	sys 0.008s
I20260709 12:09:17.261813  1840 raft_consensus.cc:2749] T 3de14eb277734d81a51284603e39a7a1 P d008a8aeebb34060a7b3b6c216efcad4 [term 1 FOLLOWER]: Leader pre-election lost for term 1. Reason: could not achieve majority
I20260709 12:09:17.265620  1619 raft_consensus.cc:359] T f68b3fbfe6ae4e6ea31023712962d8d0 P a381a5e64a7f4193b94a110919200c3f [term 0 FOLLOWER]: Replica starting. Triggering 0 pending ops. Active config: opid_index: -1 OBSOLETE_local: false peers { permanent_uuid: "acfbf2e996424e90818c6e98b8c9a10e" member_type: VOTER last_known_addr { host: "127.31.240.65" port: 34893 } } peers { permanent_uuid: "a381a5e64a7f4193b94a110919200c3f" member_type: VOTER last_known_addr { host: "127.31.240.66" port: 43637 } } peers { permanent_uuid: "d008a8aeebb34060a7b3b6c216efcad4" member_type: VOTER last_known_addr { host: "127.31.240.67" port: 41575 } }
I20260709 12:09:17.266363  1619 raft_consensus.cc:385] T f68b3fbfe6ae4e6ea31023712962d8d0 P a381a5e64a7f4193b94a110919200c3f [term 0 FOLLOWER]: Consensus starting up: Expiring failure detector timer to make a prompt election more likely
I20260709 12:09:17.266811  1619 raft_consensus.cc:740] T f68b3fbfe6ae4e6ea31023712962d8d0 P a381a5e64a7f4193b94a110919200c3f [term 0 FOLLOWER]: Becoming Follower/Learner. State: Replica: a381a5e64a7f4193b94a110919200c3f, State: Initialized, Role: FOLLOWER
I20260709 12:09:17.266628  1321 catalog_manager.cc:5697] T 8609d9795b3944b594657c5dd6e59670 P acfbf2e996424e90818c6e98b8c9a10e reported cstate change: term changed from 0 to 1, leader changed from <none> to acfbf2e996424e90818c6e98b8c9a10e (127.31.240.65). New cstate: current_term: 1 leader_uuid: "acfbf2e996424e90818c6e98b8c9a10e" committed_config { opid_index: -1 OBSOLETE_local: false peers { permanent_uuid: "acfbf2e996424e90818c6e98b8c9a10e" member_type: VOTER last_known_addr { host: "127.31.240.65" port: 34893 } health_report { overall_health: HEALTHY } } peers { permanent_uuid: "a381a5e64a7f4193b94a110919200c3f" member_type: VOTER last_known_addr { host: "127.31.240.66" port: 43637 } health_report { overall_health: UNKNOWN } } peers { permanent_uuid: "d008a8aeebb34060a7b3b6c216efcad4" member_type: VOTER last_known_addr { host: "127.31.240.67" port: 41575 } health_report { overall_health: UNKNOWN } } }
I20260709 12:09:17.267665  1619 consensus_queue.cc:260] T f68b3fbfe6ae4e6ea31023712962d8d0 P a381a5e64a7f4193b94a110919200c3f [NON_LEADER]: Queue going to NON_LEADER mode. State: All replicated index: 0, Majority replicated index: 0, Committed index: 0, Last appended: 0.0, Last appended by leader: 0, Current term: 0, Majority size: -1, State: 0, Mode: NON_LEADER, active raft config: opid_index: -1 OBSOLETE_local: false peers { permanent_uuid: "acfbf2e996424e90818c6e98b8c9a10e" member_type: VOTER last_known_addr { host: "127.31.240.65" port: 34893 } } peers { permanent_uuid: "a381a5e64a7f4193b94a110919200c3f" member_type: VOTER last_known_addr { host: "127.31.240.66" port: 43637 } } peers { permanent_uuid: "d008a8aeebb34060a7b3b6c216efcad4" member_type: VOTER last_known_addr { host: "127.31.240.67" port: 41575 } }
I20260709 12:09:17.268426  1321 catalog_manager.cc:5697] T 3de14eb277734d81a51284603e39a7a1 P acfbf2e996424e90818c6e98b8c9a10e reported cstate change: term changed from 0 to 1, leader changed from <none> to acfbf2e996424e90818c6e98b8c9a10e (127.31.240.65). New cstate: current_term: 1 leader_uuid: "acfbf2e996424e90818c6e98b8c9a10e" committed_config { opid_index: -1 OBSOLETE_local: false peers { permanent_uuid: "acfbf2e996424e90818c6e98b8c9a10e" member_type: VOTER last_known_addr { host: "127.31.240.65" port: 34893 } health_report { overall_health: HEALTHY } } peers { permanent_uuid: "a381a5e64a7f4193b94a110919200c3f" member_type: VOTER last_known_addr { host: "127.31.240.66" port: 43637 } health_report { overall_health: UNKNOWN } } peers { permanent_uuid: "d008a8aeebb34060a7b3b6c216efcad4" member_type: VOTER last_known_addr { host: "127.31.240.67" port: 41575 } health_report { overall_health: UNKNOWN } } }
I20260709 12:09:17.269994  1619 ts_tablet_manager.cc:1434] T f68b3fbfe6ae4e6ea31023712962d8d0 P a381a5e64a7f4193b94a110919200c3f: Time spent starting tablet: real 0.008s	user 0.002s	sys 0.003s
I20260709 12:09:17.270598  1614 consensus_queue.cc:260] T db9c66741c7c40e9876e6b7d80beffba P acfbf2e996424e90818c6e98b8c9a10e [NON_LEADER]: Queue going to NON_LEADER mode. State: All replicated index: 0, Majority replicated index: 0, Committed index: 0, Last appended: 0.0, Last appended by leader: 0, Current term: 0, Majority size: -1, State: 0, Mode: NON_LEADER, active raft config: opid_index: -1 OBSOLETE_local: false peers { permanent_uuid: "acfbf2e996424e90818c6e98b8c9a10e" member_type: VOTER last_known_addr { host: "127.31.240.65" port: 34893 } } peers { permanent_uuid: "a381a5e64a7f4193b94a110919200c3f" member_type: VOTER last_known_addr { host: "127.31.240.66" port: 43637 } } peers { permanent_uuid: "d008a8aeebb34060a7b3b6c216efcad4" member_type: VOTER last_known_addr { host: "127.31.240.67" port: 41575 } }
I20260709 12:09:17.273027  1614 ts_tablet_manager.cc:1434] T db9c66741c7c40e9876e6b7d80beffba P acfbf2e996424e90818c6e98b8c9a10e: Time spent starting tablet: real 0.019s	user 0.003s	sys 0.003s
I20260709 12:09:17.274092  1614 tablet_bootstrap.cc:492] T 28dd650b1e994f0a9a813c10cd4d510c P acfbf2e996424e90818c6e98b8c9a10e: Bootstrap starting.
I20260709 12:09:17.275185  1619 tablet_bootstrap.cc:492] T e1aedde6a08846fab9f4aeffc6f4696f P a381a5e64a7f4193b94a110919200c3f: Bootstrap starting.
I20260709 12:09:17.282042  1616 tablet_bootstrap.cc:492] T 3ad488968c944b3ea5ff2bf10f4c4579 P d008a8aeebb34060a7b3b6c216efcad4: No bootstrap required, opened a new log
I20260709 12:09:17.282568  1616 ts_tablet_manager.cc:1403] T 3ad488968c944b3ea5ff2bf10f4c4579 P d008a8aeebb34060a7b3b6c216efcad4: Time spent bootstrapping tablet: real 0.050s	user 0.024s	sys 0.003s
I20260709 12:09:17.285152  1616 raft_consensus.cc:359] T 3ad488968c944b3ea5ff2bf10f4c4579 P d008a8aeebb34060a7b3b6c216efcad4 [term 0 FOLLOWER]: Replica starting. Triggering 0 pending ops. Active config: opid_index: -1 OBSOLETE_local: false peers { permanent_uuid: "acfbf2e996424e90818c6e98b8c9a10e" member_type: VOTER last_known_addr { host: "127.31.240.65" port: 34893 } } peers { permanent_uuid: "a381a5e64a7f4193b94a110919200c3f" member_type: VOTER last_known_addr { host: "127.31.240.66" port: 43637 } } peers { permanent_uuid: "d008a8aeebb34060a7b3b6c216efcad4" member_type: VOTER last_known_addr { host: "127.31.240.67" port: 41575 } }
I20260709 12:09:17.285805  1616 raft_consensus.cc:385] T 3ad488968c944b3ea5ff2bf10f4c4579 P d008a8aeebb34060a7b3b6c216efcad4 [term 0 FOLLOWER]: Consensus starting up: Expiring failure detector timer to make a prompt election more likely
I20260709 12:09:17.286069  1616 raft_consensus.cc:740] T 3ad488968c944b3ea5ff2bf10f4c4579 P d008a8aeebb34060a7b3b6c216efcad4 [term 0 FOLLOWER]: Becoming Follower/Learner. State: Replica: d008a8aeebb34060a7b3b6c216efcad4, State: Initialized, Role: FOLLOWER
I20260709 12:09:17.286083  1619 tablet_bootstrap.cc:654] T e1aedde6a08846fab9f4aeffc6f4696f P a381a5e64a7f4193b94a110919200c3f: Neither blocks nor log segments found. Creating new log.
I20260709 12:09:17.287706  1614 tablet_bootstrap.cc:654] T 28dd650b1e994f0a9a813c10cd4d510c P acfbf2e996424e90818c6e98b8c9a10e: Neither blocks nor log segments found. Creating new log.
I20260709 12:09:17.289520  1616 consensus_queue.cc:260] T 3ad488968c944b3ea5ff2bf10f4c4579 P d008a8aeebb34060a7b3b6c216efcad4 [NON_LEADER]: Queue going to NON_LEADER mode. State: All replicated index: 0, Majority replicated index: 0, Committed index: 0, Last appended: 0.0, Last appended by leader: 0, Current term: 0, Majority size: -1, State: 0, Mode: NON_LEADER, active raft config: opid_index: -1 OBSOLETE_local: false peers { permanent_uuid: "acfbf2e996424e90818c6e98b8c9a10e" member_type: VOTER last_known_addr { host: "127.31.240.65" port: 34893 } } peers { permanent_uuid: "a381a5e64a7f4193b94a110919200c3f" member_type: VOTER last_known_addr { host: "127.31.240.66" port: 43637 } } peers { permanent_uuid: "d008a8aeebb34060a7b3b6c216efcad4" member_type: VOTER last_known_addr { host: "127.31.240.67" port: 41575 } }
I20260709 12:09:17.292773  1616 ts_tablet_manager.cc:1434] T 3ad488968c944b3ea5ff2bf10f4c4579 P d008a8aeebb34060a7b3b6c216efcad4: Time spent starting tablet: real 0.010s	user 0.005s	sys 0.000s
I20260709 12:09:17.293745  1616 tablet_bootstrap.cc:492] T 33f141d6a56d4cb1adf171c199457fac P d008a8aeebb34060a7b3b6c216efcad4: Bootstrap starting.
I20260709 12:09:17.294646  1755 raft_consensus.cc:493] T ee46d5bc29974e5f895d2b507a0d8420 P acfbf2e996424e90818c6e98b8c9a10e [term 0 FOLLOWER]: Starting pre-election (no leader contacted us within the election timeout)
I20260709 12:09:17.295128  1755 raft_consensus.cc:515] T ee46d5bc29974e5f895d2b507a0d8420 P acfbf2e996424e90818c6e98b8c9a10e [term 0 FOLLOWER]: Starting pre-election with config: opid_index: -1 OBSOLETE_local: false peers { permanent_uuid: "acfbf2e996424e90818c6e98b8c9a10e" member_type: VOTER last_known_addr { host: "127.31.240.65" port: 34893 } } peers { permanent_uuid: "a381a5e64a7f4193b94a110919200c3f" member_type: VOTER last_known_addr { host: "127.31.240.66" port: 43637 } } peers { permanent_uuid: "d008a8aeebb34060a7b3b6c216efcad4" member_type: VOTER last_known_addr { host: "127.31.240.67" port: 41575 } }
I20260709 12:09:17.297212  1755 leader_election.cc:290] T ee46d5bc29974e5f895d2b507a0d8420 P acfbf2e996424e90818c6e98b8c9a10e [CANDIDATE]: Term 1 pre-election: Requested pre-vote from peers a381a5e64a7f4193b94a110919200c3f (127.31.240.66:43637), d008a8aeebb34060a7b3b6c216efcad4 (127.31.240.67:41575)
I20260709 12:09:17.298866  1496 tablet_service.cc:1917] Received RequestConsensusVote() RPC: tablet_id: "ee46d5bc29974e5f895d2b507a0d8420" candidate_uuid: "acfbf2e996424e90818c6e98b8c9a10e" candidate_term: 1 candidate_status { last_received { term: 0 index: 0 } } ignore_live_leader: false dest_uuid: "a381a5e64a7f4193b94a110919200c3f" is_pre_election: true
W20260709 12:09:17.301065  1390 leader_election.cc:343] T ee46d5bc29974e5f895d2b507a0d8420 P acfbf2e996424e90818c6e98b8c9a10e [CANDIDATE]: Term 1 pre-election: Tablet error from VoteRequest() call to peer a381a5e64a7f4193b94a110919200c3f (127.31.240.66:43637): Illegal state: must be running to vote when last-logged opid is not known
I20260709 12:09:17.302862  1573 tablet_service.cc:1917] Received RequestConsensusVote() RPC: tablet_id: "ee46d5bc29974e5f895d2b507a0d8420" candidate_uuid: "acfbf2e996424e90818c6e98b8c9a10e" candidate_term: 1 candidate_status { last_received { term: 0 index: 0 } } ignore_live_leader: false dest_uuid: "d008a8aeebb34060a7b3b6c216efcad4" is_pre_election: true
I20260709 12:09:17.303143  1619 tablet_bootstrap.cc:492] T e1aedde6a08846fab9f4aeffc6f4696f P a381a5e64a7f4193b94a110919200c3f: No bootstrap required, opened a new log
I20260709 12:09:17.303601  1619 ts_tablet_manager.cc:1403] T e1aedde6a08846fab9f4aeffc6f4696f P a381a5e64a7f4193b94a110919200c3f: Time spent bootstrapping tablet: real 0.029s	user 0.005s	sys 0.007s
W20260709 12:09:17.305550  1388 leader_election.cc:343] T ee46d5bc29974e5f895d2b507a0d8420 P acfbf2e996424e90818c6e98b8c9a10e [CANDIDATE]: Term 1 pre-election: Tablet error from VoteRequest() call to peer d008a8aeebb34060a7b3b6c216efcad4 (127.31.240.67:41575): Illegal state: must be running to vote when last-logged opid is not known
I20260709 12:09:17.306015  1388 leader_election.cc:304] T ee46d5bc29974e5f895d2b507a0d8420 P acfbf2e996424e90818c6e98b8c9a10e [CANDIDATE]: Term 1 pre-election: Election decided. Result: candidate lost. Election summary: received 3 responses out of 3 voters: 1 yes votes; 2 no votes. yes voters: acfbf2e996424e90818c6e98b8c9a10e; no voters: a381a5e64a7f4193b94a110919200c3f, d008a8aeebb34060a7b3b6c216efcad4
I20260709 12:09:17.306164  1619 raft_consensus.cc:359] T e1aedde6a08846fab9f4aeffc6f4696f P a381a5e64a7f4193b94a110919200c3f [term 0 FOLLOWER]: Replica starting. Triggering 0 pending ops. Active config: opid_index: -1 OBSOLETE_local: false peers { permanent_uuid: "acfbf2e996424e90818c6e98b8c9a10e" member_type: VOTER last_known_addr { host: "127.31.240.65" port: 34893 } } peers { permanent_uuid: "a381a5e64a7f4193b94a110919200c3f" member_type: VOTER last_known_addr { host: "127.31.240.66" port: 43637 } } peers { permanent_uuid: "d008a8aeebb34060a7b3b6c216efcad4" member_type: VOTER last_known_addr { host: "127.31.240.67" port: 41575 } }
I20260709 12:09:17.306855  1619 raft_consensus.cc:385] T e1aedde6a08846fab9f4aeffc6f4696f P a381a5e64a7f4193b94a110919200c3f [term 0 FOLLOWER]: Consensus starting up: Expiring failure detector timer to make a prompt election more likely
I20260709 12:09:17.307104  1619 raft_consensus.cc:740] T e1aedde6a08846fab9f4aeffc6f4696f P a381a5e64a7f4193b94a110919200c3f [term 0 FOLLOWER]: Becoming Follower/Learner. State: Replica: a381a5e64a7f4193b94a110919200c3f, State: Initialized, Role: FOLLOWER
I20260709 12:09:17.307864  1755 raft_consensus.cc:2749] T ee46d5bc29974e5f895d2b507a0d8420 P acfbf2e996424e90818c6e98b8c9a10e [term 0 FOLLOWER]: Leader pre-election lost for term 1. Reason: could not achieve majority
I20260709 12:09:17.307722  1619 consensus_queue.cc:260] T e1aedde6a08846fab9f4aeffc6f4696f P a381a5e64a7f4193b94a110919200c3f [NON_LEADER]: Queue going to NON_LEADER mode. State: All replicated index: 0, Majority replicated index: 0, Committed index: 0, Last appended: 0.0, Last appended by leader: 0, Current term: 0, Majority size: -1, State: 0, Mode: NON_LEADER, active raft config: opid_index: -1 OBSOLETE_local: false peers { permanent_uuid: "acfbf2e996424e90818c6e98b8c9a10e" member_type: VOTER last_known_addr { host: "127.31.240.65" port: 34893 } } peers { permanent_uuid: "a381a5e64a7f4193b94a110919200c3f" member_type: VOTER last_known_addr { host: "127.31.240.66" port: 43637 } } peers { permanent_uuid: "d008a8aeebb34060a7b3b6c216efcad4" member_type: VOTER last_known_addr { host: "127.31.240.67" port: 41575 } }
I20260709 12:09:17.309715  1619 ts_tablet_manager.cc:1434] T e1aedde6a08846fab9f4aeffc6f4696f P a381a5e64a7f4193b94a110919200c3f: Time spent starting tablet: real 0.006s	user 0.004s	sys 0.000s
I20260709 12:09:17.310578  1619 tablet_bootstrap.cc:492] T b753bfa808c54767953d44879757908b P a381a5e64a7f4193b94a110919200c3f: Bootstrap starting.
I20260709 12:09:17.313795  1616 tablet_bootstrap.cc:654] T 33f141d6a56d4cb1adf171c199457fac P d008a8aeebb34060a7b3b6c216efcad4: Neither blocks nor log segments found. Creating new log.
I20260709 12:09:17.316972  1619 tablet_bootstrap.cc:654] T b753bfa808c54767953d44879757908b P a381a5e64a7f4193b94a110919200c3f: Neither blocks nor log segments found. Creating new log.
I20260709 12:09:17.319792  1614 tablet_bootstrap.cc:492] T 28dd650b1e994f0a9a813c10cd4d510c P acfbf2e996424e90818c6e98b8c9a10e: No bootstrap required, opened a new log
I20260709 12:09:17.320218  1614 ts_tablet_manager.cc:1403] T 28dd650b1e994f0a9a813c10cd4d510c P acfbf2e996424e90818c6e98b8c9a10e: Time spent bootstrapping tablet: real 0.046s	user 0.019s	sys 0.000s
I20260709 12:09:17.322974  1755 raft_consensus.cc:493] T db9c66741c7c40e9876e6b7d80beffba P acfbf2e996424e90818c6e98b8c9a10e [term 0 FOLLOWER]: Starting pre-election (no leader contacted us within the election timeout)
I20260709 12:09:17.322815  1614 raft_consensus.cc:359] T 28dd650b1e994f0a9a813c10cd4d510c P acfbf2e996424e90818c6e98b8c9a10e [term 0 FOLLOWER]: Replica starting. Triggering 0 pending ops. Active config: opid_index: -1 OBSOLETE_local: false peers { permanent_uuid: "acfbf2e996424e90818c6e98b8c9a10e" member_type: VOTER last_known_addr { host: "127.31.240.65" port: 34893 } } peers { permanent_uuid: "a381a5e64a7f4193b94a110919200c3f" member_type: VOTER last_known_addr { host: "127.31.240.66" port: 43637 } } peers { permanent_uuid: "d008a8aeebb34060a7b3b6c216efcad4" member_type: VOTER last_known_addr { host: "127.31.240.67" port: 41575 } }
I20260709 12:09:17.323580  1614 raft_consensus.cc:385] T 28dd650b1e994f0a9a813c10cd4d510c P acfbf2e996424e90818c6e98b8c9a10e [term 0 FOLLOWER]: Consensus starting up: Expiring failure detector timer to make a prompt election more likely
I20260709 12:09:17.323422  1755 raft_consensus.cc:515] T db9c66741c7c40e9876e6b7d80beffba P acfbf2e996424e90818c6e98b8c9a10e [term 0 FOLLOWER]: Starting pre-election with config: opid_index: -1 OBSOLETE_local: false peers { permanent_uuid: "acfbf2e996424e90818c6e98b8c9a10e" member_type: VOTER last_known_addr { host: "127.31.240.65" port: 34893 } } peers { permanent_uuid: "a381a5e64a7f4193b94a110919200c3f" member_type: VOTER last_known_addr { host: "127.31.240.66" port: 43637 } } peers { permanent_uuid: "d008a8aeebb34060a7b3b6c216efcad4" member_type: VOTER last_known_addr { host: "127.31.240.67" port: 41575 } }
I20260709 12:09:17.323891  1614 raft_consensus.cc:740] T 28dd650b1e994f0a9a813c10cd4d510c P acfbf2e996424e90818c6e98b8c9a10e [term 0 FOLLOWER]: Becoming Follower/Learner. State: Replica: acfbf2e996424e90818c6e98b8c9a10e, State: Initialized, Role: FOLLOWER
I20260709 12:09:17.324697  1614 consensus_queue.cc:260] T 28dd650b1e994f0a9a813c10cd4d510c P acfbf2e996424e90818c6e98b8c9a10e [NON_LEADER]: Queue going to NON_LEADER mode. State: All replicated index: 0, Majority replicated index: 0, Committed index: 0, Last appended: 0.0, Last appended by leader: 0, Current term: 0, Majority size: -1, State: 0, Mode: NON_LEADER, active raft config: opid_index: -1 OBSOLETE_local: false peers { permanent_uuid: "acfbf2e996424e90818c6e98b8c9a10e" member_type: VOTER last_known_addr { host: "127.31.240.65" port: 34893 } } peers { permanent_uuid: "a381a5e64a7f4193b94a110919200c3f" member_type: VOTER last_known_addr { host: "127.31.240.66" port: 43637 } } peers { permanent_uuid: "d008a8aeebb34060a7b3b6c216efcad4" member_type: VOTER last_known_addr { host: "127.31.240.67" port: 41575 } }
I20260709 12:09:17.327461  1614 ts_tablet_manager.cc:1434] T 28dd650b1e994f0a9a813c10cd4d510c P acfbf2e996424e90818c6e98b8c9a10e: Time spent starting tablet: real 0.007s	user 0.006s	sys 0.000s
I20260709 12:09:17.328437  1614 tablet_bootstrap.cc:492] T 32b0781739be43baa449c01399f72e59 P acfbf2e996424e90818c6e98b8c9a10e: Bootstrap starting.
I20260709 12:09:17.329883  1619 tablet_bootstrap.cc:492] T b753bfa808c54767953d44879757908b P a381a5e64a7f4193b94a110919200c3f: No bootstrap required, opened a new log
I20260709 12:09:17.330400  1619 ts_tablet_manager.cc:1403] T b753bfa808c54767953d44879757908b P a381a5e64a7f4193b94a110919200c3f: Time spent bootstrapping tablet: real 0.020s	user 0.006s	sys 0.011s
I20260709 12:09:17.333345  1619 raft_consensus.cc:359] T b753bfa808c54767953d44879757908b P a381a5e64a7f4193b94a110919200c3f [term 0 FOLLOWER]: Replica starting. Triggering 0 pending ops. Active config: opid_index: -1 OBSOLETE_local: false peers { permanent_uuid: "acfbf2e996424e90818c6e98b8c9a10e" member_type: VOTER last_known_addr { host: "127.31.240.65" port: 34893 } } peers { permanent_uuid: "a381a5e64a7f4193b94a110919200c3f" member_type: VOTER last_known_addr { host: "127.31.240.66" port: 43637 } } peers { permanent_uuid: "d008a8aeebb34060a7b3b6c216efcad4" member_type: VOTER last_known_addr { host: "127.31.240.67" port: 41575 } }
I20260709 12:09:17.334096  1619 raft_consensus.cc:385] T b753bfa808c54767953d44879757908b P a381a5e64a7f4193b94a110919200c3f [term 0 FOLLOWER]: Consensus starting up: Expiring failure detector timer to make a prompt election more likely
I20260709 12:09:17.334357  1619 raft_consensus.cc:740] T b753bfa808c54767953d44879757908b P a381a5e64a7f4193b94a110919200c3f [term 0 FOLLOWER]: Becoming Follower/Learner. State: Replica: a381a5e64a7f4193b94a110919200c3f, State: Initialized, Role: FOLLOWER
I20260709 12:09:17.335210  1614 tablet_bootstrap.cc:654] T 32b0781739be43baa449c01399f72e59 P acfbf2e996424e90818c6e98b8c9a10e: Neither blocks nor log segments found. Creating new log.
I20260709 12:09:17.335115  1619 consensus_queue.cc:260] T b753bfa808c54767953d44879757908b P a381a5e64a7f4193b94a110919200c3f [NON_LEADER]: Queue going to NON_LEADER mode. State: All replicated index: 0, Majority replicated index: 0, Committed index: 0, Last appended: 0.0, Last appended by leader: 0, Current term: 0, Majority size: -1, State: 0, Mode: NON_LEADER, active raft config: opid_index: -1 OBSOLETE_local: false peers { permanent_uuid: "acfbf2e996424e90818c6e98b8c9a10e" member_type: VOTER last_known_addr { host: "127.31.240.65" port: 34893 } } peers { permanent_uuid: "a381a5e64a7f4193b94a110919200c3f" member_type: VOTER last_known_addr { host: "127.31.240.66" port: 43637 } } peers { permanent_uuid: "d008a8aeebb34060a7b3b6c216efcad4" member_type: VOTER last_known_addr { host: "127.31.240.67" port: 41575 } }
I20260709 12:09:17.337106  1573 tablet_service.cc:1917] Received RequestConsensusVote() RPC: tablet_id: "db9c66741c7c40e9876e6b7d80beffba" candidate_uuid: "acfbf2e996424e90818c6e98b8c9a10e" candidate_term: 1 candidate_status { last_received { term: 0 index: 0 } } ignore_live_leader: false dest_uuid: "d008a8aeebb34060a7b3b6c216efcad4" is_pre_election: true
I20260709 12:09:17.337329  1619 ts_tablet_manager.cc:1434] T b753bfa808c54767953d44879757908b P a381a5e64a7f4193b94a110919200c3f: Time spent starting tablet: real 0.007s	user 0.004s	sys 0.002s
I20260709 12:09:17.339620  1619 tablet_bootstrap.cc:492] T a7f80a6807e7481796b7f76dd7a3b760 P a381a5e64a7f4193b94a110919200c3f: Bootstrap starting.
I20260709 12:09:17.341573  1496 tablet_service.cc:1917] Received RequestConsensusVote() RPC: tablet_id: "db9c66741c7c40e9876e6b7d80beffba" candidate_uuid: "acfbf2e996424e90818c6e98b8c9a10e" candidate_term: 1 candidate_status { last_received { term: 0 index: 0 } } ignore_live_leader: false dest_uuid: "a381a5e64a7f4193b94a110919200c3f" is_pre_election: true
W20260709 12:09:17.342484  1388 leader_election.cc:343] T db9c66741c7c40e9876e6b7d80beffba P acfbf2e996424e90818c6e98b8c9a10e [CANDIDATE]: Term 1 pre-election: Tablet error from VoteRequest() call to peer d008a8aeebb34060a7b3b6c216efcad4 (127.31.240.67:41575): Illegal state: must be running to vote when last-logged opid is not known
I20260709 12:09:17.325423  1755 leader_election.cc:290] T db9c66741c7c40e9876e6b7d80beffba P acfbf2e996424e90818c6e98b8c9a10e [CANDIDATE]: Term 1 pre-election: Requested pre-vote from peers a381a5e64a7f4193b94a110919200c3f (127.31.240.66:43637), d008a8aeebb34060a7b3b6c216efcad4 (127.31.240.67:41575)
W20260709 12:09:17.344260  1390 leader_election.cc:343] T db9c66741c7c40e9876e6b7d80beffba P acfbf2e996424e90818c6e98b8c9a10e [CANDIDATE]: Term 1 pre-election: Tablet error from VoteRequest() call to peer a381a5e64a7f4193b94a110919200c3f (127.31.240.66:43637): Illegal state: must be running to vote when last-logged opid is not known
I20260709 12:09:17.344684  1390 leader_election.cc:304] T db9c66741c7c40e9876e6b7d80beffba P acfbf2e996424e90818c6e98b8c9a10e [CANDIDATE]: Term 1 pre-election: Election decided. Result: candidate lost. Election summary: received 3 responses out of 3 voters: 1 yes votes; 2 no votes. yes voters: acfbf2e996424e90818c6e98b8c9a10e; no voters: a381a5e64a7f4193b94a110919200c3f, d008a8aeebb34060a7b3b6c216efcad4
I20260709 12:09:17.345412  1755 raft_consensus.cc:2749] T db9c66741c7c40e9876e6b7d80beffba P acfbf2e996424e90818c6e98b8c9a10e [term 0 FOLLOWER]: Leader pre-election lost for term 1. Reason: could not achieve majority
I20260709 12:09:17.345548  1619 tablet_bootstrap.cc:654] T a7f80a6807e7481796b7f76dd7a3b760 P a381a5e64a7f4193b94a110919200c3f: Neither blocks nor log segments found. Creating new log.
I20260709 12:09:17.352600  1614 tablet_bootstrap.cc:492] T 32b0781739be43baa449c01399f72e59 P acfbf2e996424e90818c6e98b8c9a10e: No bootstrap required, opened a new log
I20260709 12:09:17.353161  1614 ts_tablet_manager.cc:1403] T 32b0781739be43baa449c01399f72e59 P acfbf2e996424e90818c6e98b8c9a10e: Time spent bootstrapping tablet: real 0.025s	user 0.012s	sys 0.005s
I20260709 12:09:17.355700  1614 raft_consensus.cc:359] T 32b0781739be43baa449c01399f72e59 P acfbf2e996424e90818c6e98b8c9a10e [term 0 FOLLOWER]: Replica starting. Triggering 0 pending ops. Active config: opid_index: -1 OBSOLETE_local: false peers { permanent_uuid: "acfbf2e996424e90818c6e98b8c9a10e" member_type: VOTER last_known_addr { host: "127.31.240.65" port: 34893 } } peers { permanent_uuid: "a381a5e64a7f4193b94a110919200c3f" member_type: VOTER last_known_addr { host: "127.31.240.66" port: 43637 } } peers { permanent_uuid: "d008a8aeebb34060a7b3b6c216efcad4" member_type: VOTER last_known_addr { host: "127.31.240.67" port: 41575 } }
I20260709 12:09:17.356491  1614 raft_consensus.cc:385] T 32b0781739be43baa449c01399f72e59 P acfbf2e996424e90818c6e98b8c9a10e [term 0 FOLLOWER]: Consensus starting up: Expiring failure detector timer to make a prompt election more likely
I20260709 12:09:17.356967  1614 raft_consensus.cc:740] T 32b0781739be43baa449c01399f72e59 P acfbf2e996424e90818c6e98b8c9a10e [term 0 FOLLOWER]: Becoming Follower/Learner. State: Replica: acfbf2e996424e90818c6e98b8c9a10e, State: Initialized, Role: FOLLOWER
I20260709 12:09:17.357790  1614 consensus_queue.cc:260] T 32b0781739be43baa449c01399f72e59 P acfbf2e996424e90818c6e98b8c9a10e [NON_LEADER]: Queue going to NON_LEADER mode. State: All replicated index: 0, Majority replicated index: 0, Committed index: 0, Last appended: 0.0, Last appended by leader: 0, Current term: 0, Majority size: -1, State: 0, Mode: NON_LEADER, active raft config: opid_index: -1 OBSOLETE_local: false peers { permanent_uuid: "acfbf2e996424e90818c6e98b8c9a10e" member_type: VOTER last_known_addr { host: "127.31.240.65" port: 34893 } } peers { permanent_uuid: "a381a5e64a7f4193b94a110919200c3f" member_type: VOTER last_known_addr { host: "127.31.240.66" port: 43637 } } peers { permanent_uuid: "d008a8aeebb34060a7b3b6c216efcad4" member_type: VOTER last_known_addr { host: "127.31.240.67" port: 41575 } }
I20260709 12:09:17.359840  1614 ts_tablet_manager.cc:1434] T 32b0781739be43baa449c01399f72e59 P acfbf2e996424e90818c6e98b8c9a10e: Time spent starting tablet: real 0.006s	user 0.004s	sys 0.000s
I20260709 12:09:17.360728  1614 tablet_bootstrap.cc:492] T 2a2b48c17d0a434899a12df024b9847b P acfbf2e996424e90818c6e98b8c9a10e: Bootstrap starting.
I20260709 12:09:17.361955  1619 tablet_bootstrap.cc:492] T a7f80a6807e7481796b7f76dd7a3b760 P a381a5e64a7f4193b94a110919200c3f: No bootstrap required, opened a new log
I20260709 12:09:17.362954  1619 ts_tablet_manager.cc:1403] T a7f80a6807e7481796b7f76dd7a3b760 P a381a5e64a7f4193b94a110919200c3f: Time spent bootstrapping tablet: real 0.024s	user 0.002s	sys 0.016s
I20260709 12:09:17.365795  1619 raft_consensus.cc:359] T a7f80a6807e7481796b7f76dd7a3b760 P a381a5e64a7f4193b94a110919200c3f [term 0 FOLLOWER]: Replica starting. Triggering 0 pending ops. Active config: opid_index: -1 OBSOLETE_local: false peers { permanent_uuid: "acfbf2e996424e90818c6e98b8c9a10e" member_type: VOTER last_known_addr { host: "127.31.240.65" port: 34893 } } peers { permanent_uuid: "a381a5e64a7f4193b94a110919200c3f" member_type: VOTER last_known_addr { host: "127.31.240.66" port: 43637 } } peers { permanent_uuid: "d008a8aeebb34060a7b3b6c216efcad4" member_type: VOTER last_known_addr { host: "127.31.240.67" port: 41575 } }
I20260709 12:09:17.366518  1619 raft_consensus.cc:385] T a7f80a6807e7481796b7f76dd7a3b760 P a381a5e64a7f4193b94a110919200c3f [term 0 FOLLOWER]: Consensus starting up: Expiring failure detector timer to make a prompt election more likely
I20260709 12:09:17.366799  1619 raft_consensus.cc:740] T a7f80a6807e7481796b7f76dd7a3b760 P a381a5e64a7f4193b94a110919200c3f [term 0 FOLLOWER]: Becoming Follower/Learner. State: Replica: a381a5e64a7f4193b94a110919200c3f, State: Initialized, Role: FOLLOWER
I20260709 12:09:17.367098  1614 tablet_bootstrap.cc:654] T 2a2b48c17d0a434899a12df024b9847b P acfbf2e996424e90818c6e98b8c9a10e: Neither blocks nor log segments found. Creating new log.
I20260709 12:09:17.367444  1619 consensus_queue.cc:260] T a7f80a6807e7481796b7f76dd7a3b760 P a381a5e64a7f4193b94a110919200c3f [NON_LEADER]: Queue going to NON_LEADER mode. State: All replicated index: 0, Majority replicated index: 0, Committed index: 0, Last appended: 0.0, Last appended by leader: 0, Current term: 0, Majority size: -1, State: 0, Mode: NON_LEADER, active raft config: opid_index: -1 OBSOLETE_local: false peers { permanent_uuid: "acfbf2e996424e90818c6e98b8c9a10e" member_type: VOTER last_known_addr { host: "127.31.240.65" port: 34893 } } peers { permanent_uuid: "a381a5e64a7f4193b94a110919200c3f" member_type: VOTER last_known_addr { host: "127.31.240.66" port: 43637 } } peers { permanent_uuid: "d008a8aeebb34060a7b3b6c216efcad4" member_type: VOTER last_known_addr { host: "127.31.240.67" port: 41575 } }
I20260709 12:09:17.369619  1619 ts_tablet_manager.cc:1434] T a7f80a6807e7481796b7f76dd7a3b760 P a381a5e64a7f4193b94a110919200c3f: Time spent starting tablet: real 0.006s	user 0.004s	sys 0.000s
I20260709 12:09:17.370613  1619 tablet_bootstrap.cc:492] T ee46d5bc29974e5f895d2b507a0d8420 P a381a5e64a7f4193b94a110919200c3f: Bootstrap starting.
I20260709 12:09:17.377406  1619 tablet_bootstrap.cc:654] T ee46d5bc29974e5f895d2b507a0d8420 P a381a5e64a7f4193b94a110919200c3f: Neither blocks nor log segments found. Creating new log.
I20260709 12:09:17.388574  1619 tablet_bootstrap.cc:492] T ee46d5bc29974e5f895d2b507a0d8420 P a381a5e64a7f4193b94a110919200c3f: No bootstrap required, opened a new log
I20260709 12:09:17.389060  1619 ts_tablet_manager.cc:1403] T ee46d5bc29974e5f895d2b507a0d8420 P a381a5e64a7f4193b94a110919200c3f: Time spent bootstrapping tablet: real 0.019s	user 0.012s	sys 0.004s
I20260709 12:09:17.391772  1619 raft_consensus.cc:359] T ee46d5bc29974e5f895d2b507a0d8420 P a381a5e64a7f4193b94a110919200c3f [term 0 FOLLOWER]: Replica starting. Triggering 0 pending ops. Active config: opid_index: -1 OBSOLETE_local: false peers { permanent_uuid: "acfbf2e996424e90818c6e98b8c9a10e" member_type: VOTER last_known_addr { host: "127.31.240.65" port: 34893 } } peers { permanent_uuid: "a381a5e64a7f4193b94a110919200c3f" member_type: VOTER last_known_addr { host: "127.31.240.66" port: 43637 } } peers { permanent_uuid: "d008a8aeebb34060a7b3b6c216efcad4" member_type: VOTER last_known_addr { host: "127.31.240.67" port: 41575 } }
I20260709 12:09:17.392514  1619 raft_consensus.cc:385] T ee46d5bc29974e5f895d2b507a0d8420 P a381a5e64a7f4193b94a110919200c3f [term 0 FOLLOWER]: Consensus starting up: Expiring failure detector timer to make a prompt election more likely
I20260709 12:09:17.392791  1619 raft_consensus.cc:740] T ee46d5bc29974e5f895d2b507a0d8420 P a381a5e64a7f4193b94a110919200c3f [term 0 FOLLOWER]: Becoming Follower/Learner. State: Replica: a381a5e64a7f4193b94a110919200c3f, State: Initialized, Role: FOLLOWER
I20260709 12:09:17.393487  1619 consensus_queue.cc:260] T ee46d5bc29974e5f895d2b507a0d8420 P a381a5e64a7f4193b94a110919200c3f [NON_LEADER]: Queue going to NON_LEADER mode. State: All replicated index: 0, Majority replicated index: 0, Committed index: 0, Last appended: 0.0, Last appended by leader: 0, Current term: 0, Majority size: -1, State: 0, Mode: NON_LEADER, active raft config: opid_index: -1 OBSOLETE_local: false peers { permanent_uuid: "acfbf2e996424e90818c6e98b8c9a10e" member_type: VOTER last_known_addr { host: "127.31.240.65" port: 34893 } } peers { permanent_uuid: "a381a5e64a7f4193b94a110919200c3f" member_type: VOTER last_known_addr { host: "127.31.240.66" port: 43637 } } peers { permanent_uuid: "d008a8aeebb34060a7b3b6c216efcad4" member_type: VOTER last_known_addr { host: "127.31.240.67" port: 41575 } }
I20260709 12:09:17.395678  1619 ts_tablet_manager.cc:1434] T ee46d5bc29974e5f895d2b507a0d8420 P a381a5e64a7f4193b94a110919200c3f: Time spent starting tablet: real 0.006s	user 0.007s	sys 0.000s
I20260709 12:09:17.396582  1619 tablet_bootstrap.cc:492] T 32b0781739be43baa449c01399f72e59 P a381a5e64a7f4193b94a110919200c3f: Bootstrap starting.
I20260709 12:09:17.398017  1839 raft_consensus.cc:493] T e1aedde6a08846fab9f4aeffc6f4696f P a381a5e64a7f4193b94a110919200c3f [term 0 FOLLOWER]: Starting pre-election (no leader contacted us within the election timeout)
I20260709 12:09:17.398542  1839 raft_consensus.cc:515] T e1aedde6a08846fab9f4aeffc6f4696f P a381a5e64a7f4193b94a110919200c3f [term 0 FOLLOWER]: Starting pre-election with config: opid_index: -1 OBSOLETE_local: false peers { permanent_uuid: "acfbf2e996424e90818c6e98b8c9a10e" member_type: VOTER last_known_addr { host: "127.31.240.65" port: 34893 } } peers { permanent_uuid: "a381a5e64a7f4193b94a110919200c3f" member_type: VOTER last_known_addr { host: "127.31.240.66" port: 43637 } } peers { permanent_uuid: "d008a8aeebb34060a7b3b6c216efcad4" member_type: VOTER last_known_addr { host: "127.31.240.67" port: 41575 } }
I20260709 12:09:17.400776  1839 leader_election.cc:290] T e1aedde6a08846fab9f4aeffc6f4696f P a381a5e64a7f4193b94a110919200c3f [CANDIDATE]: Term 1 pre-election: Requested pre-vote from peers acfbf2e996424e90818c6e98b8c9a10e (127.31.240.65:34893), d008a8aeebb34060a7b3b6c216efcad4 (127.31.240.67:41575)
I20260709 12:09:17.402309  1619 tablet_bootstrap.cc:654] T 32b0781739be43baa449c01399f72e59 P a381a5e64a7f4193b94a110919200c3f: Neither blocks nor log segments found. Creating new log.
I20260709 12:09:17.407783  1571 tablet_service.cc:1917] Received RequestConsensusVote() RPC: tablet_id: "e1aedde6a08846fab9f4aeffc6f4696f" candidate_uuid: "a381a5e64a7f4193b94a110919200c3f" candidate_term: 1 candidate_status { last_received { term: 0 index: 0 } } ignore_live_leader: false dest_uuid: "d008a8aeebb34060a7b3b6c216efcad4" is_pre_election: true
I20260709 12:09:17.408036  1758 raft_consensus.cc:493] T f68b3fbfe6ae4e6ea31023712962d8d0 P a381a5e64a7f4193b94a110919200c3f [term 0 FOLLOWER]: Starting pre-election (no leader contacted us within the election timeout)
I20260709 12:09:17.408406  1571 raft_consensus.cc:2468] T e1aedde6a08846fab9f4aeffc6f4696f P d008a8aeebb34060a7b3b6c216efcad4 [term 0 FOLLOWER]: Leader pre-election vote request: Granting yes vote for candidate a381a5e64a7f4193b94a110919200c3f in term 0.
I20260709 12:09:17.408521  1758 raft_consensus.cc:515] T f68b3fbfe6ae4e6ea31023712962d8d0 P a381a5e64a7f4193b94a110919200c3f [term 0 FOLLOWER]: Starting pre-election with config: opid_index: -1 OBSOLETE_local: false peers { permanent_uuid: "acfbf2e996424e90818c6e98b8c9a10e" member_type: VOTER last_known_addr { host: "127.31.240.65" port: 34893 } } peers { permanent_uuid: "a381a5e64a7f4193b94a110919200c3f" member_type: VOTER last_known_addr { host: "127.31.240.66" port: 43637 } } peers { permanent_uuid: "d008a8aeebb34060a7b3b6c216efcad4" member_type: VOTER last_known_addr { host: "127.31.240.67" port: 41575 } }
I20260709 12:09:17.418905  1422 tablet_service.cc:1917] Received RequestConsensusVote() RPC: tablet_id: "e1aedde6a08846fab9f4aeffc6f4696f" candidate_uuid: "a381a5e64a7f4193b94a110919200c3f" candidate_term: 1 candidate_status { last_received { term: 0 index: 0 } } ignore_live_leader: false dest_uuid: "acfbf2e996424e90818c6e98b8c9a10e" is_pre_election: true
I20260709 12:09:17.419731  1422 raft_consensus.cc:2468] T e1aedde6a08846fab9f4aeffc6f4696f P acfbf2e996424e90818c6e98b8c9a10e [term 0 FOLLOWER]: Leader pre-election vote request: Granting yes vote for candidate a381a5e64a7f4193b94a110919200c3f in term 0.
I20260709 12:09:17.422338  1758 leader_election.cc:290] T f68b3fbfe6ae4e6ea31023712962d8d0 P a381a5e64a7f4193b94a110919200c3f [CANDIDATE]: Term 1 pre-election: Requested pre-vote from peers acfbf2e996424e90818c6e98b8c9a10e (127.31.240.65:34893), d008a8aeebb34060a7b3b6c216efcad4 (127.31.240.67:41575)
I20260709 12:09:17.423451  1666 raft_consensus.cc:493] T 3ad488968c944b3ea5ff2bf10f4c4579 P d008a8aeebb34060a7b3b6c216efcad4 [term 0 FOLLOWER]: Starting pre-election (no leader contacted us within the election timeout)
I20260709 12:09:17.424042  1666 raft_consensus.cc:515] T 3ad488968c944b3ea5ff2bf10f4c4579 P d008a8aeebb34060a7b3b6c216efcad4 [term 0 FOLLOWER]: Starting pre-election with config: opid_index: -1 OBSOLETE_local: false peers { permanent_uuid: "acfbf2e996424e90818c6e98b8c9a10e" member_type: VOTER last_known_addr { host: "127.31.240.65" port: 34893 } } peers { permanent_uuid: "a381a5e64a7f4193b94a110919200c3f" member_type: VOTER last_known_addr { host: "127.31.240.66" port: 43637 } } peers { permanent_uuid: "d008a8aeebb34060a7b3b6c216efcad4" member_type: VOTER last_known_addr { host: "127.31.240.67" port: 41575 } }
I20260709 12:09:17.431160  1463 leader_election.cc:304] T e1aedde6a08846fab9f4aeffc6f4696f P a381a5e64a7f4193b94a110919200c3f [CANDIDATE]: Term 1 pre-election: Election decided. Result: candidate won. Election summary: received 2 responses out of 3 voters: 2 yes votes; 0 no votes. yes voters: a381a5e64a7f4193b94a110919200c3f, d008a8aeebb34060a7b3b6c216efcad4; no voters: 
I20260709 12:09:17.426167  1666 leader_election.cc:290] T 3ad488968c944b3ea5ff2bf10f4c4579 P d008a8aeebb34060a7b3b6c216efcad4 [CANDIDATE]: Term 1 pre-election: Requested pre-vote from peers acfbf2e996424e90818c6e98b8c9a10e (127.31.240.65:34893), a381a5e64a7f4193b94a110919200c3f (127.31.240.66:43637)
I20260709 12:09:17.432963  1421 tablet_service.cc:1917] Received RequestConsensusVote() RPC: tablet_id: "f68b3fbfe6ae4e6ea31023712962d8d0" candidate_uuid: "a381a5e64a7f4193b94a110919200c3f" candidate_term: 1 candidate_status { last_received { term: 0 index: 0 } } ignore_live_leader: false dest_uuid: "acfbf2e996424e90818c6e98b8c9a10e" is_pre_election: true
I20260709 12:09:17.433619  1421 raft_consensus.cc:2468] T f68b3fbfe6ae4e6ea31023712962d8d0 P acfbf2e996424e90818c6e98b8c9a10e [term 0 FOLLOWER]: Leader pre-election vote request: Granting yes vote for candidate a381a5e64a7f4193b94a110919200c3f in term 0.
I20260709 12:09:17.433698  1422 tablet_service.cc:1917] Received RequestConsensusVote() RPC: tablet_id: "3ad488968c944b3ea5ff2bf10f4c4579" candidate_uuid: "d008a8aeebb34060a7b3b6c216efcad4" candidate_term: 1 candidate_status { last_received { term: 0 index: 0 } } ignore_live_leader: false dest_uuid: "acfbf2e996424e90818c6e98b8c9a10e" is_pre_election: true
I20260709 12:09:17.437227  1571 tablet_service.cc:1917] Received RequestConsensusVote() RPC: tablet_id: "f68b3fbfe6ae4e6ea31023712962d8d0" candidate_uuid: "a381a5e64a7f4193b94a110919200c3f" candidate_term: 1 candidate_status { last_received { term: 0 index: 0 } } ignore_live_leader: false dest_uuid: "d008a8aeebb34060a7b3b6c216efcad4" is_pre_election: true
I20260709 12:09:17.433727  1839 raft_consensus.cc:2804] T e1aedde6a08846fab9f4aeffc6f4696f P a381a5e64a7f4193b94a110919200c3f [term 0 FOLLOWER]: Leader pre-election won for term 1
I20260709 12:09:17.438316  1839 raft_consensus.cc:493] T e1aedde6a08846fab9f4aeffc6f4696f P a381a5e64a7f4193b94a110919200c3f [term 0 FOLLOWER]: Starting leader election (no leader contacted us within the election timeout)
I20260709 12:09:17.439110  1839 raft_consensus.cc:3060] T e1aedde6a08846fab9f4aeffc6f4696f P a381a5e64a7f4193b94a110919200c3f [term 0 FOLLOWER]: Advancing to term 1
W20260709 12:09:17.440387  1463 leader_election.cc:343] T f68b3fbfe6ae4e6ea31023712962d8d0 P a381a5e64a7f4193b94a110919200c3f [CANDIDATE]: Term 1 pre-election: Tablet error from VoteRequest() call to peer d008a8aeebb34060a7b3b6c216efcad4 (127.31.240.67:41575): Illegal state: must be running to vote when last-logged opid is not known
I20260709 12:09:17.441483  1616 tablet_bootstrap.cc:492] T 33f141d6a56d4cb1adf171c199457fac P d008a8aeebb34060a7b3b6c216efcad4: No bootstrap required, opened a new log
I20260709 12:09:17.441915  1616 ts_tablet_manager.cc:1403] T 33f141d6a56d4cb1adf171c199457fac P d008a8aeebb34060a7b3b6c216efcad4: Time spent bootstrapping tablet: real 0.148s	user 0.025s	sys 0.047s
I20260709 12:09:17.443092  1465 leader_election.cc:304] T f68b3fbfe6ae4e6ea31023712962d8d0 P a381a5e64a7f4193b94a110919200c3f [CANDIDATE]: Term 1 pre-election: Election decided. Result: candidate won. Election summary: received 3 responses out of 3 voters: 2 yes votes; 1 no votes. yes voters: a381a5e64a7f4193b94a110919200c3f, acfbf2e996424e90818c6e98b8c9a10e; no voters: d008a8aeebb34060a7b3b6c216efcad4
I20260709 12:09:17.443415  1496 tablet_service.cc:1917] Received RequestConsensusVote() RPC: tablet_id: "3ad488968c944b3ea5ff2bf10f4c4579" candidate_uuid: "d008a8aeebb34060a7b3b6c216efcad4" candidate_term: 1 candidate_status { last_received { term: 0 index: 0 } } ignore_live_leader: false dest_uuid: "a381a5e64a7f4193b94a110919200c3f" is_pre_election: true
I20260709 12:09:17.445152  1496 raft_consensus.cc:2393] T 3ad488968c944b3ea5ff2bf10f4c4579 P a381a5e64a7f4193b94a110919200c3f [term 1 FOLLOWER]: Leader pre-election vote request: Denying vote to candidate d008a8aeebb34060a7b3b6c216efcad4 in current term 1: Already voted for candidate acfbf2e996424e90818c6e98b8c9a10e in this term.
I20260709 12:09:17.445899  1645 raft_consensus.cc:2804] T f68b3fbfe6ae4e6ea31023712962d8d0 P a381a5e64a7f4193b94a110919200c3f [term 0 FOLLOWER]: Leader pre-election won for term 1
