I20260709 12:09:17.446259  1645 raft_consensus.cc:493] T f68b3fbfe6ae4e6ea31023712962d8d0 P a381a5e64a7f4193b94a110919200c3f [term 0 FOLLOWER]: Starting leader election (no leader contacted us within the election timeout)
I20260709 12:09:17.445156  1619 tablet_bootstrap.cc:492] T 32b0781739be43baa449c01399f72e59 P a381a5e64a7f4193b94a110919200c3f: No bootstrap required, opened a new log
I20260709 12:09:17.446631  1645 raft_consensus.cc:3060] T f68b3fbfe6ae4e6ea31023712962d8d0 P a381a5e64a7f4193b94a110919200c3f [term 0 FOLLOWER]: Advancing to term 1
I20260709 12:09:17.446856  1619 ts_tablet_manager.cc:1403] T 32b0781739be43baa449c01399f72e59 P a381a5e64a7f4193b94a110919200c3f: Time spent bootstrapping tablet: real 0.050s	user 0.015s	sys 0.025s
I20260709 12:09:17.446838  1539 leader_election.cc:304] T 3ad488968c944b3ea5ff2bf10f4c4579 P d008a8aeebb34060a7b3b6c216efcad4 [CANDIDATE]: Term 1 pre-election: Election decided. Result: candidate lost. Election summary: received 3 responses out of 3 voters: 1 yes votes; 2 no votes. yes voters: d008a8aeebb34060a7b3b6c216efcad4; no voters: a381a5e64a7f4193b94a110919200c3f, acfbf2e996424e90818c6e98b8c9a10e
I20260709 12:09:17.448720  1666 raft_consensus.cc:3060] T 3ad488968c944b3ea5ff2bf10f4c4579 P d008a8aeebb34060a7b3b6c216efcad4 [term 0 FOLLOWER]: Advancing to term 1
I20260709 12:09:17.450333  1839 raft_consensus.cc:515] T e1aedde6a08846fab9f4aeffc6f4696f P a381a5e64a7f4193b94a110919200c3f [term 1 FOLLOWER]: Starting leader election with config: opid_index: -1 OBSOLETE_local: false peers { permanent_uuid: "acfbf2e996424e90818c6e98b8c9a10e" member_type: VOTER last_known_addr { host: "127.31.240.65" port: 34893 } } peers { permanent_uuid: "a381a5e64a7f4193b94a110919200c3f" member_type: VOTER last_known_addr { host: "127.31.240.66" port: 43637 } } peers { permanent_uuid: "d008a8aeebb34060a7b3b6c216efcad4" member_type: VOTER last_known_addr { host: "127.31.240.67" port: 41575 } }
I20260709 12:09:17.453384  1421 tablet_service.cc:1917] Received RequestConsensusVote() RPC: tablet_id: "e1aedde6a08846fab9f4aeffc6f4696f" candidate_uuid: "a381a5e64a7f4193b94a110919200c3f" candidate_term: 1 candidate_status { last_received { term: 0 index: 0 } } ignore_live_leader: false dest_uuid: "acfbf2e996424e90818c6e98b8c9a10e"
I20260709 12:09:17.454197  1421 raft_consensus.cc:3060] T e1aedde6a08846fab9f4aeffc6f4696f P acfbf2e996424e90818c6e98b8c9a10e [term 0 FOLLOWER]: Advancing to term 1
I20260709 12:09:17.455081  1614 tablet_bootstrap.cc:492] T 2a2b48c17d0a434899a12df024b9847b P acfbf2e996424e90818c6e98b8c9a10e: No bootstrap required, opened a new log
I20260709 12:09:17.455456  1666 raft_consensus.cc:2749] T 3ad488968c944b3ea5ff2bf10f4c4579 P d008a8aeebb34060a7b3b6c216efcad4 [term 1 FOLLOWER]: Leader pre-election lost for term 1. Reason: could not achieve majority
I20260709 12:09:17.456437  1614 ts_tablet_manager.cc:1403] T 2a2b48c17d0a434899a12df024b9847b P acfbf2e996424e90818c6e98b8c9a10e: Time spent bootstrapping tablet: real 0.096s	user 0.020s	sys 0.024s
I20260709 12:09:17.458783  1614 raft_consensus.cc:359] T 2a2b48c17d0a434899a12df024b9847b P acfbf2e996424e90818c6e98b8c9a10e [term 0 FOLLOWER]: Replica starting. Triggering 0 pending ops. Active config: opid_index: -1 OBSOLETE_local: false peers { permanent_uuid: "acfbf2e996424e90818c6e98b8c9a10e" member_type: VOTER last_known_addr { host: "127.31.240.65" port: 34893 } } peers { permanent_uuid: "a381a5e64a7f4193b94a110919200c3f" member_type: VOTER last_known_addr { host: "127.31.240.66" port: 43637 } } peers { permanent_uuid: "d008a8aeebb34060a7b3b6c216efcad4" member_type: VOTER last_known_addr { host: "127.31.240.67" port: 41575 } }
I20260709 12:09:17.459306  1614 raft_consensus.cc:385] T 2a2b48c17d0a434899a12df024b9847b P acfbf2e996424e90818c6e98b8c9a10e [term 0 FOLLOWER]: Consensus starting up: Expiring failure detector timer to make a prompt election more likely
I20260709 12:09:17.459512  1614 raft_consensus.cc:740] T 2a2b48c17d0a434899a12df024b9847b P acfbf2e996424e90818c6e98b8c9a10e [term 0 FOLLOWER]: Becoming Follower/Learner. State: Replica: acfbf2e996424e90818c6e98b8c9a10e, State: Initialized, Role: FOLLOWER
I20260709 12:09:17.455642  1645 raft_consensus.cc:515] T f68b3fbfe6ae4e6ea31023712962d8d0 P a381a5e64a7f4193b94a110919200c3f [term 1 FOLLOWER]: Starting leader election with config: opid_index: -1 OBSOLETE_local: false peers { permanent_uuid: "acfbf2e996424e90818c6e98b8c9a10e" member_type: VOTER last_known_addr { host: "127.31.240.65" port: 34893 } } peers { permanent_uuid: "a381a5e64a7f4193b94a110919200c3f" member_type: VOTER last_known_addr { host: "127.31.240.66" port: 43637 } } peers { permanent_uuid: "d008a8aeebb34060a7b3b6c216efcad4" member_type: VOTER last_known_addr { host: "127.31.240.67" port: 41575 } }
I20260709 12:09:17.459846  1666 raft_consensus.cc:493] T e4ac34f95fe24aaa93a54cf842f243cf P d008a8aeebb34060a7b3b6c216efcad4 [term 0 FOLLOWER]: Starting pre-election (no leader contacted us within the election timeout)
I20260709 12:09:17.460399  1666 raft_consensus.cc:515] T e4ac34f95fe24aaa93a54cf842f243cf P d008a8aeebb34060a7b3b6c216efcad4 [term 0 FOLLOWER]: Starting pre-election with config: opid_index: -1 OBSOLETE_local: false peers { permanent_uuid: "acfbf2e996424e90818c6e98b8c9a10e" member_type: VOTER last_known_addr { host: "127.31.240.65" port: 34893 } } peers { permanent_uuid: "a381a5e64a7f4193b94a110919200c3f" member_type: VOTER last_known_addr { host: "127.31.240.66" port: 43637 } } peers { permanent_uuid: "d008a8aeebb34060a7b3b6c216efcad4" member_type: VOTER last_known_addr { host: "127.31.240.67" port: 41575 } }
I20260709 12:09:17.462278  1666 leader_election.cc:290] T e4ac34f95fe24aaa93a54cf842f243cf P d008a8aeebb34060a7b3b6c216efcad4 [CANDIDATE]: Term 1 pre-election: Requested pre-vote from peers acfbf2e996424e90818c6e98b8c9a10e (127.31.240.65:34893), a381a5e64a7f4193b94a110919200c3f (127.31.240.66:43637)
I20260709 12:09:17.462220  1422 tablet_service.cc:1917] Received RequestConsensusVote() RPC: tablet_id: "f68b3fbfe6ae4e6ea31023712962d8d0" candidate_uuid: "a381a5e64a7f4193b94a110919200c3f" candidate_term: 1 candidate_status { last_received { term: 0 index: 0 } } ignore_live_leader: false dest_uuid: "acfbf2e996424e90818c6e98b8c9a10e"
I20260709 12:09:17.462913  1422 raft_consensus.cc:3060] T f68b3fbfe6ae4e6ea31023712962d8d0 P acfbf2e996424e90818c6e98b8c9a10e [term 0 FOLLOWER]: Advancing to term 1
I20260709 12:09:17.463050  1423 tablet_service.cc:1917] Received RequestConsensusVote() RPC: tablet_id: "e4ac34f95fe24aaa93a54cf842f243cf" candidate_uuid: "d008a8aeebb34060a7b3b6c216efcad4" candidate_term: 1 candidate_status { last_received { term: 0 index: 0 } } ignore_live_leader: false dest_uuid: "acfbf2e996424e90818c6e98b8c9a10e" is_pre_election: true
I20260709 12:09:17.463444  1421 raft_consensus.cc:2468] T e1aedde6a08846fab9f4aeffc6f4696f P acfbf2e996424e90818c6e98b8c9a10e [term 1 FOLLOWER]: Leader election vote request: Granting yes vote for candidate a381a5e64a7f4193b94a110919200c3f in term 1.
I20260709 12:09:17.465838  1465 leader_election.cc:304] T e1aedde6a08846fab9f4aeffc6f4696f P a381a5e64a7f4193b94a110919200c3f [CANDIDATE]: Term 1 election: Election decided. Result: candidate won. Election summary: received 2 responses out of 3 voters: 2 yes votes; 0 no votes. yes voters: a381a5e64a7f4193b94a110919200c3f, acfbf2e996424e90818c6e98b8c9a10e; no voters: 
I20260709 12:09:17.466625  1758 raft_consensus.cc:2804] T e1aedde6a08846fab9f4aeffc6f4696f P a381a5e64a7f4193b94a110919200c3f [term 1 FOLLOWER]: Leader election won for term 1
I20260709 12:09:17.466586  1619 raft_consensus.cc:359] T 32b0781739be43baa449c01399f72e59 P a381a5e64a7f4193b94a110919200c3f [term 0 FOLLOWER]: Replica starting. Triggering 0 pending ops. Active config: opid_index: -1 OBSOLETE_local: false peers { permanent_uuid: "acfbf2e996424e90818c6e98b8c9a10e" member_type: VOTER last_known_addr { host: "127.31.240.65" port: 34893 } } peers { permanent_uuid: "a381a5e64a7f4193b94a110919200c3f" member_type: VOTER last_known_addr { host: "127.31.240.66" port: 43637 } } peers { permanent_uuid: "d008a8aeebb34060a7b3b6c216efcad4" member_type: VOTER last_known_addr { host: "127.31.240.67" port: 41575 } }
I20260709 12:09:17.467176  1496 tablet_service.cc:1917] Received RequestConsensusVote() RPC: tablet_id: "e4ac34f95fe24aaa93a54cf842f243cf" candidate_uuid: "d008a8aeebb34060a7b3b6c216efcad4" candidate_term: 1 candidate_status { last_received { term: 0 index: 0 } } ignore_live_leader: false dest_uuid: "a381a5e64a7f4193b94a110919200c3f" is_pre_election: true
I20260709 12:09:17.467425  1619 raft_consensus.cc:385] T 32b0781739be43baa449c01399f72e59 P a381a5e64a7f4193b94a110919200c3f [term 0 FOLLOWER]: Consensus starting up: Expiring failure detector timer to make a prompt election more likely
I20260709 12:09:17.467793  1619 raft_consensus.cc:740] T 32b0781739be43baa449c01399f72e59 P a381a5e64a7f4193b94a110919200c3f [term 0 FOLLOWER]: Becoming Follower/Learner. State: Replica: a381a5e64a7f4193b94a110919200c3f, State: Initialized, Role: FOLLOWER
I20260709 12:09:17.467199  1758 raft_consensus.cc:697] T e1aedde6a08846fab9f4aeffc6f4696f P a381a5e64a7f4193b94a110919200c3f [term 1 LEADER]: Becoming Leader. State: Replica: a381a5e64a7f4193b94a110919200c3f, State: Running, Role: LEADER
I20260709 12:09:17.468580  1619 consensus_queue.cc:260] T 32b0781739be43baa449c01399f72e59 P a381a5e64a7f4193b94a110919200c3f [NON_LEADER]: Queue going to NON_LEADER mode. State: All replicated index: 0, Majority replicated index: 0, Committed index: 0, Last appended: 0.0, Last appended by leader: 0, Current term: 0, Majority size: -1, State: 0, Mode: NON_LEADER, active raft config: opid_index: -1 OBSOLETE_local: false peers { permanent_uuid: "acfbf2e996424e90818c6e98b8c9a10e" member_type: VOTER last_known_addr { host: "127.31.240.65" port: 34893 } } peers { permanent_uuid: "a381a5e64a7f4193b94a110919200c3f" member_type: VOTER last_known_addr { host: "127.31.240.66" port: 43637 } } peers { permanent_uuid: "d008a8aeebb34060a7b3b6c216efcad4" member_type: VOTER last_known_addr { host: "127.31.240.67" port: 41575 } }
I20260709 12:09:17.468849  1539 leader_election.cc:304] T e4ac34f95fe24aaa93a54cf842f243cf P d008a8aeebb34060a7b3b6c216efcad4 [CANDIDATE]: Term 1 pre-election: Election decided. Result: candidate lost. Election summary: received 3 responses out of 3 voters: 1 yes votes; 2 no votes. yes voters: d008a8aeebb34060a7b3b6c216efcad4; no voters: a381a5e64a7f4193b94a110919200c3f, acfbf2e996424e90818c6e98b8c9a10e
I20260709 12:09:17.470031  1616 raft_consensus.cc:359] T 33f141d6a56d4cb1adf171c199457fac P d008a8aeebb34060a7b3b6c216efcad4 [term 0 FOLLOWER]: Replica starting. Triggering 0 pending ops. Active config: opid_index: -1 OBSOLETE_local: false peers { permanent_uuid: "acfbf2e996424e90818c6e98b8c9a10e" member_type: VOTER last_known_addr { host: "127.31.240.65" port: 34893 } } peers { permanent_uuid: "a381a5e64a7f4193b94a110919200c3f" member_type: VOTER last_known_addr { host: "127.31.240.66" port: 43637 } } peers { permanent_uuid: "d008a8aeebb34060a7b3b6c216efcad4" member_type: VOTER last_known_addr { host: "127.31.240.67" port: 41575 } }
I20260709 12:09:17.470531  1616 raft_consensus.cc:385] T 33f141d6a56d4cb1adf171c199457fac P d008a8aeebb34060a7b3b6c216efcad4 [term 0 FOLLOWER]: Consensus starting up: Expiring failure detector timer to make a prompt election more likely
I20260709 12:09:17.470739  1616 raft_consensus.cc:740] T 33f141d6a56d4cb1adf171c199457fac P d008a8aeebb34060a7b3b6c216efcad4 [term 0 FOLLOWER]: Becoming Follower/Learner. State: Replica: d008a8aeebb34060a7b3b6c216efcad4, State: Initialized, Role: FOLLOWER
I20260709 12:09:17.471069  1666 raft_consensus.cc:2749] T e4ac34f95fe24aaa93a54cf842f243cf P d008a8aeebb34060a7b3b6c216efcad4 [term 0 FOLLOWER]: Leader pre-election lost for term 1. Reason: could not achieve majority
I20260709 12:09:17.471380  1839 leader_election.cc:290] T e1aedde6a08846fab9f4aeffc6f4696f P a381a5e64a7f4193b94a110919200c3f [CANDIDATE]: Term 1 election: Requested vote from peers acfbf2e996424e90818c6e98b8c9a10e (127.31.240.65:34893), d008a8aeebb34060a7b3b6c216efcad4 (127.31.240.67:41575)
I20260709 12:09:17.470703  1619 ts_tablet_manager.cc:1434] T 32b0781739be43baa449c01399f72e59 P a381a5e64a7f4193b94a110919200c3f: Time spent starting tablet: real 0.023s	user 0.006s	sys 0.001s
I20260709 12:09:17.468902  1758 consensus_queue.cc:237] T e1aedde6a08846fab9f4aeffc6f4696f P a381a5e64a7f4193b94a110919200c3f [LEADER]: Queue going to LEADER mode. State: All replicated index: 0, Majority replicated index: 0, Committed index: 0, Last appended: 0.0, Last appended by leader: 0, Current term: 1, Majority size: 2, State: 0, Mode: LEADER, active raft config: opid_index: -1 OBSOLETE_local: false peers { permanent_uuid: "acfbf2e996424e90818c6e98b8c9a10e" member_type: VOTER last_known_addr { host: "127.31.240.65" port: 34893 } } peers { permanent_uuid: "a381a5e64a7f4193b94a110919200c3f" member_type: VOTER last_known_addr { host: "127.31.240.66" port: 43637 } } peers { permanent_uuid: "d008a8aeebb34060a7b3b6c216efcad4" member_type: VOTER last_known_addr { host: "127.31.240.67" port: 41575 } }
I20260709 12:09:17.471889  1616 consensus_queue.cc:260] T 33f141d6a56d4cb1adf171c199457fac P d008a8aeebb34060a7b3b6c216efcad4 [NON_LEADER]: Queue going to NON_LEADER mode. State: All replicated index: 0, Majority replicated index: 0, Committed index: 0, Last appended: 0.0, Last appended by leader: 0, Current term: 0, Majority size: -1, State: 0, Mode: NON_LEADER, active raft config: opid_index: -1 OBSOLETE_local: false peers { permanent_uuid: "acfbf2e996424e90818c6e98b8c9a10e" member_type: VOTER last_known_addr { host: "127.31.240.65" port: 34893 } } peers { permanent_uuid: "a381a5e64a7f4193b94a110919200c3f" member_type: VOTER last_known_addr { host: "127.31.240.66" port: 43637 } } peers { permanent_uuid: "d008a8aeebb34060a7b3b6c216efcad4" member_type: VOTER last_known_addr { host: "127.31.240.67" port: 41575 } }
I20260709 12:09:17.472483  1571 tablet_service.cc:1917] Received RequestConsensusVote() RPC: tablet_id: "e1aedde6a08846fab9f4aeffc6f4696f" candidate_uuid: "a381a5e64a7f4193b94a110919200c3f" candidate_term: 1 candidate_status { last_received { term: 0 index: 0 } } ignore_live_leader: false dest_uuid: "d008a8aeebb34060a7b3b6c216efcad4"
I20260709 12:09:17.473050  1571 raft_consensus.cc:3060] T e1aedde6a08846fab9f4aeffc6f4696f P d008a8aeebb34060a7b3b6c216efcad4 [term 0 FOLLOWER]: Advancing to term 1
I20260709 12:09:17.474263  1616 ts_tablet_manager.cc:1434] T 33f141d6a56d4cb1adf171c199457fac P d008a8aeebb34060a7b3b6c216efcad4: Time spent starting tablet: real 0.032s	user 0.006s	sys 0.001s
I20260709 12:09:17.475835  1616 tablet_bootstrap.cc:492] T 8609d9795b3944b594657c5dd6e59670 P d008a8aeebb34060a7b3b6c216efcad4: Bootstrap starting.
I20260709 12:09:17.479008  1645 leader_election.cc:290] T f68b3fbfe6ae4e6ea31023712962d8d0 P a381a5e64a7f4193b94a110919200c3f [CANDIDATE]: Term 1 election: Requested vote from peers acfbf2e996424e90818c6e98b8c9a10e (127.31.240.65:34893), d008a8aeebb34060a7b3b6c216efcad4 (127.31.240.67:41575)
I20260709 12:09:17.479223  1573 tablet_service.cc:1917] Received RequestConsensusVote() RPC: tablet_id: "f68b3fbfe6ae4e6ea31023712962d8d0" candidate_uuid: "a381a5e64a7f4193b94a110919200c3f" candidate_term: 1 candidate_status { last_received { term: 0 index: 0 } } ignore_live_leader: false dest_uuid: "d008a8aeebb34060a7b3b6c216efcad4"
I20260709 12:09:17.480741  1571 raft_consensus.cc:2468] T e1aedde6a08846fab9f4aeffc6f4696f P d008a8aeebb34060a7b3b6c216efcad4 [term 1 FOLLOWER]: Leader election vote request: Granting yes vote for candidate a381a5e64a7f4193b94a110919200c3f in term 1.
I20260709 12:09:17.473134  1619 tablet_bootstrap.cc:492] T 2a2b48c17d0a434899a12df024b9847b P a381a5e64a7f4193b94a110919200c3f: Bootstrap starting.
W20260709 12:09:17.481251  1463 leader_election.cc:343] T f68b3fbfe6ae4e6ea31023712962d8d0 P a381a5e64a7f4193b94a110919200c3f [CANDIDATE]: Term 1 election: Tablet error from VoteRequest() call to peer d008a8aeebb34060a7b3b6c216efcad4 (127.31.240.67:41575): Illegal state: must be running to vote when last-logged opid is not known
I20260709 12:09:17.483726  1697 raft_consensus.cc:493] T b753bfa808c54767953d44879757908b P acfbf2e996424e90818c6e98b8c9a10e [term 0 FOLLOWER]: Starting pre-election (no leader contacted us within the election timeout)
I20260709 12:09:17.482652  1614 consensus_queue.cc:260] T 2a2b48c17d0a434899a12df024b9847b P acfbf2e996424e90818c6e98b8c9a10e [NON_LEADER]: Queue going to NON_LEADER mode. State: All replicated index: 0, Majority replicated index: 0, Committed index: 0, Last appended: 0.0, Last appended by leader: 0, Current term: 0, Majority size: -1, State: 0, Mode: NON_LEADER, active raft config: opid_index: -1 OBSOLETE_local: false peers { permanent_uuid: "acfbf2e996424e90818c6e98b8c9a10e" member_type: VOTER last_known_addr { host: "127.31.240.65" port: 34893 } } peers { permanent_uuid: "a381a5e64a7f4193b94a110919200c3f" member_type: VOTER last_known_addr { host: "127.31.240.66" port: 43637 } } peers { permanent_uuid: "d008a8aeebb34060a7b3b6c216efcad4" member_type: VOTER last_known_addr { host: "127.31.240.67" port: 41575 } }
I20260709 12:09:17.484215  1697 raft_consensus.cc:515] T b753bfa808c54767953d44879757908b P acfbf2e996424e90818c6e98b8c9a10e [term 0 FOLLOWER]: Starting pre-election with config: opid_index: -1 OBSOLETE_local: false peers { permanent_uuid: "acfbf2e996424e90818c6e98b8c9a10e" member_type: VOTER last_known_addr { host: "127.31.240.65" port: 34893 } } peers { permanent_uuid: "a381a5e64a7f4193b94a110919200c3f" member_type: VOTER last_known_addr { host: "127.31.240.66" port: 43637 } } peers { permanent_uuid: "d008a8aeebb34060a7b3b6c216efcad4" member_type: VOTER last_known_addr { host: "127.31.240.67" port: 41575 } }
I20260709 12:09:17.487401  1619 tablet_bootstrap.cc:654] T 2a2b48c17d0a434899a12df024b9847b P a381a5e64a7f4193b94a110919200c3f: Neither blocks nor log segments found. Creating new log.
I20260709 12:09:17.484666  1756 raft_consensus.cc:493] T 28dd650b1e994f0a9a813c10cd4d510c P acfbf2e996424e90818c6e98b8c9a10e [term 0 FOLLOWER]: Starting pre-election (no leader contacted us within the election timeout)
I20260709 12:09:17.488380  1756 raft_consensus.cc:515] T 28dd650b1e994f0a9a813c10cd4d510c P acfbf2e996424e90818c6e98b8c9a10e [term 0 FOLLOWER]: Starting pre-election with config: opid_index: -1 OBSOLETE_local: false peers { permanent_uuid: "acfbf2e996424e90818c6e98b8c9a10e" member_type: VOTER last_known_addr { host: "127.31.240.65" port: 34893 } } peers { permanent_uuid: "a381a5e64a7f4193b94a110919200c3f" member_type: VOTER last_known_addr { host: "127.31.240.66" port: 43637 } } peers { permanent_uuid: "d008a8aeebb34060a7b3b6c216efcad4" member_type: VOTER last_known_addr { host: "127.31.240.67" port: 41575 } }
I20260709 12:09:17.490480  1756 leader_election.cc:290] T 28dd650b1e994f0a9a813c10cd4d510c P acfbf2e996424e90818c6e98b8c9a10e [CANDIDATE]: Term 1 pre-election: Requested pre-vote from peers a381a5e64a7f4193b94a110919200c3f (127.31.240.66:43637), d008a8aeebb34060a7b3b6c216efcad4 (127.31.240.67:41575)
I20260709 12:09:17.491340  1839 raft_consensus.cc:493] T e2ce763662234b7ba87416e5691060bf P a381a5e64a7f4193b94a110919200c3f [term 0 FOLLOWER]: Starting pre-election (no leader contacted us within the election timeout)
I20260709 12:09:17.491804  1839 raft_consensus.cc:515] T e2ce763662234b7ba87416e5691060bf P a381a5e64a7f4193b94a110919200c3f [term 0 FOLLOWER]: Starting pre-election with config: opid_index: -1 OBSOLETE_local: false peers { permanent_uuid: "acfbf2e996424e90818c6e98b8c9a10e" member_type: VOTER last_known_addr { host: "127.31.240.65" port: 34893 } } peers { permanent_uuid: "a381a5e64a7f4193b94a110919200c3f" member_type: VOTER last_known_addr { host: "127.31.240.66" port: 43637 } } peers { permanent_uuid: "d008a8aeebb34060a7b3b6c216efcad4" member_type: VOTER last_known_addr { host: "127.31.240.67" port: 41575 } }
I20260709 12:09:17.493448  1573 tablet_service.cc:1917] Received RequestConsensusVote() RPC: tablet_id: "28dd650b1e994f0a9a813c10cd4d510c" candidate_uuid: "acfbf2e996424e90818c6e98b8c9a10e" candidate_term: 1 candidate_status { last_received { term: 0 index: 0 } } ignore_live_leader: false dest_uuid: "d008a8aeebb34060a7b3b6c216efcad4" is_pre_election: true
I20260709 12:09:17.493806  1839 leader_election.cc:290] T e2ce763662234b7ba87416e5691060bf P a381a5e64a7f4193b94a110919200c3f [CANDIDATE]: Term 1 pre-election: Requested pre-vote from peers acfbf2e996424e90818c6e98b8c9a10e (127.31.240.65:34893), d008a8aeebb34060a7b3b6c216efcad4 (127.31.240.67:41575)
W20260709 12:09:17.494858  1388 leader_election.cc:343] T 28dd650b1e994f0a9a813c10cd4d510c P acfbf2e996424e90818c6e98b8c9a10e [CANDIDATE]: Term 1 pre-election: Tablet error from VoteRequest() call to peer d008a8aeebb34060a7b3b6c216efcad4 (127.31.240.67:41575): Illegal state: must be running to vote when last-logged opid is not known
I20260709 12:09:17.495805  1571 tablet_service.cc:1917] Received RequestConsensusVote() RPC: tablet_id: "b753bfa808c54767953d44879757908b" candidate_uuid: "acfbf2e996424e90818c6e98b8c9a10e" candidate_term: 1 candidate_status { last_received { term: 0 index: 0 } } ignore_live_leader: false dest_uuid: "d008a8aeebb34060a7b3b6c216efcad4" is_pre_election: true
I20260709 12:09:17.496953  1500 tablet_service.cc:1917] Received RequestConsensusVote() RPC: tablet_id: "28dd650b1e994f0a9a813c10cd4d510c" candidate_uuid: "acfbf2e996424e90818c6e98b8c9a10e" candidate_term: 1 candidate_status { last_received { term: 0 index: 0 } } ignore_live_leader: false dest_uuid: "a381a5e64a7f4193b94a110919200c3f" is_pre_election: true
W20260709 12:09:17.497399  1388 leader_election.cc:343] T b753bfa808c54767953d44879757908b P acfbf2e996424e90818c6e98b8c9a10e [CANDIDATE]: Term 1 pre-election: Tablet error from VoteRequest() call to peer d008a8aeebb34060a7b3b6c216efcad4 (127.31.240.67:41575): Illegal state: must be running to vote when last-logged opid is not known
I20260709 12:09:17.496918  1496 tablet_service.cc:1917] Received RequestConsensusVote() RPC: tablet_id: "b753bfa808c54767953d44879757908b" candidate_uuid: "acfbf2e996424e90818c6e98b8c9a10e" candidate_term: 1 candidate_status { last_received { term: 0 index: 0 } } ignore_live_leader: false dest_uuid: "a381a5e64a7f4193b94a110919200c3f" is_pre_election: true
I20260709 12:09:17.498154  1496 raft_consensus.cc:2468] T b753bfa808c54767953d44879757908b P a381a5e64a7f4193b94a110919200c3f [term 0 FOLLOWER]: Leader pre-election vote request: Granting yes vote for candidate acfbf2e996424e90818c6e98b8c9a10e in term 0.
I20260709 12:09:17.498095  1697 leader_election.cc:290] T b753bfa808c54767953d44879757908b P acfbf2e996424e90818c6e98b8c9a10e [CANDIDATE]: Term 1 pre-election: Requested pre-vote from peers a381a5e64a7f4193b94a110919200c3f (127.31.240.66:43637), d008a8aeebb34060a7b3b6c216efcad4 (127.31.240.67:41575)
I20260709 12:09:17.499042  1571 tablet_service.cc:1917] Received RequestConsensusVote() RPC: tablet_id: "e2ce763662234b7ba87416e5691060bf" candidate_uuid: "a381a5e64a7f4193b94a110919200c3f" candidate_term: 1 candidate_status { last_received { term: 0 index: 0 } } ignore_live_leader: false dest_uuid: "d008a8aeebb34060a7b3b6c216efcad4" is_pre_election: true
W20260709 12:09:17.501031  1390 leader_election.cc:343] T 28dd650b1e994f0a9a813c10cd4d510c P acfbf2e996424e90818c6e98b8c9a10e [CANDIDATE]: Term 1 pre-election: Tablet error from VoteRequest() call to peer a381a5e64a7f4193b94a110919200c3f (127.31.240.66:43637): Illegal state: must be running to vote when last-logged opid is not known
I20260709 12:09:17.500114  1421 tablet_service.cc:1917] Received RequestConsensusVote() RPC: tablet_id: "e2ce763662234b7ba87416e5691060bf" candidate_uuid: "a381a5e64a7f4193b94a110919200c3f" candidate_term: 1 candidate_status { last_received { term: 0 index: 0 } } ignore_live_leader: false dest_uuid: "acfbf2e996424e90818c6e98b8c9a10e" is_pre_election: true
I20260709 12:09:17.501597  1390 leader_election.cc:304] T 28dd650b1e994f0a9a813c10cd4d510c P acfbf2e996424e90818c6e98b8c9a10e [CANDIDATE]: Term 1 pre-election: Election decided. Result: candidate lost. Election summary: received 3 responses out of 3 voters: 1 yes votes; 2 no votes. yes voters: acfbf2e996424e90818c6e98b8c9a10e; no voters: a381a5e64a7f4193b94a110919200c3f, d008a8aeebb34060a7b3b6c216efcad4
I20260709 12:09:17.502846  1390 leader_election.cc:304] T b753bfa808c54767953d44879757908b P acfbf2e996424e90818c6e98b8c9a10e [CANDIDATE]: Term 1 pre-election: Election decided. Result: candidate won. Election summary: received 3 responses out of 3 voters: 2 yes votes; 1 no votes. yes voters: a381a5e64a7f4193b94a110919200c3f, acfbf2e996424e90818c6e98b8c9a10e; no voters: d008a8aeebb34060a7b3b6c216efcad4
I20260709 12:09:17.503531  1756 raft_consensus.cc:2749] T 28dd650b1e994f0a9a813c10cd4d510c P acfbf2e996424e90818c6e98b8c9a10e [term 0 FOLLOWER]: Leader pre-election lost for term 1. Reason: could not achieve majority
I20260709 12:09:17.504281  1756 raft_consensus.cc:2804] T b753bfa808c54767953d44879757908b P acfbf2e996424e90818c6e98b8c9a10e [term 0 FOLLOWER]: Leader pre-election won for term 1
I20260709 12:09:17.504689  1756 raft_consensus.cc:493] T b753bfa808c54767953d44879757908b P acfbf2e996424e90818c6e98b8c9a10e [term 0 FOLLOWER]: Starting leader election (no leader contacted us within the election timeout)
I20260709 12:09:17.505525  1756 raft_consensus.cc:3060] T b753bfa808c54767953d44879757908b P acfbf2e996424e90818c6e98b8c9a10e [term 0 FOLLOWER]: Advancing to term 1
I20260709 12:09:17.506548  1616 tablet_bootstrap.cc:654] T 8609d9795b3944b594657c5dd6e59670 P d008a8aeebb34060a7b3b6c216efcad4: Neither blocks nor log segments found. Creating new log.
I20260709 12:09:17.512998  1422 raft_consensus.cc:2468] T f68b3fbfe6ae4e6ea31023712962d8d0 P acfbf2e996424e90818c6e98b8c9a10e [term 1 FOLLOWER]: Leader election vote request: Granting yes vote for candidate a381a5e64a7f4193b94a110919200c3f in term 1.
I20260709 12:09:17.512563  1320 catalog_manager.cc:5697] T e1aedde6a08846fab9f4aeffc6f4696f P a381a5e64a7f4193b94a110919200c3f reported cstate change: term changed from 0 to 1, leader changed from <none> to a381a5e64a7f4193b94a110919200c3f (127.31.240.66). New cstate: current_term: 1 leader_uuid: "a381a5e64a7f4193b94a110919200c3f" committed_config { opid_index: -1 OBSOLETE_local: false peers { permanent_uuid: "acfbf2e996424e90818c6e98b8c9a10e" member_type: VOTER last_known_addr { host: "127.31.240.65" port: 34893 } health_report { overall_health: UNKNOWN } } peers { permanent_uuid: "a381a5e64a7f4193b94a110919200c3f" member_type: VOTER last_known_addr { host: "127.31.240.66" port: 43637 } health_report { overall_health: HEALTHY } } peers { permanent_uuid: "d008a8aeebb34060a7b3b6c216efcad4" member_type: VOTER last_known_addr { host: "127.31.240.67" port: 41575 } health_report { overall_health: UNKNOWN } } }
I20260709 12:09:17.515700  1465 leader_election.cc:304] T f68b3fbfe6ae4e6ea31023712962d8d0 P a381a5e64a7f4193b94a110919200c3f [CANDIDATE]: Term 1 election: Election decided. Result: candidate won. Election summary: received 3 responses out of 3 voters: 2 yes votes; 1 no votes. yes voters: a381a5e64a7f4193b94a110919200c3f, acfbf2e996424e90818c6e98b8c9a10e; no voters: d008a8aeebb34060a7b3b6c216efcad4
I20260709 12:09:17.517055  1463 leader_election.cc:304] T e2ce763662234b7ba87416e5691060bf P a381a5e64a7f4193b94a110919200c3f [CANDIDATE]: Term 1 pre-election: Election decided. Result: candidate lost. Election summary: received 3 responses out of 3 voters: 1 yes votes; 2 no votes. yes voters: a381a5e64a7f4193b94a110919200c3f; no voters: acfbf2e996424e90818c6e98b8c9a10e, d008a8aeebb34060a7b3b6c216efcad4
I20260709 12:09:17.518865  1756 raft_consensus.cc:515] T b753bfa808c54767953d44879757908b P acfbf2e996424e90818c6e98b8c9a10e [term 1 FOLLOWER]: Starting leader election with config: opid_index: -1 OBSOLETE_local: false peers { permanent_uuid: "acfbf2e996424e90818c6e98b8c9a10e" member_type: VOTER last_known_addr { host: "127.31.240.65" port: 34893 } } peers { permanent_uuid: "a381a5e64a7f4193b94a110919200c3f" member_type: VOTER last_known_addr { host: "127.31.240.66" port: 43637 } } peers { permanent_uuid: "d008a8aeebb34060a7b3b6c216efcad4" member_type: VOTER last_known_addr { host: "127.31.240.67" port: 41575 } }
I20260709 12:09:17.519317  1758 raft_consensus.cc:2804] T f68b3fbfe6ae4e6ea31023712962d8d0 P a381a5e64a7f4193b94a110919200c3f [term 1 FOLLOWER]: Leader election won for term 1
I20260709 12:09:17.519915  1629 raft_consensus.cc:2749] T e2ce763662234b7ba87416e5691060bf P a381a5e64a7f4193b94a110919200c3f [term 0 FOLLOWER]: Leader pre-election lost for term 1. Reason: could not achieve majority
I20260709 12:09:17.522116  1496 tablet_service.cc:1917] Received RequestConsensusVote() RPC: tablet_id: "b753bfa808c54767953d44879757908b" candidate_uuid: "acfbf2e996424e90818c6e98b8c9a10e" candidate_term: 1 candidate_status { last_received { term: 0 index: 0 } } ignore_live_leader: false dest_uuid: "a381a5e64a7f4193b94a110919200c3f"
I20260709 12:09:17.522821  1496 raft_consensus.cc:3060] T b753bfa808c54767953d44879757908b P a381a5e64a7f4193b94a110919200c3f [term 0 FOLLOWER]: Advancing to term 1
I20260709 12:09:17.524510  1573 tablet_service.cc:1917] Received RequestConsensusVote() RPC: tablet_id: "b753bfa808c54767953d44879757908b" candidate_uuid: "acfbf2e996424e90818c6e98b8c9a10e" candidate_term: 1 candidate_status { last_received { term: 0 index: 0 } } ignore_live_leader: false dest_uuid: "d008a8aeebb34060a7b3b6c216efcad4"
W20260709 12:09:17.525843  1388 leader_election.cc:343] T b753bfa808c54767953d44879757908b P acfbf2e996424e90818c6e98b8c9a10e [CANDIDATE]: Term 1 election: Tablet error from VoteRequest() call to peer d008a8aeebb34060a7b3b6c216efcad4 (127.31.240.67:41575): Illegal state: must be running to vote when last-logged opid is not known
I20260709 12:09:17.528185  1756 leader_election.cc:290] T b753bfa808c54767953d44879757908b P acfbf2e996424e90818c6e98b8c9a10e [CANDIDATE]: Term 1 election: Requested vote from peers a381a5e64a7f4193b94a110919200c3f (127.31.240.66:43637), d008a8aeebb34060a7b3b6c216efcad4 (127.31.240.67:41575)
I20260709 12:09:17.529960  1756 consensus_queue.cc:1048] T 207ceaaaa5f04052b08242201400a8c6 P acfbf2e996424e90818c6e98b8c9a10e [LEADER]: Connected to new peer: Peer: permanent_uuid: "d008a8aeebb34060a7b3b6c216efcad4" member_type: VOTER last_known_addr { host: "127.31.240.67" port: 41575 }, Status: LMP_MISMATCH, Last received: 0.0, Next index: 1, Last known committed idx: 0, Time since last communication: 0.000s
I20260709 12:09:17.530543  1496 raft_consensus.cc:2468] T b753bfa808c54767953d44879757908b P a381a5e64a7f4193b94a110919200c3f [term 1 FOLLOWER]: Leader election vote request: Granting yes vote for candidate acfbf2e996424e90818c6e98b8c9a10e in term 1.
I20260709 12:09:17.531589  1758 raft_consensus.cc:697] T f68b3fbfe6ae4e6ea31023712962d8d0 P a381a5e64a7f4193b94a110919200c3f [term 1 LEADER]: Becoming Leader. State: Replica: a381a5e64a7f4193b94a110919200c3f, State: Running, Role: LEADER
I20260709 12:09:17.532522  1758 consensus_queue.cc:237] T f68b3fbfe6ae4e6ea31023712962d8d0 P a381a5e64a7f4193b94a110919200c3f [LEADER]: Queue going to LEADER mode. State: All replicated index: 0, Majority replicated index: 0, Committed index: 0, Last appended: 0.0, Last appended by leader: 0, Current term: 1, Majority size: 2, State: 0, Mode: LEADER, active raft config: opid_index: -1 OBSOLETE_local: false peers { permanent_uuid: "acfbf2e996424e90818c6e98b8c9a10e" member_type: VOTER last_known_addr { host: "127.31.240.65" port: 34893 } } peers { permanent_uuid: "a381a5e64a7f4193b94a110919200c3f" member_type: VOTER last_known_addr { host: "127.31.240.66" port: 43637 } } peers { permanent_uuid: "d008a8aeebb34060a7b3b6c216efcad4" member_type: VOTER last_known_addr { host: "127.31.240.67" port: 41575 } }
I20260709 12:09:17.534276  1616 tablet_bootstrap.cc:492] T 8609d9795b3944b594657c5dd6e59670 P d008a8aeebb34060a7b3b6c216efcad4: No bootstrap required, opened a new log
I20260709 12:09:17.534825  1616 ts_tablet_manager.cc:1403] T 8609d9795b3944b594657c5dd6e59670 P d008a8aeebb34060a7b3b6c216efcad4: Time spent bootstrapping tablet: real 0.059s	user 0.018s	sys 0.002s
I20260709 12:09:17.535347  1390 leader_election.cc:304] T b753bfa808c54767953d44879757908b P acfbf2e996424e90818c6e98b8c9a10e [CANDIDATE]: Term 1 election: Election decided. Result: candidate won. Election summary: received 3 responses out of 3 voters: 2 yes votes; 1 no votes. yes voters: a381a5e64a7f4193b94a110919200c3f, acfbf2e996424e90818c6e98b8c9a10e; no voters: d008a8aeebb34060a7b3b6c216efcad4
I20260709 12:09:17.536319  1756 raft_consensus.cc:2804] T b753bfa808c54767953d44879757908b P acfbf2e996424e90818c6e98b8c9a10e [term 1 FOLLOWER]: Leader election won for term 1
I20260709 12:09:17.534204  1614 ts_tablet_manager.cc:1434] T 2a2b48c17d0a434899a12df024b9847b P acfbf2e996424e90818c6e98b8c9a10e: Time spent starting tablet: real 0.077s	user 0.005s	sys 0.001s
I20260709 12:09:17.537705  1614 tablet_bootstrap.cc:492] T a7f80a6807e7481796b7f76dd7a3b760 P acfbf2e996424e90818c6e98b8c9a10e: Bootstrap starting.
I20260709 12:09:17.540719  1697 consensus_queue.cc:1048] T 3de14eb277734d81a51284603e39a7a1 P acfbf2e996424e90818c6e98b8c9a10e [LEADER]: Connected to new peer: Peer: permanent_uuid: "d008a8aeebb34060a7b3b6c216efcad4" member_type: VOTER last_known_addr { host: "127.31.240.67" port: 41575 }, Status: LMP_MISMATCH, Last received: 0.0, Next index: 1, Last known committed idx: 0, Time since last communication: 0.001s
I20260709 12:09:17.541276  1500 raft_consensus.cc:3060] T 207ceaaaa5f04052b08242201400a8c6 P a381a5e64a7f4193b94a110919200c3f [term 0 FOLLOWER]: Advancing to term 1
I20260709 12:09:17.541436  1756 raft_consensus.cc:697] T b753bfa808c54767953d44879757908b P acfbf2e996424e90818c6e98b8c9a10e [term 1 LEADER]: Becoming Leader. State: Replica: acfbf2e996424e90818c6e98b8c9a10e, State: Running, Role: LEADER
I20260709 12:09:17.542493  1756 consensus_queue.cc:237] T b753bfa808c54767953d44879757908b P acfbf2e996424e90818c6e98b8c9a10e [LEADER]: Queue going to LEADER mode. State: All replicated index: 0, Majority replicated index: 0, Committed index: 0, Last appended: 0.0, Last appended by leader: 0, Current term: 1, Majority size: 2, State: 0, Mode: LEADER, active raft config: opid_index: -1 OBSOLETE_local: false peers { permanent_uuid: "acfbf2e996424e90818c6e98b8c9a10e" member_type: VOTER last_known_addr { host: "127.31.240.65" port: 34893 } } peers { permanent_uuid: "a381a5e64a7f4193b94a110919200c3f" member_type: VOTER last_known_addr { host: "127.31.240.66" port: 43637 } } peers { permanent_uuid: "d008a8aeebb34060a7b3b6c216efcad4" member_type: VOTER last_known_addr { host: "127.31.240.67" port: 41575 } }
I20260709 12:09:17.552999  1697 consensus_queue.cc:1048] T 207ceaaaa5f04052b08242201400a8c6 P acfbf2e996424e90818c6e98b8c9a10e [LEADER]: Connected to new peer: Peer: permanent_uuid: "a381a5e64a7f4193b94a110919200c3f" member_type: VOTER last_known_addr { host: "127.31.240.66" port: 43637 }, Status: LMP_MISMATCH, Last received: 0.0, Next index: 1, Last known committed idx: 0, Time since last communication: 0.001s
I20260709 12:09:17.554910  1616 raft_consensus.cc:359] T 8609d9795b3944b594657c5dd6e59670 P d008a8aeebb34060a7b3b6c216efcad4 [term 0 FOLLOWER]: Replica starting. Triggering 0 pending ops. Active config: opid_index: -1 OBSOLETE_local: false peers { permanent_uuid: "acfbf2e996424e90818c6e98b8c9a10e" member_type: VOTER last_known_addr { host: "127.31.240.65" port: 34893 } } peers { permanent_uuid: "a381a5e64a7f4193b94a110919200c3f" member_type: VOTER last_known_addr { host: "127.31.240.66" port: 43637 } } peers { permanent_uuid: "d008a8aeebb34060a7b3b6c216efcad4" member_type: VOTER last_known_addr { host: "127.31.240.67" port: 41575 } }
I20260709 12:09:17.555691  1616 raft_consensus.cc:385] T 8609d9795b3944b594657c5dd6e59670 P d008a8aeebb34060a7b3b6c216efcad4 [term 0 FOLLOWER]: Consensus starting up: Expiring failure detector timer to make a prompt election more likely
I20260709 12:09:17.555955  1616 raft_consensus.cc:740] T 8609d9795b3944b594657c5dd6e59670 P d008a8aeebb34060a7b3b6c216efcad4 [term 0 FOLLOWER]: Becoming Follower/Learner. State: Replica: d008a8aeebb34060a7b3b6c216efcad4, State: Initialized, Role: FOLLOWER
I20260709 12:09:17.557394  1616 consensus_queue.cc:260] T 8609d9795b3944b594657c5dd6e59670 P d008a8aeebb34060a7b3b6c216efcad4 [NON_LEADER]: Queue going to NON_LEADER mode. State: All replicated index: 0, Majority replicated index: 0, Committed index: 0, Last appended: 0.0, Last appended by leader: 0, Current term: 0, Majority size: -1, State: 0, Mode: NON_LEADER, active raft config: opid_index: -1 OBSOLETE_local: false peers { permanent_uuid: "acfbf2e996424e90818c6e98b8c9a10e" member_type: VOTER last_known_addr { host: "127.31.240.65" port: 34893 } } peers { permanent_uuid: "a381a5e64a7f4193b94a110919200c3f" member_type: VOTER last_known_addr { host: "127.31.240.66" port: 43637 } } peers { permanent_uuid: "d008a8aeebb34060a7b3b6c216efcad4" member_type: VOTER last_known_addr { host: "127.31.240.67" port: 41575 } }
I20260709 12:09:17.564366  1697 consensus_queue.cc:1048] T 3de14eb277734d81a51284603e39a7a1 P acfbf2e996424e90818c6e98b8c9a10e [LEADER]: Connected to new peer: Peer: permanent_uuid: "a381a5e64a7f4193b94a110919200c3f" member_type: VOTER last_known_addr { host: "127.31.240.66" port: 43637 }, Status: LMP_MISMATCH, Last received: 0.0, Next index: 1, Last known committed idx: 0, Time since last communication: 0.001s
I20260709 12:09:17.572997  1616 ts_tablet_manager.cc:1434] T 8609d9795b3944b594657c5dd6e59670 P d008a8aeebb34060a7b3b6c216efcad4: Time spent starting tablet: real 0.038s	user 0.006s	sys 0.000s
I20260709 12:09:17.574116  1616 tablet_bootstrap.cc:492] T f68b3fbfe6ae4e6ea31023712962d8d0 P d008a8aeebb34060a7b3b6c216efcad4: Bootstrap starting.
I20260709 12:09:17.581807  1498 raft_consensus.cc:3060] T e2ce763662234b7ba87416e5691060bf P a381a5e64a7f4193b94a110919200c3f [term 0 FOLLOWER]: Advancing to term 1
I20260709 12:09:17.584467  1616 tablet_bootstrap.cc:654] T f68b3fbfe6ae4e6ea31023712962d8d0 P d008a8aeebb34060a7b3b6c216efcad4: Neither blocks nor log segments found. Creating new log.
I20260709 12:09:17.587509  1614 tablet_bootstrap.cc:654] T a7f80a6807e7481796b7f76dd7a3b760 P acfbf2e996424e90818c6e98b8c9a10e: Neither blocks nor log segments found. Creating new log.
I20260709 12:09:17.596271  1320 catalog_manager.cc:5697] T b753bfa808c54767953d44879757908b P acfbf2e996424e90818c6e98b8c9a10e reported cstate change: term changed from 0 to 1, leader changed from <none> to acfbf2e996424e90818c6e98b8c9a10e (127.31.240.65). New cstate: current_term: 1 leader_uuid: "acfbf2e996424e90818c6e98b8c9a10e" committed_config { opid_index: -1 OBSOLETE_local: false peers { permanent_uuid: "acfbf2e996424e90818c6e98b8c9a10e" member_type: VOTER last_known_addr { host: "127.31.240.65" port: 34893 } health_report { overall_health: HEALTHY } } peers { permanent_uuid: "a381a5e64a7f4193b94a110919200c3f" member_type: VOTER last_known_addr { host: "127.31.240.66" port: 43637 } health_report { overall_health: UNKNOWN } } peers { permanent_uuid: "d008a8aeebb34060a7b3b6c216efcad4" member_type: VOTER last_known_addr { host: "127.31.240.67" port: 41575 } health_report { overall_health: UNKNOWN } } }
I20260709 12:09:17.594070  1323 catalog_manager.cc:5697] T f68b3fbfe6ae4e6ea31023712962d8d0 P a381a5e64a7f4193b94a110919200c3f reported cstate change: term changed from 0 to 1, leader changed from <none> to a381a5e64a7f4193b94a110919200c3f (127.31.240.66). New cstate: current_term: 1 leader_uuid: "a381a5e64a7f4193b94a110919200c3f" committed_config { opid_index: -1 OBSOLETE_local: false peers { permanent_uuid: "acfbf2e996424e90818c6e98b8c9a10e" member_type: VOTER last_known_addr { host: "127.31.240.65" port: 34893 } health_report { overall_health: UNKNOWN } } peers { permanent_uuid: "a381a5e64a7f4193b94a110919200c3f" member_type: VOTER last_known_addr { host: "127.31.240.66" port: 43637 } health_report { overall_health: HEALTHY } } peers { permanent_uuid: "d008a8aeebb34060a7b3b6c216efcad4" member_type: VOTER last_known_addr { host: "127.31.240.67" port: 41575 } health_report { overall_health: UNKNOWN } } }
I20260709 12:09:17.603767  1792 consensus_queue.cc:1048] T 3ad488968c944b3ea5ff2bf10f4c4579 P acfbf2e996424e90818c6e98b8c9a10e [LEADER]: Connected to new peer: Peer: permanent_uuid: "d008a8aeebb34060a7b3b6c216efcad4" member_type: VOTER last_known_addr { host: "127.31.240.67" port: 41575 }, Status: LMP_MISMATCH, Last received: 0.0, Next index: 1, Last known committed idx: 0, Time since last communication: 0.000s
I20260709 12:09:17.604692  1571 raft_consensus.cc:3060] T e4ac34f95fe24aaa93a54cf842f243cf P d008a8aeebb34060a7b3b6c216efcad4 [term 0 FOLLOWER]: Advancing to term 1
I20260709 12:09:17.619410  1619 tablet_bootstrap.cc:492] T 2a2b48c17d0a434899a12df024b9847b P a381a5e64a7f4193b94a110919200c3f: No bootstrap required, opened a new log
I20260709 12:09:17.620000  1619 ts_tablet_manager.cc:1403] T 2a2b48c17d0a434899a12df024b9847b P a381a5e64a7f4193b94a110919200c3f: Time spent bootstrapping tablet: real 0.147s	user 0.039s	sys 0.026s
I20260709 12:09:17.675344  1758 raft_consensus.cc:493] T a7f80a6807e7481796b7f76dd7a3b760 P a381a5e64a7f4193b94a110919200c3f [term 0 FOLLOWER]: Starting pre-election (no leader contacted us within the election timeout)
I20260709 12:09:17.676023  1758 raft_consensus.cc:515] T a7f80a6807e7481796b7f76dd7a3b760 P a381a5e64a7f4193b94a110919200c3f [term 0 FOLLOWER]: Starting pre-election with config: opid_index: -1 OBSOLETE_local: false peers { permanent_uuid: "acfbf2e996424e90818c6e98b8c9a10e" member_type: VOTER last_known_addr { host: "127.31.240.65" port: 34893 } } peers { permanent_uuid: "a381a5e64a7f4193b94a110919200c3f" member_type: VOTER last_known_addr { host: "127.31.240.66" port: 43637 } } peers { permanent_uuid: "d008a8aeebb34060a7b3b6c216efcad4" member_type: VOTER last_known_addr { host: "127.31.240.67" port: 41575 } }
I20260709 12:09:17.694849  1616 tablet_bootstrap.cc:492] T f68b3fbfe6ae4e6ea31023712962d8d0 P d008a8aeebb34060a7b3b6c216efcad4: No bootstrap required, opened a new log
I20260709 12:09:17.695606  1616 ts_tablet_manager.cc:1403] T f68b3fbfe6ae4e6ea31023712962d8d0 P d008a8aeebb34060a7b3b6c216efcad4: Time spent bootstrapping tablet: real 0.122s	user 0.019s	sys 0.027s
I20260709 12:09:17.705003  1619 raft_consensus.cc:359] T 2a2b48c17d0a434899a12df024b9847b P a381a5e64a7f4193b94a110919200c3f [term 0 FOLLOWER]: Replica starting. Triggering 0 pending ops. Active config: opid_index: -1 OBSOLETE_local: false peers { permanent_uuid: "acfbf2e996424e90818c6e98b8c9a10e" member_type: VOTER last_known_addr { host: "127.31.240.65" port: 34893 } } peers { permanent_uuid: "a381a5e64a7f4193b94a110919200c3f" member_type: VOTER last_known_addr { host: "127.31.240.66" port: 43637 } } peers { permanent_uuid: "d008a8aeebb34060a7b3b6c216efcad4" member_type: VOTER last_known_addr { host: "127.31.240.67" port: 41575 } }
I20260709 12:09:17.705735  1619 raft_consensus.cc:385] T 2a2b48c17d0a434899a12df024b9847b P a381a5e64a7f4193b94a110919200c3f [term 0 FOLLOWER]: Consensus starting up: Expiring failure detector timer to make a prompt election more likely
I20260709 12:09:17.706003  1619 raft_consensus.cc:740] T 2a2b48c17d0a434899a12df024b9847b P a381a5e64a7f4193b94a110919200c3f [term 0 FOLLOWER]: Becoming Follower/Learner. State: Replica: a381a5e64a7f4193b94a110919200c3f, State: Initialized, Role: FOLLOWER
I20260709 12:09:17.708652  1619 consensus_queue.cc:260] T 2a2b48c17d0a434899a12df024b9847b P a381a5e64a7f4193b94a110919200c3f [NON_LEADER]: Queue going to NON_LEADER mode. State: All replicated index: 0, Majority replicated index: 0, Committed index: 0, Last appended: 0.0, Last appended by leader: 0, Current term: 0, Majority size: -1, State: 0, Mode: NON_LEADER, active raft config: opid_index: -1 OBSOLETE_local: false peers { permanent_uuid: "acfbf2e996424e90818c6e98b8c9a10e" member_type: VOTER last_known_addr { host: "127.31.240.65" port: 34893 } } peers { permanent_uuid: "a381a5e64a7f4193b94a110919200c3f" member_type: VOTER last_known_addr { host: "127.31.240.66" port: 43637 } } peers { permanent_uuid: "d008a8aeebb34060a7b3b6c216efcad4" member_type: VOTER last_known_addr { host: "127.31.240.67" port: 41575 } }
I20260709 12:09:17.711336  1629 raft_consensus.cc:493] T 32b0781739be43baa449c01399f72e59 P a381a5e64a7f4193b94a110919200c3f [term 0 FOLLOWER]: Starting pre-election (no leader contacted us within the election timeout)
I20260709 12:09:17.713337  1619 ts_tablet_manager.cc:1434] T 2a2b48c17d0a434899a12df024b9847b P a381a5e64a7f4193b94a110919200c3f: Time spent starting tablet: real 0.093s	user 0.008s	sys 0.005s
I20260709 12:09:17.714174  1619 tablet_bootstrap.cc:492] T db9c66741c7c40e9876e6b7d80beffba P a381a5e64a7f4193b94a110919200c3f: Bootstrap starting.
I20260709 12:09:17.711814  1629 raft_consensus.cc:515] T 32b0781739be43baa449c01399f72e59 P a381a5e64a7f4193b94a110919200c3f [term 0 FOLLOWER]: Starting pre-election with config: opid_index: -1 OBSOLETE_local: false peers { permanent_uuid: "acfbf2e996424e90818c6e98b8c9a10e" member_type: VOTER last_known_addr { host: "127.31.240.65" port: 34893 } } peers { permanent_uuid: "a381a5e64a7f4193b94a110919200c3f" member_type: VOTER last_known_addr { host: "127.31.240.66" port: 43637 } } peers { permanent_uuid: "d008a8aeebb34060a7b3b6c216efcad4" member_type: VOTER last_known_addr { host: "127.31.240.67" port: 41575 } }
I20260709 12:09:17.732540  1666 raft_consensus.cc:493] T 8609d9795b3944b594657c5dd6e59670 P d008a8aeebb34060a7b3b6c216efcad4 [term 0 FOLLOWER]: Starting pre-election (no leader contacted us within the election timeout)
I20260709 12:09:17.733115  1666 raft_consensus.cc:515] T 8609d9795b3944b594657c5dd6e59670 P d008a8aeebb34060a7b3b6c216efcad4 [term 0 FOLLOWER]: Starting pre-election with config: opid_index: -1 OBSOLETE_local: false peers { permanent_uuid: "acfbf2e996424e90818c6e98b8c9a10e" member_type: VOTER last_known_addr { host: "127.31.240.65" port: 34893 } } peers { permanent_uuid: "a381a5e64a7f4193b94a110919200c3f" member_type: VOTER last_known_addr { host: "127.31.240.66" port: 43637 } } peers { permanent_uuid: "d008a8aeebb34060a7b3b6c216efcad4" member_type: VOTER last_known_addr { host: "127.31.240.67" port: 41575 } }
I20260709 12:09:17.761955  1421 tablet_service.cc:1917] Received RequestConsensusVote() RPC: tablet_id: "a7f80a6807e7481796b7f76dd7a3b760" candidate_uuid: "a381a5e64a7f4193b94a110919200c3f" candidate_term: 1 candidate_status { last_received { term: 0 index: 0 } } ignore_live_leader: false dest_uuid: "acfbf2e996424e90818c6e98b8c9a10e" is_pre_election: true
I20260709 12:09:17.763903  1666 leader_election.cc:290] T 8609d9795b3944b594657c5dd6e59670 P d008a8aeebb34060a7b3b6c216efcad4 [CANDIDATE]: Term 1 pre-election: Requested pre-vote from peers acfbf2e996424e90818c6e98b8c9a10e (127.31.240.65:34893), a381a5e64a7f4193b94a110919200c3f (127.31.240.66:43637)
I20260709 12:09:17.765972  1614 tablet_bootstrap.cc:492] T a7f80a6807e7481796b7f76dd7a3b760 P acfbf2e996424e90818c6e98b8c9a10e: No bootstrap required, opened a new log
I20260709 12:09:17.766510  1614 ts_tablet_manager.cc:1403] T a7f80a6807e7481796b7f76dd7a3b760 P acfbf2e996424e90818c6e98b8c9a10e: Time spent bootstrapping tablet: real 0.229s	user 0.018s	sys 0.012s
I20260709 12:09:17.769270  1629 leader_election.cc:290] T 32b0781739be43baa449c01399f72e59 P a381a5e64a7f4193b94a110919200c3f [CANDIDATE]: Term 1 pre-election: Requested pre-vote from peers acfbf2e996424e90818c6e98b8c9a10e (127.31.240.65:34893), d008a8aeebb34060a7b3b6c216efcad4 (127.31.240.67:41575)
W20260709 12:09:17.764823  1465 leader_election.cc:343] T a7f80a6807e7481796b7f76dd7a3b760 P a381a5e64a7f4193b94a110919200c3f [CANDIDATE]: Term 1 pre-election: Tablet error from VoteRequest() call to peer acfbf2e996424e90818c6e98b8c9a10e (127.31.240.65:34893): Illegal state: must be running to vote when last-logged opid is not known
I20260709 12:09:17.781180  1616 raft_consensus.cc:359] T f68b3fbfe6ae4e6ea31023712962d8d0 P d008a8aeebb34060a7b3b6c216efcad4 [term 0 FOLLOWER]: Replica starting. Triggering 0 pending ops. Active config: opid_index: -1 OBSOLETE_local: false peers { permanent_uuid: "acfbf2e996424e90818c6e98b8c9a10e" member_type: VOTER last_known_addr { host: "127.31.240.65" port: 34893 } } peers { permanent_uuid: "a381a5e64a7f4193b94a110919200c3f" member_type: VOTER last_known_addr { host: "127.31.240.66" port: 43637 } } peers { permanent_uuid: "d008a8aeebb34060a7b3b6c216efcad4" member_type: VOTER last_known_addr { host: "127.31.240.67" port: 41575 } }
I20260709 12:09:17.781908  1616 raft_consensus.cc:385] T f68b3fbfe6ae4e6ea31023712962d8d0 P d008a8aeebb34060a7b3b6c216efcad4 [term 0 FOLLOWER]: Consensus starting up: Expiring failure detector timer to make a prompt election more likely
I20260709 12:09:17.782127  1616 raft_consensus.cc:740] T f68b3fbfe6ae4e6ea31023712962d8d0 P d008a8aeebb34060a7b3b6c216efcad4 [term 0 FOLLOWER]: Becoming Follower/Learner. State: Replica: d008a8aeebb34060a7b3b6c216efcad4, State: Initialized, Role: FOLLOWER
I20260709 12:09:17.783965  1571 tablet_service.cc:1917] Received RequestConsensusVote() RPC: tablet_id: "32b0781739be43baa449c01399f72e59" candidate_uuid: "a381a5e64a7f4193b94a110919200c3f" candidate_term: 1 candidate_status { last_received { term: 0 index: 0 } } ignore_live_leader: false dest_uuid: "d008a8aeebb34060a7b3b6c216efcad4" is_pre_election: true
