I20260709 12:12:54.202080  5468 raft_consensus.cc:740] T 16e2b06ece274d418c746cf58212fa78 P 0de2db368ec146838572d32376389551 [term 0 FOLLOWER]: Becoming Follower/Learner. State: Replica: 0de2db368ec146838572d32376389551, State: Initialized, Role: FOLLOWER
I20260709 12:12:54.203722  5468 consensus_queue.cc:260] T 16e2b06ece274d418c746cf58212fa78 P 0de2db368ec146838572d32376389551 [NON_LEADER]: Queue going to NON_LEADER mode. State: All replicated index: 0, Majority replicated index: 0, Committed index: 0, Last appended: 0.0, Last appended by leader: 0, Current term: 0, Majority size: -1, State: 0, Mode: NON_LEADER, active raft config: opid_index: -1 OBSOLETE_local: false peers { permanent_uuid: "0de2db368ec146838572d32376389551" member_type: VOTER last_known_addr { host: "127.3.253.65" port: 34301 } } peers { permanent_uuid: "9da35ddcda834fc3a627e7190c6e0ac7" member_type: VOTER last_known_addr { host: "127.3.253.66" port: 42493 } } peers { permanent_uuid: "1221855753514aa69024f4bbb5682cbe" member_type: VOTER last_known_addr { host: "127.3.253.67" port: 42833 } }
I20260709 12:12:54.206054  5468 ts_tablet_manager.cc:1434] T 16e2b06ece274d418c746cf58212fa78 P 0de2db368ec146838572d32376389551: Time spent starting tablet: real 0.011s	user 0.005s	sys 0.000s
I20260709 12:12:54.206208  5469 tablet_bootstrap.cc:492] T 769eff7355ba439bbf779c3319f23c80 P 1221855753514aa69024f4bbb5682cbe: No bootstrap required, opened a new log
I20260709 12:12:54.206640  5469 ts_tablet_manager.cc:1403] T 769eff7355ba439bbf779c3319f23c80 P 1221855753514aa69024f4bbb5682cbe: Time spent bootstrapping tablet: real 0.034s	user 0.014s	sys 0.001s
I20260709 12:12:54.207540  5468 tablet_bootstrap.cc:492] T eb1477b91d1b46839fc90667872de3d6 P 0de2db368ec146838572d32376389551: Bootstrap starting.
I20260709 12:12:54.207986  5473 raft_consensus.cc:493] T 1e0fbacdd99145a2b064d7f56a0a07b3 P 9da35ddcda834fc3a627e7190c6e0ac7 [term 0 FOLLOWER]: Starting pre-election (no leader contacted us within the election timeout)
I20260709 12:12:54.208448  5473 raft_consensus.cc:515] T 1e0fbacdd99145a2b064d7f56a0a07b3 P 9da35ddcda834fc3a627e7190c6e0ac7 [term 0 FOLLOWER]: Starting pre-election with config: opid_index: -1 OBSOLETE_local: false peers { permanent_uuid: "0de2db368ec146838572d32376389551" member_type: VOTER last_known_addr { host: "127.3.253.65" port: 34301 } } peers { permanent_uuid: "9da35ddcda834fc3a627e7190c6e0ac7" member_type: VOTER last_known_addr { host: "127.3.253.66" port: 42493 } } peers { permanent_uuid: "1221855753514aa69024f4bbb5682cbe" member_type: VOTER last_known_addr { host: "127.3.253.67" port: 42833 } }
I20260709 12:12:54.209589  5469 raft_consensus.cc:359] T 769eff7355ba439bbf779c3319f23c80 P 1221855753514aa69024f4bbb5682cbe [term 0 FOLLOWER]: Replica starting. Triggering 0 pending ops. Active config: opid_index: -1 OBSOLETE_local: false peers { permanent_uuid: "0de2db368ec146838572d32376389551" member_type: VOTER last_known_addr { host: "127.3.253.65" port: 34301 } } peers { permanent_uuid: "9da35ddcda834fc3a627e7190c6e0ac7" member_type: VOTER last_known_addr { host: "127.3.253.66" port: 42493 } } peers { permanent_uuid: "1221855753514aa69024f4bbb5682cbe" member_type: VOTER last_known_addr { host: "127.3.253.67" port: 42833 } }
I20260709 12:12:54.210336  5469 raft_consensus.cc:385] T 769eff7355ba439bbf779c3319f23c80 P 1221855753514aa69024f4bbb5682cbe [term 0 FOLLOWER]: Consensus starting up: Expiring failure detector timer to make a prompt election more likely
I20260709 12:12:54.210618  5469 raft_consensus.cc:740] T 769eff7355ba439bbf779c3319f23c80 P 1221855753514aa69024f4bbb5682cbe [term 0 FOLLOWER]: Becoming Follower/Learner. State: Replica: 1221855753514aa69024f4bbb5682cbe, State: Initialized, Role: FOLLOWER
I20260709 12:12:54.211623  5469 consensus_queue.cc:260] T 769eff7355ba439bbf779c3319f23c80 P 1221855753514aa69024f4bbb5682cbe [NON_LEADER]: Queue going to NON_LEADER mode. State: All replicated index: 0, Majority replicated index: 0, Committed index: 0, Last appended: 0.0, Last appended by leader: 0, Current term: 0, Majority size: -1, State: 0, Mode: NON_LEADER, active raft config: opid_index: -1 OBSOLETE_local: false peers { permanent_uuid: "0de2db368ec146838572d32376389551" member_type: VOTER last_known_addr { host: "127.3.253.65" port: 34301 } } peers { permanent_uuid: "9da35ddcda834fc3a627e7190c6e0ac7" member_type: VOTER last_known_addr { host: "127.3.253.66" port: 42493 } } peers { permanent_uuid: "1221855753514aa69024f4bbb5682cbe" member_type: VOTER last_known_addr { host: "127.3.253.67" port: 42833 } }
I20260709 12:12:54.212157  5425 tablet_service.cc:1917] Received RequestConsensusVote() RPC: tablet_id: "1e0fbacdd99145a2b064d7f56a0a07b3" candidate_uuid: "9da35ddcda834fc3a627e7190c6e0ac7" candidate_term: 1 candidate_status { last_received { term: 0 index: 0 } } ignore_live_leader: false dest_uuid: "1221855753514aa69024f4bbb5682cbe" is_pre_election: true
I20260709 12:12:54.214175  5469 ts_tablet_manager.cc:1434] T 769eff7355ba439bbf779c3319f23c80 P 1221855753514aa69024f4bbb5682cbe: Time spent starting tablet: real 0.007s	user 0.007s	sys 0.000s
I20260709 12:12:54.214277  5468 tablet_bootstrap.cc:654] T eb1477b91d1b46839fc90667872de3d6 P 0de2db368ec146838572d32376389551: Neither blocks nor log segments found. Creating new log.
I20260709 12:12:54.214272  5278 tablet_service.cc:1917] Received RequestConsensusVote() RPC: tablet_id: "1e0fbacdd99145a2b064d7f56a0a07b3" candidate_uuid: "9da35ddcda834fc3a627e7190c6e0ac7" candidate_term: 1 candidate_status { last_received { term: 0 index: 0 } } ignore_live_leader: false dest_uuid: "0de2db368ec146838572d32376389551" is_pre_election: true
I20260709 12:12:54.215075  5278 raft_consensus.cc:2468] T 1e0fbacdd99145a2b064d7f56a0a07b3 P 0de2db368ec146838572d32376389551 [term 0 FOLLOWER]: Leader pre-election vote request: Granting yes vote for candidate 9da35ddcda834fc3a627e7190c6e0ac7 in term 0.
I20260709 12:12:54.215479  5467 tablet_bootstrap.cc:654] T 5b03456fee0f43c3b33063d882a543b5 P 9da35ddcda834fc3a627e7190c6e0ac7: Neither blocks nor log segments found. Creating new log.
W20260709 12:12:54.216363  5316 leader_election.cc:343] T 1e0fbacdd99145a2b064d7f56a0a07b3 P 9da35ddcda834fc3a627e7190c6e0ac7 [CANDIDATE]: Term 1 pre-election: Tablet error from VoteRequest() call to peer 1221855753514aa69024f4bbb5682cbe (127.3.253.67:42833): Illegal state: must be running to vote when last-logged opid is not known
I20260709 12:12:54.217501  5318 leader_election.cc:304] T 1e0fbacdd99145a2b064d7f56a0a07b3 P 9da35ddcda834fc3a627e7190c6e0ac7 [CANDIDATE]: Term 1 pre-election: Election decided. Result: candidate won. Election summary: received 3 responses out of 3 voters: 2 yes votes; 1 no votes. yes voters: 0de2db368ec146838572d32376389551, 9da35ddcda834fc3a627e7190c6e0ac7; no voters: 1221855753514aa69024f4bbb5682cbe
I20260709 12:12:54.218353  5492 raft_consensus.cc:2804] T 1e0fbacdd99145a2b064d7f56a0a07b3 P 9da35ddcda834fc3a627e7190c6e0ac7 [term 0 FOLLOWER]: Leader pre-election won for term 1
I20260709 12:12:54.218600  5469 tablet_bootstrap.cc:492] T f046dc9e3f064b64a8f258ef8895cc44 P 1221855753514aa69024f4bbb5682cbe: Bootstrap starting.
I20260709 12:12:54.218696  5492 raft_consensus.cc:493] T 1e0fbacdd99145a2b064d7f56a0a07b3 P 9da35ddcda834fc3a627e7190c6e0ac7 [term 0 FOLLOWER]: Starting leader election (no leader contacted us within the election timeout)
I20260709 12:12:54.219281  5492 raft_consensus.cc:3060] T 1e0fbacdd99145a2b064d7f56a0a07b3 P 9da35ddcda834fc3a627e7190c6e0ac7 [term 0 FOLLOWER]: Advancing to term 1
I20260709 12:12:54.210651  5473 leader_election.cc:290] T 1e0fbacdd99145a2b064d7f56a0a07b3 P 9da35ddcda834fc3a627e7190c6e0ac7 [CANDIDATE]: Term 1 pre-election: Requested pre-vote from peers 0de2db368ec146838572d32376389551 (127.3.253.65:34301), 1221855753514aa69024f4bbb5682cbe (127.3.253.67:42833)
I20260709 12:12:54.226567  5469 tablet_bootstrap.cc:654] T f046dc9e3f064b64a8f258ef8895cc44 P 1221855753514aa69024f4bbb5682cbe: Neither blocks nor log segments found. Creating new log.
I20260709 12:12:54.227916  5468 tablet_bootstrap.cc:492] T eb1477b91d1b46839fc90667872de3d6 P 0de2db368ec146838572d32376389551: No bootstrap required, opened a new log
I20260709 12:12:54.228410  5468 ts_tablet_manager.cc:1403] T eb1477b91d1b46839fc90667872de3d6 P 0de2db368ec146838572d32376389551: Time spent bootstrapping tablet: real 0.021s	user 0.015s	sys 0.004s
I20260709 12:12:54.231527  5492 raft_consensus.cc:515] T 1e0fbacdd99145a2b064d7f56a0a07b3 P 9da35ddcda834fc3a627e7190c6e0ac7 [term 1 FOLLOWER]: Starting leader election with config: opid_index: -1 OBSOLETE_local: false peers { permanent_uuid: "0de2db368ec146838572d32376389551" member_type: VOTER last_known_addr { host: "127.3.253.65" port: 34301 } } peers { permanent_uuid: "9da35ddcda834fc3a627e7190c6e0ac7" member_type: VOTER last_known_addr { host: "127.3.253.66" port: 42493 } } peers { permanent_uuid: "1221855753514aa69024f4bbb5682cbe" member_type: VOTER last_known_addr { host: "127.3.253.67" port: 42833 } }
I20260709 12:12:54.231876  5468 raft_consensus.cc:359] T eb1477b91d1b46839fc90667872de3d6 P 0de2db368ec146838572d32376389551 [term 0 FOLLOWER]: Replica starting. Triggering 0 pending ops. Active config: opid_index: -1 OBSOLETE_local: false peers { permanent_uuid: "0de2db368ec146838572d32376389551" member_type: VOTER last_known_addr { host: "127.3.253.65" port: 34301 } } peers { permanent_uuid: "9da35ddcda834fc3a627e7190c6e0ac7" member_type: VOTER last_known_addr { host: "127.3.253.66" port: 42493 } } peers { permanent_uuid: "1221855753514aa69024f4bbb5682cbe" member_type: VOTER last_known_addr { host: "127.3.253.67" port: 42833 } }
I20260709 12:12:54.233068  5468 raft_consensus.cc:385] T eb1477b91d1b46839fc90667872de3d6 P 0de2db368ec146838572d32376389551 [term 0 FOLLOWER]: Consensus starting up: Expiring failure detector timer to make a prompt election more likely
I20260709 12:12:54.233471  5468 raft_consensus.cc:740] T eb1477b91d1b46839fc90667872de3d6 P 0de2db368ec146838572d32376389551 [term 0 FOLLOWER]: Becoming Follower/Learner. State: Replica: 0de2db368ec146838572d32376389551, State: Initialized, Role: FOLLOWER
I20260709 12:12:54.233718  5467 tablet_bootstrap.cc:492] T 5b03456fee0f43c3b33063d882a543b5 P 9da35ddcda834fc3a627e7190c6e0ac7: No bootstrap required, opened a new log
I20260709 12:12:54.234228  5467 ts_tablet_manager.cc:1403] T 5b03456fee0f43c3b33063d882a543b5 P 9da35ddcda834fc3a627e7190c6e0ac7: Time spent bootstrapping tablet: real 0.038s	user 0.006s	sys 0.005s
I20260709 12:12:54.235342  5278 tablet_service.cc:1917] Received RequestConsensusVote() RPC: tablet_id: "1e0fbacdd99145a2b064d7f56a0a07b3" candidate_uuid: "9da35ddcda834fc3a627e7190c6e0ac7" candidate_term: 1 candidate_status { last_received { term: 0 index: 0 } } ignore_live_leader: false dest_uuid: "0de2db368ec146838572d32376389551"
I20260709 12:12:54.236002  5278 raft_consensus.cc:3060] T 1e0fbacdd99145a2b064d7f56a0a07b3 P 0de2db368ec146838572d32376389551 [term 0 FOLLOWER]: Advancing to term 1
I20260709 12:12:54.234571  5468 consensus_queue.cc:260] T eb1477b91d1b46839fc90667872de3d6 P 0de2db368ec146838572d32376389551 [NON_LEADER]: Queue going to NON_LEADER mode. State: All replicated index: 0, Majority replicated index: 0, Committed index: 0, Last appended: 0.0, Last appended by leader: 0, Current term: 0, Majority size: -1, State: 0, Mode: NON_LEADER, active raft config: opid_index: -1 OBSOLETE_local: false peers { permanent_uuid: "0de2db368ec146838572d32376389551" member_type: VOTER last_known_addr { host: "127.3.253.65" port: 34301 } } peers { permanent_uuid: "9da35ddcda834fc3a627e7190c6e0ac7" member_type: VOTER last_known_addr { host: "127.3.253.66" port: 42493 } } peers { permanent_uuid: "1221855753514aa69024f4bbb5682cbe" member_type: VOTER last_known_addr { host: "127.3.253.67" port: 42833 } }
I20260709 12:12:54.237129  5467 raft_consensus.cc:359] T 5b03456fee0f43c3b33063d882a543b5 P 9da35ddcda834fc3a627e7190c6e0ac7 [term 0 FOLLOWER]: Replica starting. Triggering 0 pending ops. Active config: opid_index: -1 OBSOLETE_local: false peers { permanent_uuid: "0de2db368ec146838572d32376389551" member_type: VOTER last_known_addr { host: "127.3.253.65" port: 34301 } } peers { permanent_uuid: "9da35ddcda834fc3a627e7190c6e0ac7" member_type: VOTER last_known_addr { host: "127.3.253.66" port: 42493 } } peers { permanent_uuid: "1221855753514aa69024f4bbb5682cbe" member_type: VOTER last_known_addr { host: "127.3.253.67" port: 42833 } }
I20260709 12:12:54.237821  5467 raft_consensus.cc:385] T 5b03456fee0f43c3b33063d882a543b5 P 9da35ddcda834fc3a627e7190c6e0ac7 [term 0 FOLLOWER]: Consensus starting up: Expiring failure detector timer to make a prompt election more likely
I20260709 12:12:54.238111  5467 raft_consensus.cc:740] T 5b03456fee0f43c3b33063d882a543b5 P 9da35ddcda834fc3a627e7190c6e0ac7 [term 0 FOLLOWER]: Becoming Follower/Learner. State: Replica: 9da35ddcda834fc3a627e7190c6e0ac7, State: Initialized, Role: FOLLOWER
I20260709 12:12:54.239004  5467 consensus_queue.cc:260] T 5b03456fee0f43c3b33063d882a543b5 P 9da35ddcda834fc3a627e7190c6e0ac7 [NON_LEADER]: Queue going to NON_LEADER mode. State: All replicated index: 0, Majority replicated index: 0, Committed index: 0, Last appended: 0.0, Last appended by leader: 0, Current term: 0, Majority size: -1, State: 0, Mode: NON_LEADER, active raft config: opid_index: -1 OBSOLETE_local: false peers { permanent_uuid: "0de2db368ec146838572d32376389551" member_type: VOTER last_known_addr { host: "127.3.253.65" port: 34301 } } peers { permanent_uuid: "9da35ddcda834fc3a627e7190c6e0ac7" member_type: VOTER last_known_addr { host: "127.3.253.66" port: 42493 } } peers { permanent_uuid: "1221855753514aa69024f4bbb5682cbe" member_type: VOTER last_known_addr { host: "127.3.253.67" port: 42833 } }
I20260709 12:12:54.241879  5473 raft_consensus.cc:493] T dc36b593b5e24bb68901af9c4d18d6a8 P 9da35ddcda834fc3a627e7190c6e0ac7 [term 0 FOLLOWER]: Starting pre-election (no leader contacted us within the election timeout)
I20260709 12:12:54.242409  5468 ts_tablet_manager.cc:1434] T eb1477b91d1b46839fc90667872de3d6 P 0de2db368ec146838572d32376389551: Time spent starting tablet: real 0.014s	user 0.007s	sys 0.002s
I20260709 12:12:54.242457  5473 raft_consensus.cc:515] T dc36b593b5e24bb68901af9c4d18d6a8 P 9da35ddcda834fc3a627e7190c6e0ac7 [term 0 FOLLOWER]: Starting pre-election with config: opid_index: -1 OBSOLETE_local: false peers { permanent_uuid: "0de2db368ec146838572d32376389551" member_type: VOTER last_known_addr { host: "127.3.253.65" port: 34301 } } peers { permanent_uuid: "9da35ddcda834fc3a627e7190c6e0ac7" member_type: VOTER last_known_addr { host: "127.3.253.66" port: 42493 } } peers { permanent_uuid: "1221855753514aa69024f4bbb5682cbe" member_type: VOTER last_known_addr { host: "127.3.253.67" port: 42833 } }
I20260709 12:12:54.244027  5468 tablet_bootstrap.cc:492] T 56b956ecce9c466482ad29b284ec2226 P 0de2db368ec146838572d32376389551: Bootstrap starting.
I20260709 12:12:54.246723  5277 tablet_service.cc:1917] Received RequestConsensusVote() RPC: tablet_id: "dc36b593b5e24bb68901af9c4d18d6a8" candidate_uuid: "9da35ddcda834fc3a627e7190c6e0ac7" candidate_term: 1 candidate_status { last_received { term: 0 index: 0 } } ignore_live_leader: false dest_uuid: "0de2db368ec146838572d32376389551" is_pre_election: true
W20260709 12:12:54.248713  5318 leader_election.cc:343] T dc36b593b5e24bb68901af9c4d18d6a8 P 9da35ddcda834fc3a627e7190c6e0ac7 [CANDIDATE]: Term 1 pre-election: Tablet error from VoteRequest() call to peer 0de2db368ec146838572d32376389551 (127.3.253.65:34301): Illegal state: must be running to vote when last-logged opid is not known
I20260709 12:12:54.251576  5425 tablet_service.cc:1917] Received RequestConsensusVote() RPC: tablet_id: "dc36b593b5e24bb68901af9c4d18d6a8" candidate_uuid: "9da35ddcda834fc3a627e7190c6e0ac7" candidate_term: 1 candidate_status { last_received { term: 0 index: 0 } } ignore_live_leader: false dest_uuid: "1221855753514aa69024f4bbb5682cbe" is_pre_election: true
I20260709 12:12:54.252966  5468 tablet_bootstrap.cc:654] T 56b956ecce9c466482ad29b284ec2226 P 0de2db368ec146838572d32376389551: Neither blocks nor log segments found. Creating new log.
W20260709 12:12:54.253520  5316 leader_election.cc:343] T dc36b593b5e24bb68901af9c4d18d6a8 P 9da35ddcda834fc3a627e7190c6e0ac7 [CANDIDATE]: Term 1 pre-election: Tablet error from VoteRequest() call to peer 1221855753514aa69024f4bbb5682cbe (127.3.253.67:42833): Illegal state: must be running to vote when last-logged opid is not known
I20260709 12:12:54.254141  5316 leader_election.cc:304] T dc36b593b5e24bb68901af9c4d18d6a8 P 9da35ddcda834fc3a627e7190c6e0ac7 [CANDIDATE]: Term 1 pre-election: Election decided. Result: candidate lost. Election summary: received 3 responses out of 3 voters: 1 yes votes; 2 no votes. yes voters: 9da35ddcda834fc3a627e7190c6e0ac7; no voters: 0de2db368ec146838572d32376389551, 1221855753514aa69024f4bbb5682cbe
I20260709 12:12:54.259330  5473 leader_election.cc:290] T dc36b593b5e24bb68901af9c4d18d6a8 P 9da35ddcda834fc3a627e7190c6e0ac7 [CANDIDATE]: Term 1 pre-election: Requested pre-vote from peers 0de2db368ec146838572d32376389551 (127.3.253.65:34301), 1221855753514aa69024f4bbb5682cbe (127.3.253.67:42833)
I20260709 12:12:54.267634  5468 tablet_bootstrap.cc:492] T 56b956ecce9c466482ad29b284ec2226 P 0de2db368ec146838572d32376389551: No bootstrap required, opened a new log
I20260709 12:12:54.268339  5468 ts_tablet_manager.cc:1403] T 56b956ecce9c466482ad29b284ec2226 P 0de2db368ec146838572d32376389551: Time spent bootstrapping tablet: real 0.025s	user 0.012s	sys 0.009s
I20260709 12:12:54.271514  5473 raft_consensus.cc:2749] T dc36b593b5e24bb68901af9c4d18d6a8 P 9da35ddcda834fc3a627e7190c6e0ac7 [term 0 FOLLOWER]: Leader pre-election lost for term 1. Reason: could not achieve majority
I20260709 12:12:54.272200  5468 raft_consensus.cc:359] T 56b956ecce9c466482ad29b284ec2226 P 0de2db368ec146838572d32376389551 [term 0 FOLLOWER]: Replica starting. Triggering 0 pending ops. Active config: opid_index: -1 OBSOLETE_local: false peers { permanent_uuid: "0de2db368ec146838572d32376389551" member_type: VOTER last_known_addr { host: "127.3.253.65" port: 34301 } } peers { permanent_uuid: "9da35ddcda834fc3a627e7190c6e0ac7" member_type: VOTER last_known_addr { host: "127.3.253.66" port: 42493 } } peers { permanent_uuid: "1221855753514aa69024f4bbb5682cbe" member_type: VOTER last_known_addr { host: "127.3.253.67" port: 42833 } }
I20260709 12:12:54.273589  5468 raft_consensus.cc:385] T 56b956ecce9c466482ad29b284ec2226 P 0de2db368ec146838572d32376389551 [term 0 FOLLOWER]: Consensus starting up: Expiring failure detector timer to make a prompt election more likely
I20260709 12:12:54.274049  5468 raft_consensus.cc:740] T 56b956ecce9c466482ad29b284ec2226 P 0de2db368ec146838572d32376389551 [term 0 FOLLOWER]: Becoming Follower/Learner. State: Replica: 0de2db368ec146838572d32376389551, State: Initialized, Role: FOLLOWER
I20260709 12:12:54.275146  5468 consensus_queue.cc:260] T 56b956ecce9c466482ad29b284ec2226 P 0de2db368ec146838572d32376389551 [NON_LEADER]: Queue going to NON_LEADER mode. State: All replicated index: 0, Majority replicated index: 0, Committed index: 0, Last appended: 0.0, Last appended by leader: 0, Current term: 0, Majority size: -1, State: 0, Mode: NON_LEADER, active raft config: opid_index: -1 OBSOLETE_local: false peers { permanent_uuid: "0de2db368ec146838572d32376389551" member_type: VOTER last_known_addr { host: "127.3.253.65" port: 34301 } } peers { permanent_uuid: "9da35ddcda834fc3a627e7190c6e0ac7" member_type: VOTER last_known_addr { host: "127.3.253.66" port: 42493 } } peers { permanent_uuid: "1221855753514aa69024f4bbb5682cbe" member_type: VOTER last_known_addr { host: "127.3.253.67" port: 42833 } }
I20260709 12:12:54.277994  5492 leader_election.cc:290] T 1e0fbacdd99145a2b064d7f56a0a07b3 P 9da35ddcda834fc3a627e7190c6e0ac7 [CANDIDATE]: Term 1 election: Requested vote from peers 0de2db368ec146838572d32376389551 (127.3.253.65:34301), 1221855753514aa69024f4bbb5682cbe (127.3.253.67:42833)
I20260709 12:12:54.278599  5468 ts_tablet_manager.cc:1434] T 56b956ecce9c466482ad29b284ec2226 P 0de2db368ec146838572d32376389551: Time spent starting tablet: real 0.010s	user 0.007s	sys 0.001s
I20260709 12:12:54.284798  5468 tablet_bootstrap.cc:492] T 5d1ef97264f74227861ff93feb1d5ef1 P 0de2db368ec146838572d32376389551: Bootstrap starting.
I20260709 12:12:54.280305  5278 raft_consensus.cc:2468] T 1e0fbacdd99145a2b064d7f56a0a07b3 P 0de2db368ec146838572d32376389551 [term 1 FOLLOWER]: Leader election vote request: Granting yes vote for candidate 9da35ddcda834fc3a627e7190c6e0ac7 in term 1.
I20260709 12:12:54.286567  5318 leader_election.cc:304] T 1e0fbacdd99145a2b064d7f56a0a07b3 P 9da35ddcda834fc3a627e7190c6e0ac7 [CANDIDATE]: Term 1 election: Election decided. Result: candidate won. Election summary: received 2 responses out of 3 voters: 2 yes votes; 0 no votes. yes voters: 0de2db368ec146838572d32376389551, 9da35ddcda834fc3a627e7190c6e0ac7; no voters: 
I20260709 12:12:54.287935  5492 raft_consensus.cc:2804] T 1e0fbacdd99145a2b064d7f56a0a07b3 P 9da35ddcda834fc3a627e7190c6e0ac7 [term 1 FOLLOWER]: Leader election won for term 1
I20260709 12:12:54.288661  5492 raft_consensus.cc:697] T 1e0fbacdd99145a2b064d7f56a0a07b3 P 9da35ddcda834fc3a627e7190c6e0ac7 [term 1 LEADER]: Becoming Leader. State: Replica: 9da35ddcda834fc3a627e7190c6e0ac7, State: Running, Role: LEADER
I20260709 12:12:54.290807  5492 consensus_queue.cc:237] T 1e0fbacdd99145a2b064d7f56a0a07b3 P 9da35ddcda834fc3a627e7190c6e0ac7 [LEADER]: Queue going to LEADER mode. State: All replicated index: 0, Majority replicated index: 0, Committed index: 0, Last appended: 0.0, Last appended by leader: 0, Current term: 1, Majority size: 2, State: 0, Mode: LEADER, active raft config: opid_index: -1 OBSOLETE_local: false peers { permanent_uuid: "0de2db368ec146838572d32376389551" member_type: VOTER last_known_addr { host: "127.3.253.65" port: 34301 } } peers { permanent_uuid: "9da35ddcda834fc3a627e7190c6e0ac7" member_type: VOTER last_known_addr { host: "127.3.253.66" port: 42493 } } peers { permanent_uuid: "1221855753514aa69024f4bbb5682cbe" member_type: VOTER last_known_addr { host: "127.3.253.67" port: 42833 } }
I20260709 12:12:54.294061  5425 tablet_service.cc:1917] Received RequestConsensusVote() RPC: tablet_id: "1e0fbacdd99145a2b064d7f56a0a07b3" candidate_uuid: "9da35ddcda834fc3a627e7190c6e0ac7" candidate_term: 1 candidate_status { last_received { term: 0 index: 0 } } ignore_live_leader: false dest_uuid: "1221855753514aa69024f4bbb5682cbe"
I20260709 12:12:54.294791  5468 tablet_bootstrap.cc:654] T 5d1ef97264f74227861ff93feb1d5ef1 P 0de2db368ec146838572d32376389551: Neither blocks nor log segments found. Creating new log.
I20260709 12:12:54.295673  5469 tablet_bootstrap.cc:492] T f046dc9e3f064b64a8f258ef8895cc44 P 1221855753514aa69024f4bbb5682cbe: No bootstrap required, opened a new log
I20260709 12:12:54.296190  5469 ts_tablet_manager.cc:1403] T f046dc9e3f064b64a8f258ef8895cc44 P 1221855753514aa69024f4bbb5682cbe: Time spent bootstrapping tablet: real 0.081s	user 0.020s	sys 0.053s
W20260709 12:12:54.298985  5316 leader_election.cc:343] T 1e0fbacdd99145a2b064d7f56a0a07b3 P 9da35ddcda834fc3a627e7190c6e0ac7 [CANDIDATE]: Term 1 election: Tablet error from VoteRequest() call to peer 1221855753514aa69024f4bbb5682cbe (127.3.253.67:42833): Illegal state: must be running to vote when last-logged opid is not known
I20260709 12:12:54.299320  5467 ts_tablet_manager.cc:1434] T 5b03456fee0f43c3b33063d882a543b5 P 9da35ddcda834fc3a627e7190c6e0ac7: Time spent starting tablet: real 0.065s	user 0.030s	sys 0.036s
I20260709 12:12:54.299458  5469 raft_consensus.cc:359] T f046dc9e3f064b64a8f258ef8895cc44 P 1221855753514aa69024f4bbb5682cbe [term 0 FOLLOWER]: Replica starting. Triggering 0 pending ops. Active config: opid_index: -1 OBSOLETE_local: false peers { permanent_uuid: "0de2db368ec146838572d32376389551" member_type: VOTER last_known_addr { host: "127.3.253.65" port: 34301 } } peers { permanent_uuid: "9da35ddcda834fc3a627e7190c6e0ac7" member_type: VOTER last_known_addr { host: "127.3.253.66" port: 42493 } } peers { permanent_uuid: "1221855753514aa69024f4bbb5682cbe" member_type: VOTER last_known_addr { host: "127.3.253.67" port: 42833 } }
I20260709 12:12:54.300385  5467 tablet_bootstrap.cc:492] T eb1477b91d1b46839fc90667872de3d6 P 9da35ddcda834fc3a627e7190c6e0ac7: Bootstrap starting.
I20260709 12:12:54.300480  5469 raft_consensus.cc:385] T f046dc9e3f064b64a8f258ef8895cc44 P 1221855753514aa69024f4bbb5682cbe [term 0 FOLLOWER]: Consensus starting up: Expiring failure detector timer to make a prompt election more likely
I20260709 12:12:54.300940  5469 raft_consensus.cc:740] T f046dc9e3f064b64a8f258ef8895cc44 P 1221855753514aa69024f4bbb5682cbe [term 0 FOLLOWER]: Becoming Follower/Learner. State: Replica: 1221855753514aa69024f4bbb5682cbe, State: Initialized, Role: FOLLOWER
I20260709 12:12:54.301813  5469 consensus_queue.cc:260] T f046dc9e3f064b64a8f258ef8895cc44 P 1221855753514aa69024f4bbb5682cbe [NON_LEADER]: Queue going to NON_LEADER mode. State: All replicated index: 0, Majority replicated index: 0, Committed index: 0, Last appended: 0.0, Last appended by leader: 0, Current term: 0, Majority size: -1, State: 0, Mode: NON_LEADER, active raft config: opid_index: -1 OBSOLETE_local: false peers { permanent_uuid: "0de2db368ec146838572d32376389551" member_type: VOTER last_known_addr { host: "127.3.253.65" port: 34301 } } peers { permanent_uuid: "9da35ddcda834fc3a627e7190c6e0ac7" member_type: VOTER last_known_addr { host: "127.3.253.66" port: 42493 } } peers { permanent_uuid: "1221855753514aa69024f4bbb5682cbe" member_type: VOTER last_known_addr { host: "127.3.253.67" port: 42833 } }
I20260709 12:12:54.306746  5469 ts_tablet_manager.cc:1434] T f046dc9e3f064b64a8f258ef8895cc44 P 1221855753514aa69024f4bbb5682cbe: Time spent starting tablet: real 0.010s	user 0.006s	sys 0.002s
I20260709 12:12:54.307334  5467 tablet_bootstrap.cc:654] T eb1477b91d1b46839fc90667872de3d6 P 9da35ddcda834fc3a627e7190c6e0ac7: Neither blocks nor log segments found. Creating new log.
I20260709 12:12:54.307777  5469 tablet_bootstrap.cc:492] T eb1477b91d1b46839fc90667872de3d6 P 1221855753514aa69024f4bbb5682cbe: Bootstrap starting.
I20260709 12:12:54.311825  5468 tablet_bootstrap.cc:492] T 5d1ef97264f74227861ff93feb1d5ef1 P 0de2db368ec146838572d32376389551: No bootstrap required, opened a new log
I20260709 12:12:54.312477  5468 ts_tablet_manager.cc:1403] T 5d1ef97264f74227861ff93feb1d5ef1 P 0de2db368ec146838572d32376389551: Time spent bootstrapping tablet: real 0.028s	user 0.013s	sys 0.003s
I20260709 12:12:54.314217  5469 tablet_bootstrap.cc:654] T eb1477b91d1b46839fc90667872de3d6 P 1221855753514aa69024f4bbb5682cbe: Neither blocks nor log segments found. Creating new log.
I20260709 12:12:54.315527  5468 raft_consensus.cc:359] T 5d1ef97264f74227861ff93feb1d5ef1 P 0de2db368ec146838572d32376389551 [term 0 FOLLOWER]: Replica starting. Triggering 0 pending ops. Active config: opid_index: -1 OBSOLETE_local: false peers { permanent_uuid: "0de2db368ec146838572d32376389551" member_type: VOTER last_known_addr { host: "127.3.253.65" port: 34301 } } peers { permanent_uuid: "9da35ddcda834fc3a627e7190c6e0ac7" member_type: VOTER last_known_addr { host: "127.3.253.66" port: 42493 } } peers { permanent_uuid: "1221855753514aa69024f4bbb5682cbe" member_type: VOTER last_known_addr { host: "127.3.253.67" port: 42833 } }
I20260709 12:12:54.316689  5468 raft_consensus.cc:385] T 5d1ef97264f74227861ff93feb1d5ef1 P 0de2db368ec146838572d32376389551 [term 0 FOLLOWER]: Consensus starting up: Expiring failure detector timer to make a prompt election more likely
I20260709 12:12:54.316962  5468 raft_consensus.cc:740] T 5d1ef97264f74227861ff93feb1d5ef1 P 0de2db368ec146838572d32376389551 [term 0 FOLLOWER]: Becoming Follower/Learner. State: Replica: 0de2db368ec146838572d32376389551, State: Initialized, Role: FOLLOWER
I20260709 12:12:54.317732  5468 consensus_queue.cc:260] T 5d1ef97264f74227861ff93feb1d5ef1 P 0de2db368ec146838572d32376389551 [NON_LEADER]: Queue going to NON_LEADER mode. State: All replicated index: 0, Majority replicated index: 0, Committed index: 0, Last appended: 0.0, Last appended by leader: 0, Current term: 0, Majority size: -1, State: 0, Mode: NON_LEADER, active raft config: opid_index: -1 OBSOLETE_local: false peers { permanent_uuid: "0de2db368ec146838572d32376389551" member_type: VOTER last_known_addr { host: "127.3.253.65" port: 34301 } } peers { permanent_uuid: "9da35ddcda834fc3a627e7190c6e0ac7" member_type: VOTER last_known_addr { host: "127.3.253.66" port: 42493 } } peers { permanent_uuid: "1221855753514aa69024f4bbb5682cbe" member_type: VOTER last_known_addr { host: "127.3.253.67" port: 42833 } }
I20260709 12:12:54.321677  5468 ts_tablet_manager.cc:1434] T 5d1ef97264f74227861ff93feb1d5ef1 P 0de2db368ec146838572d32376389551: Time spent starting tablet: real 0.009s	user 0.005s	sys 0.000s
I20260709 12:12:54.322715  5468 tablet_bootstrap.cc:492] T dc36b593b5e24bb68901af9c4d18d6a8 P 0de2db368ec146838572d32376389551: Bootstrap starting.
I20260709 12:12:54.326488  5467 tablet_bootstrap.cc:492] T eb1477b91d1b46839fc90667872de3d6 P 9da35ddcda834fc3a627e7190c6e0ac7: No bootstrap required, opened a new log
I20260709 12:12:54.326946  5467 ts_tablet_manager.cc:1403] T eb1477b91d1b46839fc90667872de3d6 P 9da35ddcda834fc3a627e7190c6e0ac7: Time spent bootstrapping tablet: real 0.027s	user 0.013s	sys 0.003s
I20260709 12:12:54.328702  5468 tablet_bootstrap.cc:654] T dc36b593b5e24bb68901af9c4d18d6a8 P 0de2db368ec146838572d32376389551: Neither blocks nor log segments found. Creating new log.
I20260709 12:12:54.328125  5176 catalog_manager.cc:5697] T 1e0fbacdd99145a2b064d7f56a0a07b3 P 9da35ddcda834fc3a627e7190c6e0ac7 reported cstate change: term changed from 0 to 1, leader changed from <none> to 9da35ddcda834fc3a627e7190c6e0ac7 (127.3.253.66). New cstate: current_term: 1 leader_uuid: "9da35ddcda834fc3a627e7190c6e0ac7" committed_config { opid_index: -1 OBSOLETE_local: false peers { permanent_uuid: "0de2db368ec146838572d32376389551" member_type: VOTER last_known_addr { host: "127.3.253.65" port: 34301 } health_report { overall_health: UNKNOWN } } peers { permanent_uuid: "9da35ddcda834fc3a627e7190c6e0ac7" member_type: VOTER last_known_addr { host: "127.3.253.66" port: 42493 } health_report { overall_health: HEALTHY } } peers { permanent_uuid: "1221855753514aa69024f4bbb5682cbe" member_type: VOTER last_known_addr { host: "127.3.253.67" port: 42833 } health_report { overall_health: UNKNOWN } } }
I20260709 12:12:54.329566  5467 raft_consensus.cc:359] T eb1477b91d1b46839fc90667872de3d6 P 9da35ddcda834fc3a627e7190c6e0ac7 [term 0 FOLLOWER]: Replica starting. Triggering 0 pending ops. Active config: opid_index: -1 OBSOLETE_local: false peers { permanent_uuid: "0de2db368ec146838572d32376389551" member_type: VOTER last_known_addr { host: "127.3.253.65" port: 34301 } } peers { permanent_uuid: "9da35ddcda834fc3a627e7190c6e0ac7" member_type: VOTER last_known_addr { host: "127.3.253.66" port: 42493 } } peers { permanent_uuid: "1221855753514aa69024f4bbb5682cbe" member_type: VOTER last_known_addr { host: "127.3.253.67" port: 42833 } }
I20260709 12:12:54.330214  5467 raft_consensus.cc:385] T eb1477b91d1b46839fc90667872de3d6 P 9da35ddcda834fc3a627e7190c6e0ac7 [term 0 FOLLOWER]: Consensus starting up: Expiring failure detector timer to make a prompt election more likely
I20260709 12:12:54.332705  5469 tablet_bootstrap.cc:492] T eb1477b91d1b46839fc90667872de3d6 P 1221855753514aa69024f4bbb5682cbe: No bootstrap required, opened a new log
I20260709 12:12:54.333199  5469 ts_tablet_manager.cc:1403] T eb1477b91d1b46839fc90667872de3d6 P 1221855753514aa69024f4bbb5682cbe: Time spent bootstrapping tablet: real 0.026s	user 0.006s	sys 0.008s
I20260709 12:12:54.335855  5469 raft_consensus.cc:359] T eb1477b91d1b46839fc90667872de3d6 P 1221855753514aa69024f4bbb5682cbe [term 0 FOLLOWER]: Replica starting. Triggering 0 pending ops. Active config: opid_index: -1 OBSOLETE_local: false peers { permanent_uuid: "0de2db368ec146838572d32376389551" member_type: VOTER last_known_addr { host: "127.3.253.65" port: 34301 } } peers { permanent_uuid: "9da35ddcda834fc3a627e7190c6e0ac7" member_type: VOTER last_known_addr { host: "127.3.253.66" port: 42493 } } peers { permanent_uuid: "1221855753514aa69024f4bbb5682cbe" member_type: VOTER last_known_addr { host: "127.3.253.67" port: 42833 } }
I20260709 12:12:54.336530  5469 raft_consensus.cc:385] T eb1477b91d1b46839fc90667872de3d6 P 1221855753514aa69024f4bbb5682cbe [term 0 FOLLOWER]: Consensus starting up: Expiring failure detector timer to make a prompt election more likely
I20260709 12:12:54.336826  5469 raft_consensus.cc:740] T eb1477b91d1b46839fc90667872de3d6 P 1221855753514aa69024f4bbb5682cbe [term 0 FOLLOWER]: Becoming Follower/Learner. State: Replica: 1221855753514aa69024f4bbb5682cbe, State: Initialized, Role: FOLLOWER
I20260709 12:12:54.337419  5469 consensus_queue.cc:260] T eb1477b91d1b46839fc90667872de3d6 P 1221855753514aa69024f4bbb5682cbe [NON_LEADER]: Queue going to NON_LEADER mode. State: All replicated index: 0, Majority replicated index: 0, Committed index: 0, Last appended: 0.0, Last appended by leader: 0, Current term: 0, Majority size: -1, State: 0, Mode: NON_LEADER, active raft config: opid_index: -1 OBSOLETE_local: false peers { permanent_uuid: "0de2db368ec146838572d32376389551" member_type: VOTER last_known_addr { host: "127.3.253.65" port: 34301 } } peers { permanent_uuid: "9da35ddcda834fc3a627e7190c6e0ac7" member_type: VOTER last_known_addr { host: "127.3.253.66" port: 42493 } } peers { permanent_uuid: "1221855753514aa69024f4bbb5682cbe" member_type: VOTER last_known_addr { host: "127.3.253.67" port: 42833 } }
I20260709 12:12:54.338162  5468 tablet_bootstrap.cc:492] T dc36b593b5e24bb68901af9c4d18d6a8 P 0de2db368ec146838572d32376389551: No bootstrap required, opened a new log
I20260709 12:12:54.338594  5468 ts_tablet_manager.cc:1403] T dc36b593b5e24bb68901af9c4d18d6a8 P 0de2db368ec146838572d32376389551: Time spent bootstrapping tablet: real 0.016s	user 0.006s	sys 0.007s
I20260709 12:12:54.339315  5469 ts_tablet_manager.cc:1434] T eb1477b91d1b46839fc90667872de3d6 P 1221855753514aa69024f4bbb5682cbe: Time spent starting tablet: real 0.006s	user 0.006s	sys 0.000s
I20260709 12:12:54.340492  5469 tablet_bootstrap.cc:492] T 5b03456fee0f43c3b33063d882a543b5 P 1221855753514aa69024f4bbb5682cbe: Bootstrap starting.
I20260709 12:12:54.341048  5468 raft_consensus.cc:359] T dc36b593b5e24bb68901af9c4d18d6a8 P 0de2db368ec146838572d32376389551 [term 0 FOLLOWER]: Replica starting. Triggering 0 pending ops. Active config: opid_index: -1 OBSOLETE_local: false peers { permanent_uuid: "0de2db368ec146838572d32376389551" member_type: VOTER last_known_addr { host: "127.3.253.65" port: 34301 } } peers { permanent_uuid: "9da35ddcda834fc3a627e7190c6e0ac7" member_type: VOTER last_known_addr { host: "127.3.253.66" port: 42493 } } peers { permanent_uuid: "1221855753514aa69024f4bbb5682cbe" member_type: VOTER last_known_addr { host: "127.3.253.67" port: 42833 } }
I20260709 12:12:54.341738  5468 raft_consensus.cc:385] T dc36b593b5e24bb68901af9c4d18d6a8 P 0de2db368ec146838572d32376389551 [term 0 FOLLOWER]: Consensus starting up: Expiring failure detector timer to make a prompt election more likely
I20260709 12:12:54.342003  5468 raft_consensus.cc:740] T dc36b593b5e24bb68901af9c4d18d6a8 P 0de2db368ec146838572d32376389551 [term 0 FOLLOWER]: Becoming Follower/Learner. State: Replica: 0de2db368ec146838572d32376389551, State: Initialized, Role: FOLLOWER
I20260709 12:12:54.342653  5468 consensus_queue.cc:260] T dc36b593b5e24bb68901af9c4d18d6a8 P 0de2db368ec146838572d32376389551 [NON_LEADER]: Queue going to NON_LEADER mode. State: All replicated index: 0, Majority replicated index: 0, Committed index: 0, Last appended: 0.0, Last appended by leader: 0, Current term: 0, Majority size: -1, State: 0, Mode: NON_LEADER, active raft config: opid_index: -1 OBSOLETE_local: false peers { permanent_uuid: "0de2db368ec146838572d32376389551" member_type: VOTER last_known_addr { host: "127.3.253.65" port: 34301 } } peers { permanent_uuid: "9da35ddcda834fc3a627e7190c6e0ac7" member_type: VOTER last_known_addr { host: "127.3.253.66" port: 42493 } } peers { permanent_uuid: "1221855753514aa69024f4bbb5682cbe" member_type: VOTER last_known_addr { host: "127.3.253.67" port: 42833 } }
I20260709 12:12:54.330475  5467 raft_consensus.cc:740] T eb1477b91d1b46839fc90667872de3d6 P 9da35ddcda834fc3a627e7190c6e0ac7 [term 0 FOLLOWER]: Becoming Follower/Learner. State: Replica: 9da35ddcda834fc3a627e7190c6e0ac7, State: Initialized, Role: FOLLOWER
I20260709 12:12:54.343973  5467 consensus_queue.cc:260] T eb1477b91d1b46839fc90667872de3d6 P 9da35ddcda834fc3a627e7190c6e0ac7 [NON_LEADER]: Queue going to NON_LEADER mode. State: All replicated index: 0, Majority replicated index: 0, Committed index: 0, Last appended: 0.0, Last appended by leader: 0, Current term: 0, Majority size: -1, State: 0, Mode: NON_LEADER, active raft config: opid_index: -1 OBSOLETE_local: false peers { permanent_uuid: "0de2db368ec146838572d32376389551" member_type: VOTER last_known_addr { host: "127.3.253.65" port: 34301 } } peers { permanent_uuid: "9da35ddcda834fc3a627e7190c6e0ac7" member_type: VOTER last_known_addr { host: "127.3.253.66" port: 42493 } } peers { permanent_uuid: "1221855753514aa69024f4bbb5682cbe" member_type: VOTER last_known_addr { host: "127.3.253.67" port: 42833 } }
I20260709 12:12:54.345899  5467 ts_tablet_manager.cc:1434] T eb1477b91d1b46839fc90667872de3d6 P 9da35ddcda834fc3a627e7190c6e0ac7: Time spent starting tablet: real 0.019s	user 0.004s	sys 0.000s
I20260709 12:12:54.346755  5467 tablet_bootstrap.cc:492] T e0c76ce5f3db4ea2af5b7baaeae157ca P 9da35ddcda834fc3a627e7190c6e0ac7: Bootstrap starting.
I20260709 12:12:54.346854  5469 tablet_bootstrap.cc:654] T 5b03456fee0f43c3b33063d882a543b5 P 1221855753514aa69024f4bbb5682cbe: Neither blocks nor log segments found. Creating new log.
I20260709 12:12:54.348498  5468 ts_tablet_manager.cc:1434] T dc36b593b5e24bb68901af9c4d18d6a8 P 0de2db368ec146838572d32376389551: Time spent starting tablet: real 0.010s	user 0.003s	sys 0.003s
I20260709 12:12:54.349428  5468 tablet_bootstrap.cc:492] T 5b03456fee0f43c3b33063d882a543b5 P 0de2db368ec146838572d32376389551: Bootstrap starting.
I20260709 12:12:54.353612  5467 tablet_bootstrap.cc:654] T e0c76ce5f3db4ea2af5b7baaeae157ca P 9da35ddcda834fc3a627e7190c6e0ac7: Neither blocks nor log segments found. Creating new log.
I20260709 12:12:54.354773  5468 tablet_bootstrap.cc:654] T 5b03456fee0f43c3b33063d882a543b5 P 0de2db368ec146838572d32376389551: Neither blocks nor log segments found. Creating new log.
I20260709 12:12:54.358983  5469 tablet_bootstrap.cc:492] T 5b03456fee0f43c3b33063d882a543b5 P 1221855753514aa69024f4bbb5682cbe: No bootstrap required, opened a new log
I20260709 12:12:54.359671  5469 ts_tablet_manager.cc:1403] T 5b03456fee0f43c3b33063d882a543b5 P 1221855753514aa69024f4bbb5682cbe: Time spent bootstrapping tablet: real 0.019s	user 0.010s	sys 0.007s
I20260709 12:12:54.362800  5486 raft_consensus.cc:493] T 769eff7355ba439bbf779c3319f23c80 P 0de2db368ec146838572d32376389551 [term 0 FOLLOWER]: Starting pre-election (no leader contacted us within the election timeout)
I20260709 12:12:54.363356  5486 raft_consensus.cc:515] T 769eff7355ba439bbf779c3319f23c80 P 0de2db368ec146838572d32376389551 [term 0 FOLLOWER]: Starting pre-election with config: opid_index: -1 OBSOLETE_local: false peers { permanent_uuid: "0de2db368ec146838572d32376389551" member_type: VOTER last_known_addr { host: "127.3.253.65" port: 34301 } } peers { permanent_uuid: "9da35ddcda834fc3a627e7190c6e0ac7" member_type: VOTER last_known_addr { host: "127.3.253.66" port: 42493 } } peers { permanent_uuid: "1221855753514aa69024f4bbb5682cbe" member_type: VOTER last_known_addr { host: "127.3.253.67" port: 42833 } }
I20260709 12:12:54.362979  5469 raft_consensus.cc:359] T 5b03456fee0f43c3b33063d882a543b5 P 1221855753514aa69024f4bbb5682cbe [term 0 FOLLOWER]: Replica starting. Triggering 0 pending ops. Active config: opid_index: -1 OBSOLETE_local: false peers { permanent_uuid: "0de2db368ec146838572d32376389551" member_type: VOTER last_known_addr { host: "127.3.253.65" port: 34301 } } peers { permanent_uuid: "9da35ddcda834fc3a627e7190c6e0ac7" member_type: VOTER last_known_addr { host: "127.3.253.66" port: 42493 } } peers { permanent_uuid: "1221855753514aa69024f4bbb5682cbe" member_type: VOTER last_known_addr { host: "127.3.253.67" port: 42833 } }
I20260709 12:12:54.364440  5469 raft_consensus.cc:385] T 5b03456fee0f43c3b33063d882a543b5 P 1221855753514aa69024f4bbb5682cbe [term 0 FOLLOWER]: Consensus starting up: Expiring failure detector timer to make a prompt election more likely
I20260709 12:12:54.364934  5469 raft_consensus.cc:740] T 5b03456fee0f43c3b33063d882a543b5 P 1221855753514aa69024f4bbb5682cbe [term 0 FOLLOWER]: Becoming Follower/Learner. State: Replica: 1221855753514aa69024f4bbb5682cbe, State: Initialized, Role: FOLLOWER
I20260709 12:12:54.365477  5486 leader_election.cc:290] T 769eff7355ba439bbf779c3319f23c80 P 0de2db368ec146838572d32376389551 [CANDIDATE]: Term 1 pre-election: Requested pre-vote from peers 9da35ddcda834fc3a627e7190c6e0ac7 (127.3.253.66:42493), 1221855753514aa69024f4bbb5682cbe (127.3.253.67:42833)
I20260709 12:12:54.366137  5469 consensus_queue.cc:260] T 5b03456fee0f43c3b33063d882a543b5 P 1221855753514aa69024f4bbb5682cbe [NON_LEADER]: Queue going to NON_LEADER mode. State: All replicated index: 0, Majority replicated index: 0, Committed index: 0, Last appended: 0.0, Last appended by leader: 0, Current term: 0, Majority size: -1, State: 0, Mode: NON_LEADER, active raft config: opid_index: -1 OBSOLETE_local: false peers { permanent_uuid: "0de2db368ec146838572d32376389551" member_type: VOTER last_known_addr { host: "127.3.253.65" port: 34301 } } peers { permanent_uuid: "9da35ddcda834fc3a627e7190c6e0ac7" member_type: VOTER last_known_addr { host: "127.3.253.66" port: 42493 } } peers { permanent_uuid: "1221855753514aa69024f4bbb5682cbe" member_type: VOTER last_known_addr { host: "127.3.253.67" port: 42833 } }
I20260709 12:12:54.367380  5425 tablet_service.cc:1917] Received RequestConsensusVote() RPC: tablet_id: "769eff7355ba439bbf779c3319f23c80" candidate_uuid: "0de2db368ec146838572d32376389551" candidate_term: 1 candidate_status { last_received { term: 0 index: 0 } } ignore_live_leader: false dest_uuid: "1221855753514aa69024f4bbb5682cbe" is_pre_election: true
I20260709 12:12:54.368021  5425 raft_consensus.cc:2468] T 769eff7355ba439bbf779c3319f23c80 P 1221855753514aa69024f4bbb5682cbe [term 0 FOLLOWER]: Leader pre-election vote request: Granting yes vote for candidate 0de2db368ec146838572d32376389551 in term 0.
I20260709 12:12:54.369197  5241 leader_election.cc:304] T 769eff7355ba439bbf779c3319f23c80 P 0de2db368ec146838572d32376389551 [CANDIDATE]: Term 1 pre-election: Election decided. Result: candidate won. Election summary: received 2 responses out of 3 voters: 2 yes votes; 0 no votes. yes voters: 0de2db368ec146838572d32376389551, 1221855753514aa69024f4bbb5682cbe; no voters: 
I20260709 12:12:54.369655  5469 ts_tablet_manager.cc:1434] T 5b03456fee0f43c3b33063d882a543b5 P 1221855753514aa69024f4bbb5682cbe: Time spent starting tablet: real 0.009s	user 0.006s	sys 0.001s
I20260709 12:12:54.370630  5353 tablet_service.cc:1917] Received RequestConsensusVote() RPC: tablet_id: "769eff7355ba439bbf779c3319f23c80" candidate_uuid: "0de2db368ec146838572d32376389551" candidate_term: 1 candidate_status { last_received { term: 0 index: 0 } } ignore_live_leader: false dest_uuid: "9da35ddcda834fc3a627e7190c6e0ac7" is_pre_election: true
I20260709 12:12:54.370927  5469 tablet_bootstrap.cc:492] T dc36b593b5e24bb68901af9c4d18d6a8 P 1221855753514aa69024f4bbb5682cbe: Bootstrap starting.
W20260709 12:12:54.375308  5241 leader_election.cc:343] T 769eff7355ba439bbf779c3319f23c80 P 0de2db368ec146838572d32376389551 [CANDIDATE]: Term 1 pre-election: Tablet error from VoteRequest() call to peer 9da35ddcda834fc3a627e7190c6e0ac7 (127.3.253.66:42493): Illegal state: must be running to vote when last-logged opid is not known
I20260709 12:12:54.376204  5486 raft_consensus.cc:2804] T 769eff7355ba439bbf779c3319f23c80 P 0de2db368ec146838572d32376389551 [term 0 FOLLOWER]: Leader pre-election won for term 1
I20260709 12:12:54.376621  5486 raft_consensus.cc:493] T 769eff7355ba439bbf779c3319f23c80 P 0de2db368ec146838572d32376389551 [term 0 FOLLOWER]: Starting leader election (no leader contacted us within the election timeout)
I20260709 12:12:54.376964  5486 raft_consensus.cc:3060] T 769eff7355ba439bbf779c3319f23c80 P 0de2db368ec146838572d32376389551 [term 0 FOLLOWER]: Advancing to term 1
I20260709 12:12:54.378453  5467 tablet_bootstrap.cc:492] T e0c76ce5f3db4ea2af5b7baaeae157ca P 9da35ddcda834fc3a627e7190c6e0ac7: No bootstrap required, opened a new log
I20260709 12:12:54.378911  5469 tablet_bootstrap.cc:654] T dc36b593b5e24bb68901af9c4d18d6a8 P 1221855753514aa69024f4bbb5682cbe: Neither blocks nor log segments found. Creating new log.
I20260709 12:12:54.378949  5467 ts_tablet_manager.cc:1403] T e0c76ce5f3db4ea2af5b7baaeae157ca P 9da35ddcda834fc3a627e7190c6e0ac7: Time spent bootstrapping tablet: real 0.032s	user 0.019s	sys 0.012s
I20260709 12:12:54.381840  5467 raft_consensus.cc:359] T e0c76ce5f3db4ea2af5b7baaeae157ca P 9da35ddcda834fc3a627e7190c6e0ac7 [term 0 FOLLOWER]: Replica starting. Triggering 0 pending ops. Active config: opid_index: -1 OBSOLETE_local: false peers { permanent_uuid: "0de2db368ec146838572d32376389551" member_type: VOTER last_known_addr { host: "127.3.253.65" port: 34301 } } peers { permanent_uuid: "9da35ddcda834fc3a627e7190c6e0ac7" member_type: VOTER last_known_addr { host: "127.3.253.66" port: 42493 } } peers { permanent_uuid: "1221855753514aa69024f4bbb5682cbe" member_type: VOTER last_known_addr { host: "127.3.253.67" port: 42833 } }
I20260709 12:12:54.382373  5467 raft_consensus.cc:385] T e0c76ce5f3db4ea2af5b7baaeae157ca P 9da35ddcda834fc3a627e7190c6e0ac7 [term 0 FOLLOWER]: Consensus starting up: Expiring failure detector timer to make a prompt election more likely
I20260709 12:12:54.382648  5467 raft_consensus.cc:740] T e0c76ce5f3db4ea2af5b7baaeae157ca P 9da35ddcda834fc3a627e7190c6e0ac7 [term 0 FOLLOWER]: Becoming Follower/Learner. State: Replica: 9da35ddcda834fc3a627e7190c6e0ac7, State: Initialized, Role: FOLLOWER
I20260709 12:12:54.383327  5467 consensus_queue.cc:260] T e0c76ce5f3db4ea2af5b7baaeae157ca P 9da35ddcda834fc3a627e7190c6e0ac7 [NON_LEADER]: Queue going to NON_LEADER mode. State: All replicated index: 0, Majority replicated index: 0, Committed index: 0, Last appended: 0.0, Last appended by leader: 0, Current term: 0, Majority size: -1, State: 0, Mode: NON_LEADER, active raft config: opid_index: -1 OBSOLETE_local: false peers { permanent_uuid: "0de2db368ec146838572d32376389551" member_type: VOTER last_known_addr { host: "127.3.253.65" port: 34301 } } peers { permanent_uuid: "9da35ddcda834fc3a627e7190c6e0ac7" member_type: VOTER last_known_addr { host: "127.3.253.66" port: 42493 } } peers { permanent_uuid: "1221855753514aa69024f4bbb5682cbe" member_type: VOTER last_known_addr { host: "127.3.253.67" port: 42833 } }
I20260709 12:12:54.383788  5486 raft_consensus.cc:515] T 769eff7355ba439bbf779c3319f23c80 P 0de2db368ec146838572d32376389551 [term 1 FOLLOWER]: Starting leader election with config: opid_index: -1 OBSOLETE_local: false peers { permanent_uuid: "0de2db368ec146838572d32376389551" member_type: VOTER last_known_addr { host: "127.3.253.65" port: 34301 } } peers { permanent_uuid: "9da35ddcda834fc3a627e7190c6e0ac7" member_type: VOTER last_known_addr { host: "127.3.253.66" port: 42493 } } peers { permanent_uuid: "1221855753514aa69024f4bbb5682cbe" member_type: VOTER last_known_addr { host: "127.3.253.67" port: 42833 } }
I20260709 12:12:54.384970  5468 tablet_bootstrap.cc:492] T 5b03456fee0f43c3b33063d882a543b5 P 0de2db368ec146838572d32376389551: No bootstrap required, opened a new log
I20260709 12:12:54.385516  5469 tablet_bootstrap.cc:492] T dc36b593b5e24bb68901af9c4d18d6a8 P 1221855753514aa69024f4bbb5682cbe: No bootstrap required, opened a new log
I20260709 12:12:54.386067  5469 ts_tablet_manager.cc:1403] T dc36b593b5e24bb68901af9c4d18d6a8 P 1221855753514aa69024f4bbb5682cbe: Time spent bootstrapping tablet: real 0.015s	user 0.012s	sys 0.000s
I20260709 12:12:54.386067  5468 ts_tablet_manager.cc:1403] T 5b03456fee0f43c3b33063d882a543b5 P 0de2db368ec146838572d32376389551: Time spent bootstrapping tablet: real 0.037s	user 0.014s	sys 0.001s
I20260709 12:12:54.386410  5353 tablet_service.cc:1917] Received RequestConsensusVote() RPC: tablet_id: "769eff7355ba439bbf779c3319f23c80" candidate_uuid: "0de2db368ec146838572d32376389551" candidate_term: 1 candidate_status { last_received { term: 0 index: 0 } } ignore_live_leader: false dest_uuid: "9da35ddcda834fc3a627e7190c6e0ac7"
W20260709 12:12:54.388111  5241 leader_election.cc:343] T 769eff7355ba439bbf779c3319f23c80 P 0de2db368ec146838572d32376389551 [CANDIDATE]: Term 1 election: Tablet error from VoteRequest() call to peer 9da35ddcda834fc3a627e7190c6e0ac7 (127.3.253.66:42493): Illegal state: must be running to vote when last-logged opid is not known
I20260709 12:12:54.388705  5469 raft_consensus.cc:359] T dc36b593b5e24bb68901af9c4d18d6a8 P 1221855753514aa69024f4bbb5682cbe [term 0 FOLLOWER]: Replica starting. Triggering 0 pending ops. Active config: opid_index: -1 OBSOLETE_local: false peers { permanent_uuid: "0de2db368ec146838572d32376389551" member_type: VOTER last_known_addr { host: "127.3.253.65" port: 34301 } } peers { permanent_uuid: "9da35ddcda834fc3a627e7190c6e0ac7" member_type: VOTER last_known_addr { host: "127.3.253.66" port: 42493 } } peers { permanent_uuid: "1221855753514aa69024f4bbb5682cbe" member_type: VOTER last_known_addr { host: "127.3.253.67" port: 42833 } }
