I20260709 12:12:56.572147  5426 raft_consensus.cc:2393] T a7f0a70487034e3b99c010ea93a989a5 P 1221855753514aa69024f4bbb5682cbe [term 1 FOLLOWER]: Leader election vote request: Denying vote to candidate 9da35ddcda834fc3a627e7190c6e0ac7 in current term 1: Already voted for candidate 1221855753514aa69024f4bbb5682cbe in this term.
I20260709 12:12:56.572188  5486 leader_election.cc:290] T af325703508942a3bde6535d29aa0142 P 0de2db368ec146838572d32376389551 [CANDIDATE]: Term 1 pre-election: Requested pre-vote from peers 9da35ddcda834fc3a627e7190c6e0ac7 (127.3.253.66:42493), 1221855753514aa69024f4bbb5682cbe (127.3.253.67:42833)
I20260709 12:12:56.574702  5353 tablet_service.cc:1917] Received RequestConsensusVote() RPC: tablet_id: "a7f0a70487034e3b99c010ea93a989a5" candidate_uuid: "1221855753514aa69024f4bbb5682cbe" candidate_term: 1 candidate_status { last_received { term: 0 index: 0 } } ignore_live_leader: false dest_uuid: "9da35ddcda834fc3a627e7190c6e0ac7"
I20260709 12:12:56.575507  5353 raft_consensus.cc:2393] T a7f0a70487034e3b99c010ea93a989a5 P 9da35ddcda834fc3a627e7190c6e0ac7 [term 1 FOLLOWER]: Leader election vote request: Denying vote to candidate 1221855753514aa69024f4bbb5682cbe in current term 1: Already voted for candidate 9da35ddcda834fc3a627e7190c6e0ac7 in this term.
I20260709 12:12:56.577152  5426 tablet_service.cc:1917] Received RequestConsensusVote() RPC: tablet_id: "af325703508942a3bde6535d29aa0142" candidate_uuid: "0de2db368ec146838572d32376389551" candidate_term: 1 candidate_status { last_received { term: 0 index: 0 } } ignore_live_leader: false dest_uuid: "1221855753514aa69024f4bbb5682cbe" is_pre_election: true
I20260709 12:12:56.577158  5274 tablet_service.cc:1917] Received RequestConsensusVote() RPC: tablet_id: "a7f0a70487034e3b99c010ea93a989a5" candidate_uuid: "1221855753514aa69024f4bbb5682cbe" candidate_term: 1 candidate_status { last_received { term: 0 index: 0 } } ignore_live_leader: false dest_uuid: "0de2db368ec146838572d32376389551"
I20260709 12:12:56.578249  5467 ts_tablet_manager.cc:1434] T 9bb23600c26e464d8595459250379f1e P 9da35ddcda834fc3a627e7190c6e0ac7: Time spent starting tablet: real 0.024s	user 0.007s	sys 0.000s
I20260709 12:12:56.578392  5274 raft_consensus.cc:3060] T a7f0a70487034e3b99c010ea93a989a5 P 0de2db368ec146838572d32376389551 [term 0 FOLLOWER]: Advancing to term 1
I20260709 12:12:56.581100  5467 tablet_bootstrap.cc:492] T af325703508942a3bde6535d29aa0142 P 9da35ddcda834fc3a627e7190c6e0ac7: Bootstrap starting.
I20260709 12:12:56.578128  5516 raft_consensus.cc:515] T f046dc9e3f064b64a8f258ef8895cc44 P 9da35ddcda834fc3a627e7190c6e0ac7 [term 2 FOLLOWER]: Starting leader election with config: opid_index: -1 OBSOLETE_local: false peers { permanent_uuid: "0de2db368ec146838572d32376389551" member_type: VOTER last_known_addr { host: "127.3.253.65" port: 34301 } } peers { permanent_uuid: "9da35ddcda834fc3a627e7190c6e0ac7" member_type: VOTER last_known_addr { host: "127.3.253.66" port: 42493 } } peers { permanent_uuid: "1221855753514aa69024f4bbb5682cbe" member_type: VOTER last_known_addr { host: "127.3.253.67" port: 42833 } }
I20260709 12:12:56.569586  5276 tablet_service.cc:1917] Received RequestConsensusVote() RPC: tablet_id: "a7f0a70487034e3b99c010ea93a989a5" candidate_uuid: "9da35ddcda834fc3a627e7190c6e0ac7" candidate_term: 1 candidate_status { last_received { term: 0 index: 0 } } ignore_live_leader: false dest_uuid: "0de2db368ec146838572d32376389551"
I20260709 12:12:56.585202  5468 tablet_bootstrap.cc:492] T bb7b692d570a4892a2d7f7db9f5d9929 P 0de2db368ec146838572d32376389551: No bootstrap required, opened a new log
I20260709 12:12:56.585700  5468 ts_tablet_manager.cc:1403] T bb7b692d570a4892a2d7f7db9f5d9929 P 0de2db368ec146838572d32376389551: Time spent bootstrapping tablet: real 0.091s	user 0.010s	sys 0.001s
I20260709 12:12:56.586107  5516 leader_election.cc:290] T f046dc9e3f064b64a8f258ef8895cc44 P 9da35ddcda834fc3a627e7190c6e0ac7 [CANDIDATE]: Term 2 election: Requested vote from peers 0de2db368ec146838572d32376389551 (127.3.253.65:34301), 1221855753514aa69024f4bbb5682cbe (127.3.253.67:42833)
I20260709 12:12:56.587262  5467 tablet_bootstrap.cc:654] T af325703508942a3bde6535d29aa0142 P 9da35ddcda834fc3a627e7190c6e0ac7: Neither blocks nor log segments found. Creating new log.
I20260709 12:12:56.587397  5426 raft_consensus.cc:3060] T a15b6447ecb04feb9c4d86ce27ffb323 P 1221855753514aa69024f4bbb5682cbe [term 0 FOLLOWER]: Advancing to term 1
I20260709 12:12:56.587548  5421 tablet_service.cc:1917] Received RequestConsensusVote() RPC: tablet_id: "f046dc9e3f064b64a8f258ef8895cc44" candidate_uuid: "9da35ddcda834fc3a627e7190c6e0ac7" candidate_term: 2 candidate_status { last_received { term: 0 index: 0 } } ignore_live_leader: false dest_uuid: "1221855753514aa69024f4bbb5682cbe"
I20260709 12:12:56.588138  5421 raft_consensus.cc:3060] T f046dc9e3f064b64a8f258ef8895cc44 P 1221855753514aa69024f4bbb5682cbe [term 1 FOLLOWER]: Advancing to term 2
I20260709 12:12:56.588263  5468 raft_consensus.cc:359] T bb7b692d570a4892a2d7f7db9f5d9929 P 0de2db368ec146838572d32376389551 [term 0 FOLLOWER]: Replica starting. Triggering 0 pending ops. Active config: opid_index: -1 OBSOLETE_local: false peers { permanent_uuid: "0de2db368ec146838572d32376389551" member_type: VOTER last_known_addr { host: "127.3.253.65" port: 34301 } } peers { permanent_uuid: "9da35ddcda834fc3a627e7190c6e0ac7" member_type: VOTER last_known_addr { host: "127.3.253.66" port: 42493 } } peers { permanent_uuid: "1221855753514aa69024f4bbb5682cbe" member_type: VOTER last_known_addr { host: "127.3.253.67" port: 42833 } }
I20260709 12:12:56.588989  5468 raft_consensus.cc:385] T bb7b692d570a4892a2d7f7db9f5d9929 P 0de2db368ec146838572d32376389551 [term 0 FOLLOWER]: Consensus starting up: Expiring failure detector timer to make a prompt election more likely
I20260709 12:12:56.589260  5468 raft_consensus.cc:740] T bb7b692d570a4892a2d7f7db9f5d9929 P 0de2db368ec146838572d32376389551 [term 0 FOLLOWER]: Becoming Follower/Learner. State: Replica: 0de2db368ec146838572d32376389551, State: Initialized, Role: FOLLOWER
I20260709 12:12:56.590217  5468 consensus_queue.cc:260] T bb7b692d570a4892a2d7f7db9f5d9929 P 0de2db368ec146838572d32376389551 [NON_LEADER]: Queue going to NON_LEADER mode. State: All replicated index: 0, Majority replicated index: 0, Committed index: 0, Last appended: 0.0, Last appended by leader: 0, Current term: 0, Majority size: -1, State: 0, Mode: NON_LEADER, active raft config: opid_index: -1 OBSOLETE_local: false peers { permanent_uuid: "0de2db368ec146838572d32376389551" member_type: VOTER last_known_addr { host: "127.3.253.65" port: 34301 } } peers { permanent_uuid: "9da35ddcda834fc3a627e7190c6e0ac7" member_type: VOTER last_known_addr { host: "127.3.253.66" port: 42493 } } peers { permanent_uuid: "1221855753514aa69024f4bbb5682cbe" member_type: VOTER last_known_addr { host: "127.3.253.67" port: 42833 } }
I20260709 12:12:56.593081  5468 ts_tablet_manager.cc:1434] T bb7b692d570a4892a2d7f7db9f5d9929 P 0de2db368ec146838572d32376389551: Time spent starting tablet: real 0.007s	user 0.007s	sys 0.000s
I20260709 12:12:56.594717  5468 tablet_bootstrap.cc:492] T 7762be1517f543bfa4ad862eaf437a29 P 0de2db368ec146838572d32376389551: Bootstrap starting.
I20260709 12:12:56.595924  5467 tablet_bootstrap.cc:492] T af325703508942a3bde6535d29aa0142 P 9da35ddcda834fc3a627e7190c6e0ac7: No bootstrap required, opened a new log
I20260709 12:12:56.596388  5467 ts_tablet_manager.cc:1403] T af325703508942a3bde6535d29aa0142 P 9da35ddcda834fc3a627e7190c6e0ac7: Time spent bootstrapping tablet: real 0.015s	user 0.001s	sys 0.012s
I20260709 12:12:56.598981  5467 raft_consensus.cc:359] T af325703508942a3bde6535d29aa0142 P 9da35ddcda834fc3a627e7190c6e0ac7 [term 0 FOLLOWER]: Replica starting. Triggering 0 pending ops. Active config: opid_index: -1 OBSOLETE_local: false peers { permanent_uuid: "0de2db368ec146838572d32376389551" member_type: VOTER last_known_addr { host: "127.3.253.65" port: 34301 } } peers { permanent_uuid: "9da35ddcda834fc3a627e7190c6e0ac7" member_type: VOTER last_known_addr { host: "127.3.253.66" port: 42493 } } peers { permanent_uuid: "1221855753514aa69024f4bbb5682cbe" member_type: VOTER last_known_addr { host: "127.3.253.67" port: 42833 } }
I20260709 12:12:56.599696  5467 raft_consensus.cc:385] T af325703508942a3bde6535d29aa0142 P 9da35ddcda834fc3a627e7190c6e0ac7 [term 0 FOLLOWER]: Consensus starting up: Expiring failure detector timer to make a prompt election more likely
I20260709 12:12:56.599958  5467 raft_consensus.cc:740] T af325703508942a3bde6535d29aa0142 P 9da35ddcda834fc3a627e7190c6e0ac7 [term 0 FOLLOWER]: Becoming Follower/Learner. State: Replica: 9da35ddcda834fc3a627e7190c6e0ac7, State: Initialized, Role: FOLLOWER
I20260709 12:12:56.600597  5467 consensus_queue.cc:260] T af325703508942a3bde6535d29aa0142 P 9da35ddcda834fc3a627e7190c6e0ac7 [NON_LEADER]: Queue going to NON_LEADER mode. State: All replicated index: 0, Majority replicated index: 0, Committed index: 0, Last appended: 0.0, Last appended by leader: 0, Current term: 0, Majority size: -1, State: 0, Mode: NON_LEADER, active raft config: opid_index: -1 OBSOLETE_local: false peers { permanent_uuid: "0de2db368ec146838572d32376389551" member_type: VOTER last_known_addr { host: "127.3.253.65" port: 34301 } } peers { permanent_uuid: "9da35ddcda834fc3a627e7190c6e0ac7" member_type: VOTER last_known_addr { host: "127.3.253.66" port: 42493 } } peers { permanent_uuid: "1221855753514aa69024f4bbb5682cbe" member_type: VOTER last_known_addr { host: "127.3.253.67" port: 42833 } }
I20260709 12:12:56.601405  5274 raft_consensus.cc:2468] T a7f0a70487034e3b99c010ea93a989a5 P 0de2db368ec146838572d32376389551 [term 1 FOLLOWER]: Leader election vote request: Granting yes vote for candidate 1221855753514aa69024f4bbb5682cbe in term 1.
I20260709 12:12:56.579316  5469 tablet_bootstrap.cc:492] T e1abb711c84b406a84ff151c29aa5861 P 1221855753514aa69024f4bbb5682cbe: No bootstrap required, opened a new log
I20260709 12:12:56.571360  5318 leader_election.cc:304] T 9e84de73fb694f81a1d7a1733d74a010 P 9da35ddcda834fc3a627e7190c6e0ac7 [CANDIDATE]: Term 1 pre-election: Election decided. Result: candidate won. Election summary: received 3 responses out of 3 voters: 2 yes votes; 1 no votes. yes voters: 0de2db368ec146838572d32376389551, 9da35ddcda834fc3a627e7190c6e0ac7; no voters: 1221855753514aa69024f4bbb5682cbe
I20260709 12:12:56.602303  5421 raft_consensus.cc:2468] T f046dc9e3f064b64a8f258ef8895cc44 P 1221855753514aa69024f4bbb5682cbe [term 2 FOLLOWER]: Leader election vote request: Granting yes vote for candidate 9da35ddcda834fc3a627e7190c6e0ac7 in term 2.
I20260709 12:12:56.579491  5631 leader_election.cc:290] T a7f0a70487034e3b99c010ea93a989a5 P 1221855753514aa69024f4bbb5682cbe [CANDIDATE]: Term 1 election: Requested vote from peers 0de2db368ec146838572d32376389551 (127.3.253.65:34301), 9da35ddcda834fc3a627e7190c6e0ac7 (127.3.253.66:42493)
I20260709 12:12:56.601661  5639 consensus_queue.cc:1048] T a15b6447ecb04feb9c4d86ce27ffb323 P 9da35ddcda834fc3a627e7190c6e0ac7 [LEADER]: Connected to new peer: Peer: permanent_uuid: "1221855753514aa69024f4bbb5682cbe" member_type: VOTER last_known_addr { host: "127.3.253.67" port: 42833 }, Status: LMP_MISMATCH, Last received: 0.0, Next index: 1, Last known committed idx: 0, Time since last communication: 0.001s
I20260709 12:12:56.603013  5516 raft_consensus.cc:2804] T 9e84de73fb694f81a1d7a1733d74a010 P 9da35ddcda834fc3a627e7190c6e0ac7 [term 0 FOLLOWER]: Leader pre-election won for term 1
I20260709 12:12:56.603060  5318 leader_election.cc:304] T f622253a76894fb0bf3d7b21834b2b06 P 9da35ddcda834fc3a627e7190c6e0ac7 [CANDIDATE]: Term 1 election: Election decided. Result: candidate won. Election summary: received 3 responses out of 3 voters: 2 yes votes; 1 no votes. yes voters: 0de2db368ec146838572d32376389551, 9da35ddcda834fc3a627e7190c6e0ac7; no voters: 1221855753514aa69024f4bbb5682cbe
I20260709 12:12:56.603506  5516 raft_consensus.cc:493] T 9e84de73fb694f81a1d7a1733d74a010 P 9da35ddcda834fc3a627e7190c6e0ac7 [term 0 FOLLOWER]: Starting leader election (no leader contacted us within the election timeout)
I20260709 12:12:56.603906  5516 raft_consensus.cc:3060] T 9e84de73fb694f81a1d7a1733d74a010 P 9da35ddcda834fc3a627e7190c6e0ac7 [term 0 FOLLOWER]: Advancing to term 1
I20260709 12:12:56.604389  5318 leader_election.cc:304] T a7f0a70487034e3b99c010ea93a989a5 P 9da35ddcda834fc3a627e7190c6e0ac7 [CANDIDATE]: Term 1 election: Election decided. Result: candidate lost. Election summary: received 3 responses out of 3 voters: 1 yes votes; 2 no votes. yes voters: 9da35ddcda834fc3a627e7190c6e0ac7; no voters: 0de2db368ec146838572d32376389551, 1221855753514aa69024f4bbb5682cbe
I20260709 12:12:56.604712  5639 raft_consensus.cc:2804] T f622253a76894fb0bf3d7b21834b2b06 P 9da35ddcda834fc3a627e7190c6e0ac7 [term 1 FOLLOWER]: Leader election won for term 1
I20260709 12:12:56.602455  5469 ts_tablet_manager.cc:1403] T e1abb711c84b406a84ff151c29aa5861 P 1221855753514aa69024f4bbb5682cbe: Time spent bootstrapping tablet: real 0.158s	user 0.020s	sys 0.022s
W20260709 12:12:56.579463  5241 leader_election.cc:343] T af325703508942a3bde6535d29aa0142 P 0de2db368ec146838572d32376389551 [CANDIDATE]: Term 1 pre-election: Tablet error from VoteRequest() call to peer 1221855753514aa69024f4bbb5682cbe (127.3.253.67:42833): Illegal state: must be running to vote when last-logged opid is not known
I20260709 12:12:56.617589  5467 ts_tablet_manager.cc:1434] T af325703508942a3bde6535d29aa0142 P 9da35ddcda834fc3a627e7190c6e0ac7: Time spent starting tablet: real 0.021s	user 0.007s	sys 0.000s
I20260709 12:12:56.609432  5316 leader_election.cc:304] T f046dc9e3f064b64a8f258ef8895cc44 P 9da35ddcda834fc3a627e7190c6e0ac7 [CANDIDATE]: Term 2 election: Election decided. Result: candidate won. Election summary: received 2 responses out of 3 voters: 2 yes votes; 0 no votes. yes voters: 1221855753514aa69024f4bbb5682cbe, 9da35ddcda834fc3a627e7190c6e0ac7; no voters: 
I20260709 12:12:56.619318  5392 leader_election.cc:304] T a7f0a70487034e3b99c010ea93a989a5 P 1221855753514aa69024f4bbb5682cbe [CANDIDATE]: Term 1 election: Election decided. Result: candidate won. Election summary: received 3 responses out of 3 voters: 2 yes votes; 1 no votes. yes voters: 0de2db368ec146838572d32376389551, 1221855753514aa69024f4bbb5682cbe; no voters: 9da35ddcda834fc3a627e7190c6e0ac7
I20260709 12:12:56.620167  5535 raft_consensus.cc:2804] T a7f0a70487034e3b99c010ea93a989a5 P 1221855753514aa69024f4bbb5682cbe [term 1 FOLLOWER]: Leader election won for term 1
I20260709 12:12:56.620775  5535 raft_consensus.cc:697] T a7f0a70487034e3b99c010ea93a989a5 P 1221855753514aa69024f4bbb5682cbe [term 1 LEADER]: Becoming Leader. State: Replica: 1221855753514aa69024f4bbb5682cbe, State: Running, Role: LEADER
I20260709 12:12:56.608479  5635 raft_consensus.cc:493] T e1abb711c84b406a84ff151c29aa5861 P 9da35ddcda834fc3a627e7190c6e0ac7 [term 0 FOLLOWER]: Starting pre-election (no leader contacted us within the election timeout)
I20260709 12:12:56.614046  5631 raft_consensus.cc:493] T bb7b692d570a4892a2d7f7db9f5d9929 P 1221855753514aa69024f4bbb5682cbe [term 0 FOLLOWER]: Starting pre-election (no leader contacted us within the election timeout)
I20260709 12:12:56.610545  5351 tablet_service.cc:1917] Received RequestConsensusVote() RPC: tablet_id: "af325703508942a3bde6535d29aa0142" candidate_uuid: "0de2db368ec146838572d32376389551" candidate_term: 1 candidate_status { last_received { term: 0 index: 0 } } ignore_live_leader: false dest_uuid: "9da35ddcda834fc3a627e7190c6e0ac7" is_pre_election: true
I20260709 12:12:56.622545  5351 raft_consensus.cc:2468] T af325703508942a3bde6535d29aa0142 P 9da35ddcda834fc3a627e7190c6e0ac7 [term 0 FOLLOWER]: Leader pre-election vote request: Granting yes vote for candidate 0de2db368ec146838572d32376389551 in term 0.
I20260709 12:12:56.622335  5635 raft_consensus.cc:515] T e1abb711c84b406a84ff151c29aa5861 P 9da35ddcda834fc3a627e7190c6e0ac7 [term 0 FOLLOWER]: Starting pre-election with config: opid_index: -1 OBSOLETE_local: false peers { permanent_uuid: "0de2db368ec146838572d32376389551" member_type: VOTER last_known_addr { host: "127.3.253.65" port: 34301 } } peers { permanent_uuid: "9da35ddcda834fc3a627e7190c6e0ac7" member_type: VOTER last_known_addr { host: "127.3.253.66" port: 42493 } } peers { permanent_uuid: "1221855753514aa69024f4bbb5682cbe" member_type: VOTER last_known_addr { host: "127.3.253.67" port: 42833 } }
I20260709 12:12:56.622423  5631 raft_consensus.cc:515] T bb7b692d570a4892a2d7f7db9f5d9929 P 1221855753514aa69024f4bbb5682cbe [term 0 FOLLOWER]: Starting pre-election with config: opid_index: -1 OBSOLETE_local: false peers { permanent_uuid: "0de2db368ec146838572d32376389551" member_type: VOTER last_known_addr { host: "127.3.253.65" port: 34301 } } peers { permanent_uuid: "9da35ddcda834fc3a627e7190c6e0ac7" member_type: VOTER last_known_addr { host: "127.3.253.66" port: 42493 } } peers { permanent_uuid: "1221855753514aa69024f4bbb5682cbe" member_type: VOTER last_known_addr { host: "127.3.253.67" port: 42833 } }
I20260709 12:12:56.605189  5639 raft_consensus.cc:697] T f622253a76894fb0bf3d7b21834b2b06 P 9da35ddcda834fc3a627e7190c6e0ac7 [term 1 LEADER]: Becoming Leader. State: Replica: 9da35ddcda834fc3a627e7190c6e0ac7, State: Running, Role: LEADER
I20260709 12:12:56.624053  5241 leader_election.cc:304] T af325703508942a3bde6535d29aa0142 P 0de2db368ec146838572d32376389551 [CANDIDATE]: Term 1 pre-election: Election decided. Result: candidate won. Election summary: received 3 responses out of 3 voters: 2 yes votes; 1 no votes. yes voters: 0de2db368ec146838572d32376389551, 9da35ddcda834fc3a627e7190c6e0ac7; no voters: 1221855753514aa69024f4bbb5682cbe
I20260709 12:12:56.624619  5631 leader_election.cc:290] T bb7b692d570a4892a2d7f7db9f5d9929 P 1221855753514aa69024f4bbb5682cbe [CANDIDATE]: Term 1 pre-election: Requested pre-vote from peers 0de2db368ec146838572d32376389551 (127.3.253.65:34301), 9da35ddcda834fc3a627e7190c6e0ac7 (127.3.253.66:42493)
I20260709 12:12:56.621917  5535 consensus_queue.cc:237] T a7f0a70487034e3b99c010ea93a989a5 P 1221855753514aa69024f4bbb5682cbe [LEADER]: Queue going to LEADER mode. State: All replicated index: 0, Majority replicated index: 0, Committed index: 0, Last appended: 0.0, Last appended by leader: 0, Current term: 1, Majority size: 2, State: 0, Mode: LEADER, active raft config: opid_index: -1 OBSOLETE_local: false peers { permanent_uuid: "0de2db368ec146838572d32376389551" member_type: VOTER last_known_addr { host: "127.3.253.65" port: 34301 } } peers { permanent_uuid: "9da35ddcda834fc3a627e7190c6e0ac7" member_type: VOTER last_known_addr { host: "127.3.253.66" port: 42493 } } peers { permanent_uuid: "1221855753514aa69024f4bbb5682cbe" member_type: VOTER last_known_addr { host: "127.3.253.67" port: 42833 } }
I20260709 12:12:56.625677  5425 tablet_service.cc:1917] Received RequestConsensusVote() RPC: tablet_id: "e1abb711c84b406a84ff151c29aa5861" candidate_uuid: "9da35ddcda834fc3a627e7190c6e0ac7" candidate_term: 1 candidate_status { last_received { term: 0 index: 0 } } ignore_live_leader: false dest_uuid: "1221855753514aa69024f4bbb5682cbe" is_pre_election: true
I20260709 12:12:56.616923  5640 consensus_queue.cc:1048] T a15b6447ecb04feb9c4d86ce27ffb323 P 9da35ddcda834fc3a627e7190c6e0ac7 [LEADER]: Connected to new peer: Peer: permanent_uuid: "0de2db368ec146838572d32376389551" member_type: VOTER last_known_addr { host: "127.3.253.65" port: 34301 }, Status: LMP_MISMATCH, Last received: 0.0, Next index: 1, Last known committed idx: 0, Time since last communication: 0.000s
I20260709 12:12:56.626255  5351 tablet_service.cc:1917] Received RequestConsensusVote() RPC: tablet_id: "bb7b692d570a4892a2d7f7db9f5d9929" candidate_uuid: "1221855753514aa69024f4bbb5682cbe" candidate_term: 1 candidate_status { last_received { term: 0 index: 0 } } ignore_live_leader: false dest_uuid: "9da35ddcda834fc3a627e7190c6e0ac7" is_pre_election: true
I20260709 12:12:56.626879  5351 raft_consensus.cc:2468] T bb7b692d570a4892a2d7f7db9f5d9929 P 9da35ddcda834fc3a627e7190c6e0ac7 [term 0 FOLLOWER]: Leader pre-election vote request: Granting yes vote for candidate 1221855753514aa69024f4bbb5682cbe in term 0.
I20260709 12:12:56.605285  5586 raft_consensus.cc:2749] T a7f0a70487034e3b99c010ea93a989a5 P 9da35ddcda834fc3a627e7190c6e0ac7 [term 1 FOLLOWER]: Leader election lost for term 1. Reason: could not achieve majority
I20260709 12:12:56.620738  5492 raft_consensus.cc:2804] T f046dc9e3f064b64a8f258ef8895cc44 P 9da35ddcda834fc3a627e7190c6e0ac7 [term 2 FOLLOWER]: Leader election won for term 2
I20260709 12:12:56.627919  5277 tablet_service.cc:1917] Received RequestConsensusVote() RPC: tablet_id: "e1abb711c84b406a84ff151c29aa5861" candidate_uuid: "9da35ddcda834fc3a627e7190c6e0ac7" candidate_term: 1 candidate_status { last_received { term: 0 index: 0 } } ignore_live_leader: false dest_uuid: "0de2db368ec146838572d32376389551" is_pre_election: true
I20260709 12:12:56.628060  5492 raft_consensus.cc:697] T f046dc9e3f064b64a8f258ef8895cc44 P 9da35ddcda834fc3a627e7190c6e0ac7 [term 2 LEADER]: Becoming Leader. State: Replica: 9da35ddcda834fc3a627e7190c6e0ac7, State: Running, Role: LEADER
I20260709 12:12:56.628114  5390 leader_election.cc:304] T bb7b692d570a4892a2d7f7db9f5d9929 P 1221855753514aa69024f4bbb5682cbe [CANDIDATE]: Term 1 pre-election: Election decided. Result: candidate won. Election summary: received 2 responses out of 3 voters: 2 yes votes; 0 no votes. yes voters: 1221855753514aa69024f4bbb5682cbe, 9da35ddcda834fc3a627e7190c6e0ac7; no voters: 
I20260709 12:12:56.628557  5277 raft_consensus.cc:2468] T e1abb711c84b406a84ff151c29aa5861 P 0de2db368ec146838572d32376389551 [term 0 FOLLOWER]: Leader pre-election vote request: Granting yes vote for candidate 9da35ddcda834fc3a627e7190c6e0ac7 in term 0.
I20260709 12:12:56.629295  5631 raft_consensus.cc:2804] T bb7b692d570a4892a2d7f7db9f5d9929 P 1221855753514aa69024f4bbb5682cbe [term 0 FOLLOWER]: Leader pre-election won for term 1
I20260709 12:12:56.616845  5274 tablet_service.cc:1917] Received RequestConsensusVote() RPC: tablet_id: "f046dc9e3f064b64a8f258ef8895cc44" candidate_uuid: "9da35ddcda834fc3a627e7190c6e0ac7" candidate_term: 2 candidate_status { last_received { term: 0 index: 0 } } ignore_live_leader: false dest_uuid: "0de2db368ec146838572d32376389551" is_pre_election: true
I20260709 12:12:56.625231  5486 raft_consensus.cc:2804] T af325703508942a3bde6535d29aa0142 P 0de2db368ec146838572d32376389551 [term 0 FOLLOWER]: Leader pre-election won for term 1
I20260709 12:12:56.616307  5468 tablet_bootstrap.cc:654] T 7762be1517f543bfa4ad862eaf437a29 P 0de2db368ec146838572d32376389551: Neither blocks nor log segments found. Creating new log.
I20260709 12:12:56.607869  5276 tablet_service.cc:1917] Received RequestConsensusVote() RPC: tablet_id: "f046dc9e3f064b64a8f258ef8895cc44" candidate_uuid: "9da35ddcda834fc3a627e7190c6e0ac7" candidate_term: 2 candidate_status { last_received { term: 0 index: 0 } } ignore_live_leader: false dest_uuid: "0de2db368ec146838572d32376389551"
I20260709 12:12:56.630496  5467 tablet_bootstrap.cc:492] T 97ce656c3800416ab161a3ece3666b69 P 9da35ddcda834fc3a627e7190c6e0ac7: Bootstrap starting.
I20260709 12:12:56.629660  5631 raft_consensus.cc:493] T bb7b692d570a4892a2d7f7db9f5d9929 P 1221855753514aa69024f4bbb5682cbe [term 0 FOLLOWER]: Starting leader election (no leader contacted us within the election timeout)
I20260709 12:12:56.624538  5635 leader_election.cc:290] T e1abb711c84b406a84ff151c29aa5861 P 9da35ddcda834fc3a627e7190c6e0ac7 [CANDIDATE]: Term 1 pre-election: Requested pre-vote from peers 0de2db368ec146838572d32376389551 (127.3.253.65:34301), 1221855753514aa69024f4bbb5682cbe (127.3.253.67:42833)
I20260709 12:12:56.624513  5639 consensus_queue.cc:237] T f622253a76894fb0bf3d7b21834b2b06 P 9da35ddcda834fc3a627e7190c6e0ac7 [LEADER]: Queue going to LEADER mode. State: All replicated index: 0, Majority replicated index: 0, Committed index: 0, Last appended: 0.0, Last appended by leader: 0, Current term: 1, Majority size: 2, State: 0, Mode: LEADER, active raft config: opid_index: -1 OBSOLETE_local: false peers { permanent_uuid: "0de2db368ec146838572d32376389551" member_type: VOTER last_known_addr { host: "127.3.253.65" port: 34301 } } peers { permanent_uuid: "9da35ddcda834fc3a627e7190c6e0ac7" member_type: VOTER last_known_addr { host: "127.3.253.66" port: 42493 } } peers { permanent_uuid: "1221855753514aa69024f4bbb5682cbe" member_type: VOTER last_known_addr { host: "127.3.253.67" port: 42833 } }
I20260709 12:12:56.631304  5275 tablet_service.cc:1917] Received RequestConsensusVote() RPC: tablet_id: "bb7b692d570a4892a2d7f7db9f5d9929" candidate_uuid: "1221855753514aa69024f4bbb5682cbe" candidate_term: 1 candidate_status { last_received { term: 0 index: 0 } } ignore_live_leader: false dest_uuid: "0de2db368ec146838572d32376389551" is_pre_election: true
W20260709 12:12:56.631790  5316 leader_election.cc:343] T e1abb711c84b406a84ff151c29aa5861 P 9da35ddcda834fc3a627e7190c6e0ac7 [CANDIDATE]: Term 1 pre-election: Tablet error from VoteRequest() call to peer 1221855753514aa69024f4bbb5682cbe (127.3.253.67:42833): Illegal state: must be running to vote when last-logged opid is not known
I20260709 12:12:56.629030  5492 consensus_queue.cc:237] T f046dc9e3f064b64a8f258ef8895cc44 P 9da35ddcda834fc3a627e7190c6e0ac7 [LEADER]: Queue going to LEADER mode. State: All replicated index: 0, Majority replicated index: 0, Committed index: 0, Last appended: 0.0, Last appended by leader: 0, Current term: 2, Majority size: 2, State: 0, Mode: LEADER, active raft config: opid_index: -1 OBSOLETE_local: false peers { permanent_uuid: "0de2db368ec146838572d32376389551" member_type: VOTER last_known_addr { host: "127.3.253.65" port: 34301 } } peers { permanent_uuid: "9da35ddcda834fc3a627e7190c6e0ac7" member_type: VOTER last_known_addr { host: "127.3.253.66" port: 42493 } } peers { permanent_uuid: "1221855753514aa69024f4bbb5682cbe" member_type: VOTER last_known_addr { host: "127.3.253.67" port: 42833 } }
I20260709 12:12:56.633440  5469 raft_consensus.cc:359] T e1abb711c84b406a84ff151c29aa5861 P 1221855753514aa69024f4bbb5682cbe [term 0 FOLLOWER]: Replica starting. Triggering 0 pending ops. Active config: opid_index: -1 OBSOLETE_local: false peers { permanent_uuid: "0de2db368ec146838572d32376389551" member_type: VOTER last_known_addr { host: "127.3.253.65" port: 34301 } } peers { permanent_uuid: "9da35ddcda834fc3a627e7190c6e0ac7" member_type: VOTER last_known_addr { host: "127.3.253.66" port: 42493 } } peers { permanent_uuid: "1221855753514aa69024f4bbb5682cbe" member_type: VOTER last_known_addr { host: "127.3.253.67" port: 42833 } }
I20260709 12:12:56.637195  5469 raft_consensus.cc:385] T e1abb711c84b406a84ff151c29aa5861 P 1221855753514aa69024f4bbb5682cbe [term 0 FOLLOWER]: Consensus starting up: Expiring failure detector timer to make a prompt election more likely
I20260709 12:12:56.635522  5486 raft_consensus.cc:493] T af325703508942a3bde6535d29aa0142 P 0de2db368ec146838572d32376389551 [term 0 FOLLOWER]: Starting leader election (no leader contacted us within the election timeout)
I20260709 12:12:56.637471  5469 raft_consensus.cc:740] T e1abb711c84b406a84ff151c29aa5861 P 1221855753514aa69024f4bbb5682cbe [term 0 FOLLOWER]: Becoming Follower/Learner. State: Replica: 1221855753514aa69024f4bbb5682cbe, State: Initialized, Role: FOLLOWER
I20260709 12:12:56.638872  5486 raft_consensus.cc:3060] T af325703508942a3bde6535d29aa0142 P 0de2db368ec146838572d32376389551 [term 0 FOLLOWER]: Advancing to term 1
I20260709 12:12:56.637661  5275 raft_consensus.cc:2468] T bb7b692d570a4892a2d7f7db9f5d9929 P 0de2db368ec146838572d32376389551 [term 0 FOLLOWER]: Leader pre-election vote request: Granting yes vote for candidate 1221855753514aa69024f4bbb5682cbe in term 0.
I20260709 12:12:56.638454  5469 consensus_queue.cc:260] T e1abb711c84b406a84ff151c29aa5861 P 1221855753514aa69024f4bbb5682cbe [NON_LEADER]: Queue going to NON_LEADER mode. State: All replicated index: 0, Majority replicated index: 0, Committed index: 0, Last appended: 0.0, Last appended by leader: 0, Current term: 0, Majority size: -1, State: 0, Mode: NON_LEADER, active raft config: opid_index: -1 OBSOLETE_local: false peers { permanent_uuid: "0de2db368ec146838572d32376389551" member_type: VOTER last_known_addr { host: "127.3.253.65" port: 34301 } } peers { permanent_uuid: "9da35ddcda834fc3a627e7190c6e0ac7" member_type: VOTER last_known_addr { host: "127.3.253.66" port: 42493 } } peers { permanent_uuid: "1221855753514aa69024f4bbb5682cbe" member_type: VOTER last_known_addr { host: "127.3.253.67" port: 42833 } }
I20260709 12:12:56.636888  5631 raft_consensus.cc:3060] T bb7b692d570a4892a2d7f7db9f5d9929 P 1221855753514aa69024f4bbb5682cbe [term 0 FOLLOWER]: Advancing to term 1
I20260709 12:12:56.645255  5469 ts_tablet_manager.cc:1434] T e1abb711c84b406a84ff151c29aa5861 P 1221855753514aa69024f4bbb5682cbe: Time spent starting tablet: real 0.015s	user 0.001s	sys 0.004s
I20260709 12:12:56.650657  5631 raft_consensus.cc:515] T bb7b692d570a4892a2d7f7db9f5d9929 P 1221855753514aa69024f4bbb5682cbe [term 1 FOLLOWER]: Starting leader election with config: opid_index: -1 OBSOLETE_local: false peers { permanent_uuid: "0de2db368ec146838572d32376389551" member_type: VOTER last_known_addr { host: "127.3.253.65" port: 34301 } } peers { permanent_uuid: "9da35ddcda834fc3a627e7190c6e0ac7" member_type: VOTER last_known_addr { host: "127.3.253.66" port: 42493 } } peers { permanent_uuid: "1221855753514aa69024f4bbb5682cbe" member_type: VOTER last_known_addr { host: "127.3.253.67" port: 42833 } }
I20260709 12:12:56.653440  5631 leader_election.cc:290] T bb7b692d570a4892a2d7f7db9f5d9929 P 1221855753514aa69024f4bbb5682cbe [CANDIDATE]: Term 1 election: Requested vote from peers 0de2db368ec146838572d32376389551 (127.3.253.65:34301), 9da35ddcda834fc3a627e7190c6e0ac7 (127.3.253.66:42493)
I20260709 12:12:56.654546  5351 tablet_service.cc:1917] Received RequestConsensusVote() RPC: tablet_id: "bb7b692d570a4892a2d7f7db9f5d9929" candidate_uuid: "1221855753514aa69024f4bbb5682cbe" candidate_term: 1 candidate_status { last_received { term: 0 index: 0 } } ignore_live_leader: false dest_uuid: "9da35ddcda834fc3a627e7190c6e0ac7"
I20260709 12:12:56.655258  5351 raft_consensus.cc:3060] T bb7b692d570a4892a2d7f7db9f5d9929 P 9da35ddcda834fc3a627e7190c6e0ac7 [term 0 FOLLOWER]: Advancing to term 1
I20260709 12:12:56.657101  5276 tablet_service.cc:1917] Received RequestConsensusVote() RPC: tablet_id: "bb7b692d570a4892a2d7f7db9f5d9929" candidate_uuid: "1221855753514aa69024f4bbb5682cbe" candidate_term: 1 candidate_status { last_received { term: 0 index: 0 } } ignore_live_leader: false dest_uuid: "0de2db368ec146838572d32376389551"
I20260709 12:12:56.657758  5276 raft_consensus.cc:3060] T bb7b692d570a4892a2d7f7db9f5d9929 P 0de2db368ec146838572d32376389551 [term 0 FOLLOWER]: Advancing to term 1
I20260709 12:12:56.659922  5469 tablet_bootstrap.cc:492] T af325703508942a3bde6535d29aa0142 P 1221855753514aa69024f4bbb5682cbe: Bootstrap starting.
I20260709 12:12:56.638016  5274 raft_consensus.cc:2468] T f046dc9e3f064b64a8f258ef8895cc44 P 0de2db368ec146838572d32376389551 [term 1 FOLLOWER]: Leader pre-election vote request: Granting yes vote for candidate 9da35ddcda834fc3a627e7190c6e0ac7 in term 1.
I20260709 12:12:56.682284  5486 raft_consensus.cc:515] T af325703508942a3bde6535d29aa0142 P 0de2db368ec146838572d32376389551 [term 1 FOLLOWER]: Starting leader election with config: opid_index: -1 OBSOLETE_local: false peers { permanent_uuid: "0de2db368ec146838572d32376389551" member_type: VOTER last_known_addr { host: "127.3.253.65" port: 34301 } } peers { permanent_uuid: "9da35ddcda834fc3a627e7190c6e0ac7" member_type: VOTER last_known_addr { host: "127.3.253.66" port: 42493 } } peers { permanent_uuid: "1221855753514aa69024f4bbb5682cbe" member_type: VOTER last_known_addr { host: "127.3.253.67" port: 42833 } }
I20260709 12:12:56.686810  5351 raft_consensus.cc:2468] T bb7b692d570a4892a2d7f7db9f5d9929 P 9da35ddcda834fc3a627e7190c6e0ac7 [term 1 FOLLOWER]: Leader election vote request: Granting yes vote for candidate 1221855753514aa69024f4bbb5682cbe in term 1.
I20260709 12:12:56.689210  5390 leader_election.cc:304] T bb7b692d570a4892a2d7f7db9f5d9929 P 1221855753514aa69024f4bbb5682cbe [CANDIDATE]: Term 1 election: Election decided. Result: candidate won. Election summary: received 2 responses out of 3 voters: 2 yes votes; 0 no votes. yes voters: 1221855753514aa69024f4bbb5682cbe, 9da35ddcda834fc3a627e7190c6e0ac7; no voters: 
I20260709 12:12:56.690423  5631 raft_consensus.cc:2804] T bb7b692d570a4892a2d7f7db9f5d9929 P 1221855753514aa69024f4bbb5682cbe [term 1 FOLLOWER]: Leader election won for term 1
I20260709 12:12:56.690305  5541 consensus_queue.cc:1048] T f70ef0be18a849b98fc02b1793cd09a2 P 0de2db368ec146838572d32376389551 [LEADER]: Connected to new peer: Peer: permanent_uuid: "1221855753514aa69024f4bbb5682cbe" member_type: VOTER last_known_addr { host: "127.3.253.67" port: 42833 }, Status: LMP_MISMATCH, Last received: 0.0, Next index: 1, Last known committed idx: 0, Time since last communication: 0.000s
I20260709 12:12:56.691098  5631 raft_consensus.cc:697] T bb7b692d570a4892a2d7f7db9f5d9929 P 1221855753514aa69024f4bbb5682cbe [term 1 LEADER]: Becoming Leader. State: Replica: 1221855753514aa69024f4bbb5682cbe, State: Running, Role: LEADER
I20260709 12:12:56.696594  5631 consensus_queue.cc:237] T bb7b692d570a4892a2d7f7db9f5d9929 P 1221855753514aa69024f4bbb5682cbe [LEADER]: Queue going to LEADER mode. State: All replicated index: 0, Majority replicated index: 0, Committed index: 0, Last appended: 0.0, Last appended by leader: 0, Current term: 1, Majority size: 2, State: 0, Mode: LEADER, active raft config: opid_index: -1 OBSOLETE_local: false peers { permanent_uuid: "0de2db368ec146838572d32376389551" member_type: VOTER last_known_addr { host: "127.3.253.65" port: 34301 } } peers { permanent_uuid: "9da35ddcda834fc3a627e7190c6e0ac7" member_type: VOTER last_known_addr { host: "127.3.253.66" port: 42493 } } peers { permanent_uuid: "1221855753514aa69024f4bbb5682cbe" member_type: VOTER last_known_addr { host: "127.3.253.67" port: 42833 } }
I20260709 12:12:56.700023  5516 raft_consensus.cc:515] T 9e84de73fb694f81a1d7a1733d74a010 P 9da35ddcda834fc3a627e7190c6e0ac7 [term 1 FOLLOWER]: Starting leader election with config: opid_index: -1 OBSOLETE_local: false peers { permanent_uuid: "0de2db368ec146838572d32376389551" member_type: VOTER last_known_addr { host: "127.3.253.65" port: 34301 } } peers { permanent_uuid: "9da35ddcda834fc3a627e7190c6e0ac7" member_type: VOTER last_known_addr { host: "127.3.253.66" port: 42493 } } peers { permanent_uuid: "1221855753514aa69024f4bbb5682cbe" member_type: VOTER last_known_addr { host: "127.3.253.67" port: 42833 } }
I20260709 12:12:56.714249  5467 tablet_bootstrap.cc:654] T 97ce656c3800416ab161a3ece3666b69 P 9da35ddcda834fc3a627e7190c6e0ac7: Neither blocks nor log segments found. Creating new log.
I20260709 12:12:56.721521  5468 tablet_bootstrap.cc:492] T 7762be1517f543bfa4ad862eaf437a29 P 0de2db368ec146838572d32376389551: No bootstrap required, opened a new log
I20260709 12:12:56.722885  5468 ts_tablet_manager.cc:1403] T 7762be1517f543bfa4ad862eaf437a29 P 0de2db368ec146838572d32376389551: Time spent bootstrapping tablet: real 0.128s	user 0.016s	sys 0.034s
I20260709 12:12:56.721171  5276 raft_consensus.cc:2468] T bb7b692d570a4892a2d7f7db9f5d9929 P 0de2db368ec146838572d32376389551 [term 1 FOLLOWER]: Leader election vote request: Granting yes vote for candidate 1221855753514aa69024f4bbb5682cbe in term 1.
I20260709 12:12:56.721812  5318 leader_election.cc:304] T e1abb711c84b406a84ff151c29aa5861 P 9da35ddcda834fc3a627e7190c6e0ac7 [CANDIDATE]: Term 1 pre-election: Election decided. Result: candidate won. Election summary: received 3 responses out of 3 voters: 2 yes votes; 1 no votes. yes voters: 0de2db368ec146838572d32376389551, 9da35ddcda834fc3a627e7190c6e0ac7; no voters: 1221855753514aa69024f4bbb5682cbe
I20260709 12:12:56.724031  5176 catalog_manager.cc:5697] T a7f0a70487034e3b99c010ea93a989a5 P 1221855753514aa69024f4bbb5682cbe reported cstate change: term changed from 0 to 1, leader changed from <none> to 1221855753514aa69024f4bbb5682cbe (127.3.253.67). New cstate: current_term: 1 leader_uuid: "1221855753514aa69024f4bbb5682cbe" committed_config { opid_index: -1 OBSOLETE_local: false peers { permanent_uuid: "0de2db368ec146838572d32376389551" member_type: VOTER last_known_addr { host: "127.3.253.65" port: 34301 } health_report { overall_health: UNKNOWN } } peers { permanent_uuid: "9da35ddcda834fc3a627e7190c6e0ac7" member_type: VOTER last_known_addr { host: "127.3.253.66" port: 42493 } health_report { overall_health: UNKNOWN } } peers { permanent_uuid: "1221855753514aa69024f4bbb5682cbe" member_type: VOTER last_known_addr { host: "127.3.253.67" port: 42833 } health_report { overall_health: HEALTHY } } }
I20260709 12:12:56.727434  5468 raft_consensus.cc:359] T 7762be1517f543bfa4ad862eaf437a29 P 0de2db368ec146838572d32376389551 [term 0 FOLLOWER]: Replica starting. Triggering 0 pending ops. Active config: opid_index: -1 OBSOLETE_local: false peers { permanent_uuid: "0de2db368ec146838572d32376389551" member_type: VOTER last_known_addr { host: "127.3.253.65" port: 34301 } } peers { permanent_uuid: "9da35ddcda834fc3a627e7190c6e0ac7" member_type: VOTER last_known_addr { host: "127.3.253.66" port: 42493 } } peers { permanent_uuid: "1221855753514aa69024f4bbb5682cbe" member_type: VOTER last_known_addr { host: "127.3.253.67" port: 42833 } }
I20260709 12:12:56.728230  5468 raft_consensus.cc:385] T 7762be1517f543bfa4ad862eaf437a29 P 0de2db368ec146838572d32376389551 [term 0 FOLLOWER]: Consensus starting up: Expiring failure detector timer to make a prompt election more likely
I20260709 12:12:56.728487  5468 raft_consensus.cc:740] T 7762be1517f543bfa4ad862eaf437a29 P 0de2db368ec146838572d32376389551 [term 0 FOLLOWER]: Becoming Follower/Learner. State: Replica: 0de2db368ec146838572d32376389551, State: Initialized, Role: FOLLOWER
I20260709 12:12:56.729099  5468 consensus_queue.cc:260] T 7762be1517f543bfa4ad862eaf437a29 P 0de2db368ec146838572d32376389551 [NON_LEADER]: Queue going to NON_LEADER mode. State: All replicated index: 0, Majority replicated index: 0, Committed index: 0, Last appended: 0.0, Last appended by leader: 0, Current term: 0, Majority size: -1, State: 0, Mode: NON_LEADER, active raft config: opid_index: -1 OBSOLETE_local: false peers { permanent_uuid: "0de2db368ec146838572d32376389551" member_type: VOTER last_known_addr { host: "127.3.253.65" port: 34301 } } peers { permanent_uuid: "9da35ddcda834fc3a627e7190c6e0ac7" member_type: VOTER last_known_addr { host: "127.3.253.66" port: 42493 } } peers { permanent_uuid: "1221855753514aa69024f4bbb5682cbe" member_type: VOTER last_known_addr { host: "127.3.253.67" port: 42833 } }
I20260709 12:12:56.730726  5635 raft_consensus.cc:2804] T e1abb711c84b406a84ff151c29aa5861 P 9da35ddcda834fc3a627e7190c6e0ac7 [term 0 FOLLOWER]: Leader pre-election won for term 1
I20260709 12:12:56.731099  5635 raft_consensus.cc:493] T e1abb711c84b406a84ff151c29aa5861 P 9da35ddcda834fc3a627e7190c6e0ac7 [term 0 FOLLOWER]: Starting leader election (no leader contacted us within the election timeout)
I20260709 12:12:56.731132  5468 ts_tablet_manager.cc:1434] T 7762be1517f543bfa4ad862eaf437a29 P 0de2db368ec146838572d32376389551: Time spent starting tablet: real 0.008s	user 0.003s	sys 0.000s
I20260709 12:12:56.732343  5516 leader_election.cc:290] T 9e84de73fb694f81a1d7a1733d74a010 P 9da35ddcda834fc3a627e7190c6e0ac7 [CANDIDATE]: Term 1 election: Requested vote from peers 0de2db368ec146838572d32376389551 (127.3.253.65:34301), 1221855753514aa69024f4bbb5682cbe (127.3.253.67:42833)
I20260709 12:12:56.731443  5635 raft_consensus.cc:3060] T e1abb711c84b406a84ff151c29aa5861 P 9da35ddcda834fc3a627e7190c6e0ac7 [term 0 FOLLOWER]: Advancing to term 1
I20260709 12:12:56.734153  5468 tablet_bootstrap.cc:492] T 8602d568411a40a49bae7181170b3656 P 0de2db368ec146838572d32376389551: Bootstrap starting.
I20260709 12:12:56.738373  5426 tablet_service.cc:1917] Received RequestConsensusVote() RPC: tablet_id: "9e84de73fb694f81a1d7a1733d74a010" candidate_uuid: "9da35ddcda834fc3a627e7190c6e0ac7" candidate_term: 1 candidate_status { last_received { term: 0 index: 0 } } ignore_live_leader: false dest_uuid: "1221855753514aa69024f4bbb5682cbe"
W20260709 12:12:56.739883  5316 leader_election.cc:343] T 9e84de73fb694f81a1d7a1733d74a010 P 9da35ddcda834fc3a627e7190c6e0ac7 [CANDIDATE]: Term 1 election: Tablet error from VoteRequest() call to peer 1221855753514aa69024f4bbb5682cbe (127.3.253.67:42833): Illegal state: must be running to vote when last-logged opid is not known
W20260709 12:12:56.737764  5318 outbound_call.cc:321] RPC callback for RPC call kudu.consensus.ConsensusService.RequestConsensusVote -> {remote=127.3.253.65:34301, user_credentials={real_user=slave}} blocked reactor thread for 102851us
I20260709 12:12:56.742903  5469 tablet_bootstrap.cc:654] T af325703508942a3bde6535d29aa0142 P 1221855753514aa69024f4bbb5682cbe: Neither blocks nor log segments found. Creating new log.
I20260709 12:12:56.746080  5635 raft_consensus.cc:515] T e1abb711c84b406a84ff151c29aa5861 P 9da35ddcda834fc3a627e7190c6e0ac7 [term 1 FOLLOWER]: Starting leader election with config: opid_index: -1 OBSOLETE_local: false peers { permanent_uuid: "0de2db368ec146838572d32376389551" member_type: VOTER last_known_addr { host: "127.3.253.65" port: 34301 } } peers { permanent_uuid: "9da35ddcda834fc3a627e7190c6e0ac7" member_type: VOTER last_known_addr { host: "127.3.253.66" port: 42493 } } peers { permanent_uuid: "1221855753514aa69024f4bbb5682cbe" member_type: VOTER last_known_addr { host: "127.3.253.67" port: 42833 } }
I20260709 12:12:56.752403  5467 tablet_bootstrap.cc:492] T 97ce656c3800416ab161a3ece3666b69 P 9da35ddcda834fc3a627e7190c6e0ac7: No bootstrap required, opened a new log
I20260709 12:12:56.752900  5467 ts_tablet_manager.cc:1403] T 97ce656c3800416ab161a3ece3666b69 P 9da35ddcda834fc3a627e7190c6e0ac7: Time spent bootstrapping tablet: real 0.123s	user 0.011s	sys 0.002s
I20260709 12:12:56.755281  5348 tablet_service.cc:1917] Received RequestConsensusVote() RPC: tablet_id: "af325703508942a3bde6535d29aa0142" candidate_uuid: "0de2db368ec146838572d32376389551" candidate_term: 1 candidate_status { last_received { term: 0 index: 0 } } ignore_live_leader: false dest_uuid: "9da35ddcda834fc3a627e7190c6e0ac7"
I20260709 12:12:56.755928  5348 raft_consensus.cc:3060] T af325703508942a3bde6535d29aa0142 P 9da35ddcda834fc3a627e7190c6e0ac7 [term 0 FOLLOWER]: Advancing to term 1
I20260709 12:12:56.758510  5277 tablet_service.cc:1917] Received RequestConsensusVote() RPC: tablet_id: "9e84de73fb694f81a1d7a1733d74a010" candidate_uuid: "9da35ddcda834fc3a627e7190c6e0ac7" candidate_term: 1 candidate_status { last_received { term: 0 index: 0 } } ignore_live_leader: false dest_uuid: "0de2db368ec146838572d32376389551"
I20260709 12:12:56.760769  5535 raft_consensus.cc:493] T e1abb711c84b406a84ff151c29aa5861 P 1221855753514aa69024f4bbb5682cbe [term 0 FOLLOWER]: Starting pre-election (no leader contacted us within the election timeout)
I20260709 12:12:56.759121  5277 raft_consensus.cc:3060] T 9e84de73fb694f81a1d7a1733d74a010 P 0de2db368ec146838572d32376389551 [term 0 FOLLOWER]: Advancing to term 1
I20260709 12:12:56.761482  5535 raft_consensus.cc:515] T e1abb711c84b406a84ff151c29aa5861 P 1221855753514aa69024f4bbb5682cbe [term 0 FOLLOWER]: Starting pre-election with config: opid_index: -1 OBSOLETE_local: false peers { permanent_uuid: "0de2db368ec146838572d32376389551" member_type: VOTER last_known_addr { host: "127.3.253.65" port: 34301 } } peers { permanent_uuid: "9da35ddcda834fc3a627e7190c6e0ac7" member_type: VOTER last_known_addr { host: "127.3.253.66" port: 42493 } } peers { permanent_uuid: "1221855753514aa69024f4bbb5682cbe" member_type: VOTER last_known_addr { host: "127.3.253.67" port: 42833 } }
I20260709 12:12:56.767755  5467 raft_consensus.cc:359] T 97ce656c3800416ab161a3ece3666b69 P 9da35ddcda834fc3a627e7190c6e0ac7 [term 0 FOLLOWER]: Replica starting. Triggering 0 pending ops. Active config: opid_index: -1 OBSOLETE_local: false peers { permanent_uuid: "0de2db368ec146838572d32376389551" member_type: VOTER last_known_addr { host: "127.3.253.65" port: 34301 } } peers { permanent_uuid: "9da35ddcda834fc3a627e7190c6e0ac7" member_type: VOTER last_known_addr { host: "127.3.253.66" port: 42493 } } peers { permanent_uuid: "1221855753514aa69024f4bbb5682cbe" member_type: VOTER last_known_addr { host: "127.3.253.67" port: 42833 } }
I20260709 12:12:56.768532  5467 raft_consensus.cc:385] T 97ce656c3800416ab161a3ece3666b69 P 9da35ddcda834fc3a627e7190c6e0ac7 [term 0 FOLLOWER]: Consensus starting up: Expiring failure detector timer to make a prompt election more likely
I20260709 12:12:56.768868  5467 raft_consensus.cc:740] T 97ce656c3800416ab161a3ece3666b69 P 9da35ddcda834fc3a627e7190c6e0ac7 [term 0 FOLLOWER]: Becoming Follower/Learner. State: Replica: 9da35ddcda834fc3a627e7190c6e0ac7, State: Initialized, Role: FOLLOWER
I20260709 12:12:56.769518  5467 consensus_queue.cc:260] T 97ce656c3800416ab161a3ece3666b69 P 9da35ddcda834fc3a627e7190c6e0ac7 [NON_LEADER]: Queue going to NON_LEADER mode. State: All replicated index: 0, Majority replicated index: 0, Committed index: 0, Last appended: 0.0, Last appended by leader: 0, Current term: 0, Majority size: -1, State: 0, Mode: NON_LEADER, active raft config: opid_index: -1 OBSOLETE_local: false peers { permanent_uuid: "0de2db368ec146838572d32376389551" member_type: VOTER last_known_addr { host: "127.3.253.65" port: 34301 } } peers { permanent_uuid: "9da35ddcda834fc3a627e7190c6e0ac7" member_type: VOTER last_known_addr { host: "127.3.253.66" port: 42493 } } peers { permanent_uuid: "1221855753514aa69024f4bbb5682cbe" member_type: VOTER last_known_addr { host: "127.3.253.67" port: 42833 } }
I20260709 12:12:56.769574  5173 catalog_manager.cc:5697] T f622253a76894fb0bf3d7b21834b2b06 P 9da35ddcda834fc3a627e7190c6e0ac7 reported cstate change: term changed from 0 to 1, leader changed from <none> to 9da35ddcda834fc3a627e7190c6e0ac7 (127.3.253.66). New cstate: current_term: 1 leader_uuid: "9da35ddcda834fc3a627e7190c6e0ac7" committed_config { opid_index: -1 OBSOLETE_local: false peers { permanent_uuid: "0de2db368ec146838572d32376389551" member_type: VOTER last_known_addr { host: "127.3.253.65" port: 34301 } health_report { overall_health: UNKNOWN } } peers { permanent_uuid: "9da35ddcda834fc3a627e7190c6e0ac7" member_type: VOTER last_known_addr { host: "127.3.253.66" port: 42493 } health_report { overall_health: HEALTHY } } peers { permanent_uuid: "1221855753514aa69024f4bbb5682cbe" member_type: VOTER last_known_addr { host: "127.3.253.67" port: 42833 } health_report { overall_health: UNKNOWN } } }
I20260709 12:12:56.772341  5541 consensus_queue.cc:1048] T f70ef0be18a849b98fc02b1793cd09a2 P 0de2db368ec146838572d32376389551 [LEADER]: Connected to new peer: Peer: permanent_uuid: "9da35ddcda834fc3a627e7190c6e0ac7" member_type: VOTER last_known_addr { host: "127.3.253.66" port: 42493 }, Status: LMP_MISMATCH, Last received: 0.0, Next index: 1, Last known committed idx: 0, Time since last communication: 0.000s
I20260709 12:12:56.772903  5467 ts_tablet_manager.cc:1434] T 97ce656c3800416ab161a3ece3666b69 P 9da35ddcda834fc3a627e7190c6e0ac7: Time spent starting tablet: real 0.020s	user 0.006s	sys 0.001s
I20260709 12:12:56.773675  5467 tablet_bootstrap.cc:492] T ff1677affd4747ee845e3e74c7ff4185 P 9da35ddcda834fc3a627e7190c6e0ac7: Bootstrap starting.
I20260709 12:12:56.779996  5274 tablet_service.cc:1917] Received RequestConsensusVote() RPC: tablet_id: "e1abb711c84b406a84ff151c29aa5861" candidate_uuid: "9da35ddcda834fc3a627e7190c6e0ac7" candidate_term: 1 candidate_status { last_received { term: 0 index: 0 } } ignore_live_leader: false dest_uuid: "0de2db368ec146838572d32376389551"
I20260709 12:12:56.780647  5274 raft_consensus.cc:3060] T e1abb711c84b406a84ff151c29aa5861 P 0de2db368ec146838572d32376389551 [term 0 FOLLOWER]: Advancing to term 1
I20260709 12:12:56.783497  5426 tablet_service.cc:1917] Received RequestConsensusVote() RPC: tablet_id: "e1abb711c84b406a84ff151c29aa5861" candidate_uuid: "9da35ddcda834fc3a627e7190c6e0ac7" candidate_term: 1 candidate_status { last_received { term: 0 index: 0 } } ignore_live_leader: false dest_uuid: "1221855753514aa69024f4bbb5682cbe"
I20260709 12:12:56.784240  5486 leader_election.cc:290] T af325703508942a3bde6535d29aa0142 P 0de2db368ec146838572d32376389551 [CANDIDATE]: Term 1 election: Requested vote from peers 9da35ddcda834fc3a627e7190c6e0ac7 (127.3.253.66:42493), 1221855753514aa69024f4bbb5682cbe (127.3.253.67:42833)
I20260709 12:12:56.772670  5174 catalog_manager.cc:5697] T bb7b692d570a4892a2d7f7db9f5d9929 P 1221855753514aa69024f4bbb5682cbe reported cstate change: term changed from 0 to 1, leader changed from <none> to 1221855753514aa69024f4bbb5682cbe (127.3.253.67). New cstate: current_term: 1 leader_uuid: "1221855753514aa69024f4bbb5682cbe" committed_config { opid_index: -1 OBSOLETE_local: false peers { permanent_uuid: "0de2db368ec146838572d32376389551" member_type: VOTER last_known_addr { host: "127.3.253.65" port: 34301 } health_report { overall_health: UNKNOWN } } peers { permanent_uuid: "9da35ddcda834fc3a627e7190c6e0ac7" member_type: VOTER last_known_addr { host: "127.3.253.66" port: 42493 } health_report { overall_health: UNKNOWN } } peers { permanent_uuid: "1221855753514aa69024f4bbb5682cbe" member_type: VOTER last_known_addr { host: "127.3.253.67" port: 42833 } health_report { overall_health: HEALTHY } } }
I20260709 12:12:56.787149  5635 leader_election.cc:290] T e1abb711c84b406a84ff151c29aa5861 P 9da35ddcda834fc3a627e7190c6e0ac7 [CANDIDATE]: Term 1 election: Requested vote from peers 0de2db368ec146838572d32376389551 (127.3.253.65:34301), 1221855753514aa69024f4bbb5682cbe (127.3.253.67:42833)
