I20260709 12:12:19.998090 24652 raft_consensus.cc:740] T 0bffbf46e1104989b053070708af0bf1 P 0aa1e86ae17b475490e37580168e3dc8 [term 0 FOLLOWER]: Becoming Follower/Learner. State: Replica: 0aa1e86ae17b475490e37580168e3dc8, State: Initialized, Role: FOLLOWER
I20260709 12:12:19.998202 24653 raft_consensus.cc:385] T 4c1e54dd0e894241a5311a8fd4c5d2a5 P a2f8c23b27614c0b88fa130270a0e2d0 [term 0 FOLLOWER]: Consensus starting up: Expiring failure detector timer to make a prompt election more likely
I20260709 12:12:19.998176 24611 tablet_service.cc:1917] Received RequestConsensusVote() RPC: tablet_id: "8441a533ebbe4a95a19921bd1ac78193" candidate_uuid: "0aa1e86ae17b475490e37580168e3dc8" candidate_term: 1 candidate_status { last_received { term: 0 index: 0 } } ignore_live_leader: false dest_uuid: "a2f8c23b27614c0b88fa130270a0e2d0" is_pre_election: true
I20260709 12:12:19.998612 24653 raft_consensus.cc:740] T 4c1e54dd0e894241a5311a8fd4c5d2a5 P a2f8c23b27614c0b88fa130270a0e2d0 [term 0 FOLLOWER]: Becoming Follower/Learner. State: Replica: a2f8c23b27614c0b88fa130270a0e2d0, State: Initialized, Role: FOLLOWER
I20260709 12:12:19.998977 24611 raft_consensus.cc:2468] T 8441a533ebbe4a95a19921bd1ac78193 P a2f8c23b27614c0b88fa130270a0e2d0 [term 0 FOLLOWER]: Leader pre-election vote request: Granting yes vote for candidate 0aa1e86ae17b475490e37580168e3dc8 in term 0.
I20260709 12:12:19.992484 24689 raft_consensus.cc:515] T e16ae6ff14ad45c5963a2c8dc3433ade P ceb8a24f9c704346bfaf391f9be4c04e [term 1 FOLLOWER]: Starting leader election with config: opid_index: -1 OBSOLETE_local: false peers { permanent_uuid: "ceb8a24f9c704346bfaf391f9be4c04e" member_type: VOTER last_known_addr { host: "127.23.67.129" port: 38323 } } peers { permanent_uuid: "0aa1e86ae17b475490e37580168e3dc8" member_type: VOTER last_known_addr { host: "127.23.67.130" port: 46187 } } peers { permanent_uuid: "a2f8c23b27614c0b88fa130270a0e2d0" member_type: VOTER last_known_addr { host: "127.23.67.131" port: 44393 } }
I20260709 12:12:19.999431 24653 consensus_queue.cc:260] T 4c1e54dd0e894241a5311a8fd4c5d2a5 P a2f8c23b27614c0b88fa130270a0e2d0 [NON_LEADER]: Queue going to NON_LEADER mode. State: All replicated index: 0, Majority replicated index: 0, Committed index: 0, Last appended: 0.0, Last appended by leader: 0, Current term: 0, Majority size: -1, State: 0, Mode: NON_LEADER, active raft config: opid_index: -1 OBSOLETE_local: false peers { permanent_uuid: "ceb8a24f9c704346bfaf391f9be4c04e" member_type: VOTER last_known_addr { host: "127.23.67.129" port: 38323 } } peers { permanent_uuid: "0aa1e86ae17b475490e37580168e3dc8" member_type: VOTER last_known_addr { host: "127.23.67.130" port: 46187 } } peers { permanent_uuid: "a2f8c23b27614c0b88fa130270a0e2d0" member_type: VOTER last_known_addr { host: "127.23.67.131" port: 44393 } }
I20260709 12:12:20.001727 24653 ts_tablet_manager.cc:1434] T 4c1e54dd0e894241a5311a8fd4c5d2a5 P a2f8c23b27614c0b88fa130270a0e2d0: Time spent starting tablet: real 0.006s	user 0.001s	sys 0.005s
I20260709 12:12:19.999217 24652 consensus_queue.cc:260] T 0bffbf46e1104989b053070708af0bf1 P 0aa1e86ae17b475490e37580168e3dc8 [NON_LEADER]: Queue going to NON_LEADER mode. State: All replicated index: 0, Majority replicated index: 0, Committed index: 0, Last appended: 0.0, Last appended by leader: 0, Current term: 0, Majority size: -1, State: 0, Mode: NON_LEADER, active raft config: opid_index: -1 OBSOLETE_local: false peers { permanent_uuid: "ceb8a24f9c704346bfaf391f9be4c04e" member_type: VOTER last_known_addr { host: "127.23.67.129" port: 38323 } } peers { permanent_uuid: "0aa1e86ae17b475490e37580168e3dc8" member_type: VOTER last_known_addr { host: "127.23.67.130" port: 46187 } } peers { permanent_uuid: "a2f8c23b27614c0b88fa130270a0e2d0" member_type: VOTER last_known_addr { host: "127.23.67.131" port: 44393 } }
I20260709 12:12:20.002234 24536 tablet_service.cc:1917] Received RequestConsensusVote() RPC: tablet_id: "e16ae6ff14ad45c5963a2c8dc3433ade" candidate_uuid: "ceb8a24f9c704346bfaf391f9be4c04e" candidate_term: 1 candidate_status { last_received { term: 0 index: 0 } } ignore_live_leader: false dest_uuid: "0aa1e86ae17b475490e37580168e3dc8"
I20260709 12:12:20.002848 24689 leader_election.cc:290] T e16ae6ff14ad45c5963a2c8dc3433ade P ceb8a24f9c704346bfaf391f9be4c04e [CANDIDATE]: Term 1 election: Requested vote from peers 0aa1e86ae17b475490e37580168e3dc8 (127.23.67.130:46187), a2f8c23b27614c0b88fa130270a0e2d0 (127.23.67.131:44393)
I20260709 12:12:20.003424 24652 ts_tablet_manager.cc:1434] T 0bffbf46e1104989b053070708af0bf1 P 0aa1e86ae17b475490e37580168e3dc8: Time spent starting tablet: real 0.020s	user 0.005s	sys 0.000s
I20260709 12:12:20.004079 24653 tablet_bootstrap.cc:492] T 0bffbf46e1104989b053070708af0bf1 P a2f8c23b27614c0b88fa130270a0e2d0: Bootstrap starting.
W20260709 12:12:20.004426 24425 leader_election.cc:343] T e16ae6ff14ad45c5963a2c8dc3433ade P ceb8a24f9c704346bfaf391f9be4c04e [CANDIDATE]: Term 1 election: Tablet error from VoteRequest() call to peer 0aa1e86ae17b475490e37580168e3dc8 (127.23.67.130:46187): Illegal state: must be running to vote when last-logged opid is not known
I20260709 12:12:20.005496 24652 tablet_bootstrap.cc:492] T e188d069844e429cb6f77431410b263f P 0aa1e86ae17b475490e37580168e3dc8: Bootstrap starting.
I20260709 12:12:20.006112 24611 tablet_service.cc:1917] Received RequestConsensusVote() RPC: tablet_id: "e16ae6ff14ad45c5963a2c8dc3433ade" candidate_uuid: "ceb8a24f9c704346bfaf391f9be4c04e" candidate_term: 1 candidate_status { last_received { term: 0 index: 0 } } ignore_live_leader: false dest_uuid: "a2f8c23b27614c0b88fa130270a0e2d0"
I20260709 12:12:20.009795 24611 raft_consensus.cc:3060] T e16ae6ff14ad45c5963a2c8dc3433ade P a2f8c23b27614c0b88fa130270a0e2d0 [term 0 FOLLOWER]: Advancing to term 1
I20260709 12:12:20.010308 24653 tablet_bootstrap.cc:654] T 0bffbf46e1104989b053070708af0bf1 P a2f8c23b27614c0b88fa130270a0e2d0: Neither blocks nor log segments found. Creating new log.
I20260709 12:12:20.013176 24652 tablet_bootstrap.cc:654] T e188d069844e429cb6f77431410b263f P 0aa1e86ae17b475490e37580168e3dc8: Neither blocks nor log segments found. Creating new log.
I20260709 12:12:20.020058 24652 tablet_bootstrap.cc:492] T e188d069844e429cb6f77431410b263f P 0aa1e86ae17b475490e37580168e3dc8: No bootstrap required, opened a new log
I20260709 12:12:20.020468 24652 ts_tablet_manager.cc:1403] T e188d069844e429cb6f77431410b263f P 0aa1e86ae17b475490e37580168e3dc8: Time spent bootstrapping tablet: real 0.015s	user 0.005s	sys 0.008s
I20260709 12:12:20.022476 24675 raft_consensus.cc:515] T 8441a533ebbe4a95a19921bd1ac78193 P 0aa1e86ae17b475490e37580168e3dc8 [term 1 FOLLOWER]: Starting leader election with config: opid_index: -1 OBSOLETE_local: false peers { permanent_uuid: "ceb8a24f9c704346bfaf391f9be4c04e" member_type: VOTER last_known_addr { host: "127.23.67.129" port: 38323 } } peers { permanent_uuid: "0aa1e86ae17b475490e37580168e3dc8" member_type: VOTER last_known_addr { host: "127.23.67.130" port: 46187 } } peers { permanent_uuid: "a2f8c23b27614c0b88fa130270a0e2d0" member_type: VOTER last_known_addr { host: "127.23.67.131" port: 44393 } }
I20260709 12:12:20.023640 24611 raft_consensus.cc:2468] T e16ae6ff14ad45c5963a2c8dc3433ade P a2f8c23b27614c0b88fa130270a0e2d0 [term 1 FOLLOWER]: Leader election vote request: Granting yes vote for candidate ceb8a24f9c704346bfaf391f9be4c04e in term 1.
I20260709 12:12:20.023451 24652 raft_consensus.cc:359] T e188d069844e429cb6f77431410b263f P 0aa1e86ae17b475490e37580168e3dc8 [term 0 FOLLOWER]: Replica starting. Triggering 0 pending ops. Active config: opid_index: -1 OBSOLETE_local: false peers { permanent_uuid: "ceb8a24f9c704346bfaf391f9be4c04e" member_type: VOTER last_known_addr { host: "127.23.67.129" port: 38323 } } peers { permanent_uuid: "0aa1e86ae17b475490e37580168e3dc8" member_type: VOTER last_known_addr { host: "127.23.67.130" port: 46187 } } peers { permanent_uuid: "a2f8c23b27614c0b88fa130270a0e2d0" member_type: VOTER last_known_addr { host: "127.23.67.131" port: 44393 } }
I20260709 12:12:20.024438 24652 raft_consensus.cc:385] T e188d069844e429cb6f77431410b263f P 0aa1e86ae17b475490e37580168e3dc8 [term 0 FOLLOWER]: Consensus starting up: Expiring failure detector timer to make a prompt election more likely
I20260709 12:12:20.024693 24652 raft_consensus.cc:740] T e188d069844e429cb6f77431410b263f P 0aa1e86ae17b475490e37580168e3dc8 [term 0 FOLLOWER]: Becoming Follower/Learner. State: Replica: 0aa1e86ae17b475490e37580168e3dc8, State: Initialized, Role: FOLLOWER
I20260709 12:12:20.024829 24428 leader_election.cc:304] T e16ae6ff14ad45c5963a2c8dc3433ade P ceb8a24f9c704346bfaf391f9be4c04e [CANDIDATE]: Term 1 election: Election decided. Result: candidate won. Election summary: received 3 responses out of 3 voters: 2 yes votes; 1 no votes. yes voters: a2f8c23b27614c0b88fa130270a0e2d0, ceb8a24f9c704346bfaf391f9be4c04e; no voters: 0aa1e86ae17b475490e37580168e3dc8
I20260709 12:12:20.025350 24652 consensus_queue.cc:260] T e188d069844e429cb6f77431410b263f P 0aa1e86ae17b475490e37580168e3dc8 [NON_LEADER]: Queue going to NON_LEADER mode. State: All replicated index: 0, Majority replicated index: 0, Committed index: 0, Last appended: 0.0, Last appended by leader: 0, Current term: 0, Majority size: -1, State: 0, Mode: NON_LEADER, active raft config: opid_index: -1 OBSOLETE_local: false peers { permanent_uuid: "ceb8a24f9c704346bfaf391f9be4c04e" member_type: VOTER last_known_addr { host: "127.23.67.129" port: 38323 } } peers { permanent_uuid: "0aa1e86ae17b475490e37580168e3dc8" member_type: VOTER last_known_addr { host: "127.23.67.130" port: 46187 } } peers { permanent_uuid: "a2f8c23b27614c0b88fa130270a0e2d0" member_type: VOTER last_known_addr { host: "127.23.67.131" port: 44393 } }
I20260709 12:12:20.025925 24689 raft_consensus.cc:2804] T e16ae6ff14ad45c5963a2c8dc3433ade P ceb8a24f9c704346bfaf391f9be4c04e [term 1 FOLLOWER]: Leader election won for term 1
I20260709 12:12:20.025254 24462 tablet_service.cc:1917] Received RequestConsensusVote() RPC: tablet_id: "8441a533ebbe4a95a19921bd1ac78193" candidate_uuid: "0aa1e86ae17b475490e37580168e3dc8" candidate_term: 1 candidate_status { last_received { term: 0 index: 0 } } ignore_live_leader: false dest_uuid: "ceb8a24f9c704346bfaf391f9be4c04e"
I20260709 12:12:20.026373 24689 raft_consensus.cc:697] T e16ae6ff14ad45c5963a2c8dc3433ade P ceb8a24f9c704346bfaf391f9be4c04e [term 1 LEADER]: Becoming Leader. State: Replica: ceb8a24f9c704346bfaf391f9be4c04e, State: Running, Role: LEADER
I20260709 12:12:20.026525 24462 raft_consensus.cc:3060] T 8441a533ebbe4a95a19921bd1ac78193 P ceb8a24f9c704346bfaf391f9be4c04e [term 0 FOLLOWER]: Advancing to term 1
I20260709 12:12:20.027281 24652 ts_tablet_manager.cc:1434] T e188d069844e429cb6f77431410b263f P 0aa1e86ae17b475490e37580168e3dc8: Time spent starting tablet: real 0.007s	user 0.004s	sys 0.001s
I20260709 12:12:20.025307 24653 tablet_bootstrap.cc:492] T 0bffbf46e1104989b053070708af0bf1 P a2f8c23b27614c0b88fa130270a0e2d0: No bootstrap required, opened a new log
I20260709 12:12:20.027187 24689 consensus_queue.cc:237] T e16ae6ff14ad45c5963a2c8dc3433ade P ceb8a24f9c704346bfaf391f9be4c04e [LEADER]: Queue going to LEADER mode. State: All replicated index: 0, Majority replicated index: 0, Committed index: 0, Last appended: 0.0, Last appended by leader: 0, Current term: 1, Majority size: 2, State: 0, Mode: LEADER, active raft config: opid_index: -1 OBSOLETE_local: false peers { permanent_uuid: "ceb8a24f9c704346bfaf391f9be4c04e" member_type: VOTER last_known_addr { host: "127.23.67.129" port: 38323 } } peers { permanent_uuid: "0aa1e86ae17b475490e37580168e3dc8" member_type: VOTER last_known_addr { host: "127.23.67.130" port: 46187 } } peers { permanent_uuid: "a2f8c23b27614c0b88fa130270a0e2d0" member_type: VOTER last_known_addr { host: "127.23.67.131" port: 44393 } }
I20260709 12:12:20.028003 24653 ts_tablet_manager.cc:1403] T 0bffbf46e1104989b053070708af0bf1 P a2f8c23b27614c0b88fa130270a0e2d0: Time spent bootstrapping tablet: real 0.024s	user 0.009s	sys 0.007s
I20260709 12:12:20.029464 24652 tablet_bootstrap.cc:492] T d1dcc03d0cfd423783fd397df14d101c P 0aa1e86ae17b475490e37580168e3dc8: Bootstrap starting.
I20260709 12:12:20.030501 24653 raft_consensus.cc:359] T 0bffbf46e1104989b053070708af0bf1 P a2f8c23b27614c0b88fa130270a0e2d0 [term 0 FOLLOWER]: Replica starting. Triggering 0 pending ops. Active config: opid_index: -1 OBSOLETE_local: false peers { permanent_uuid: "ceb8a24f9c704346bfaf391f9be4c04e" member_type: VOTER last_known_addr { host: "127.23.67.129" port: 38323 } } peers { permanent_uuid: "0aa1e86ae17b475490e37580168e3dc8" member_type: VOTER last_known_addr { host: "127.23.67.130" port: 46187 } } peers { permanent_uuid: "a2f8c23b27614c0b88fa130270a0e2d0" member_type: VOTER last_known_addr { host: "127.23.67.131" port: 44393 } }
I20260709 12:12:20.031167 24653 raft_consensus.cc:385] T 0bffbf46e1104989b053070708af0bf1 P a2f8c23b27614c0b88fa130270a0e2d0 [term 0 FOLLOWER]: Consensus starting up: Expiring failure detector timer to make a prompt election more likely
I20260709 12:12:20.031424 24653 raft_consensus.cc:740] T 0bffbf46e1104989b053070708af0bf1 P a2f8c23b27614c0b88fa130270a0e2d0 [term 0 FOLLOWER]: Becoming Follower/Learner. State: Replica: a2f8c23b27614c0b88fa130270a0e2d0, State: Initialized, Role: FOLLOWER
I20260709 12:12:20.032032 24653 consensus_queue.cc:260] T 0bffbf46e1104989b053070708af0bf1 P a2f8c23b27614c0b88fa130270a0e2d0 [NON_LEADER]: Queue going to NON_LEADER mode. State: All replicated index: 0, Majority replicated index: 0, Committed index: 0, Last appended: 0.0, Last appended by leader: 0, Current term: 0, Majority size: -1, State: 0, Mode: NON_LEADER, active raft config: opid_index: -1 OBSOLETE_local: false peers { permanent_uuid: "ceb8a24f9c704346bfaf391f9be4c04e" member_type: VOTER last_known_addr { host: "127.23.67.129" port: 38323 } } peers { permanent_uuid: "0aa1e86ae17b475490e37580168e3dc8" member_type: VOTER last_known_addr { host: "127.23.67.130" port: 46187 } } peers { permanent_uuid: "a2f8c23b27614c0b88fa130270a0e2d0" member_type: VOTER last_known_addr { host: "127.23.67.131" port: 44393 } }
I20260709 12:12:20.034083 24653 ts_tablet_manager.cc:1434] T 0bffbf46e1104989b053070708af0bf1 P a2f8c23b27614c0b88fa130270a0e2d0: Time spent starting tablet: real 0.006s	user 0.004s	sys 0.000s
I20260709 12:12:20.034956 24653 tablet_bootstrap.cc:492] T fb76a96d34074092b1271dc40e17a103 P a2f8c23b27614c0b88fa130270a0e2d0: Bootstrap starting.
I20260709 12:12:20.035845 24652 tablet_bootstrap.cc:654] T d1dcc03d0cfd423783fd397df14d101c P 0aa1e86ae17b475490e37580168e3dc8: Neither blocks nor log segments found. Creating new log.
I20260709 12:12:20.040838 24675 leader_election.cc:290] T 8441a533ebbe4a95a19921bd1ac78193 P 0aa1e86ae17b475490e37580168e3dc8 [CANDIDATE]: Term 1 election: Requested vote from peers ceb8a24f9c704346bfaf391f9be4c04e (127.23.67.129:38323), a2f8c23b27614c0b88fa130270a0e2d0 (127.23.67.131:44393)
I20260709 12:12:20.041852 24653 tablet_bootstrap.cc:654] T fb76a96d34074092b1271dc40e17a103 P a2f8c23b27614c0b88fa130270a0e2d0: Neither blocks nor log segments found. Creating new log.
I20260709 12:12:20.047753 24611 tablet_service.cc:1917] Received RequestConsensusVote() RPC: tablet_id: "8441a533ebbe4a95a19921bd1ac78193" candidate_uuid: "0aa1e86ae17b475490e37580168e3dc8" candidate_term: 1 candidate_status { last_received { term: 0 index: 0 } } ignore_live_leader: false dest_uuid: "a2f8c23b27614c0b88fa130270a0e2d0"
I20260709 12:12:20.048421 24611 raft_consensus.cc:3060] T 8441a533ebbe4a95a19921bd1ac78193 P a2f8c23b27614c0b88fa130270a0e2d0 [term 0 FOLLOWER]: Advancing to term 1
I20260709 12:12:20.059006 24611 raft_consensus.cc:2468] T 8441a533ebbe4a95a19921bd1ac78193 P a2f8c23b27614c0b88fa130270a0e2d0 [term 1 FOLLOWER]: Leader election vote request: Granting yes vote for candidate 0aa1e86ae17b475490e37580168e3dc8 in term 1.
I20260709 12:12:20.062997 24503 leader_election.cc:304] T 8441a533ebbe4a95a19921bd1ac78193 P 0aa1e86ae17b475490e37580168e3dc8 [CANDIDATE]: Term 1 election: Election decided. Result: candidate won. Election summary: received 2 responses out of 3 voters: 2 yes votes; 0 no votes. yes voters: 0aa1e86ae17b475490e37580168e3dc8, a2f8c23b27614c0b88fa130270a0e2d0; no voters: 
I20260709 12:12:20.063761 24675 raft_consensus.cc:2804] T 8441a533ebbe4a95a19921bd1ac78193 P 0aa1e86ae17b475490e37580168e3dc8 [term 1 FOLLOWER]: Leader election won for term 1
I20260709 12:12:20.064210 24675 raft_consensus.cc:697] T 8441a533ebbe4a95a19921bd1ac78193 P 0aa1e86ae17b475490e37580168e3dc8 [term 1 LEADER]: Becoming Leader. State: Replica: 0aa1e86ae17b475490e37580168e3dc8, State: Running, Role: LEADER
I20260709 12:12:20.065038 24675 consensus_queue.cc:237] T 8441a533ebbe4a95a19921bd1ac78193 P 0aa1e86ae17b475490e37580168e3dc8 [LEADER]: Queue going to LEADER mode. State: All replicated index: 0, Majority replicated index: 0, Committed index: 0, Last appended: 0.0, Last appended by leader: 0, Current term: 1, Majority size: 2, State: 0, Mode: LEADER, active raft config: opid_index: -1 OBSOLETE_local: false peers { permanent_uuid: "ceb8a24f9c704346bfaf391f9be4c04e" member_type: VOTER last_known_addr { host: "127.23.67.129" port: 38323 } } peers { permanent_uuid: "0aa1e86ae17b475490e37580168e3dc8" member_type: VOTER last_known_addr { host: "127.23.67.130" port: 46187 } } peers { permanent_uuid: "a2f8c23b27614c0b88fa130270a0e2d0" member_type: VOTER last_known_addr { host: "127.23.67.131" port: 44393 } }
I20260709 12:12:20.073979 24462 raft_consensus.cc:2468] T 8441a533ebbe4a95a19921bd1ac78193 P ceb8a24f9c704346bfaf391f9be4c04e [term 1 FOLLOWER]: Leader election vote request: Granting yes vote for candidate 0aa1e86ae17b475490e37580168e3dc8 in term 1.
I20260709 12:12:20.078722 24358 catalog_manager.cc:5697] T 8441a533ebbe4a95a19921bd1ac78193 P 0aa1e86ae17b475490e37580168e3dc8 reported cstate change: term changed from 0 to 1, leader changed from <none> to 0aa1e86ae17b475490e37580168e3dc8 (127.23.67.130). New cstate: current_term: 1 leader_uuid: "0aa1e86ae17b475490e37580168e3dc8" committed_config { opid_index: -1 OBSOLETE_local: false peers { permanent_uuid: "ceb8a24f9c704346bfaf391f9be4c04e" member_type: VOTER last_known_addr { host: "127.23.67.129" port: 38323 } health_report { overall_health: UNKNOWN } } peers { permanent_uuid: "0aa1e86ae17b475490e37580168e3dc8" member_type: VOTER last_known_addr { host: "127.23.67.130" port: 46187 } health_report { overall_health: HEALTHY } } peers { permanent_uuid: "a2f8c23b27614c0b88fa130270a0e2d0" member_type: VOTER last_known_addr { host: "127.23.67.131" port: 44393 } health_report { overall_health: UNKNOWN } } }
I20260709 12:12:20.080209 24653 tablet_bootstrap.cc:492] T fb76a96d34074092b1271dc40e17a103 P a2f8c23b27614c0b88fa130270a0e2d0: No bootstrap required, opened a new log
I20260709 12:12:20.080655 24653 ts_tablet_manager.cc:1403] T fb76a96d34074092b1271dc40e17a103 P a2f8c23b27614c0b88fa130270a0e2d0: Time spent bootstrapping tablet: real 0.046s	user 0.019s	sys 0.022s
I20260709 12:12:20.081010 24652 tablet_bootstrap.cc:492] T d1dcc03d0cfd423783fd397df14d101c P 0aa1e86ae17b475490e37580168e3dc8: No bootstrap required, opened a new log
I20260709 12:12:20.081414 24652 ts_tablet_manager.cc:1403] T d1dcc03d0cfd423783fd397df14d101c P 0aa1e86ae17b475490e37580168e3dc8: Time spent bootstrapping tablet: real 0.052s	user 0.006s	sys 0.034s
I20260709 12:12:20.083094 24653 raft_consensus.cc:359] T fb76a96d34074092b1271dc40e17a103 P a2f8c23b27614c0b88fa130270a0e2d0 [term 0 FOLLOWER]: Replica starting. Triggering 0 pending ops. Active config: opid_index: -1 OBSOLETE_local: false peers { permanent_uuid: "ceb8a24f9c704346bfaf391f9be4c04e" member_type: VOTER last_known_addr { host: "127.23.67.129" port: 38323 } } peers { permanent_uuid: "0aa1e86ae17b475490e37580168e3dc8" member_type: VOTER last_known_addr { host: "127.23.67.130" port: 46187 } } peers { permanent_uuid: "a2f8c23b27614c0b88fa130270a0e2d0" member_type: VOTER last_known_addr { host: "127.23.67.131" port: 44393 } }
I20260709 12:12:20.083048 24360 catalog_manager.cc:5697] T e16ae6ff14ad45c5963a2c8dc3433ade P ceb8a24f9c704346bfaf391f9be4c04e reported cstate change: term changed from 0 to 1, leader changed from <none> to ceb8a24f9c704346bfaf391f9be4c04e (127.23.67.129). New cstate: current_term: 1 leader_uuid: "ceb8a24f9c704346bfaf391f9be4c04e" committed_config { opid_index: -1 OBSOLETE_local: false peers { permanent_uuid: "ceb8a24f9c704346bfaf391f9be4c04e" member_type: VOTER last_known_addr { host: "127.23.67.129" port: 38323 } health_report { overall_health: HEALTHY } } peers { permanent_uuid: "0aa1e86ae17b475490e37580168e3dc8" member_type: VOTER last_known_addr { host: "127.23.67.130" port: 46187 } health_report { overall_health: UNKNOWN } } peers { permanent_uuid: "a2f8c23b27614c0b88fa130270a0e2d0" member_type: VOTER last_known_addr { host: "127.23.67.131" port: 44393 } health_report { overall_health: UNKNOWN } } }
I20260709 12:12:20.083788 24653 raft_consensus.cc:385] T fb76a96d34074092b1271dc40e17a103 P a2f8c23b27614c0b88fa130270a0e2d0 [term 0 FOLLOWER]: Consensus starting up: Expiring failure detector timer to make a prompt election more likely
I20260709 12:12:20.083796 24652 raft_consensus.cc:359] T d1dcc03d0cfd423783fd397df14d101c P 0aa1e86ae17b475490e37580168e3dc8 [term 0 FOLLOWER]: Replica starting. Triggering 0 pending ops. Active config: opid_index: -1 OBSOLETE_local: false peers { permanent_uuid: "ceb8a24f9c704346bfaf391f9be4c04e" member_type: VOTER last_known_addr { host: "127.23.67.129" port: 38323 } } peers { permanent_uuid: "0aa1e86ae17b475490e37580168e3dc8" member_type: VOTER last_known_addr { host: "127.23.67.130" port: 46187 } } peers { permanent_uuid: "a2f8c23b27614c0b88fa130270a0e2d0" member_type: VOTER last_known_addr { host: "127.23.67.131" port: 44393 } }
I20260709 12:12:20.084309 24653 raft_consensus.cc:740] T fb76a96d34074092b1271dc40e17a103 P a2f8c23b27614c0b88fa130270a0e2d0 [term 0 FOLLOWER]: Becoming Follower/Learner. State: Replica: a2f8c23b27614c0b88fa130270a0e2d0, State: Initialized, Role: FOLLOWER
I20260709 12:12:20.084621 24652 raft_consensus.cc:385] T d1dcc03d0cfd423783fd397df14d101c P 0aa1e86ae17b475490e37580168e3dc8 [term 0 FOLLOWER]: Consensus starting up: Expiring failure detector timer to make a prompt election more likely
I20260709 12:12:20.084895 24652 raft_consensus.cc:740] T d1dcc03d0cfd423783fd397df14d101c P 0aa1e86ae17b475490e37580168e3dc8 [term 0 FOLLOWER]: Becoming Follower/Learner. State: Replica: 0aa1e86ae17b475490e37580168e3dc8, State: Initialized, Role: FOLLOWER
I20260709 12:12:20.085000 24653 consensus_queue.cc:260] T fb76a96d34074092b1271dc40e17a103 P a2f8c23b27614c0b88fa130270a0e2d0 [NON_LEADER]: Queue going to NON_LEADER mode. State: All replicated index: 0, Majority replicated index: 0, Committed index: 0, Last appended: 0.0, Last appended by leader: 0, Current term: 0, Majority size: -1, State: 0, Mode: NON_LEADER, active raft config: opid_index: -1 OBSOLETE_local: false peers { permanent_uuid: "ceb8a24f9c704346bfaf391f9be4c04e" member_type: VOTER last_known_addr { host: "127.23.67.129" port: 38323 } } peers { permanent_uuid: "0aa1e86ae17b475490e37580168e3dc8" member_type: VOTER last_known_addr { host: "127.23.67.130" port: 46187 } } peers { permanent_uuid: "a2f8c23b27614c0b88fa130270a0e2d0" member_type: VOTER last_known_addr { host: "127.23.67.131" port: 44393 } }
I20260709 12:12:20.085631 24652 consensus_queue.cc:260] T d1dcc03d0cfd423783fd397df14d101c P 0aa1e86ae17b475490e37580168e3dc8 [NON_LEADER]: Queue going to NON_LEADER mode. State: All replicated index: 0, Majority replicated index: 0, Committed index: 0, Last appended: 0.0, Last appended by leader: 0, Current term: 0, Majority size: -1, State: 0, Mode: NON_LEADER, active raft config: opid_index: -1 OBSOLETE_local: false peers { permanent_uuid: "ceb8a24f9c704346bfaf391f9be4c04e" member_type: VOTER last_known_addr { host: "127.23.67.129" port: 38323 } } peers { permanent_uuid: "0aa1e86ae17b475490e37580168e3dc8" member_type: VOTER last_known_addr { host: "127.23.67.130" port: 46187 } } peers { permanent_uuid: "a2f8c23b27614c0b88fa130270a0e2d0" member_type: VOTER last_known_addr { host: "127.23.67.131" port: 44393 } }
I20260709 12:12:20.086921 24653 ts_tablet_manager.cc:1434] T fb76a96d34074092b1271dc40e17a103 P a2f8c23b27614c0b88fa130270a0e2d0: Time spent starting tablet: real 0.006s	user 0.003s	sys 0.002s
I20260709 12:12:20.087447 24652 ts_tablet_manager.cc:1434] T d1dcc03d0cfd423783fd397df14d101c P 0aa1e86ae17b475490e37580168e3dc8: Time spent starting tablet: real 0.006s	user 0.005s	sys 0.000s
I20260709 12:12:20.088239 24652 tablet_bootstrap.cc:492] T e16ae6ff14ad45c5963a2c8dc3433ade P 0aa1e86ae17b475490e37580168e3dc8: Bootstrap starting.
I20260709 12:12:20.093691 24652 tablet_bootstrap.cc:654] T e16ae6ff14ad45c5963a2c8dc3433ade P 0aa1e86ae17b475490e37580168e3dc8: Neither blocks nor log segments found. Creating new log.
I20260709 12:12:20.098943 24652 tablet_bootstrap.cc:492] T e16ae6ff14ad45c5963a2c8dc3433ade P 0aa1e86ae17b475490e37580168e3dc8: No bootstrap required, opened a new log
I20260709 12:12:20.099270 24652 ts_tablet_manager.cc:1403] T e16ae6ff14ad45c5963a2c8dc3433ade P 0aa1e86ae17b475490e37580168e3dc8: Time spent bootstrapping tablet: real 0.011s	user 0.008s	sys 0.000s
I20260709 12:12:20.101095 24652 raft_consensus.cc:359] T e16ae6ff14ad45c5963a2c8dc3433ade P 0aa1e86ae17b475490e37580168e3dc8 [term 0 FOLLOWER]: Replica starting. Triggering 0 pending ops. Active config: opid_index: -1 OBSOLETE_local: false peers { permanent_uuid: "ceb8a24f9c704346bfaf391f9be4c04e" member_type: VOTER last_known_addr { host: "127.23.67.129" port: 38323 } } peers { permanent_uuid: "0aa1e86ae17b475490e37580168e3dc8" member_type: VOTER last_known_addr { host: "127.23.67.130" port: 46187 } } peers { permanent_uuid: "a2f8c23b27614c0b88fa130270a0e2d0" member_type: VOTER last_known_addr { host: "127.23.67.131" port: 44393 } }
I20260709 12:12:20.101656 24652 raft_consensus.cc:385] T e16ae6ff14ad45c5963a2c8dc3433ade P 0aa1e86ae17b475490e37580168e3dc8 [term 0 FOLLOWER]: Consensus starting up: Expiring failure detector timer to make a prompt election more likely
I20260709 12:12:20.101854 24652 raft_consensus.cc:740] T e16ae6ff14ad45c5963a2c8dc3433ade P 0aa1e86ae17b475490e37580168e3dc8 [term 0 FOLLOWER]: Becoming Follower/Learner. State: Replica: 0aa1e86ae17b475490e37580168e3dc8, State: Initialized, Role: FOLLOWER
I20260709 12:12:20.102348 24652 consensus_queue.cc:260] T e16ae6ff14ad45c5963a2c8dc3433ade P 0aa1e86ae17b475490e37580168e3dc8 [NON_LEADER]: Queue going to NON_LEADER mode. State: All replicated index: 0, Majority replicated index: 0, Committed index: 0, Last appended: 0.0, Last appended by leader: 0, Current term: 0, Majority size: -1, State: 0, Mode: NON_LEADER, active raft config: opid_index: -1 OBSOLETE_local: false peers { permanent_uuid: "ceb8a24f9c704346bfaf391f9be4c04e" member_type: VOTER last_known_addr { host: "127.23.67.129" port: 38323 } } peers { permanent_uuid: "0aa1e86ae17b475490e37580168e3dc8" member_type: VOTER last_known_addr { host: "127.23.67.130" port: 46187 } } peers { permanent_uuid: "a2f8c23b27614c0b88fa130270a0e2d0" member_type: VOTER last_known_addr { host: "127.23.67.131" port: 44393 } }
I20260709 12:12:20.103869 24652 ts_tablet_manager.cc:1434] T e16ae6ff14ad45c5963a2c8dc3433ade P 0aa1e86ae17b475490e37580168e3dc8: Time spent starting tablet: real 0.004s	user 0.005s	sys 0.000s
I20260709 12:12:20.213904 24689 raft_consensus.cc:493] T 0bffbf46e1104989b053070708af0bf1 P ceb8a24f9c704346bfaf391f9be4c04e [term 0 FOLLOWER]: Starting pre-election (no leader contacted us within the election timeout)
I20260709 12:12:20.214449 24675 raft_consensus.cc:493] T e188d069844e429cb6f77431410b263f P 0aa1e86ae17b475490e37580168e3dc8 [term 0 FOLLOWER]: Starting pre-election (no leader contacted us within the election timeout)
I20260709 12:12:20.214402 24689 raft_consensus.cc:515] T 0bffbf46e1104989b053070708af0bf1 P ceb8a24f9c704346bfaf391f9be4c04e [term 0 FOLLOWER]: Starting pre-election with config: opid_index: -1 OBSOLETE_local: false peers { permanent_uuid: "ceb8a24f9c704346bfaf391f9be4c04e" member_type: VOTER last_known_addr { host: "127.23.67.129" port: 38323 } } peers { permanent_uuid: "0aa1e86ae17b475490e37580168e3dc8" member_type: VOTER last_known_addr { host: "127.23.67.130" port: 46187 } } peers { permanent_uuid: "a2f8c23b27614c0b88fa130270a0e2d0" member_type: VOTER last_known_addr { host: "127.23.67.131" port: 44393 } }
I20260709 12:12:20.214859 24675 raft_consensus.cc:515] T e188d069844e429cb6f77431410b263f P 0aa1e86ae17b475490e37580168e3dc8 [term 0 FOLLOWER]: Starting pre-election with config: opid_index: -1 OBSOLETE_local: false peers { permanent_uuid: "ceb8a24f9c704346bfaf391f9be4c04e" member_type: VOTER last_known_addr { host: "127.23.67.129" port: 38323 } } peers { permanent_uuid: "0aa1e86ae17b475490e37580168e3dc8" member_type: VOTER last_known_addr { host: "127.23.67.130" port: 46187 } } peers { permanent_uuid: "a2f8c23b27614c0b88fa130270a0e2d0" member_type: VOTER last_known_addr { host: "127.23.67.131" port: 44393 } }
I20260709 12:12:20.216152 24689 leader_election.cc:290] T 0bffbf46e1104989b053070708af0bf1 P ceb8a24f9c704346bfaf391f9be4c04e [CANDIDATE]: Term 1 pre-election: Requested pre-vote from peers 0aa1e86ae17b475490e37580168e3dc8 (127.23.67.130:46187), a2f8c23b27614c0b88fa130270a0e2d0 (127.23.67.131:44393)
I20260709 12:12:20.216611 24675 leader_election.cc:290] T e188d069844e429cb6f77431410b263f P 0aa1e86ae17b475490e37580168e3dc8 [CANDIDATE]: Term 1 pre-election: Requested pre-vote from peers ceb8a24f9c704346bfaf391f9be4c04e (127.23.67.129:38323), a2f8c23b27614c0b88fa130270a0e2d0 (127.23.67.131:44393)
I20260709 12:12:20.217070 24536 tablet_service.cc:1917] Received RequestConsensusVote() RPC: tablet_id: "0bffbf46e1104989b053070708af0bf1" candidate_uuid: "ceb8a24f9c704346bfaf391f9be4c04e" candidate_term: 1 candidate_status { last_received { term: 0 index: 0 } } ignore_live_leader: false dest_uuid: "0aa1e86ae17b475490e37580168e3dc8" is_pre_election: true
I20260709 12:12:20.217300 24611 tablet_service.cc:1917] Received RequestConsensusVote() RPC: tablet_id: "0bffbf46e1104989b053070708af0bf1" candidate_uuid: "ceb8a24f9c704346bfaf391f9be4c04e" candidate_term: 1 candidate_status { last_received { term: 0 index: 0 } } ignore_live_leader: false dest_uuid: "a2f8c23b27614c0b88fa130270a0e2d0" is_pre_election: true
I20260709 12:12:20.217664 24536 raft_consensus.cc:2468] T 0bffbf46e1104989b053070708af0bf1 P 0aa1e86ae17b475490e37580168e3dc8 [term 0 FOLLOWER]: Leader pre-election vote request: Granting yes vote for candidate ceb8a24f9c704346bfaf391f9be4c04e in term 0.
I20260709 12:12:20.217775 24462 tablet_service.cc:1917] Received RequestConsensusVote() RPC: tablet_id: "e188d069844e429cb6f77431410b263f" candidate_uuid: "0aa1e86ae17b475490e37580168e3dc8" candidate_term: 1 candidate_status { last_received { term: 0 index: 0 } } ignore_live_leader: false dest_uuid: "ceb8a24f9c704346bfaf391f9be4c04e" is_pre_election: true
I20260709 12:12:20.217872 24611 raft_consensus.cc:2468] T 0bffbf46e1104989b053070708af0bf1 P a2f8c23b27614c0b88fa130270a0e2d0 [term 0 FOLLOWER]: Leader pre-election vote request: Granting yes vote for candidate ceb8a24f9c704346bfaf391f9be4c04e in term 0.
I20260709 12:12:20.217947 24610 tablet_service.cc:1917] Received RequestConsensusVote() RPC: tablet_id: "e188d069844e429cb6f77431410b263f" candidate_uuid: "0aa1e86ae17b475490e37580168e3dc8" candidate_term: 1 candidate_status { last_received { term: 0 index: 0 } } ignore_live_leader: false dest_uuid: "a2f8c23b27614c0b88fa130270a0e2d0" is_pre_election: true
I20260709 12:12:20.218466 24462 raft_consensus.cc:2393] T e188d069844e429cb6f77431410b263f P ceb8a24f9c704346bfaf391f9be4c04e [term 1 FOLLOWER]: Leader pre-election vote request: Denying vote to candidate 0aa1e86ae17b475490e37580168e3dc8 in current term 1: Already voted for candidate a2f8c23b27614c0b88fa130270a0e2d0 in this term.
I20260709 12:12:20.218873 24425 leader_election.cc:304] T 0bffbf46e1104989b053070708af0bf1 P ceb8a24f9c704346bfaf391f9be4c04e [CANDIDATE]: Term 1 pre-election: Election decided. Result: candidate won. Election summary: received 2 responses out of 3 voters: 2 yes votes; 0 no votes. yes voters: 0aa1e86ae17b475490e37580168e3dc8, ceb8a24f9c704346bfaf391f9be4c04e; no voters: 
I20260709 12:12:20.219756 24687 raft_consensus.cc:2804] T 0bffbf46e1104989b053070708af0bf1 P ceb8a24f9c704346bfaf391f9be4c04e [term 0 FOLLOWER]: Leader pre-election won for term 1
I20260709 12:12:20.219713 24503 leader_election.cc:304] T e188d069844e429cb6f77431410b263f P 0aa1e86ae17b475490e37580168e3dc8 [CANDIDATE]: Term 1 pre-election: Election decided. Result: candidate lost. Election summary: received 3 responses out of 3 voters: 1 yes votes; 2 no votes. yes voters: 0aa1e86ae17b475490e37580168e3dc8; no voters: a2f8c23b27614c0b88fa130270a0e2d0, ceb8a24f9c704346bfaf391f9be4c04e
I20260709 12:12:20.220160 24687 raft_consensus.cc:493] T 0bffbf46e1104989b053070708af0bf1 P ceb8a24f9c704346bfaf391f9be4c04e [term 0 FOLLOWER]: Starting leader election (no leader contacted us within the election timeout)
I20260709 12:12:20.220543 24687 raft_consensus.cc:3060] T 0bffbf46e1104989b053070708af0bf1 P ceb8a24f9c704346bfaf391f9be4c04e [term 0 FOLLOWER]: Advancing to term 1
I20260709 12:12:20.220799 24675 raft_consensus.cc:3060] T e188d069844e429cb6f77431410b263f P 0aa1e86ae17b475490e37580168e3dc8 [term 0 FOLLOWER]: Advancing to term 1
I20260709 12:12:20.222573 24689 consensus_queue.cc:1048] T 37772a9ea3e6440ba3cd36bc2082d7db P ceb8a24f9c704346bfaf391f9be4c04e [LEADER]: Connected to new peer: Peer: permanent_uuid: "0aa1e86ae17b475490e37580168e3dc8" member_type: VOTER last_known_addr { host: "127.23.67.130" port: 46187 }, Status: LMP_MISMATCH, Last received: 0.0, Next index: 1, Last known committed idx: 0, Time since last communication: 0.000s
I20260709 12:12:20.226199 24687 raft_consensus.cc:515] T 0bffbf46e1104989b053070708af0bf1 P ceb8a24f9c704346bfaf391f9be4c04e [term 1 FOLLOWER]: Starting leader election with config: opid_index: -1 OBSOLETE_local: false peers { permanent_uuid: "ceb8a24f9c704346bfaf391f9be4c04e" member_type: VOTER last_known_addr { host: "127.23.67.129" port: 38323 } } peers { permanent_uuid: "0aa1e86ae17b475490e37580168e3dc8" member_type: VOTER last_known_addr { host: "127.23.67.130" port: 46187 } } peers { permanent_uuid: "a2f8c23b27614c0b88fa130270a0e2d0" member_type: VOTER last_known_addr { host: "127.23.67.131" port: 44393 } }
I20260709 12:12:20.228260 24687 leader_election.cc:290] T 0bffbf46e1104989b053070708af0bf1 P ceb8a24f9c704346bfaf391f9be4c04e [CANDIDATE]: Term 1 election: Requested vote from peers 0aa1e86ae17b475490e37580168e3dc8 (127.23.67.130:46187), a2f8c23b27614c0b88fa130270a0e2d0 (127.23.67.131:44393)
I20260709 12:12:20.229425 24675 raft_consensus.cc:2749] T e188d069844e429cb6f77431410b263f P 0aa1e86ae17b475490e37580168e3dc8 [term 1 FOLLOWER]: Leader pre-election lost for term 1. Reason: could not achieve majority
I20260709 12:12:20.232180 24657 consensus_queue.cc:1048] T b4474edd784e4a3fab4818f522f1944b P a2f8c23b27614c0b88fa130270a0e2d0 [LEADER]: Connected to new peer: Peer: permanent_uuid: "0aa1e86ae17b475490e37580168e3dc8" member_type: VOTER last_known_addr { host: "127.23.67.130" port: 46187 }, Status: LMP_MISMATCH, Last received: 0.0, Next index: 1, Last known committed idx: 0, Time since last communication: 0.000s
I20260709 12:12:20.232626 24535 tablet_service.cc:1917] Received RequestConsensusVote() RPC: tablet_id: "0bffbf46e1104989b053070708af0bf1" candidate_uuid: "ceb8a24f9c704346bfaf391f9be4c04e" candidate_term: 1 candidate_status { last_received { term: 0 index: 0 } } ignore_live_leader: false dest_uuid: "0aa1e86ae17b475490e37580168e3dc8"
I20260709 12:12:20.233270 24535 raft_consensus.cc:3060] T 0bffbf46e1104989b053070708af0bf1 P 0aa1e86ae17b475490e37580168e3dc8 [term 0 FOLLOWER]: Advancing to term 1
I20260709 12:12:20.233551 24657 consensus_queue.cc:1048] T b4474edd784e4a3fab4818f522f1944b P a2f8c23b27614c0b88fa130270a0e2d0 [LEADER]: Connected to new peer: Peer: permanent_uuid: "ceb8a24f9c704346bfaf391f9be4c04e" member_type: VOTER last_known_addr { host: "127.23.67.129" port: 38323 }, Status: LMP_MISMATCH, Last received: 0.0, Next index: 1, Last known committed idx: 0, Time since last communication: 0.000s
I20260709 12:12:20.233947 24679 raft_consensus.cc:493] T 4c1e54dd0e894241a5311a8fd4c5d2a5 P a2f8c23b27614c0b88fa130270a0e2d0 [term 0 FOLLOWER]: Starting pre-election (no leader contacted us within the election timeout)
I20260709 12:12:20.234459 24679 raft_consensus.cc:515] T 4c1e54dd0e894241a5311a8fd4c5d2a5 P a2f8c23b27614c0b88fa130270a0e2d0 [term 0 FOLLOWER]: Starting pre-election with config: opid_index: -1 OBSOLETE_local: false peers { permanent_uuid: "ceb8a24f9c704346bfaf391f9be4c04e" member_type: VOTER last_known_addr { host: "127.23.67.129" port: 38323 } } peers { permanent_uuid: "0aa1e86ae17b475490e37580168e3dc8" member_type: VOTER last_known_addr { host: "127.23.67.130" port: 46187 } } peers { permanent_uuid: "a2f8c23b27614c0b88fa130270a0e2d0" member_type: VOTER last_known_addr { host: "127.23.67.131" port: 44393 } }
I20260709 12:12:20.236557 24679 leader_election.cc:290] T 4c1e54dd0e894241a5311a8fd4c5d2a5 P a2f8c23b27614c0b88fa130270a0e2d0 [CANDIDATE]: Term 1 pre-election: Requested pre-vote from peers ceb8a24f9c704346bfaf391f9be4c04e (127.23.67.129:38323), 0aa1e86ae17b475490e37580168e3dc8 (127.23.67.130:46187)
I20260709 12:12:20.237370 24610 tablet_service.cc:1917] Received RequestConsensusVote() RPC: tablet_id: "0bffbf46e1104989b053070708af0bf1" candidate_uuid: "ceb8a24f9c704346bfaf391f9be4c04e" candidate_term: 1 candidate_status { last_received { term: 0 index: 0 } } ignore_live_leader: false dest_uuid: "a2f8c23b27614c0b88fa130270a0e2d0"
I20260709 12:12:20.238000 24461 tablet_service.cc:1917] Received RequestConsensusVote() RPC: tablet_id: "4c1e54dd0e894241a5311a8fd4c5d2a5" candidate_uuid: "a2f8c23b27614c0b88fa130270a0e2d0" candidate_term: 1 candidate_status { last_received { term: 0 index: 0 } } ignore_live_leader: false dest_uuid: "ceb8a24f9c704346bfaf391f9be4c04e" is_pre_election: true
I20260709 12:12:20.238583 24610 raft_consensus.cc:3060] T 0bffbf46e1104989b053070708af0bf1 P a2f8c23b27614c0b88fa130270a0e2d0 [term 0 FOLLOWER]: Advancing to term 1
I20260709 12:12:20.239779 24537 tablet_service.cc:1917] Received RequestConsensusVote() RPC: tablet_id: "4c1e54dd0e894241a5311a8fd4c5d2a5" candidate_uuid: "a2f8c23b27614c0b88fa130270a0e2d0" candidate_term: 1 candidate_status { last_received { term: 0 index: 0 } } ignore_live_leader: false dest_uuid: "0aa1e86ae17b475490e37580168e3dc8" is_pre_election: true
I20260709 12:12:20.240516 24537 raft_consensus.cc:2393] T 4c1e54dd0e894241a5311a8fd4c5d2a5 P 0aa1e86ae17b475490e37580168e3dc8 [term 1 FOLLOWER]: Leader pre-election vote request: Denying vote to candidate a2f8c23b27614c0b88fa130270a0e2d0 in current term 1: Already voted for candidate ceb8a24f9c704346bfaf391f9be4c04e in this term.
I20260709 12:12:20.241767 24574 leader_election.cc:304] T 4c1e54dd0e894241a5311a8fd4c5d2a5 P a2f8c23b27614c0b88fa130270a0e2d0 [CANDIDATE]: Term 1 pre-election: Election decided. Result: candidate lost. Election summary: received 3 responses out of 3 voters: 1 yes votes; 2 no votes. yes voters: a2f8c23b27614c0b88fa130270a0e2d0; no voters: 0aa1e86ae17b475490e37580168e3dc8, ceb8a24f9c704346bfaf391f9be4c04e
I20260709 12:12:20.242498 24688 raft_consensus.cc:3060] T 4c1e54dd0e894241a5311a8fd4c5d2a5 P a2f8c23b27614c0b88fa130270a0e2d0 [term 0 FOLLOWER]: Advancing to term 1
I20260709 12:12:20.249508 24688 raft_consensus.cc:2749] T 4c1e54dd0e894241a5311a8fd4c5d2a5 P a2f8c23b27614c0b88fa130270a0e2d0 [term 1 FOLLOWER]: Leader pre-election lost for term 1. Reason: could not achieve majority
I20260709 12:12:20.254689 24535 raft_consensus.cc:2468] T 0bffbf46e1104989b053070708af0bf1 P 0aa1e86ae17b475490e37580168e3dc8 [term 1 FOLLOWER]: Leader election vote request: Granting yes vote for candidate ceb8a24f9c704346bfaf391f9be4c04e in term 1.
I20260709 12:12:20.256071 24610 raft_consensus.cc:2468] T 0bffbf46e1104989b053070708af0bf1 P a2f8c23b27614c0b88fa130270a0e2d0 [term 1 FOLLOWER]: Leader election vote request: Granting yes vote for candidate ceb8a24f9c704346bfaf391f9be4c04e in term 1.
I20260709 12:12:20.258159 24425 leader_election.cc:304] T 0bffbf46e1104989b053070708af0bf1 P ceb8a24f9c704346bfaf391f9be4c04e [CANDIDATE]: Term 1 election: Election decided. Result: candidate won. Election summary: received 2 responses out of 3 voters: 2 yes votes; 0 no votes. yes voters: 0aa1e86ae17b475490e37580168e3dc8, ceb8a24f9c704346bfaf391f9be4c04e; no voters: 
I20260709 12:12:20.259295 24689 raft_consensus.cc:2804] T 0bffbf46e1104989b053070708af0bf1 P ceb8a24f9c704346bfaf391f9be4c04e [term 1 FOLLOWER]: Leader election won for term 1
I20260709 12:12:20.264674 24687 consensus_queue.cc:1048] T 37772a9ea3e6440ba3cd36bc2082d7db P ceb8a24f9c704346bfaf391f9be4c04e [LEADER]: Connected to new peer: Peer: permanent_uuid: "a2f8c23b27614c0b88fa130270a0e2d0" member_type: VOTER last_known_addr { host: "127.23.67.131" port: 44393 }, Status: LMP_MISMATCH, Last received: 0.0, Next index: 1, Last known committed idx: 0, Time since last communication: 0.000s
I20260709 12:12:20.270705 24674 consensus_queue.cc:1048] T fb76a96d34074092b1271dc40e17a103 P 0aa1e86ae17b475490e37580168e3dc8 [LEADER]: Connected to new peer: Peer: permanent_uuid: "ceb8a24f9c704346bfaf391f9be4c04e" member_type: VOTER last_known_addr { host: "127.23.67.129" port: 38323 }, Status: LMP_MISMATCH, Last received: 0.0, Next index: 1, Last known committed idx: 0, Time since last communication: 0.000s
I20260709 12:12:20.289276 24689 raft_consensus.cc:697] T 0bffbf46e1104989b053070708af0bf1 P ceb8a24f9c704346bfaf391f9be4c04e [term 1 LEADER]: Becoming Leader. State: Replica: ceb8a24f9c704346bfaf391f9be4c04e, State: Running, Role: LEADER
I20260709 12:12:20.290254 24689 consensus_queue.cc:237] T 0bffbf46e1104989b053070708af0bf1 P ceb8a24f9c704346bfaf391f9be4c04e [LEADER]: Queue going to LEADER mode. State: All replicated index: 0, Majority replicated index: 0, Committed index: 0, Last appended: 0.0, Last appended by leader: 0, Current term: 1, Majority size: 2, State: 0, Mode: LEADER, active raft config: opid_index: -1 OBSOLETE_local: false peers { permanent_uuid: "ceb8a24f9c704346bfaf391f9be4c04e" member_type: VOTER last_known_addr { host: "127.23.67.129" port: 38323 } } peers { permanent_uuid: "0aa1e86ae17b475490e37580168e3dc8" member_type: VOTER last_known_addr { host: "127.23.67.130" port: 46187 } } peers { permanent_uuid: "a2f8c23b27614c0b88fa130270a0e2d0" member_type: VOTER last_known_addr { host: "127.23.67.131" port: 44393 } }
I20260709 12:12:20.293762 24610 raft_consensus.cc:3060] T fb76a96d34074092b1271dc40e17a103 P a2f8c23b27614c0b88fa130270a0e2d0 [term 0 FOLLOWER]: Advancing to term 1
I20260709 12:12:20.301429 24675 consensus_queue.cc:1048] T fb76a96d34074092b1271dc40e17a103 P 0aa1e86ae17b475490e37580168e3dc8 [LEADER]: Connected to new peer: Peer: permanent_uuid: "a2f8c23b27614c0b88fa130270a0e2d0" member_type: VOTER last_known_addr { host: "127.23.67.131" port: 44393 }, Status: LMP_MISMATCH, Last received: 0.0, Next index: 1, Last known committed idx: 0, Time since last communication: 0.000s
I20260709 12:12:20.303730 24360 catalog_manager.cc:5697] T 0bffbf46e1104989b053070708af0bf1 P ceb8a24f9c704346bfaf391f9be4c04e reported cstate change: term changed from 0 to 1, leader changed from <none> to ceb8a24f9c704346bfaf391f9be4c04e (127.23.67.129). New cstate: current_term: 1 leader_uuid: "ceb8a24f9c704346bfaf391f9be4c04e" committed_config { opid_index: -1 OBSOLETE_local: false peers { permanent_uuid: "ceb8a24f9c704346bfaf391f9be4c04e" member_type: VOTER last_known_addr { host: "127.23.67.129" port: 38323 } health_report { overall_health: HEALTHY } } peers { permanent_uuid: "0aa1e86ae17b475490e37580168e3dc8" member_type: VOTER last_known_addr { host: "127.23.67.130" port: 46187 } health_report { overall_health: UNKNOWN } } peers { permanent_uuid: "a2f8c23b27614c0b88fa130270a0e2d0" member_type: VOTER last_known_addr { host: "127.23.67.131" port: 44393 } health_report { overall_health: UNKNOWN } } }
I20260709 12:12:20.315346 24689 consensus_queue.cc:1048] T 4c1e54dd0e894241a5311a8fd4c5d2a5 P ceb8a24f9c704346bfaf391f9be4c04e [LEADER]: Connected to new peer: Peer: permanent_uuid: "a2f8c23b27614c0b88fa130270a0e2d0" member_type: VOTER last_known_addr { host: "127.23.67.131" port: 44393 }, Status: LMP_MISMATCH, Last received: 0.0, Next index: 1, Last known committed idx: 0, Time since last communication: 0.000s
I20260709 12:12:20.326027 24657 consensus_queue.cc:1048] T b93aa14ed3f742fb884d671bcb7f7b3a P a2f8c23b27614c0b88fa130270a0e2d0 [LEADER]: Connected to new peer: Peer: permanent_uuid: "0aa1e86ae17b475490e37580168e3dc8" member_type: VOTER last_known_addr { host: "127.23.67.130" port: 46187 }, Status: LMP_MISMATCH, Last received: 0.0, Next index: 1, Last known committed idx: 0, Time since last communication: 0.000s
I20260709 12:12:20.327162 24689 consensus_queue.cc:1048] T 4c1e54dd0e894241a5311a8fd4c5d2a5 P ceb8a24f9c704346bfaf391f9be4c04e [LEADER]: Connected to new peer: Peer: permanent_uuid: "0aa1e86ae17b475490e37580168e3dc8" member_type: VOTER last_known_addr { host: "127.23.67.130" port: 46187 }, Status: LMP_MISMATCH, Last received: 0.0, Next index: 1, Last known committed idx: 0, Time since last communication: 0.000s
I20260709 12:12:20.340099 24462 raft_consensus.cc:3060] T b93aa14ed3f742fb884d671bcb7f7b3a P ceb8a24f9c704346bfaf391f9be4c04e [term 0 FOLLOWER]: Advancing to term 1
I20260709 12:12:20.347317 24688 consensus_queue.cc:1048] T b93aa14ed3f742fb884d671bcb7f7b3a P a2f8c23b27614c0b88fa130270a0e2d0 [LEADER]: Connected to new peer: Peer: permanent_uuid: "ceb8a24f9c704346bfaf391f9be4c04e" member_type: VOTER last_known_addr { host: "127.23.67.129" port: 38323 }, Status: LMP_MISMATCH, Last received: 0.0, Next index: 1, Last known committed idx: 0, Time since last communication: 0.000s
I20260709 12:12:20.348112 24675 raft_consensus.cc:493] T d1dcc03d0cfd423783fd397df14d101c P 0aa1e86ae17b475490e37580168e3dc8 [term 0 FOLLOWER]: Starting pre-election (no leader contacted us within the election timeout)
I20260709 12:12:20.348551 24675 raft_consensus.cc:515] T d1dcc03d0cfd423783fd397df14d101c P 0aa1e86ae17b475490e37580168e3dc8 [term 0 FOLLOWER]: Starting pre-election with config: opid_index: -1 OBSOLETE_local: false peers { permanent_uuid: "ceb8a24f9c704346bfaf391f9be4c04e" member_type: VOTER last_known_addr { host: "127.23.67.129" port: 38323 } } peers { permanent_uuid: "0aa1e86ae17b475490e37580168e3dc8" member_type: VOTER last_known_addr { host: "127.23.67.130" port: 46187 } } peers { permanent_uuid: "a2f8c23b27614c0b88fa130270a0e2d0" member_type: VOTER last_known_addr { host: "127.23.67.131" port: 44393 } }
I20260709 12:12:20.350301 24675 leader_election.cc:290] T d1dcc03d0cfd423783fd397df14d101c P 0aa1e86ae17b475490e37580168e3dc8 [CANDIDATE]: Term 1 pre-election: Requested pre-vote from peers ceb8a24f9c704346bfaf391f9be4c04e (127.23.67.129:38323), a2f8c23b27614c0b88fa130270a0e2d0 (127.23.67.131:44393)
I20260709 12:12:20.350899 24461 tablet_service.cc:1917] Received RequestConsensusVote() RPC: tablet_id: "d1dcc03d0cfd423783fd397df14d101c" candidate_uuid: "0aa1e86ae17b475490e37580168e3dc8" candidate_term: 1 candidate_status { last_received { term: 0 index: 0 } } ignore_live_leader: false dest_uuid: "ceb8a24f9c704346bfaf391f9be4c04e" is_pre_election: true
I20260709 12:12:20.351400 24610 tablet_service.cc:1917] Received RequestConsensusVote() RPC: tablet_id: "d1dcc03d0cfd423783fd397df14d101c" candidate_uuid: "0aa1e86ae17b475490e37580168e3dc8" candidate_term: 1 candidate_status { last_received { term: 0 index: 0 } } ignore_live_leader: false dest_uuid: "a2f8c23b27614c0b88fa130270a0e2d0" is_pre_election: true
I20260709 12:12:20.352074 24610 raft_consensus.cc:2393] T d1dcc03d0cfd423783fd397df14d101c P a2f8c23b27614c0b88fa130270a0e2d0 [term 1 FOLLOWER]: Leader pre-election vote request: Denying vote to candidate 0aa1e86ae17b475490e37580168e3dc8 in current term 1: Already voted for candidate ceb8a24f9c704346bfaf391f9be4c04e in this term.
I20260709 12:12:20.352977 24503 leader_election.cc:304] T d1dcc03d0cfd423783fd397df14d101c P 0aa1e86ae17b475490e37580168e3dc8 [CANDIDATE]: Term 1 pre-election: Election decided. Result: candidate lost. Election summary: received 3 responses out of 3 voters: 1 yes votes; 2 no votes. yes voters: 0aa1e86ae17b475490e37580168e3dc8; no voters: a2f8c23b27614c0b88fa130270a0e2d0, ceb8a24f9c704346bfaf391f9be4c04e
I20260709 12:12:20.353730 24675 raft_consensus.cc:3060] T d1dcc03d0cfd423783fd397df14d101c P 0aa1e86ae17b475490e37580168e3dc8 [term 0 FOLLOWER]: Advancing to term 1
I20260709 12:12:20.356413 24689 consensus_queue.cc:1048] T d1dcc03d0cfd423783fd397df14d101c P ceb8a24f9c704346bfaf391f9be4c04e [LEADER]: Connected to new peer: Peer: permanent_uuid: "a2f8c23b27614c0b88fa130270a0e2d0" member_type: VOTER last_known_addr { host: "127.23.67.131" port: 44393 }, Status: LMP_MISMATCH, Last received: 0.0, Next index: 1, Last known committed idx: 0, Time since last communication: 0.000s
I20260709 12:12:20.359732 24675 raft_consensus.cc:2749] T d1dcc03d0cfd423783fd397df14d101c P 0aa1e86ae17b475490e37580168e3dc8 [term 1 FOLLOWER]: Leader pre-election lost for term 1. Reason: could not achieve majority
I20260709 12:12:20.367142 24715 consensus_queue.cc:1048] T d1dcc03d0cfd423783fd397df14d101c P ceb8a24f9c704346bfaf391f9be4c04e [LEADER]: Connected to new peer: Peer: permanent_uuid: "0aa1e86ae17b475490e37580168e3dc8" member_type: VOTER last_known_addr { host: "127.23.67.130" port: 46187 }, Status: LMP_MISMATCH, Last received: 0.0, Next index: 1, Last known committed idx: 0, Time since last communication: 0.001s
