I20260709 12:12:50.881696 25105 raft_consensus.cc:3060] T 0990fcc27c99400e9457f39945c8a5a8 P 5356b79cd0c7486da572fad7aaa8b27c [term 1 FOLLOWER]: Advancing to term 2
I20260709 12:12:50.885919 25147 raft_consensus.cc:359] T 543625459b9c4960abf2a44ff34b7797 P c6b221ebb02541aa8f125a8016dc1862 [term 0 FOLLOWER]: Replica starting. Triggering 0 pending ops. Active config: opid_index: -1 OBSOLETE_local: false peers { permanent_uuid: "c6b221ebb02541aa8f125a8016dc1862" member_type: VOTER last_known_addr { host: "127.23.67.129" port: 39405 } } peers { permanent_uuid: "cc1e1da7f62243008abb0ba62fe9ac48" member_type: VOTER last_known_addr { host: "127.23.67.130" port: 42773 } } peers { permanent_uuid: "5356b79cd0c7486da572fad7aaa8b27c" member_type: VOTER last_known_addr { host: "127.23.67.131" port: 46555 } }
W20260709 12:12:50.876819 24997 outbound_call.cc:321] RPC callback for RPC call kudu.consensus.ConsensusService.UpdateConsensus -> {remote=127.23.67.129:39405, user_credentials={real_user=slave}} blocked reactor thread for 102080us
I20260709 12:12:50.886659 25147 raft_consensus.cc:385] T 543625459b9c4960abf2a44ff34b7797 P c6b221ebb02541aa8f125a8016dc1862 [term 0 FOLLOWER]: Consensus starting up: Expiring failure detector timer to make a prompt election more likely
I20260709 12:12:50.887086 25147 raft_consensus.cc:740] T 543625459b9c4960abf2a44ff34b7797 P c6b221ebb02541aa8f125a8016dc1862 [term 0 FOLLOWER]: Becoming Follower/Learner. State: Replica: c6b221ebb02541aa8f125a8016dc1862, State: Initialized, Role: FOLLOWER
I20260709 12:12:50.886343 24921 leader_election.cc:304] T 4b43e9a635114811b9c1d67bb1d9268f P c6b221ebb02541aa8f125a8016dc1862 [CANDIDATE]: Term 1 election: Election decided. Result: candidate won. Election summary: received 2 responses out of 3 voters: 2 yes votes; 0 no votes. yes voters: 5356b79cd0c7486da572fad7aaa8b27c, c6b221ebb02541aa8f125a8016dc1862; no voters: 
I20260709 12:12:50.887959 25147 consensus_queue.cc:260] T 543625459b9c4960abf2a44ff34b7797 P c6b221ebb02541aa8f125a8016dc1862 [NON_LEADER]: Queue going to NON_LEADER mode. State: All replicated index: 0, Majority replicated index: 0, Committed index: 0, Last appended: 0.0, Last appended by leader: 0, Current term: 0, Majority size: -1, State: 0, Mode: NON_LEADER, active raft config: opid_index: -1 OBSOLETE_local: false peers { permanent_uuid: "c6b221ebb02541aa8f125a8016dc1862" member_type: VOTER last_known_addr { host: "127.23.67.129" port: 39405 } } peers { permanent_uuid: "cc1e1da7f62243008abb0ba62fe9ac48" member_type: VOTER last_known_addr { host: "127.23.67.130" port: 42773 } } peers { permanent_uuid: "5356b79cd0c7486da572fad7aaa8b27c" member_type: VOTER last_known_addr { host: "127.23.67.131" port: 46555 } }
I20260709 12:12:50.888536 25173 raft_consensus.cc:2804] T 4b43e9a635114811b9c1d67bb1d9268f P c6b221ebb02541aa8f125a8016dc1862 [term 1 FOLLOWER]: Leader election won for term 1
I20260709 12:12:50.889926 24955 tablet_service.cc:1917] Received RequestConsensusVote() RPC: tablet_id: "0990fcc27c99400e9457f39945c8a5a8" candidate_uuid: "cc1e1da7f62243008abb0ba62fe9ac48" candidate_term: 2 candidate_status { last_received { term: 0 index: 0 } } ignore_live_leader: false dest_uuid: "c6b221ebb02541aa8f125a8016dc1862" is_pre_election: true
I20260709 12:12:50.890035 25173 raft_consensus.cc:697] T 4b43e9a635114811b9c1d67bb1d9268f P c6b221ebb02541aa8f125a8016dc1862 [term 1 LEADER]: Becoming Leader. State: Replica: c6b221ebb02541aa8f125a8016dc1862, State: Running, Role: LEADER
I20260709 12:12:50.890110 25147 ts_tablet_manager.cc:1434] T 543625459b9c4960abf2a44ff34b7797 P c6b221ebb02541aa8f125a8016dc1862: Time spent starting tablet: real 0.107s	user 0.004s	sys 0.012s
I20260709 12:12:50.890528 24955 raft_consensus.cc:2468] T 0990fcc27c99400e9457f39945c8a5a8 P c6b221ebb02541aa8f125a8016dc1862 [term 1 FOLLOWER]: Leader pre-election vote request: Granting yes vote for candidate cc1e1da7f62243008abb0ba62fe9ac48 in term 1.
I20260709 12:12:50.892086 25147 tablet_bootstrap.cc:492] T 870884f3ff1e474caf44d3d843f667be P c6b221ebb02541aa8f125a8016dc1862: Bootstrap starting.
I20260709 12:12:50.892557 25186 raft_consensus.cc:493] T 51e6793ffc954da69f1f39d16fcc286b P c6b221ebb02541aa8f125a8016dc1862 [term 0 FOLLOWER]: Starting pre-election (no leader contacted us within the election timeout)
I20260709 12:12:50.893198 25105 raft_consensus.cc:2468] T 0990fcc27c99400e9457f39945c8a5a8 P 5356b79cd0c7486da572fad7aaa8b27c [term 2 FOLLOWER]: Leader election vote request: Granting yes vote for candidate cc1e1da7f62243008abb0ba62fe9ac48 in term 2.
I20260709 12:12:50.892998 25186 raft_consensus.cc:515] T 51e6793ffc954da69f1f39d16fcc286b P c6b221ebb02541aa8f125a8016dc1862 [term 0 FOLLOWER]: Starting pre-election with config: opid_index: -1 OBSOLETE_local: false peers { permanent_uuid: "c6b221ebb02541aa8f125a8016dc1862" member_type: VOTER last_known_addr { host: "127.23.67.129" port: 39405 } } peers { permanent_uuid: "cc1e1da7f62243008abb0ba62fe9ac48" member_type: VOTER last_known_addr { host: "127.23.67.130" port: 42773 } } peers { permanent_uuid: "5356b79cd0c7486da572fad7aaa8b27c" member_type: VOTER last_known_addr { host: "127.23.67.131" port: 46555 } }
I20260709 12:12:50.877312 25155 leader_election.cc:290] T 0990fcc27c99400e9457f39945c8a5a8 P cc1e1da7f62243008abb0ba62fe9ac48 [CANDIDATE]: Term 2 election: Requested vote from peers c6b221ebb02541aa8f125a8016dc1862 (127.23.67.129:39405), 5356b79cd0c7486da572fad7aaa8b27c (127.23.67.131:46555)
I20260709 12:12:50.894985 25186 leader_election.cc:290] T 51e6793ffc954da69f1f39d16fcc286b P c6b221ebb02541aa8f125a8016dc1862 [CANDIDATE]: Term 1 pre-election: Requested pre-vote from peers cc1e1da7f62243008abb0ba62fe9ac48 (127.23.67.130:42773), 5356b79cd0c7486da572fad7aaa8b27c (127.23.67.131:46555)
I20260709 12:12:50.899299 24996 leader_election.cc:304] T 0990fcc27c99400e9457f39945c8a5a8 P cc1e1da7f62243008abb0ba62fe9ac48 [CANDIDATE]: Term 2 election: Election decided. Result: candidate won. Election summary: received 2 responses out of 3 voters: 2 yes votes; 0 no votes. yes voters: 5356b79cd0c7486da572fad7aaa8b27c, cc1e1da7f62243008abb0ba62fe9ac48; no voters: 
I20260709 12:12:50.899830 25173 consensus_queue.cc:237] T 4b43e9a635114811b9c1d67bb1d9268f P c6b221ebb02541aa8f125a8016dc1862 [LEADER]: Queue going to LEADER mode. State: All replicated index: 0, Majority replicated index: 0, Committed index: 0, Last appended: 0.0, Last appended by leader: 0, Current term: 1, Majority size: 2, State: 0, Mode: LEADER, active raft config: opid_index: -1 OBSOLETE_local: false peers { permanent_uuid: "c6b221ebb02541aa8f125a8016dc1862" member_type: VOTER last_known_addr { host: "127.23.67.129" port: 39405 } } peers { permanent_uuid: "cc1e1da7f62243008abb0ba62fe9ac48" member_type: VOTER last_known_addr { host: "127.23.67.130" port: 42773 } } peers { permanent_uuid: "5356b79cd0c7486da572fad7aaa8b27c" member_type: VOTER last_known_addr { host: "127.23.67.131" port: 46555 } }
I20260709 12:12:50.900696 25029 tablet_service.cc:1917] Received RequestConsensusVote() RPC: tablet_id: "51e6793ffc954da69f1f39d16fcc286b" candidate_uuid: "c6b221ebb02541aa8f125a8016dc1862" candidate_term: 1 candidate_status { last_received { term: 0 index: 0 } } ignore_live_leader: false dest_uuid: "cc1e1da7f62243008abb0ba62fe9ac48" is_pre_election: true
I20260709 12:12:50.901019 24957 tablet_service.cc:1917] Received RequestConsensusVote() RPC: tablet_id: "0990fcc27c99400e9457f39945c8a5a8" candidate_uuid: "cc1e1da7f62243008abb0ba62fe9ac48" candidate_term: 2 candidate_status { last_received { term: 0 index: 0 } } ignore_live_leader: false dest_uuid: "c6b221ebb02541aa8f125a8016dc1862"
I20260709 12:12:50.901705 24955 tablet_service.cc:1917] Received RequestConsensusVote() RPC: tablet_id: "51e6793ffc954da69f1f39d16fcc286b" candidate_uuid: "cc1e1da7f62243008abb0ba62fe9ac48" candidate_term: 1 candidate_status { last_received { term: 0 index: 0 } } ignore_live_leader: false dest_uuid: "c6b221ebb02541aa8f125a8016dc1862" is_pre_election: true
I20260709 12:12:50.924536 25029 raft_consensus.cc:2468] T 51e6793ffc954da69f1f39d16fcc286b P cc1e1da7f62243008abb0ba62fe9ac48 [term 0 FOLLOWER]: Leader pre-election vote request: Granting yes vote for candidate c6b221ebb02541aa8f125a8016dc1862 in term 0.
I20260709 12:12:50.924810 25247 leader_election.cc:290] T 1785566208d1492b8158302af8827c51 P 5356b79cd0c7486da572fad7aaa8b27c [CANDIDATE]: Term 2 election: Requested vote from peers cc1e1da7f62243008abb0ba62fe9ac48 (127.23.67.130:42773), c6b221ebb02541aa8f125a8016dc1862 (127.23.67.129:39405)
I20260709 12:12:50.928090 24957 raft_consensus.cc:3060] T 0990fcc27c99400e9457f39945c8a5a8 P c6b221ebb02541aa8f125a8016dc1862 [term 1 FOLLOWER]: Advancing to term 2
I20260709 12:12:50.925769 25153 consensus_queue.cc:1048] T b4705096498a4c75907a5a6cd7d95b0c P 5356b79cd0c7486da572fad7aaa8b27c [LEADER]: Connected to new peer: Peer: permanent_uuid: "c6b221ebb02541aa8f125a8016dc1862" member_type: VOTER last_known_addr { host: "127.23.67.129" port: 39405 }, Status: LMP_MISMATCH, Last received: 0.0, Next index: 1, Last known committed idx: 0, Time since last communication: 0.004s
I20260709 12:12:50.929435 25148 raft_consensus.cc:359] T 51e6793ffc954da69f1f39d16fcc286b P 5356b79cd0c7486da572fad7aaa8b27c [term 0 FOLLOWER]: Replica starting. Triggering 0 pending ops. Active config: opid_index: -1 OBSOLETE_local: false peers { permanent_uuid: "c6b221ebb02541aa8f125a8016dc1862" member_type: VOTER last_known_addr { host: "127.23.67.129" port: 39405 } } peers { permanent_uuid: "cc1e1da7f62243008abb0ba62fe9ac48" member_type: VOTER last_known_addr { host: "127.23.67.130" port: 42773 } } peers { permanent_uuid: "5356b79cd0c7486da572fad7aaa8b27c" member_type: VOTER last_known_addr { host: "127.23.67.131" port: 46555 } }
I20260709 12:12:50.930086 25148 raft_consensus.cc:385] T 51e6793ffc954da69f1f39d16fcc286b P 5356b79cd0c7486da572fad7aaa8b27c [term 0 FOLLOWER]: Consensus starting up: Expiring failure detector timer to make a prompt election more likely
I20260709 12:12:50.930356 25148 raft_consensus.cc:740] T 51e6793ffc954da69f1f39d16fcc286b P 5356b79cd0c7486da572fad7aaa8b27c [term 0 FOLLOWER]: Becoming Follower/Learner. State: Replica: 5356b79cd0c7486da572fad7aaa8b27c, State: Initialized, Role: FOLLOWER
I20260709 12:12:50.930974 25148 consensus_queue.cc:260] T 51e6793ffc954da69f1f39d16fcc286b P 5356b79cd0c7486da572fad7aaa8b27c [NON_LEADER]: Queue going to NON_LEADER mode. State: All replicated index: 0, Majority replicated index: 0, Committed index: 0, Last appended: 0.0, Last appended by leader: 0, Current term: 0, Majority size: -1, State: 0, Mode: NON_LEADER, active raft config: opid_index: -1 OBSOLETE_local: false peers { permanent_uuid: "c6b221ebb02541aa8f125a8016dc1862" member_type: VOTER last_known_addr { host: "127.23.67.129" port: 39405 } } peers { permanent_uuid: "cc1e1da7f62243008abb0ba62fe9ac48" member_type: VOTER last_known_addr { host: "127.23.67.130" port: 42773 } } peers { permanent_uuid: "5356b79cd0c7486da572fad7aaa8b27c" member_type: VOTER last_known_addr { host: "127.23.67.131" port: 46555 } }
I20260709 12:12:50.927915 25106 tablet_service.cc:1917] Received RequestConsensusVote() RPC: tablet_id: "3d52e36814084e1db3b65e87d177f198" candidate_uuid: "c6b221ebb02541aa8f125a8016dc1862" candidate_term: 1 candidate_status { last_received { term: 0 index: 0 } } ignore_live_leader: false dest_uuid: "5356b79cd0c7486da572fad7aaa8b27c" is_pre_election: true
I20260709 12:12:50.934613 24923 leader_election.cc:304] T 51e6793ffc954da69f1f39d16fcc286b P c6b221ebb02541aa8f125a8016dc1862 [CANDIDATE]: Term 1 pre-election: Election decided. Result: candidate won. Election summary: received 2 responses out of 3 voters: 2 yes votes; 0 no votes. yes voters: c6b221ebb02541aa8f125a8016dc1862, cc1e1da7f62243008abb0ba62fe9ac48; no voters: 
I20260709 12:12:50.934983 24955 raft_consensus.cc:2468] T 51e6793ffc954da69f1f39d16fcc286b P c6b221ebb02541aa8f125a8016dc1862 [term 0 FOLLOWER]: Leader pre-election vote request: Granting yes vote for candidate cc1e1da7f62243008abb0ba62fe9ac48 in term 0.
I20260709 12:12:50.940503 25186 raft_consensus.cc:2804] T 51e6793ffc954da69f1f39d16fcc286b P c6b221ebb02541aa8f125a8016dc1862 [term 0 FOLLOWER]: Leader pre-election won for term 1
I20260709 12:12:50.941061 25029 tablet_service.cc:1917] Received RequestConsensusVote() RPC: tablet_id: "1785566208d1492b8158302af8827c51" candidate_uuid: "5356b79cd0c7486da572fad7aaa8b27c" candidate_term: 2 candidate_status { last_received { term: 0 index: 0 } } ignore_live_leader: false dest_uuid: "cc1e1da7f62243008abb0ba62fe9ac48"
I20260709 12:12:50.941660 25029 raft_consensus.cc:3060] T 1785566208d1492b8158302af8827c51 P cc1e1da7f62243008abb0ba62fe9ac48 [term 1 FOLLOWER]: Advancing to term 2
I20260709 12:12:50.933391 25155 raft_consensus.cc:2804] T 0990fcc27c99400e9457f39945c8a5a8 P cc1e1da7f62243008abb0ba62fe9ac48 [term 2 FOLLOWER]: Leader election won for term 2
I20260709 12:12:50.947651 25200 raft_consensus.cc:493] T 2b58959b3e2e41309cd35d7a1e71b13d P 5356b79cd0c7486da572fad7aaa8b27c [term 0 FOLLOWER]: Starting pre-election (no leader contacted us within the election timeout)
I20260709 12:12:50.948161 25200 raft_consensus.cc:515] T 2b58959b3e2e41309cd35d7a1e71b13d P 5356b79cd0c7486da572fad7aaa8b27c [term 0 FOLLOWER]: Starting pre-election with config: opid_index: -1 OBSOLETE_local: false peers { permanent_uuid: "c6b221ebb02541aa8f125a8016dc1862" member_type: VOTER last_known_addr { host: "127.23.67.129" port: 39405 } } peers { permanent_uuid: "cc1e1da7f62243008abb0ba62fe9ac48" member_type: VOTER last_known_addr { host: "127.23.67.130" port: 42773 } } peers { permanent_uuid: "5356b79cd0c7486da572fad7aaa8b27c" member_type: VOTER last_known_addr { host: "127.23.67.131" port: 46555 } }
I20260709 12:12:50.948716 25199 consensus_queue.cc:1048] T b4705096498a4c75907a5a6cd7d95b0c P 5356b79cd0c7486da572fad7aaa8b27c [LEADER]: Connected to new peer: Peer: permanent_uuid: "cc1e1da7f62243008abb0ba62fe9ac48" member_type: VOTER last_known_addr { host: "127.23.67.130" port: 42773 }, Status: LMP_MISMATCH, Last received: 0.0, Next index: 1, Last known committed idx: 0, Time since last communication: 0.000s
I20260709 12:12:50.950178 25200 leader_election.cc:290] T 2b58959b3e2e41309cd35d7a1e71b13d P 5356b79cd0c7486da572fad7aaa8b27c [CANDIDATE]: Term 1 pre-election: Requested pre-vote from peers c6b221ebb02541aa8f125a8016dc1862 (127.23.67.129:39405), cc1e1da7f62243008abb0ba62fe9ac48 (127.23.67.130:42773)
I20260709 12:12:50.950615 25200 raft_consensus.cc:493] T b1efdef4bf0c4cd1a3011ee90347cd0f P 5356b79cd0c7486da572fad7aaa8b27c [term 0 FOLLOWER]: Starting pre-election (no leader contacted us within the election timeout)
I20260709 12:12:50.951012 25200 raft_consensus.cc:515] T b1efdef4bf0c4cd1a3011ee90347cd0f P 5356b79cd0c7486da572fad7aaa8b27c [term 0 FOLLOWER]: Starting pre-election with config: opid_index: -1 OBSOLETE_local: false peers { permanent_uuid: "c6b221ebb02541aa8f125a8016dc1862" member_type: VOTER last_known_addr { host: "127.23.67.129" port: 39405 } } peers { permanent_uuid: "cc1e1da7f62243008abb0ba62fe9ac48" member_type: VOTER last_known_addr { host: "127.23.67.130" port: 42773 } } peers { permanent_uuid: "5356b79cd0c7486da572fad7aaa8b27c" member_type: VOTER last_known_addr { host: "127.23.67.131" port: 46555 } }
I20260709 12:12:50.953008 25148 ts_tablet_manager.cc:1434] T 51e6793ffc954da69f1f39d16fcc286b P 5356b79cd0c7486da572fad7aaa8b27c: Time spent starting tablet: real 0.106s	user 0.008s	sys 0.005s
I20260709 12:12:50.925271 25269 consensus_queue.cc:1048] T c2ead20fb87a4be8a069d748b14d1b8c P cc1e1da7f62243008abb0ba62fe9ac48 [LEADER]: Connected to new peer: Peer: permanent_uuid: "c6b221ebb02541aa8f125a8016dc1862" member_type: VOTER last_known_addr { host: "127.23.67.129" port: 39405 }, Status: LMP_MISMATCH, Last received: 0.0, Next index: 1, Last known committed idx: 0, Time since last communication: 0.025s
I20260709 12:12:50.946296 25155 raft_consensus.cc:697] T 0990fcc27c99400e9457f39945c8a5a8 P cc1e1da7f62243008abb0ba62fe9ac48 [term 2 LEADER]: Becoming Leader. State: Replica: cc1e1da7f62243008abb0ba62fe9ac48, State: Running, Role: LEADER
I20260709 12:12:50.954483 25200 leader_election.cc:290] T b1efdef4bf0c4cd1a3011ee90347cd0f P 5356b79cd0c7486da572fad7aaa8b27c [CANDIDATE]: Term 1 pre-election: Requested pre-vote from peers c6b221ebb02541aa8f125a8016dc1862 (127.23.67.129:39405), cc1e1da7f62243008abb0ba62fe9ac48 (127.23.67.130:42773)
I20260709 12:12:50.969295 25027 tablet_service.cc:1917] Received RequestConsensusVote() RPC: tablet_id: "2b58959b3e2e41309cd35d7a1e71b13d" candidate_uuid: "5356b79cd0c7486da572fad7aaa8b27c" candidate_term: 1 candidate_status { last_received { term: 0 index: 0 } } ignore_live_leader: false dest_uuid: "cc1e1da7f62243008abb0ba62fe9ac48" is_pre_election: true
I20260709 12:12:50.970701 25146 tablet_bootstrap.cc:654] T b1efdef4bf0c4cd1a3011ee90347cd0f P cc1e1da7f62243008abb0ba62fe9ac48: Neither blocks nor log segments found. Creating new log.
W20260709 12:12:50.972923 25072 leader_election.cc:343] T 2b58959b3e2e41309cd35d7a1e71b13d P 5356b79cd0c7486da572fad7aaa8b27c [CANDIDATE]: Term 1 pre-election: Tablet error from VoteRequest() call to peer cc1e1da7f62243008abb0ba62fe9ac48 (127.23.67.130:42773): Illegal state: must be running to vote when last-logged opid is not known
I20260709 12:12:50.973291 25027 tablet_service.cc:1917] Received RequestConsensusVote() RPC: tablet_id: "b1efdef4bf0c4cd1a3011ee90347cd0f" candidate_uuid: "5356b79cd0c7486da572fad7aaa8b27c" candidate_term: 1 candidate_status { last_received { term: 0 index: 0 } } ignore_live_leader: false dest_uuid: "cc1e1da7f62243008abb0ba62fe9ac48" is_pre_election: true
I20260709 12:12:50.977022 24957 raft_consensus.cc:2468] T 0990fcc27c99400e9457f39945c8a5a8 P c6b221ebb02541aa8f125a8016dc1862 [term 2 FOLLOWER]: Leader election vote request: Granting yes vote for candidate cc1e1da7f62243008abb0ba62fe9ac48 in term 2.
I20260709 12:12:50.955031 25105 tablet_service.cc:1917] Received RequestConsensusVote() RPC: tablet_id: "51e6793ffc954da69f1f39d16fcc286b" candidate_uuid: "c6b221ebb02541aa8f125a8016dc1862" candidate_term: 1 candidate_status { last_received { term: 0 index: 0 } } ignore_live_leader: false dest_uuid: "5356b79cd0c7486da572fad7aaa8b27c" is_pre_election: true
I20260709 12:12:50.961153 25155 consensus_queue.cc:237] T 0990fcc27c99400e9457f39945c8a5a8 P cc1e1da7f62243008abb0ba62fe9ac48 [LEADER]: Queue going to LEADER mode. State: All replicated index: 0, Majority replicated index: 0, Committed index: 0, Last appended: 0.0, Last appended by leader: 0, Current term: 2, Majority size: 2, State: 0, Mode: LEADER, active raft config: opid_index: -1 OBSOLETE_local: false peers { permanent_uuid: "c6b221ebb02541aa8f125a8016dc1862" member_type: VOTER last_known_addr { host: "127.23.67.129" port: 39405 } } peers { permanent_uuid: "cc1e1da7f62243008abb0ba62fe9ac48" member_type: VOTER last_known_addr { host: "127.23.67.130" port: 42773 } } peers { permanent_uuid: "5356b79cd0c7486da572fad7aaa8b27c" member_type: VOTER last_known_addr { host: "127.23.67.131" port: 46555 } }
W20260709 12:12:50.981434 24921 leader_election.cc:343] T 3d52e36814084e1db3b65e87d177f198 P c6b221ebb02541aa8f125a8016dc1862 [CANDIDATE]: Term 1 pre-election: Tablet error from VoteRequest() call to peer 5356b79cd0c7486da572fad7aaa8b27c (127.23.67.131:46555): Illegal state: must be running to vote when last-logged opid is not known
I20260709 12:12:50.987179 24921 leader_election.cc:304] T 3d52e36814084e1db3b65e87d177f198 P c6b221ebb02541aa8f125a8016dc1862 [CANDIDATE]: Term 1 pre-election: Election decided. Result: candidate lost. Election summary: received 3 responses out of 3 voters: 1 yes votes; 2 no votes. yes voters: c6b221ebb02541aa8f125a8016dc1862; no voters: 5356b79cd0c7486da572fad7aaa8b27c, cc1e1da7f62243008abb0ba62fe9ac48
I20260709 12:12:50.989672 25029 raft_consensus.cc:2468] T 1785566208d1492b8158302af8827c51 P cc1e1da7f62243008abb0ba62fe9ac48 [term 2 FOLLOWER]: Leader election vote request: Granting yes vote for candidate 5356b79cd0c7486da572fad7aaa8b27c in term 2.
I20260709 12:12:50.983423 25105 raft_consensus.cc:2468] T 51e6793ffc954da69f1f39d16fcc286b P 5356b79cd0c7486da572fad7aaa8b27c [term 0 FOLLOWER]: Leader pre-election vote request: Granting yes vote for candidate c6b221ebb02541aa8f125a8016dc1862 in term 0.
I20260709 12:12:50.989879 25173 raft_consensus.cc:2749] T 3d52e36814084e1db3b65e87d177f198 P c6b221ebb02541aa8f125a8016dc1862 [term 0 FOLLOWER]: Leader pre-election lost for term 1. Reason: could not achieve majority
I20260709 12:12:50.981108 25237 consensus_queue.cc:1048] T 07bf6f4f0c134e4bb09524a55c241255 P c6b221ebb02541aa8f125a8016dc1862 [LEADER]: Connected to new peer: Peer: permanent_uuid: "5356b79cd0c7486da572fad7aaa8b27c" member_type: VOTER last_known_addr { host: "127.23.67.131" port: 46555 }, Status: LMP_MISMATCH, Last received: 0.0, Next index: 1, Last known committed idx: 0, Time since last communication: 0.013s
W20260709 12:12:50.980228 25072 leader_election.cc:343] T b1efdef4bf0c4cd1a3011ee90347cd0f P 5356b79cd0c7486da572fad7aaa8b27c [CANDIDATE]: Term 1 pre-election: Tablet error from VoteRequest() call to peer cc1e1da7f62243008abb0ba62fe9ac48 (127.23.67.130:42773): Illegal state: must be running to vote when last-logged opid is not known
I20260709 12:12:50.997067 25072 leader_election.cc:304] T 1785566208d1492b8158302af8827c51 P 5356b79cd0c7486da572fad7aaa8b27c [CANDIDATE]: Term 2 election: Election decided. Result: candidate won. Election summary: received 2 responses out of 3 voters: 2 yes votes; 0 no votes. yes voters: 5356b79cd0c7486da572fad7aaa8b27c, cc1e1da7f62243008abb0ba62fe9ac48; no voters: 
I20260709 12:12:50.998301 25201 raft_consensus.cc:2804] T 1785566208d1492b8158302af8827c51 P 5356b79cd0c7486da572fad7aaa8b27c [term 2 FOLLOWER]: Leader election won for term 2
I20260709 12:12:50.998812 25201 raft_consensus.cc:697] T 1785566208d1492b8158302af8827c51 P 5356b79cd0c7486da572fad7aaa8b27c [term 2 LEADER]: Becoming Leader. State: Replica: 5356b79cd0c7486da572fad7aaa8b27c, State: Running, Role: LEADER
I20260709 12:12:50.999794 25201 consensus_queue.cc:237] T 1785566208d1492b8158302af8827c51 P 5356b79cd0c7486da572fad7aaa8b27c [LEADER]: Queue going to LEADER mode. State: All replicated index: 0, Majority replicated index: 0, Committed index: 0, Last appended: 0.0, Last appended by leader: 0, Current term: 2, Majority size: 2, State: 0, Mode: LEADER, active raft config: opid_index: -1 OBSOLETE_local: false peers { permanent_uuid: "cc1e1da7f62243008abb0ba62fe9ac48" member_type: VOTER last_known_addr { host: "127.23.67.130" port: 42773 } } peers { permanent_uuid: "5356b79cd0c7486da572fad7aaa8b27c" member_type: VOTER last_known_addr { host: "127.23.67.131" port: 46555 } } peers { permanent_uuid: "c6b221ebb02541aa8f125a8016dc1862" member_type: VOTER last_known_addr { host: "127.23.67.129" port: 39405 } }
I20260709 12:12:51.020699 24852 catalog_manager.cc:5697] T af50670576424801b80be1af93dec3af P cc1e1da7f62243008abb0ba62fe9ac48 reported cstate change: term changed from 0 to 1, leader changed from <none> to cc1e1da7f62243008abb0ba62fe9ac48 (127.23.67.130). New cstate: current_term: 1 leader_uuid: "cc1e1da7f62243008abb0ba62fe9ac48" committed_config { opid_index: -1 OBSOLETE_local: false peers { permanent_uuid: "c6b221ebb02541aa8f125a8016dc1862" member_type: VOTER last_known_addr { host: "127.23.67.129" port: 39405 } health_report { overall_health: UNKNOWN } } peers { permanent_uuid: "cc1e1da7f62243008abb0ba62fe9ac48" member_type: VOTER last_known_addr { host: "127.23.67.130" port: 42773 } health_report { overall_health: HEALTHY } } peers { permanent_uuid: "5356b79cd0c7486da572fad7aaa8b27c" member_type: VOTER last_known_addr { host: "127.23.67.131" port: 46555 } health_report { overall_health: UNKNOWN } } }
I20260709 12:12:51.021353 24953 tablet_service.cc:1917] Received RequestConsensusVote() RPC: tablet_id: "b1efdef4bf0c4cd1a3011ee90347cd0f" candidate_uuid: "5356b79cd0c7486da572fad7aaa8b27c" candidate_term: 1 candidate_status { last_received { term: 0 index: 0 } } ignore_live_leader: false dest_uuid: "c6b221ebb02541aa8f125a8016dc1862" is_pre_election: true
I20260709 12:12:51.023355 24953 raft_consensus.cc:2468] T b1efdef4bf0c4cd1a3011ee90347cd0f P c6b221ebb02541aa8f125a8016dc1862 [term 0 FOLLOWER]: Leader pre-election vote request: Granting yes vote for candidate 5356b79cd0c7486da572fad7aaa8b27c in term 0.
I20260709 12:12:51.024969 25147 tablet_bootstrap.cc:654] T 870884f3ff1e474caf44d3d843f667be P c6b221ebb02541aa8f125a8016dc1862: Neither blocks nor log segments found. Creating new log.
I20260709 12:12:51.025993 25071 leader_election.cc:304] T b1efdef4bf0c4cd1a3011ee90347cd0f P 5356b79cd0c7486da572fad7aaa8b27c [CANDIDATE]: Term 1 pre-election: Election decided. Result: candidate won. Election summary: received 3 responses out of 3 voters: 2 yes votes; 1 no votes. yes voters: 5356b79cd0c7486da572fad7aaa8b27c, c6b221ebb02541aa8f125a8016dc1862; no voters: cc1e1da7f62243008abb0ba62fe9ac48
I20260709 12:12:51.028875 25274 raft_consensus.cc:2804] T b1efdef4bf0c4cd1a3011ee90347cd0f P 5356b79cd0c7486da572fad7aaa8b27c [term 0 FOLLOWER]: Leader pre-election won for term 1
I20260709 12:12:51.029302 25274 raft_consensus.cc:493] T b1efdef4bf0c4cd1a3011ee90347cd0f P 5356b79cd0c7486da572fad7aaa8b27c [term 0 FOLLOWER]: Starting leader election (no leader contacted us within the election timeout)
I20260709 12:12:51.029623 25274 raft_consensus.cc:3060] T b1efdef4bf0c4cd1a3011ee90347cd0f P 5356b79cd0c7486da572fad7aaa8b27c [term 0 FOLLOWER]: Advancing to term 1
I20260709 12:12:51.036221 24956 tablet_service.cc:1917] Received RequestConsensusVote() RPC: tablet_id: "2b58959b3e2e41309cd35d7a1e71b13d" candidate_uuid: "5356b79cd0c7486da572fad7aaa8b27c" candidate_term: 1 candidate_status { last_received { term: 0 index: 0 } } ignore_live_leader: false dest_uuid: "c6b221ebb02541aa8f125a8016dc1862" is_pre_election: true
I20260709 12:12:51.036875 24956 raft_consensus.cc:2468] T 2b58959b3e2e41309cd35d7a1e71b13d P c6b221ebb02541aa8f125a8016dc1862 [term 0 FOLLOWER]: Leader pre-election vote request: Granting yes vote for candidate 5356b79cd0c7486da572fad7aaa8b27c in term 0.
I20260709 12:12:51.038288 25071 leader_election.cc:304] T 2b58959b3e2e41309cd35d7a1e71b13d P 5356b79cd0c7486da572fad7aaa8b27c [CANDIDATE]: Term 1 pre-election: Election decided. Result: candidate won. Election summary: received 3 responses out of 3 voters: 2 yes votes; 1 no votes. yes voters: 5356b79cd0c7486da572fad7aaa8b27c, c6b221ebb02541aa8f125a8016dc1862; no voters: cc1e1da7f62243008abb0ba62fe9ac48
I20260709 12:12:51.042582 25201 raft_consensus.cc:2804] T 2b58959b3e2e41309cd35d7a1e71b13d P 5356b79cd0c7486da572fad7aaa8b27c [term 0 FOLLOWER]: Leader pre-election won for term 1
I20260709 12:12:51.042517 25274 raft_consensus.cc:515] T b1efdef4bf0c4cd1a3011ee90347cd0f P 5356b79cd0c7486da572fad7aaa8b27c [term 1 FOLLOWER]: Starting leader election with config: opid_index: -1 OBSOLETE_local: false peers { permanent_uuid: "c6b221ebb02541aa8f125a8016dc1862" member_type: VOTER last_known_addr { host: "127.23.67.129" port: 39405 } } peers { permanent_uuid: "cc1e1da7f62243008abb0ba62fe9ac48" member_type: VOTER last_known_addr { host: "127.23.67.130" port: 42773 } } peers { permanent_uuid: "5356b79cd0c7486da572fad7aaa8b27c" member_type: VOTER last_known_addr { host: "127.23.67.131" port: 46555 } }
I20260709 12:12:51.043004 25201 raft_consensus.cc:493] T 2b58959b3e2e41309cd35d7a1e71b13d P 5356b79cd0c7486da572fad7aaa8b27c [term 0 FOLLOWER]: Starting leader election (no leader contacted us within the election timeout)
I20260709 12:12:51.042243 25146 tablet_bootstrap.cc:492] T b1efdef4bf0c4cd1a3011ee90347cd0f P cc1e1da7f62243008abb0ba62fe9ac48: No bootstrap required, opened a new log
I20260709 12:12:51.043898 25146 ts_tablet_manager.cc:1403] T b1efdef4bf0c4cd1a3011ee90347cd0f P cc1e1da7f62243008abb0ba62fe9ac48: Time spent bootstrapping tablet: real 0.284s	user 0.007s	sys 0.006s
I20260709 12:12:51.043360 25201 raft_consensus.cc:3060] T 2b58959b3e2e41309cd35d7a1e71b13d P 5356b79cd0c7486da572fad7aaa8b27c [term 0 FOLLOWER]: Advancing to term 1
I20260709 12:12:51.045693 24956 tablet_service.cc:1917] Received RequestConsensusVote() RPC: tablet_id: "b1efdef4bf0c4cd1a3011ee90347cd0f" candidate_uuid: "5356b79cd0c7486da572fad7aaa8b27c" candidate_term: 1 candidate_status { last_received { term: 0 index: 0 } } ignore_live_leader: false dest_uuid: "c6b221ebb02541aa8f125a8016dc1862"
I20260709 12:12:51.046315 24956 raft_consensus.cc:3060] T b1efdef4bf0c4cd1a3011ee90347cd0f P c6b221ebb02541aa8f125a8016dc1862 [term 0 FOLLOWER]: Advancing to term 1
I20260709 12:12:51.048549 25146 raft_consensus.cc:359] T b1efdef4bf0c4cd1a3011ee90347cd0f P cc1e1da7f62243008abb0ba62fe9ac48 [term 0 FOLLOWER]: Replica starting. Triggering 0 pending ops. Active config: opid_index: -1 OBSOLETE_local: false peers { permanent_uuid: "c6b221ebb02541aa8f125a8016dc1862" member_type: VOTER last_known_addr { host: "127.23.67.129" port: 39405 } } peers { permanent_uuid: "cc1e1da7f62243008abb0ba62fe9ac48" member_type: VOTER last_known_addr { host: "127.23.67.130" port: 42773 } } peers { permanent_uuid: "5356b79cd0c7486da572fad7aaa8b27c" member_type: VOTER last_known_addr { host: "127.23.67.131" port: 46555 } }
I20260709 12:12:51.049023 25147 tablet_bootstrap.cc:492] T 870884f3ff1e474caf44d3d843f667be P c6b221ebb02541aa8f125a8016dc1862: No bootstrap required, opened a new log
I20260709 12:12:51.049261 25146 raft_consensus.cc:385] T b1efdef4bf0c4cd1a3011ee90347cd0f P cc1e1da7f62243008abb0ba62fe9ac48 [term 0 FOLLOWER]: Consensus starting up: Expiring failure detector timer to make a prompt election more likely
I20260709 12:12:50.971585 25032 raft_consensus.cc:2468] T 4b43e9a635114811b9c1d67bb1d9268f P cc1e1da7f62243008abb0ba62fe9ac48 [term 1 FOLLOWER]: Leader election vote request: Granting yes vote for candidate c6b221ebb02541aa8f125a8016dc1862 in term 1.
I20260709 12:12:51.049494 25147 ts_tablet_manager.cc:1403] T 870884f3ff1e474caf44d3d843f667be P c6b221ebb02541aa8f125a8016dc1862: Time spent bootstrapping tablet: real 0.158s	user 0.006s	sys 0.005s
I20260709 12:12:51.049607 25146 raft_consensus.cc:740] T b1efdef4bf0c4cd1a3011ee90347cd0f P cc1e1da7f62243008abb0ba62fe9ac48 [term 0 FOLLOWER]: Becoming Follower/Learner. State: Replica: cc1e1da7f62243008abb0ba62fe9ac48, State: Initialized, Role: FOLLOWER
I20260709 12:12:51.050420 25146 consensus_queue.cc:260] T b1efdef4bf0c4cd1a3011ee90347cd0f P cc1e1da7f62243008abb0ba62fe9ac48 [NON_LEADER]: Queue going to NON_LEADER mode. State: All replicated index: 0, Majority replicated index: 0, Committed index: 0, Last appended: 0.0, Last appended by leader: 0, Current term: 0, Majority size: -1, State: 0, Mode: NON_LEADER, active raft config: opid_index: -1 OBSOLETE_local: false peers { permanent_uuid: "c6b221ebb02541aa8f125a8016dc1862" member_type: VOTER last_known_addr { host: "127.23.67.129" port: 39405 } } peers { permanent_uuid: "cc1e1da7f62243008abb0ba62fe9ac48" member_type: VOTER last_known_addr { host: "127.23.67.130" port: 42773 } } peers { permanent_uuid: "5356b79cd0c7486da572fad7aaa8b27c" member_type: VOTER last_known_addr { host: "127.23.67.131" port: 46555 } }
I20260709 12:12:51.052291 25146 ts_tablet_manager.cc:1434] T b1efdef4bf0c4cd1a3011ee90347cd0f P cc1e1da7f62243008abb0ba62fe9ac48: Time spent starting tablet: real 0.008s	user 0.003s	sys 0.002s
I20260709 12:12:51.052567 25147 raft_consensus.cc:359] T 870884f3ff1e474caf44d3d843f667be P c6b221ebb02541aa8f125a8016dc1862 [term 0 FOLLOWER]: Replica starting. Triggering 0 pending ops. Active config: opid_index: -1 OBSOLETE_local: false peers { permanent_uuid: "c6b221ebb02541aa8f125a8016dc1862" member_type: VOTER last_known_addr { host: "127.23.67.129" port: 39405 } } peers { permanent_uuid: "cc1e1da7f62243008abb0ba62fe9ac48" member_type: VOTER last_known_addr { host: "127.23.67.130" port: 42773 } } peers { permanent_uuid: "5356b79cd0c7486da572fad7aaa8b27c" member_type: VOTER last_known_addr { host: "127.23.67.131" port: 46555 } }
I20260709 12:12:51.053097 25146 tablet_bootstrap.cc:492] T 3d52e36814084e1db3b65e87d177f198 P cc1e1da7f62243008abb0ba62fe9ac48: Bootstrap starting.
I20260709 12:12:51.053323 25147 raft_consensus.cc:385] T 870884f3ff1e474caf44d3d843f667be P c6b221ebb02541aa8f125a8016dc1862 [term 0 FOLLOWER]: Consensus starting up: Expiring failure detector timer to make a prompt election more likely
I20260709 12:12:51.053635 25147 raft_consensus.cc:740] T 870884f3ff1e474caf44d3d843f667be P c6b221ebb02541aa8f125a8016dc1862 [term 0 FOLLOWER]: Becoming Follower/Learner. State: Replica: c6b221ebb02541aa8f125a8016dc1862, State: Initialized, Role: FOLLOWER
I20260709 12:12:51.054379 25147 consensus_queue.cc:260] T 870884f3ff1e474caf44d3d843f667be P c6b221ebb02541aa8f125a8016dc1862 [NON_LEADER]: Queue going to NON_LEADER mode. State: All replicated index: 0, Majority replicated index: 0, Committed index: 0, Last appended: 0.0, Last appended by leader: 0, Current term: 0, Majority size: -1, State: 0, Mode: NON_LEADER, active raft config: opid_index: -1 OBSOLETE_local: false peers { permanent_uuid: "c6b221ebb02541aa8f125a8016dc1862" member_type: VOTER last_known_addr { host: "127.23.67.129" port: 39405 } } peers { permanent_uuid: "cc1e1da7f62243008abb0ba62fe9ac48" member_type: VOTER last_known_addr { host: "127.23.67.130" port: 42773 } } peers { permanent_uuid: "5356b79cd0c7486da572fad7aaa8b27c" member_type: VOTER last_known_addr { host: "127.23.67.131" port: 46555 } }
I20260709 12:12:51.056468 25147 ts_tablet_manager.cc:1434] T 870884f3ff1e474caf44d3d843f667be P c6b221ebb02541aa8f125a8016dc1862: Time spent starting tablet: real 0.007s	user 0.003s	sys 0.003s
I20260709 12:12:51.057359 25147 tablet_bootstrap.cc:492] T 092aa479437f4a91aa537be32125a9b6 P c6b221ebb02541aa8f125a8016dc1862: Bootstrap starting.
I20260709 12:12:51.058461 24956 raft_consensus.cc:2468] T b1efdef4bf0c4cd1a3011ee90347cd0f P c6b221ebb02541aa8f125a8016dc1862 [term 1 FOLLOWER]: Leader election vote request: Granting yes vote for candidate 5356b79cd0c7486da572fad7aaa8b27c in term 1.
I20260709 12:12:51.058804 25146 tablet_bootstrap.cc:654] T 3d52e36814084e1db3b65e87d177f198 P cc1e1da7f62243008abb0ba62fe9ac48: Neither blocks nor log segments found. Creating new log.
I20260709 12:12:51.062913 25147 tablet_bootstrap.cc:654] T 092aa479437f4a91aa537be32125a9b6 P c6b221ebb02541aa8f125a8016dc1862: Neither blocks nor log segments found. Creating new log.
I20260709 12:12:51.045626 25274 leader_election.cc:290] T b1efdef4bf0c4cd1a3011ee90347cd0f P 5356b79cd0c7486da572fad7aaa8b27c [CANDIDATE]: Term 1 election: Requested vote from peers c6b221ebb02541aa8f125a8016dc1862 (127.23.67.129:39405), cc1e1da7f62243008abb0ba62fe9ac48 (127.23.67.130:42773)
I20260709 12:12:51.064038 25071 leader_election.cc:304] T b1efdef4bf0c4cd1a3011ee90347cd0f P 5356b79cd0c7486da572fad7aaa8b27c [CANDIDATE]: Term 1 election: Election decided. Result: candidate won. Election summary: received 2 responses out of 3 voters: 2 yes votes; 0 no votes. yes voters: 5356b79cd0c7486da572fad7aaa8b27c, c6b221ebb02541aa8f125a8016dc1862; no voters: 
I20260709 12:12:51.064915 25274 raft_consensus.cc:2804] T b1efdef4bf0c4cd1a3011ee90347cd0f P 5356b79cd0c7486da572fad7aaa8b27c [term 1 FOLLOWER]: Leader election won for term 1
I20260709 12:12:51.065583 25274 raft_consensus.cc:697] T b1efdef4bf0c4cd1a3011ee90347cd0f P 5356b79cd0c7486da572fad7aaa8b27c [term 1 LEADER]: Becoming Leader. State: Replica: 5356b79cd0c7486da572fad7aaa8b27c, State: Running, Role: LEADER
I20260709 12:12:51.066385 25274 consensus_queue.cc:237] T b1efdef4bf0c4cd1a3011ee90347cd0f P 5356b79cd0c7486da572fad7aaa8b27c [LEADER]: Queue going to LEADER mode. State: All replicated index: 0, Majority replicated index: 0, Committed index: 0, Last appended: 0.0, Last appended by leader: 0, Current term: 1, Majority size: 2, State: 0, Mode: LEADER, active raft config: opid_index: -1 OBSOLETE_local: false peers { permanent_uuid: "c6b221ebb02541aa8f125a8016dc1862" member_type: VOTER last_known_addr { host: "127.23.67.129" port: 39405 } } peers { permanent_uuid: "cc1e1da7f62243008abb0ba62fe9ac48" member_type: VOTER last_known_addr { host: "127.23.67.130" port: 42773 } } peers { permanent_uuid: "5356b79cd0c7486da572fad7aaa8b27c" member_type: VOTER last_known_addr { host: "127.23.67.131" port: 46555 } }
I20260709 12:12:51.067180 25201 raft_consensus.cc:515] T 2b58959b3e2e41309cd35d7a1e71b13d P 5356b79cd0c7486da572fad7aaa8b27c [term 1 FOLLOWER]: Starting leader election with config: opid_index: -1 OBSOLETE_local: false peers { permanent_uuid: "c6b221ebb02541aa8f125a8016dc1862" member_type: VOTER last_known_addr { host: "127.23.67.129" port: 39405 } } peers { permanent_uuid: "cc1e1da7f62243008abb0ba62fe9ac48" member_type: VOTER last_known_addr { host: "127.23.67.130" port: 42773 } } peers { permanent_uuid: "5356b79cd0c7486da572fad7aaa8b27c" member_type: VOTER last_known_addr { host: "127.23.67.131" port: 46555 } }
I20260709 12:12:51.070052 24956 tablet_service.cc:1917] Received RequestConsensusVote() RPC: tablet_id: "2b58959b3e2e41309cd35d7a1e71b13d" candidate_uuid: "5356b79cd0c7486da572fad7aaa8b27c" candidate_term: 1 candidate_status { last_received { term: 0 index: 0 } } ignore_live_leader: false dest_uuid: "c6b221ebb02541aa8f125a8016dc1862"
I20260709 12:12:51.070376 25201 leader_election.cc:290] T 2b58959b3e2e41309cd35d7a1e71b13d P 5356b79cd0c7486da572fad7aaa8b27c [CANDIDATE]: Term 1 election: Requested vote from peers c6b221ebb02541aa8f125a8016dc1862 (127.23.67.129:39405), cc1e1da7f62243008abb0ba62fe9ac48 (127.23.67.130:42773)
I20260709 12:12:51.070633 24956 raft_consensus.cc:3060] T 2b58959b3e2e41309cd35d7a1e71b13d P c6b221ebb02541aa8f125a8016dc1862 [term 0 FOLLOWER]: Advancing to term 1
I20260709 12:12:51.073330 25032 tablet_service.cc:1917] Received RequestConsensusVote() RPC: tablet_id: "2b58959b3e2e41309cd35d7a1e71b13d" candidate_uuid: "5356b79cd0c7486da572fad7aaa8b27c" candidate_term: 1 candidate_status { last_received { term: 0 index: 0 } } ignore_live_leader: false dest_uuid: "cc1e1da7f62243008abb0ba62fe9ac48"
I20260709 12:12:51.074617 25155 raft_consensus.cc:493] T b1efdef4bf0c4cd1a3011ee90347cd0f P cc1e1da7f62243008abb0ba62fe9ac48 [term 0 FOLLOWER]: Starting pre-election (no leader contacted us within the election timeout)
W20260709 12:12:51.074795 25072 leader_election.cc:343] T 2b58959b3e2e41309cd35d7a1e71b13d P 5356b79cd0c7486da572fad7aaa8b27c [CANDIDATE]: Term 1 election: Tablet error from VoteRequest() call to peer cc1e1da7f62243008abb0ba62fe9ac48 (127.23.67.130:42773): Illegal state: must be running to vote when last-logged opid is not known
I20260709 12:12:51.075081 25155 raft_consensus.cc:515] T b1efdef4bf0c4cd1a3011ee90347cd0f P cc1e1da7f62243008abb0ba62fe9ac48 [term 0 FOLLOWER]: Starting pre-election with config: opid_index: -1 OBSOLETE_local: false peers { permanent_uuid: "c6b221ebb02541aa8f125a8016dc1862" member_type: VOTER last_known_addr { host: "127.23.67.129" port: 39405 } } peers { permanent_uuid: "cc1e1da7f62243008abb0ba62fe9ac48" member_type: VOTER last_known_addr { host: "127.23.67.130" port: 42773 } } peers { permanent_uuid: "5356b79cd0c7486da572fad7aaa8b27c" member_type: VOTER last_known_addr { host: "127.23.67.131" port: 46555 } }
I20260709 12:12:51.077114 25155 leader_election.cc:290] T b1efdef4bf0c4cd1a3011ee90347cd0f P cc1e1da7f62243008abb0ba62fe9ac48 [CANDIDATE]: Term 1 pre-election: Requested pre-vote from peers c6b221ebb02541aa8f125a8016dc1862 (127.23.67.129:39405), 5356b79cd0c7486da572fad7aaa8b27c (127.23.67.131:46555)
I20260709 12:12:51.077148 24956 raft_consensus.cc:2468] T 2b58959b3e2e41309cd35d7a1e71b13d P c6b221ebb02541aa8f125a8016dc1862 [term 1 FOLLOWER]: Leader election vote request: Granting yes vote for candidate 5356b79cd0c7486da572fad7aaa8b27c in term 1.
I20260709 12:12:51.078354 25071 leader_election.cc:304] T 2b58959b3e2e41309cd35d7a1e71b13d P 5356b79cd0c7486da572fad7aaa8b27c [CANDIDATE]: Term 1 election: Election decided. Result: candidate won. Election summary: received 3 responses out of 3 voters: 2 yes votes; 1 no votes. yes voters: 5356b79cd0c7486da572fad7aaa8b27c, c6b221ebb02541aa8f125a8016dc1862; no voters: cc1e1da7f62243008abb0ba62fe9ac48
I20260709 12:12:51.079061 25201 raft_consensus.cc:2804] T 2b58959b3e2e41309cd35d7a1e71b13d P 5356b79cd0c7486da572fad7aaa8b27c [term 1 FOLLOWER]: Leader election won for term 1
I20260709 12:12:51.079221 25146 tablet_bootstrap.cc:492] T 3d52e36814084e1db3b65e87d177f198 P cc1e1da7f62243008abb0ba62fe9ac48: No bootstrap required, opened a new log
I20260709 12:12:51.079741 25146 ts_tablet_manager.cc:1403] T 3d52e36814084e1db3b65e87d177f198 P cc1e1da7f62243008abb0ba62fe9ac48: Time spent bootstrapping tablet: real 0.027s	user 0.019s	sys 0.004s
I20260709 12:12:51.079875 25201 raft_consensus.cc:697] T 2b58959b3e2e41309cd35d7a1e71b13d P 5356b79cd0c7486da572fad7aaa8b27c [term 1 LEADER]: Becoming Leader. State: Replica: 5356b79cd0c7486da572fad7aaa8b27c, State: Running, Role: LEADER
I20260709 12:12:51.080929 25201 consensus_queue.cc:237] T 2b58959b3e2e41309cd35d7a1e71b13d P 5356b79cd0c7486da572fad7aaa8b27c [LEADER]: Queue going to LEADER mode. State: All replicated index: 0, Majority replicated index: 0, Committed index: 0, Last appended: 0.0, Last appended by leader: 0, Current term: 1, Majority size: 2, State: 0, Mode: LEADER, active raft config: opid_index: -1 OBSOLETE_local: false peers { permanent_uuid: "c6b221ebb02541aa8f125a8016dc1862" member_type: VOTER last_known_addr { host: "127.23.67.129" port: 39405 } } peers { permanent_uuid: "cc1e1da7f62243008abb0ba62fe9ac48" member_type: VOTER last_known_addr { host: "127.23.67.130" port: 42773 } } peers { permanent_uuid: "5356b79cd0c7486da572fad7aaa8b27c" member_type: VOTER last_known_addr { host: "127.23.67.131" port: 46555 } }
I20260709 12:12:51.082553 25146 raft_consensus.cc:359] T 3d52e36814084e1db3b65e87d177f198 P cc1e1da7f62243008abb0ba62fe9ac48 [term 0 FOLLOWER]: Replica starting. Triggering 0 pending ops. Active config: opid_index: -1 OBSOLETE_local: false peers { permanent_uuid: "c6b221ebb02541aa8f125a8016dc1862" member_type: VOTER last_known_addr { host: "127.23.67.129" port: 39405 } } peers { permanent_uuid: "cc1e1da7f62243008abb0ba62fe9ac48" member_type: VOTER last_known_addr { host: "127.23.67.130" port: 42773 } } peers { permanent_uuid: "5356b79cd0c7486da572fad7aaa8b27c" member_type: VOTER last_known_addr { host: "127.23.67.131" port: 46555 } }
I20260709 12:12:51.083258 25146 raft_consensus.cc:385] T 3d52e36814084e1db3b65e87d177f198 P cc1e1da7f62243008abb0ba62fe9ac48 [term 0 FOLLOWER]: Consensus starting up: Expiring failure detector timer to make a prompt election more likely
I20260709 12:12:51.083590 25146 raft_consensus.cc:740] T 3d52e36814084e1db3b65e87d177f198 P cc1e1da7f62243008abb0ba62fe9ac48 [term 0 FOLLOWER]: Becoming Follower/Learner. State: Replica: cc1e1da7f62243008abb0ba62fe9ac48, State: Initialized, Role: FOLLOWER
I20260709 12:12:51.084367 25146 consensus_queue.cc:260] T 3d52e36814084e1db3b65e87d177f198 P cc1e1da7f62243008abb0ba62fe9ac48 [NON_LEADER]: Queue going to NON_LEADER mode. State: All replicated index: 0, Majority replicated index: 0, Committed index: 0, Last appended: 0.0, Last appended by leader: 0, Current term: 0, Majority size: -1, State: 0, Mode: NON_LEADER, active raft config: opid_index: -1 OBSOLETE_local: false peers { permanent_uuid: "c6b221ebb02541aa8f125a8016dc1862" member_type: VOTER last_known_addr { host: "127.23.67.129" port: 39405 } } peers { permanent_uuid: "cc1e1da7f62243008abb0ba62fe9ac48" member_type: VOTER last_known_addr { host: "127.23.67.130" port: 42773 } } peers { permanent_uuid: "5356b79cd0c7486da572fad7aaa8b27c" member_type: VOTER last_known_addr { host: "127.23.67.131" port: 46555 } }
I20260709 12:12:51.086020 25146 ts_tablet_manager.cc:1434] T 3d52e36814084e1db3b65e87d177f198 P cc1e1da7f62243008abb0ba62fe9ac48: Time spent starting tablet: real 0.006s	user 0.002s	sys 0.003s
I20260709 12:12:51.087092 25146 tablet_bootstrap.cc:492] T 24e54e8adba943dda7082e62f1d5b3b8 P cc1e1da7f62243008abb0ba62fe9ac48: Bootstrap starting.
I20260709 12:12:51.087150 24955 tablet_service.cc:1917] Received RequestConsensusVote() RPC: tablet_id: "1785566208d1492b8158302af8827c51" candidate_uuid: "5356b79cd0c7486da572fad7aaa8b27c" candidate_term: 2 candidate_status { last_received { term: 0 index: 0 } } ignore_live_leader: false dest_uuid: "c6b221ebb02541aa8f125a8016dc1862"
I20260709 12:12:51.087797 24955 raft_consensus.cc:3060] T 1785566208d1492b8158302af8827c51 P c6b221ebb02541aa8f125a8016dc1862 [term 1 FOLLOWER]: Advancing to term 2
I20260709 12:12:51.093876 25146 tablet_bootstrap.cc:654] T 24e54e8adba943dda7082e62f1d5b3b8 P cc1e1da7f62243008abb0ba62fe9ac48: Neither blocks nor log segments found. Creating new log.
I20260709 12:12:51.079880 25104 raft_consensus.cc:2468] T 51e6793ffc954da69f1f39d16fcc286b P 5356b79cd0c7486da572fad7aaa8b27c [term 0 FOLLOWER]: Leader pre-election vote request: Granting yes vote for candidate cc1e1da7f62243008abb0ba62fe9ac48 in term 0.
I20260709 12:12:51.101454 24955 raft_consensus.cc:2468] T 1785566208d1492b8158302af8827c51 P c6b221ebb02541aa8f125a8016dc1862 [term 2 FOLLOWER]: Leader election vote request: Granting yes vote for candidate 5356b79cd0c7486da572fad7aaa8b27c in term 2.
I20260709 12:12:51.109640 25147 tablet_bootstrap.cc:492] T 092aa479437f4a91aa537be32125a9b6 P c6b221ebb02541aa8f125a8016dc1862: No bootstrap required, opened a new log
I20260709 12:12:51.110121 25147 ts_tablet_manager.cc:1403] T 092aa479437f4a91aa537be32125a9b6 P c6b221ebb02541aa8f125a8016dc1862: Time spent bootstrapping tablet: real 0.053s	user 0.019s	sys 0.004s
I20260709 12:12:51.110210 25146 tablet_bootstrap.cc:492] T 24e54e8adba943dda7082e62f1d5b3b8 P cc1e1da7f62243008abb0ba62fe9ac48: No bootstrap required, opened a new log
I20260709 12:12:51.110749 25146 ts_tablet_manager.cc:1403] T 24e54e8adba943dda7082e62f1d5b3b8 P cc1e1da7f62243008abb0ba62fe9ac48: Time spent bootstrapping tablet: real 0.024s	user 0.018s	sys 0.001s
I20260709 12:12:51.112671 25147 raft_consensus.cc:359] T 092aa479437f4a91aa537be32125a9b6 P c6b221ebb02541aa8f125a8016dc1862 [term 0 FOLLOWER]: Replica starting. Triggering 0 pending ops. Active config: opid_index: -1 OBSOLETE_local: false peers { permanent_uuid: "c6b221ebb02541aa8f125a8016dc1862" member_type: VOTER last_known_addr { host: "127.23.67.129" port: 39405 } } peers { permanent_uuid: "cc1e1da7f62243008abb0ba62fe9ac48" member_type: VOTER last_known_addr { host: "127.23.67.130" port: 42773 } } peers { permanent_uuid: "5356b79cd0c7486da572fad7aaa8b27c" member_type: VOTER last_known_addr { host: "127.23.67.131" port: 46555 } }
I20260709 12:12:51.113320 25147 raft_consensus.cc:385] T 092aa479437f4a91aa537be32125a9b6 P c6b221ebb02541aa8f125a8016dc1862 [term 0 FOLLOWER]: Consensus starting up: Expiring failure detector timer to make a prompt election more likely
I20260709 12:12:51.112993 25146 raft_consensus.cc:359] T 24e54e8adba943dda7082e62f1d5b3b8 P cc1e1da7f62243008abb0ba62fe9ac48 [term 0 FOLLOWER]: Replica starting. Triggering 0 pending ops. Active config: opid_index: -1 OBSOLETE_local: false peers { permanent_uuid: "c6b221ebb02541aa8f125a8016dc1862" member_type: VOTER last_known_addr { host: "127.23.67.129" port: 39405 } } peers { permanent_uuid: "cc1e1da7f62243008abb0ba62fe9ac48" member_type: VOTER last_known_addr { host: "127.23.67.130" port: 42773 } } peers { permanent_uuid: "5356b79cd0c7486da572fad7aaa8b27c" member_type: VOTER last_known_addr { host: "127.23.67.131" port: 46555 } }
I20260709 12:12:51.113606 25147 raft_consensus.cc:740] T 092aa479437f4a91aa537be32125a9b6 P c6b221ebb02541aa8f125a8016dc1862 [term 0 FOLLOWER]: Becoming Follower/Learner. State: Replica: c6b221ebb02541aa8f125a8016dc1862, State: Initialized, Role: FOLLOWER
I20260709 12:12:51.113824 25146 raft_consensus.cc:385] T 24e54e8adba943dda7082e62f1d5b3b8 P cc1e1da7f62243008abb0ba62fe9ac48 [term 0 FOLLOWER]: Consensus starting up: Expiring failure detector timer to make a prompt election more likely
I20260709 12:12:51.114123 25146 raft_consensus.cc:740] T 24e54e8adba943dda7082e62f1d5b3b8 P cc1e1da7f62243008abb0ba62fe9ac48 [term 0 FOLLOWER]: Becoming Follower/Learner. State: Replica: cc1e1da7f62243008abb0ba62fe9ac48, State: Initialized, Role: FOLLOWER
I20260709 12:12:51.114220 25147 consensus_queue.cc:260] T 092aa479437f4a91aa537be32125a9b6 P c6b221ebb02541aa8f125a8016dc1862 [NON_LEADER]: Queue going to NON_LEADER mode. State: All replicated index: 0, Majority replicated index: 0, Committed index: 0, Last appended: 0.0, Last appended by leader: 0, Current term: 0, Majority size: -1, State: 0, Mode: NON_LEADER, active raft config: opid_index: -1 OBSOLETE_local: false peers { permanent_uuid: "c6b221ebb02541aa8f125a8016dc1862" member_type: VOTER last_known_addr { host: "127.23.67.129" port: 39405 } } peers { permanent_uuid: "cc1e1da7f62243008abb0ba62fe9ac48" member_type: VOTER last_known_addr { host: "127.23.67.130" port: 42773 } } peers { permanent_uuid: "5356b79cd0c7486da572fad7aaa8b27c" member_type: VOTER last_known_addr { host: "127.23.67.131" port: 46555 } }
