W20260709 12:12:18.561435 10565 consensus_peers.cc:597] T 43db0c3bbe464d43a5940fa3be77ebed P 02b7e07c3f8e4e87a864ef0606f4edb1 -> Peer a6cc83d77b7a4186909de91438292101 (127.10.37.65:38979): Couldn't send request to peer a6cc83d77b7a4186909de91438292101. Status: Network error: Client connection negotiation failed: client connection to 127.10.37.65:38979: connect: Connection refused (error 111). This is attempt 1: this message will repeat every 5th retry.
I20260709 12:12:18.562002 10389 tablet_replica.cc:333] T 9116cca117a840d9ae2a342348a56957 P 02b7e07c3f8e4e87a864ef0606f4edb1: stopping tablet replica
I20260709 12:12:18.562714 10389 raft_consensus.cc:2243] T 9116cca117a840d9ae2a342348a56957 P 02b7e07c3f8e4e87a864ef0606f4edb1 [term 2 LEADER]: Raft consensus shutting down.
W20260709 12:12:18.563678 10639 consensus_peers.cc:597] T 94f48cb216fd4ea2b096d87b199e5309 P f942d12faa2e4c9592b84c4803ac139a -> Peer a6cc83d77b7a4186909de91438292101 (127.10.37.65:38979): Couldn't send request to peer a6cc83d77b7a4186909de91438292101. Status: Network error: Client connection negotiation failed: client connection to 127.10.37.65:38979: connect: Connection refused (error 111). This is attempt 1: this message will repeat every 5th retry.
I20260709 12:12:18.564195 10389 raft_consensus.cc:2272] T 9116cca117a840d9ae2a342348a56957 P 02b7e07c3f8e4e87a864ef0606f4edb1 [term 2 FOLLOWER]: Raft consensus is shut down!
I20260709 12:12:18.566210 10389 tablet_replica.cc:333] T 94f48cb216fd4ea2b096d87b199e5309 P 02b7e07c3f8e4e87a864ef0606f4edb1: stopping tablet replica
I20260709 12:12:18.566779 10389 raft_consensus.cc:2243] T 94f48cb216fd4ea2b096d87b199e5309 P 02b7e07c3f8e4e87a864ef0606f4edb1 [term 4 FOLLOWER]: Raft consensus shutting down.
I20260709 12:12:18.567442 10389 raft_consensus.cc:2272] T 94f48cb216fd4ea2b096d87b199e5309 P 02b7e07c3f8e4e87a864ef0606f4edb1 [term 4 FOLLOWER]: Raft consensus is shut down!
I20260709 12:12:18.570101 10389 tablet_replica.cc:333] T 6f28fbcb28fc46db957a5a1114c996ae P 02b7e07c3f8e4e87a864ef0606f4edb1: stopping tablet replica
I20260709 12:12:18.570798 10389 raft_consensus.cc:2243] T 6f28fbcb28fc46db957a5a1114c996ae P 02b7e07c3f8e4e87a864ef0606f4edb1 [term 2 FOLLOWER]: Raft consensus shutting down.
I20260709 12:12:18.571764 10389 raft_consensus.cc:2272] T 6f28fbcb28fc46db957a5a1114c996ae P 02b7e07c3f8e4e87a864ef0606f4edb1 [term 2 FOLLOWER]: Raft consensus is shut down!
I20260709 12:12:18.574043 10389 tablet_replica.cc:333] T 17e13441e29c4ca0a5126efc205dc37a P 02b7e07c3f8e4e87a864ef0606f4edb1: stopping tablet replica
I20260709 12:12:18.574738 10389 raft_consensus.cc:2243] T 17e13441e29c4ca0a5126efc205dc37a P 02b7e07c3f8e4e87a864ef0606f4edb1 [term 3 FOLLOWER]: Raft consensus shutting down.
I20260709 12:12:18.575299 10389 raft_consensus.cc:2272] T 17e13441e29c4ca0a5126efc205dc37a P 02b7e07c3f8e4e87a864ef0606f4edb1 [term 3 FOLLOWER]: Raft consensus is shut down!
I20260709 12:12:18.576828 10389 tablet_replica.cc:333] T a7ac863087da4402bbba80b5c81bf93a P 02b7e07c3f8e4e87a864ef0606f4edb1: stopping tablet replica
I20260709 12:12:18.577339 10389 raft_consensus.cc:2243] T a7ac863087da4402bbba80b5c81bf93a P 02b7e07c3f8e4e87a864ef0606f4edb1 [term 5 FOLLOWER]: Raft consensus shutting down.
I20260709 12:12:18.577827 10389 raft_consensus.cc:2272] T a7ac863087da4402bbba80b5c81bf93a P 02b7e07c3f8e4e87a864ef0606f4edb1 [term 5 FOLLOWER]: Raft consensus is shut down!
I20260709 12:12:18.579479 10389 tablet_replica.cc:333] T 6db61b835d694a43922a9b7388bf7538 P 02b7e07c3f8e4e87a864ef0606f4edb1: stopping tablet replica
I20260709 12:12:18.579972 10389 raft_consensus.cc:2243] T 6db61b835d694a43922a9b7388bf7538 P 02b7e07c3f8e4e87a864ef0606f4edb1 [term 1 LEADER]: Raft consensus shutting down.
I20260709 12:12:18.580870 10389 raft_consensus.cc:2272] T 6db61b835d694a43922a9b7388bf7538 P 02b7e07c3f8e4e87a864ef0606f4edb1 [term 1 FOLLOWER]: Raft consensus is shut down!
I20260709 12:12:18.582660 10389 tablet_replica.cc:333] T 43db0c3bbe464d43a5940fa3be77ebed P 02b7e07c3f8e4e87a864ef0606f4edb1: stopping tablet replica
I20260709 12:12:18.583315 10389 raft_consensus.cc:2243] T 43db0c3bbe464d43a5940fa3be77ebed P 02b7e07c3f8e4e87a864ef0606f4edb1 [term 4 LEADER]: Raft consensus shutting down.
I20260709 12:12:18.584559 10389 raft_consensus.cc:2272] T 43db0c3bbe464d43a5940fa3be77ebed P 02b7e07c3f8e4e87a864ef0606f4edb1 [term 4 FOLLOWER]: Raft consensus is shut down!
I20260709 12:12:18.586467 10389 tablet_replica.cc:333] T 5bc0e6f8e9cc45c1be24be7a017cf27d P 02b7e07c3f8e4e87a864ef0606f4edb1: stopping tablet replica
I20260709 12:12:18.586913 10389 raft_consensus.cc:2243] T 5bc0e6f8e9cc45c1be24be7a017cf27d P 02b7e07c3f8e4e87a864ef0606f4edb1 [term 4 FOLLOWER]: Raft consensus shutting down.
I20260709 12:12:18.587447 10389 raft_consensus.cc:2272] T 5bc0e6f8e9cc45c1be24be7a017cf27d P 02b7e07c3f8e4e87a864ef0606f4edb1 [term 4 FOLLOWER]: Raft consensus is shut down!
I20260709 12:12:18.618198 10389 tablet_server.cc:196] TabletServer@127.10.37.66:0 shutdown complete.
W20260709 12:12:18.626704 10637 consensus_peers.cc:597] T 17e13441e29c4ca0a5126efc205dc37a P f942d12faa2e4c9592b84c4803ac139a -> Peer 02b7e07c3f8e4e87a864ef0606f4edb1 (127.10.37.66:36121): Couldn't send request to peer 02b7e07c3f8e4e87a864ef0606f4edb1. Status: Network error: Client connection negotiation failed: client connection to 127.10.37.66:36121: connect: Connection refused (error 111). This is attempt 1: this message will repeat every 5th retry.
W20260709 12:12:18.634249 10637 consensus_peers.cc:597] T 7f6ca3eabade47628ceb2035aea58eb7 P f942d12faa2e4c9592b84c4803ac139a -> Peer 02b7e07c3f8e4e87a864ef0606f4edb1 (127.10.37.66:36121): Couldn't send request to peer 02b7e07c3f8e4e87a864ef0606f4edb1. Status: Network error: Client connection negotiation failed: client connection to 127.10.37.66:36121: connect: Connection refused (error 111). This is attempt 1: this message will repeat every 5th retry.
I20260709 12:12:18.643899 10389 tablet_server.cc:179] TabletServer@127.10.37.67:0 shutting down...
I20260709 12:12:18.667786 10389 ts_tablet_manager.cc:1507] Shutting down tablet manager...
I20260709 12:12:18.668406 10389 tablet_replica.cc:333] T 7f6ca3eabade47628ceb2035aea58eb7 P f942d12faa2e4c9592b84c4803ac139a: stopping tablet replica
I20260709 12:12:18.669081 10389 raft_consensus.cc:2243] T 7f6ca3eabade47628ceb2035aea58eb7 P f942d12faa2e4c9592b84c4803ac139a [term 2 LEADER]: Raft consensus shutting down.
I20260709 12:12:18.669979 10389 raft_consensus.cc:2272] T 7f6ca3eabade47628ceb2035aea58eb7 P f942d12faa2e4c9592b84c4803ac139a [term 2 FOLLOWER]: Raft consensus is shut down!
I20260709 12:12:18.671819 10389 tablet_replica.cc:333] T 9116cca117a840d9ae2a342348a56957 P f942d12faa2e4c9592b84c4803ac139a: stopping tablet replica
I20260709 12:12:18.672317 10389 raft_consensus.cc:2243] T 9116cca117a840d9ae2a342348a56957 P f942d12faa2e4c9592b84c4803ac139a [term 2 FOLLOWER]: Raft consensus shutting down.
I20260709 12:12:18.672804 10389 raft_consensus.cc:2272] T 9116cca117a840d9ae2a342348a56957 P f942d12faa2e4c9592b84c4803ac139a [term 2 FOLLOWER]: Raft consensus is shut down!
I20260709 12:12:18.674366 10389 tablet_replica.cc:333] T 94f48cb216fd4ea2b096d87b199e5309 P f942d12faa2e4c9592b84c4803ac139a: stopping tablet replica
I20260709 12:12:18.674839 10389 raft_consensus.cc:2243] T 94f48cb216fd4ea2b096d87b199e5309 P f942d12faa2e4c9592b84c4803ac139a [term 4 LEADER]: Raft consensus shutting down.
I20260709 12:12:18.675755 10389 raft_consensus.cc:2272] T 94f48cb216fd4ea2b096d87b199e5309 P f942d12faa2e4c9592b84c4803ac139a [term 4 FOLLOWER]: Raft consensus is shut down!
I20260709 12:12:18.677441 10389 tablet_replica.cc:333] T 6f28fbcb28fc46db957a5a1114c996ae P f942d12faa2e4c9592b84c4803ac139a: stopping tablet replica
I20260709 12:12:18.677919 10389 raft_consensus.cc:2243] T 6f28fbcb28fc46db957a5a1114c996ae P f942d12faa2e4c9592b84c4803ac139a [term 2 FOLLOWER]: Raft consensus shutting down.
I20260709 12:12:18.678367 10389 raft_consensus.cc:2272] T 6f28fbcb28fc46db957a5a1114c996ae P f942d12faa2e4c9592b84c4803ac139a [term 2 FOLLOWER]: Raft consensus is shut down!
I20260709 12:12:18.679942 10389 tablet_replica.cc:333] T 17e13441e29c4ca0a5126efc205dc37a P f942d12faa2e4c9592b84c4803ac139a: stopping tablet replica
I20260709 12:12:18.680390 10389 raft_consensus.cc:2243] T 17e13441e29c4ca0a5126efc205dc37a P f942d12faa2e4c9592b84c4803ac139a [term 3 LEADER]: Raft consensus shutting down.
I20260709 12:12:18.681160 10389 raft_consensus.cc:2272] T 17e13441e29c4ca0a5126efc205dc37a P f942d12faa2e4c9592b84c4803ac139a [term 3 FOLLOWER]: Raft consensus is shut down!
I20260709 12:12:18.682675 10389 tablet_replica.cc:333] T a7ac863087da4402bbba80b5c81bf93a P f942d12faa2e4c9592b84c4803ac139a: stopping tablet replica
I20260709 12:12:18.683163 10389 raft_consensus.cc:2243] T a7ac863087da4402bbba80b5c81bf93a P f942d12faa2e4c9592b84c4803ac139a [term 5 FOLLOWER]: Raft consensus shutting down.
I20260709 12:12:18.683689 10389 raft_consensus.cc:2272] T a7ac863087da4402bbba80b5c81bf93a P f942d12faa2e4c9592b84c4803ac139a [term 5 FOLLOWER]: Raft consensus is shut down!
I20260709 12:12:18.685209 10389 tablet_replica.cc:333] T 6db61b835d694a43922a9b7388bf7538 P f942d12faa2e4c9592b84c4803ac139a: stopping tablet replica
I20260709 12:12:18.685640 10389 raft_consensus.cc:2243] T 6db61b835d694a43922a9b7388bf7538 P f942d12faa2e4c9592b84c4803ac139a [term 1 FOLLOWER]: Raft consensus shutting down.
I20260709 12:12:18.686055 10389 raft_consensus.cc:2272] T 6db61b835d694a43922a9b7388bf7538 P f942d12faa2e4c9592b84c4803ac139a [term 1 FOLLOWER]: Raft consensus is shut down!
I20260709 12:12:18.687531 10389 tablet_replica.cc:333] T 43db0c3bbe464d43a5940fa3be77ebed P f942d12faa2e4c9592b84c4803ac139a: stopping tablet replica
I20260709 12:12:18.687976 10389 raft_consensus.cc:2243] T 43db0c3bbe464d43a5940fa3be77ebed P f942d12faa2e4c9592b84c4803ac139a [term 4 FOLLOWER]: Raft consensus shutting down.
I20260709 12:12:18.688434 10389 raft_consensus.cc:2272] T 43db0c3bbe464d43a5940fa3be77ebed P f942d12faa2e4c9592b84c4803ac139a [term 4 FOLLOWER]: Raft consensus is shut down!
I20260709 12:12:18.689918 10389 tablet_replica.cc:333] T 5bc0e6f8e9cc45c1be24be7a017cf27d P f942d12faa2e4c9592b84c4803ac139a: stopping tablet replica
I20260709 12:12:18.690403 10389 raft_consensus.cc:2243] T 5bc0e6f8e9cc45c1be24be7a017cf27d P f942d12faa2e4c9592b84c4803ac139a [term 4 FOLLOWER]: Raft consensus shutting down.
I20260709 12:12:18.690815 10389 raft_consensus.cc:2272] T 5bc0e6f8e9cc45c1be24be7a017cf27d P f942d12faa2e4c9592b84c4803ac139a [term 4 FOLLOWER]: Raft consensus is shut down!
I20260709 12:12:18.716794 10389 tablet_server.cc:196] TabletServer@127.10.37.67:0 shutdown complete.
I20260709 12:12:18.734169 10389 master.cc:562] Master@127.10.37.126:36549 shutting down...
I20260709 12:12:18.757174 10389 raft_consensus.cc:2243] T 00000000000000000000000000000000 P 3dd9352523fc46d9a0165421271eebcf [term 1 LEADER]: Raft consensus shutting down.
I20260709 12:12:18.757756 10389 raft_consensus.cc:2272] T 00000000000000000000000000000000 P 3dd9352523fc46d9a0165421271eebcf [term 1 FOLLOWER]: Raft consensus is shut down!
I20260709 12:12:18.758045 10389 tablet_replica.cc:333] T 00000000000000000000000000000000 P 3dd9352523fc46d9a0165421271eebcf: stopping tablet replica
I20260709 12:12:18.778446 10389 master.cc:584] Master@127.10.37.126:36549 shutdown complete.
02b7e07c3f8e4e87a864ef0606f4edb1  4
a6cc83d77b7a4186909de91438292101  4
f942d12faa2e4c9592b84c4803ac139a  1
02b7e07c3f8e4e87a864ef0606f4edb1  3
a6cc83d77b7a4186909de91438292101  3
f942d12faa2e4c9592b84c4803ac139a  3
02b7e07c3f8e4e87a864ef0606f4edb1  8
a6cc83d77b7a4186909de91438292101  0
f942d12faa2e4c9592b84c4803ac139a  1
02b7e07c3f8e4e87a864ef0606f4edb1  3
a6cc83d77b7a4186909de91438292101  3
f942d12faa2e4c9592b84c4803ac139a  3
[       OK ] LeaderRebalancerTest.FunctionalTestForDivided (30373 ms)
[ RUN      ] LeaderRebalancerTest.FunctionalTestForNotDivided
I20260709 12:12:18.821244 10389 internal_mini_cluster.cc:156] Creating distributed mini masters. Addrs: 127.10.37.126:36967
I20260709 12:12:18.822327 10389 file_cache.cc:504] Constructed file cache file cache with capacity 419430
W20260709 12:12:18.827781 10901 instance_detector.cc:116] could not retrieve Azure instance metadata: Network error: curl error: HTTP response code said error: The requested URL returned error: 404
W20260709 12:12:18.827769 10900 instance_detector.cc:116] could not retrieve AWS instance metadata: Network error: curl error: HTTP response code said error: The requested URL returned error: 404
W20260709 12:12:18.828850 10903 instance_detector.cc:116] could not retrieve OpenStack instance metadata: Network error: curl error: HTTP response code said error: The requested URL returned error: 404
I20260709 12:12:18.830099 10389 server_base.cc:1061] running on GCE node
I20260709 12:12:18.830996 10389 hybrid_clock.cc:584] initializing the hybrid clock with 'system_unsync' time source
W20260709 12:12:18.831178 10389 system_unsync_time.cc:38] NTP support is disabled. Clock error bounds will not be accurate. This configuration is not suitable for distributed clusters.
I20260709 12:12:18.831348 10389 hybrid_clock.cc:648] HybridClock initialized: now 1783599138831336 us; error 0 us; skew 500 ppm
I20260709 12:12:18.831791 10389 server_base.cc:861] Flag tcmalloc_max_total_thread_cache_bytes is not working since tcmalloc is not enabled.
I20260709 12:12:18.833964 10389 webserver.cc:533] Webserver started at http://127.10.37.126:42941/ using document root <none> and password file <none>
I20260709 12:12:18.834412 10389 fs_manager.cc:362] Metadata directory not provided
I20260709 12:12:18.834561 10389 fs_manager.cc:368] Using write-ahead log directory (fs_wal_dir) as metadata directory
I20260709 12:12:18.834769 10389 server_base.cc:909] This appears to be a new deployment of Kudu; creating new FS layout
I20260709 12:12:18.835954 10389 fs_manager.cc:1068] Generated new instance metadata in path /tmp/dist-test-taskU196Us/test-tmp/auto_leader_rebalancer-test.0.LeaderRebalancerTest.FunctionalTestForNotDivided.1783599108280809-10389-0/minicluster-data/master-0-root/instance:
uuid: "f33c7c478a004868b61032baffc39778"
format_stamp: "Formatted at 2026-07-09 12:12:18 on dist-test-slave-n640"
I20260709 12:12:18.840314 10389 fs_manager.cc:696] Time spent creating directory manager: real 0.004s	user 0.000s	sys 0.004s
I20260709 12:12:18.843439 10908 log_block_manager.cc:4127] Time spent loading block containers with low live blocks: real 0.000s	user 0.000s	sys 0.000s
I20260709 12:12:18.844157 10389 fs_manager.cc:730] Time spent opening block manager: real 0.002s	user 0.002s	sys 0.001s
I20260709 12:12:18.844425 10389 fs_manager.cc:647] Opened local filesystem: /tmp/dist-test-taskU196Us/test-tmp/auto_leader_rebalancer-test.0.LeaderRebalancerTest.FunctionalTestForNotDivided.1783599108280809-10389-0/minicluster-data/master-0-root
uuid: "f33c7c478a004868b61032baffc39778"
format_stamp: "Formatted at 2026-07-09 12:12:18 on dist-test-slave-n640"
I20260709 12:12:18.844710 10389 fs_report.cc:389] FS layout report
--------------------
wal directory: /tmp/dist-test-taskU196Us/test-tmp/auto_leader_rebalancer-test.0.LeaderRebalancerTest.FunctionalTestForNotDivided.1783599108280809-10389-0/minicluster-data/master-0-root
metadata directory: /tmp/dist-test-taskU196Us/test-tmp/auto_leader_rebalancer-test.0.LeaderRebalancerTest.FunctionalTestForNotDivided.1783599108280809-10389-0/minicluster-data/master-0-root
1 data directories: /tmp/dist-test-taskU196Us/test-tmp/auto_leader_rebalancer-test.0.LeaderRebalancerTest.FunctionalTestForNotDivided.1783599108280809-10389-0/minicluster-data/master-0-root/data
Total live blocks: 0
Total live bytes: 0
Total live bytes (after alignment): 0
Total number of LBM containers: 0 (0 full)
Did not check for missing blocks
Did not check for orphaned blocks
Total full LBM containers with extra space: 0 (0 repaired)
Total full LBM container extra space in bytes: 0 (0 repaired)
Total incomplete LBM containers: 0 (0 repaired)
Total LBM partial records: 0 (0 repaired)
Total corrupted LBM metadata records in RocksDB: 0 (0 repaired)
I20260709 12:12:18.856232 10389 rpc_server.cc:225] running with OpenSSL 1.1.1  11 Sep 2018
I20260709 12:12:18.857393 10389 kserver.cc:163] Server-wide thread pool size limit: 3276
I20260709 12:12:18.893824 10389 rpc_server.cc:307] RPC server started. Bound to: 127.10.37.126:36967
I20260709 12:12:18.893924 10959 acceptor_pool.cc:272] collecting diagnostics on the listening RPC socket 127.10.37.126:36967 every 8 connection(s)
I20260709 12:12:18.897781 10960 data_dirs.cc:400] Could only allocate 1 dirs of requested 3 for tablet 00000000000000000000000000000000. 1 dirs total, 0 dirs full, 0 dirs failed
I20260709 12:12:18.907083 10960 tablet_bootstrap.cc:492] T 00000000000000000000000000000000 P f33c7c478a004868b61032baffc39778: Bootstrap starting.
I20260709 12:12:18.911618 10960 tablet_bootstrap.cc:654] T 00000000000000000000000000000000 P f33c7c478a004868b61032baffc39778: Neither blocks nor log segments found. Creating new log.
I20260709 12:12:18.915736 10960 tablet_bootstrap.cc:492] T 00000000000000000000000000000000 P f33c7c478a004868b61032baffc39778: No bootstrap required, opened a new log
I20260709 12:12:18.917783 10960 raft_consensus.cc:359] T 00000000000000000000000000000000 P f33c7c478a004868b61032baffc39778 [term 0 FOLLOWER]: Replica starting. Triggering 0 pending ops. Active config: opid_index: -1 OBSOLETE_local: true peers { permanent_uuid: "f33c7c478a004868b61032baffc39778" member_type: VOTER }
I20260709 12:12:18.918205 10960 raft_consensus.cc:385] T 00000000000000000000000000000000 P f33c7c478a004868b61032baffc39778 [term 0 FOLLOWER]: Consensus starting up: Expiring failure detector timer to make a prompt election more likely
I20260709 12:12:18.918385 10960 raft_consensus.cc:740] T 00000000000000000000000000000000 P f33c7c478a004868b61032baffc39778 [term 0 FOLLOWER]: Becoming Follower/Learner. State: Replica: f33c7c478a004868b61032baffc39778, State: Initialized, Role: FOLLOWER
I20260709 12:12:18.918849 10960 consensus_queue.cc:260] T 00000000000000000000000000000000 P f33c7c478a004868b61032baffc39778 [NON_LEADER]: Queue going to NON_LEADER mode. State: All replicated index: 0, Majority replicated index: 0, Committed index: 0, Last appended: 0.0, Last appended by leader: 0, Current term: 0, Majority size: -1, State: 0, Mode: NON_LEADER, active raft config: opid_index: -1 OBSOLETE_local: true peers { permanent_uuid: "f33c7c478a004868b61032baffc39778" member_type: VOTER }
I20260709 12:12:18.919332 10960 raft_consensus.cc:399] T 00000000000000000000000000000000 P f33c7c478a004868b61032baffc39778 [term 0 FOLLOWER]: Only one voter in the Raft config. Triggering election immediately
I20260709 12:12:18.919540 10960 raft_consensus.cc:493] T 00000000000000000000000000000000 P f33c7c478a004868b61032baffc39778 [term 0 FOLLOWER]: Starting leader election (initial election of a single-replica configuration)
I20260709 12:12:18.919762 10960 raft_consensus.cc:3060] T 00000000000000000000000000000000 P f33c7c478a004868b61032baffc39778 [term 0 FOLLOWER]: Advancing to term 1
I20260709 12:12:18.923622 10960 raft_consensus.cc:515] T 00000000000000000000000000000000 P f33c7c478a004868b61032baffc39778 [term 1 FOLLOWER]: Starting leader election with config: opid_index: -1 OBSOLETE_local: true peers { permanent_uuid: "f33c7c478a004868b61032baffc39778" member_type: VOTER }
I20260709 12:12:18.924090 10960 leader_election.cc:304] T 00000000000000000000000000000000 P f33c7c478a004868b61032baffc39778 [CANDIDATE]: Term 1 election: Election decided. Result: candidate won. Election summary: received 1 responses out of 1 voters: 1 yes votes; 0 no votes. yes voters: f33c7c478a004868b61032baffc39778; no voters: 
I20260709 12:12:18.925094 10960 leader_election.cc:290] T 00000000000000000000000000000000 P f33c7c478a004868b61032baffc39778 [CANDIDATE]: Term 1 election: Requested vote from peers 
I20260709 12:12:18.925475 10963 raft_consensus.cc:2804] T 00000000000000000000000000000000 P f33c7c478a004868b61032baffc39778 [term 1 FOLLOWER]: Leader election won for term 1
I20260709 12:12:18.926690 10963 raft_consensus.cc:697] T 00000000000000000000000000000000 P f33c7c478a004868b61032baffc39778 [term 1 LEADER]: Becoming Leader. State: Replica: f33c7c478a004868b61032baffc39778, State: Running, Role: LEADER
I20260709 12:12:18.927420 10963 consensus_queue.cc:237] T 00000000000000000000000000000000 P f33c7c478a004868b61032baffc39778 [LEADER]: Queue going to LEADER mode. State: All replicated index: 0, Majority replicated index: 0, Committed index: 0, Last appended: 0.0, Last appended by leader: 0, Current term: 1, Majority size: 1, State: 0, Mode: LEADER, active raft config: opid_index: -1 OBSOLETE_local: true peers { permanent_uuid: "f33c7c478a004868b61032baffc39778" member_type: VOTER }
I20260709 12:12:18.928107 10960 sys_catalog.cc:565] T 00000000000000000000000000000000 P f33c7c478a004868b61032baffc39778 [sys.catalog]: configured and running, proceeding with master startup.
I20260709 12:12:18.933881 10965 sys_catalog.cc:455] T 00000000000000000000000000000000 P f33c7c478a004868b61032baffc39778 [sys.catalog]: SysCatalogTable state changed. Reason: New leader f33c7c478a004868b61032baffc39778. Latest consensus state: current_term: 1 leader_uuid: "f33c7c478a004868b61032baffc39778" committed_config { opid_index: -1 OBSOLETE_local: true peers { permanent_uuid: "f33c7c478a004868b61032baffc39778" member_type: VOTER } }
I20260709 12:12:18.934103 10964 sys_catalog.cc:455] T 00000000000000000000000000000000 P f33c7c478a004868b61032baffc39778 [sys.catalog]: SysCatalogTable state changed. Reason: RaftConsensus started. Latest consensus state: current_term: 1 leader_uuid: "f33c7c478a004868b61032baffc39778" committed_config { opid_index: -1 OBSOLETE_local: true peers { permanent_uuid: "f33c7c478a004868b61032baffc39778" member_type: VOTER } }
I20260709 12:12:18.934566 10965 sys_catalog.cc:458] T 00000000000000000000000000000000 P f33c7c478a004868b61032baffc39778 [sys.catalog]: This master's current role is: LEADER
I20260709 12:12:18.934721 10964 sys_catalog.cc:458] T 00000000000000000000000000000000 P f33c7c478a004868b61032baffc39778 [sys.catalog]: This master's current role is: LEADER
I20260709 12:12:18.936533 10973 catalog_manager.cc:1511] Loading table and tablet metadata into memory...
I20260709 12:12:18.941352 10973 catalog_manager.cc:1520] Initializing Kudu cluster ID...
I20260709 12:12:18.942801 10389 internal_mini_cluster.cc:184] Waiting to initialize catalog manager on master 0
I20260709 12:12:18.949906 10973 catalog_manager.cc:1383] Generated new cluster ID: 68e08f6ca27b4187ba6d9102abf6bcf1
I20260709 12:12:18.950194 10973 catalog_manager.cc:1531] Initializing Kudu internal certificate authority...
I20260709 12:12:18.975041 10973 catalog_manager.cc:1406] Generated new certificate authority record
I20260709 12:12:18.976280 10973 catalog_manager.cc:1540] Loading token signing keys...
I20260709 12:12:18.987164 10973 catalog_manager.cc:6070] T 00000000000000000000000000000000 P f33c7c478a004868b61032baffc39778: Generated new TSK 0
I20260709 12:12:18.987807 10973 catalog_manager.cc:1550] Initializing in-progress tserver states...
I20260709 12:12:19.009066 10389 file_cache.cc:504] Constructed file cache file cache with capacity 419430
W20260709 12:12:19.015019 10981 instance_detector.cc:116] could not retrieve AWS instance metadata: Network error: curl error: HTTP response code said error: The requested URL returned error: 404
W20260709 12:12:19.015863 10982 instance_detector.cc:116] could not retrieve Azure instance metadata: Network error: curl error: HTTP response code said error: The requested URL returned error: 404
I20260709 12:12:19.017660 10389 server_base.cc:1061] running on GCE node
W20260709 12:12:19.017781 10984 instance_detector.cc:116] could not retrieve OpenStack instance metadata: Network error: curl error: HTTP response code said error: The requested URL returned error: 404
I20260709 12:12:19.018754 10389 hybrid_clock.cc:584] initializing the hybrid clock with 'system_unsync' time source
W20260709 12:12:19.018932 10389 system_unsync_time.cc:38] NTP support is disabled. Clock error bounds will not be accurate. This configuration is not suitable for distributed clusters.
I20260709 12:12:19.019050 10389 hybrid_clock.cc:648] HybridClock initialized: now 1783599139019039 us; error 0 us; skew 500 ppm
I20260709 12:12:19.019625 10389 server_base.cc:861] Flag tcmalloc_max_total_thread_cache_bytes is not working since tcmalloc is not enabled.
I20260709 12:12:19.021692 10389 webserver.cc:533] Webserver started at http://127.10.37.65:45017/ using document root <none> and password file <none>
I20260709 12:12:19.022111 10389 fs_manager.cc:362] Metadata directory not provided
I20260709 12:12:19.022265 10389 fs_manager.cc:368] Using write-ahead log directory (fs_wal_dir) as metadata directory
I20260709 12:12:19.022462 10389 server_base.cc:909] This appears to be a new deployment of Kudu; creating new FS layout
I20260709 12:12:19.023526 10389 fs_manager.cc:1068] Generated new instance metadata in path /tmp/dist-test-taskU196Us/test-tmp/auto_leader_rebalancer-test.0.LeaderRebalancerTest.FunctionalTestForNotDivided.1783599108280809-10389-0/minicluster-data/ts-0-root/instance:
uuid: "16433624cb4148c486965b4fbd028151"
format_stamp: "Formatted at 2026-07-09 12:12:19 on dist-test-slave-n640"
I20260709 12:12:19.027676 10389 fs_manager.cc:696] Time spent creating directory manager: real 0.004s	user 0.004s	sys 0.000s
I20260709 12:12:19.030776 10989 log_block_manager.cc:4127] Time spent loading block containers with low live blocks: real 0.000s	user 0.000s	sys 0.000s
I20260709 12:12:19.031504 10389 fs_manager.cc:730] Time spent opening block manager: real 0.002s	user 0.003s	sys 0.000s
I20260709 12:12:19.031756 10389 fs_manager.cc:647] Opened local filesystem: /tmp/dist-test-taskU196Us/test-tmp/auto_leader_rebalancer-test.0.LeaderRebalancerTest.FunctionalTestForNotDivided.1783599108280809-10389-0/minicluster-data/ts-0-root
uuid: "16433624cb4148c486965b4fbd028151"
format_stamp: "Formatted at 2026-07-09 12:12:19 on dist-test-slave-n640"
I20260709 12:12:19.031983 10389 fs_report.cc:389] FS layout report
--------------------
wal directory: /tmp/dist-test-taskU196Us/test-tmp/auto_leader_rebalancer-test.0.LeaderRebalancerTest.FunctionalTestForNotDivided.1783599108280809-10389-0/minicluster-data/ts-0-root
metadata directory: /tmp/dist-test-taskU196Us/test-tmp/auto_leader_rebalancer-test.0.LeaderRebalancerTest.FunctionalTestForNotDivided.1783599108280809-10389-0/minicluster-data/ts-0-root
1 data directories: /tmp/dist-test-taskU196Us/test-tmp/auto_leader_rebalancer-test.0.LeaderRebalancerTest.FunctionalTestForNotDivided.1783599108280809-10389-0/minicluster-data/ts-0-root/data
Total live blocks: 0
Total live bytes: 0
Total live bytes (after alignment): 0
Total number of LBM containers: 0 (0 full)
Did not check for missing blocks
Did not check for orphaned blocks
Total full LBM containers with extra space: 0 (0 repaired)
Total full LBM container extra space in bytes: 0 (0 repaired)
Total incomplete LBM containers: 0 (0 repaired)
Total LBM partial records: 0 (0 repaired)
Total corrupted LBM metadata records in RocksDB: 0 (0 repaired)
I20260709 12:12:19.043190 10389 rpc_server.cc:225] running with OpenSSL 1.1.1  11 Sep 2018
I20260709 12:12:19.044377 10389 kserver.cc:163] Server-wide thread pool size limit: 3276
I20260709 12:12:19.045763 10389 txn_system_client.cc:432] TxnSystemClient initialization is disabled...
I20260709 12:12:19.048128 10389 ts_tablet_manager.cc:585] Loaded tablet metadata (0 total tablets, 0 live tablets)
I20260709 12:12:19.048327 10389 ts_tablet_manager.cc:531] Time spent load tablet metadata: real 0.000s	user 0.000s	sys 0.000s
I20260709 12:12:19.048595 10389 ts_tablet_manager.cc:616] Registered 0 tablets
I20260709 12:12:19.048766 10389 ts_tablet_manager.cc:595] Time spent register tablets: real 0.000s	user 0.000s	sys 0.000s
I20260709 12:12:19.087055 10389 rpc_server.cc:307] RPC server started. Bound to: 127.10.37.65:41301
I20260709 12:12:19.087152 11051 acceptor_pool.cc:272] collecting diagnostics on the listening RPC socket 127.10.37.65:41301 every 8 connection(s)
I20260709 12:12:19.092023 10389 file_cache.cc:504] Constructed file cache file cache with capacity 419430
W20260709 12:12:19.099573 11056 instance_detector.cc:116] could not retrieve AWS instance metadata: Network error: curl error: HTTP response code said error: The requested URL returned error: 404
W20260709 12:12:19.100752 11057 instance_detector.cc:116] could not retrieve Azure instance metadata: Network error: curl error: HTTP response code said error: The requested URL returned error: 404
I20260709 12:12:19.103813 10389 server_base.cc:1061] running on GCE node
W20260709 12:12:19.103725 11059 instance_detector.cc:116] could not retrieve OpenStack instance metadata: Network error: curl error: HTTP response code said error: The requested URL returned error: 404
I20260709 12:12:19.105965 10389 hybrid_clock.cc:584] initializing the hybrid clock with 'system_unsync' time source
I20260709 12:12:19.106153 11052 heartbeater.cc:344] Connected to a master server at 127.10.37.126:36967
W20260709 12:12:19.106231 10389 system_unsync_time.cc:38] NTP support is disabled. Clock error bounds will not be accurate. This configuration is not suitable for distributed clusters.
I20260709 12:12:19.106550 10389 hybrid_clock.cc:648] HybridClock initialized: now 1783599139106531 us; error 0 us; skew 500 ppm
I20260709 12:12:19.106612 11052 heartbeater.cc:461] Registering TS with master...
I20260709 12:12:19.107141 10389 server_base.cc:861] Flag tcmalloc_max_total_thread_cache_bytes is not working since tcmalloc is not enabled.
I20260709 12:12:19.107442 11052 heartbeater.cc:507] Master 127.10.37.126:36967 requested a full tablet report, sending...
I20260709 12:12:19.109920 10389 webserver.cc:533] Webserver started at http://127.10.37.66:40149/ using document root <none> and password file <none>
I20260709 12:12:19.109889 10925 ts_manager.cc:194] Registered new tserver with Master: 16433624cb4148c486965b4fbd028151 (127.10.37.65:41301)
I20260709 12:12:19.110641 10389 fs_manager.cc:362] Metadata directory not provided
I20260709 12:12:19.110903 10389 fs_manager.cc:368] Using write-ahead log directory (fs_wal_dir) as metadata directory
I20260709 12:12:19.111259 10389 server_base.cc:909] This appears to be a new deployment of Kudu; creating new FS layout
I20260709 12:12:19.112392 10925 master_service.cc:502] Signed X509 certificate for tserver {username='slave'} at 127.0.0.1:33864
I20260709 12:12:19.112754 10389 fs_manager.cc:1068] Generated new instance metadata in path /tmp/dist-test-taskU196Us/test-tmp/auto_leader_rebalancer-test.0.LeaderRebalancerTest.FunctionalTestForNotDivided.1783599108280809-10389-0/minicluster-data/ts-1-root/instance:
uuid: "d634561bd8204c7f9364f622a536e7df"
format_stamp: "Formatted at 2026-07-09 12:12:19 on dist-test-slave-n640"
I20260709 12:12:19.117277 10389 fs_manager.cc:696] Time spent creating directory manager: real 0.004s	user 0.005s	sys 0.000s
I20260709 12:12:19.120303 11064 log_block_manager.cc:4127] Time spent loading block containers with low live blocks: real 0.000s	user 0.000s	sys 0.000s
I20260709 12:12:19.121227 10389 fs_manager.cc:730] Time spent opening block manager: real 0.002s	user 0.002s	sys 0.001s
I20260709 12:12:19.121568 10389 fs_manager.cc:647] Opened local filesystem: /tmp/dist-test-taskU196Us/test-tmp/auto_leader_rebalancer-test.0.LeaderRebalancerTest.FunctionalTestForNotDivided.1783599108280809-10389-0/minicluster-data/ts-1-root
uuid: "d634561bd8204c7f9364f622a536e7df"
format_stamp: "Formatted at 2026-07-09 12:12:19 on dist-test-slave-n640"
I20260709 12:12:19.121862 10389 fs_report.cc:389] FS layout report
--------------------
wal directory: /tmp/dist-test-taskU196Us/test-tmp/auto_leader_rebalancer-test.0.LeaderRebalancerTest.FunctionalTestForNotDivided.1783599108280809-10389-0/minicluster-data/ts-1-root
metadata directory: /tmp/dist-test-taskU196Us/test-tmp/auto_leader_rebalancer-test.0.LeaderRebalancerTest.FunctionalTestForNotDivided.1783599108280809-10389-0/minicluster-data/ts-1-root
1 data directories: /tmp/dist-test-taskU196Us/test-tmp/auto_leader_rebalancer-test.0.LeaderRebalancerTest.FunctionalTestForNotDivided.1783599108280809-10389-0/minicluster-data/ts-1-root/data
Total live blocks: 0
Total live bytes: 0
Total live bytes (after alignment): 0
Total number of LBM containers: 0 (0 full)
Did not check for missing blocks
Did not check for orphaned blocks
Total full LBM containers with extra space: 0 (0 repaired)
Total full LBM container extra space in bytes: 0 (0 repaired)
Total incomplete LBM containers: 0 (0 repaired)
Total LBM partial records: 0 (0 repaired)
Total corrupted LBM metadata records in RocksDB: 0 (0 repaired)
I20260709 12:12:19.131928 10389 rpc_server.cc:225] running with OpenSSL 1.1.1  11 Sep 2018
I20260709 12:12:19.133086 10389 kserver.cc:163] Server-wide thread pool size limit: 3276
I20260709 12:12:19.134613 10389 txn_system_client.cc:432] TxnSystemClient initialization is disabled...
I20260709 12:12:19.136883 10389 ts_tablet_manager.cc:585] Loaded tablet metadata (0 total tablets, 0 live tablets)
I20260709 12:12:19.137079 10389 ts_tablet_manager.cc:531] Time spent load tablet metadata: real 0.000s	user 0.000s	sys 0.000s
I20260709 12:12:19.137358 10389 ts_tablet_manager.cc:616] Registered 0 tablets
I20260709 12:12:19.137539 10389 ts_tablet_manager.cc:595] Time spent register tablets: real 0.000s	user 0.000s	sys 0.000s
I20260709 12:12:19.176919 10389 rpc_server.cc:307] RPC server started. Bound to: 127.10.37.66:40423
I20260709 12:12:19.176992 11126 acceptor_pool.cc:272] collecting diagnostics on the listening RPC socket 127.10.37.66:40423 every 8 connection(s)
I20260709 12:12:19.182250 10389 file_cache.cc:504] Constructed file cache file cache with capacity 419430
W20260709 12:12:19.188591 11130 instance_detector.cc:116] could not retrieve AWS instance metadata: Network error: curl error: HTTP response code said error: The requested URL returned error: 404
W20260709 12:12:19.189556 11131 instance_detector.cc:116] could not retrieve Azure instance metadata: Network error: curl error: HTTP response code said error: The requested URL returned error: 404
I20260709 12:12:19.191695 10389 server_base.cc:1061] running on GCE node
W20260709 12:12:19.192817 11133 instance_detector.cc:116] could not retrieve OpenStack instance metadata: Network error: curl error: HTTP response code said error: The requested URL returned error: 404
I20260709 12:12:19.193327 11127 heartbeater.cc:344] Connected to a master server at 127.10.37.126:36967
I20260709 12:12:19.193728 11127 heartbeater.cc:461] Registering TS with master...
I20260709 12:12:19.193796 10389 hybrid_clock.cc:584] initializing the hybrid clock with 'system_unsync' time source
W20260709 12:12:19.194083 10389 system_unsync_time.cc:38] NTP support is disabled. Clock error bounds will not be accurate. This configuration is not suitable for distributed clusters.
I20260709 12:12:19.194253 10389 hybrid_clock.cc:648] HybridClock initialized: now 1783599139194234 us; error 0 us; skew 500 ppm
I20260709 12:12:19.194542 11127 heartbeater.cc:507] Master 127.10.37.126:36967 requested a full tablet report, sending...
I20260709 12:12:19.194855 10389 server_base.cc:861] Flag tcmalloc_max_total_thread_cache_bytes is not working since tcmalloc is not enabled.
I20260709 12:12:19.196707 10925 ts_manager.cc:194] Registered new tserver with Master: d634561bd8204c7f9364f622a536e7df (127.10.37.66:40423)
I20260709 12:12:19.197618 10389 webserver.cc:533] Webserver started at http://127.10.37.67:35995/ using document root <none> and password file <none>
I20260709 12:12:19.198247 10389 fs_manager.cc:362] Metadata directory not provided
I20260709 12:12:19.198472 10389 fs_manager.cc:368] Using write-ahead log directory (fs_wal_dir) as metadata directory
I20260709 12:12:19.198493 10925 master_service.cc:502] Signed X509 certificate for tserver {username='slave'} at 127.0.0.1:33866
I20260709 12:12:19.198932 10389 server_base.cc:909] This appears to be a new deployment of Kudu; creating new FS layout
I20260709 12:12:19.200155 10389 fs_manager.cc:1068] Generated new instance metadata in path /tmp/dist-test-taskU196Us/test-tmp/auto_leader_rebalancer-test.0.LeaderRebalancerTest.FunctionalTestForNotDivided.1783599108280809-10389-0/minicluster-data/ts-2-root/instance:
uuid: "2ad4b92dcfab43ddb260d70b11579649"
format_stamp: "Formatted at 2026-07-09 12:12:19 on dist-test-slave-n640"
I20260709 12:12:19.204407 10389 fs_manager.cc:696] Time spent creating directory manager: real 0.004s	user 0.004s	sys 0.000s
I20260709 12:12:19.207602 11138 log_block_manager.cc:4127] Time spent loading block containers with low live blocks: real 0.000s	user 0.000s	sys 0.000s
I20260709 12:12:19.208343 10389 fs_manager.cc:730] Time spent opening block manager: real 0.002s	user 0.002s	sys 0.001s
I20260709 12:12:19.208633 10389 fs_manager.cc:647] Opened local filesystem: /tmp/dist-test-taskU196Us/test-tmp/auto_leader_rebalancer-test.0.LeaderRebalancerTest.FunctionalTestForNotDivided.1783599108280809-10389-0/minicluster-data/ts-2-root
uuid: "2ad4b92dcfab43ddb260d70b11579649"
format_stamp: "Formatted at 2026-07-09 12:12:19 on dist-test-slave-n640"
I20260709 12:12:19.208914 10389 fs_report.cc:389] FS layout report
--------------------
wal directory: /tmp/dist-test-taskU196Us/test-tmp/auto_leader_rebalancer-test.0.LeaderRebalancerTest.FunctionalTestForNotDivided.1783599108280809-10389-0/minicluster-data/ts-2-root
metadata directory: /tmp/dist-test-taskU196Us/test-tmp/auto_leader_rebalancer-test.0.LeaderRebalancerTest.FunctionalTestForNotDivided.1783599108280809-10389-0/minicluster-data/ts-2-root
1 data directories: /tmp/dist-test-taskU196Us/test-tmp/auto_leader_rebalancer-test.0.LeaderRebalancerTest.FunctionalTestForNotDivided.1783599108280809-10389-0/minicluster-data/ts-2-root/data
Total live blocks: 0
Total live bytes: 0
Total live bytes (after alignment): 0
Total number of LBM containers: 0 (0 full)
Did not check for missing blocks
Did not check for orphaned blocks
Total full LBM containers with extra space: 0 (0 repaired)
Total full LBM container extra space in bytes: 0 (0 repaired)
Total incomplete LBM containers: 0 (0 repaired)
Total LBM partial records: 0 (0 repaired)
Total corrupted LBM metadata records in RocksDB: 0 (0 repaired)
I20260709 12:12:19.240283 10389 rpc_server.cc:225] running with OpenSSL 1.1.1  11 Sep 2018
I20260709 12:12:19.241451 10389 kserver.cc:163] Server-wide thread pool size limit: 3276
I20260709 12:12:19.242849 10389 txn_system_client.cc:432] TxnSystemClient initialization is disabled...
I20260709 12:12:19.245018 10389 ts_tablet_manager.cc:585] Loaded tablet metadata (0 total tablets, 0 live tablets)
I20260709 12:12:19.245249 10389 ts_tablet_manager.cc:531] Time spent load tablet metadata: real 0.000s	user 0.000s	sys 0.000s
I20260709 12:12:19.245481 10389 ts_tablet_manager.cc:616] Registered 0 tablets
I20260709 12:12:19.245649 10389 ts_tablet_manager.cc:595] Time spent register tablets: real 0.000s	user 0.000s	sys 0.000s
I20260709 12:12:19.287707 10389 rpc_server.cc:307] RPC server started. Bound to: 127.10.37.67:39329
I20260709 12:12:19.287803 11200 acceptor_pool.cc:272] collecting diagnostics on the listening RPC socket 127.10.37.67:39329 every 8 connection(s)
I20260709 12:12:19.301234 11201 heartbeater.cc:344] Connected to a master server at 127.10.37.126:36967
I20260709 12:12:19.301594 11201 heartbeater.cc:461] Registering TS with master...
I20260709 12:12:19.302318 11201 heartbeater.cc:507] Master 127.10.37.126:36967 requested a full tablet report, sending...
I20260709 12:12:19.304479 10925 ts_manager.cc:194] Registered new tserver with Master: 2ad4b92dcfab43ddb260d70b11579649 (127.10.37.67:39329)
I20260709 12:12:19.305363 10389 internal_mini_cluster.cc:371] 3 TS(s) registered with all masters after 0.014164534s
I20260709 12:12:19.305761 10925 master_service.cc:502] Signed X509 certificate for tserver {username='slave'} at 127.0.0.1:33868
I20260709 12:12:19.329144 10925 catalog_manager.cc:2283] Servicing CreateTable request from {username='slave'} at 127.0.0.1:33874:
name: "test-workload"
schema {
  columns {
    name: "key"
    type: INT32
    is_key: true
    is_nullable: false
    encoding: AUTO_ENCODING
    compression: DEFAULT_COMPRESSION
    cfile_block_size: 0
    immutable: false
  }
  columns {
    name: "int_val"
    type: INT32
    is_key: false
    is_nullable: false
    encoding: AUTO_ENCODING
    compression: DEFAULT_COMPRESSION
    cfile_block_size: 0
    immutable: false
  }
  columns {
    name: "string_val"
    type: STRING
    is_key: false
    is_nullable: true
    encoding: AUTO_ENCODING
    compression: DEFAULT_COMPRESSION
    cfile_block_size: 0
    immutable: false
  }
}
num_replicas: 3
split_rows_range_bounds {
  rows: "\004\001\000\314\314\314\014\004\001\000\230\231\231\031\004\001\000dff&\004\001\0000333\004\001\000\374\377\377?\004\001\000\310\314\314L\004\001\000\224\231\231Y\004\001\000`fff\004\001\000,33s""\004\001\000\314\314\314\014\004\001\000\230\231\231\031\004\001\000dff&\004\001\0000333\004\001\000\374\377\377?\004\001\000\310\314\314L\004\001\000\224\231\231Y\004\001\000`fff\004\001\000,33s"
  indirect_data: """"
}
partition_schema {
  range_schema {
    columns {
      name: "key"
    }
  }
}
W20260709 12:12:19.331975 10925 catalog_manager.cc:7077] The number of live tablet servers is not enough to re-replicate a tablet replica of the newly created table test-workload in case of a server failure: 4 tablet servers would be needed, 3 are available. Consider bringing up more tablet servers.
I20260709 12:12:19.402866 11092 tablet_service.cc:1511] Processing CreateTablet for tablet a7adc630be364dcb9c7b00c6371ca723 (DEFAULT_TABLE table=test-workload [id=bffc5941bb3b4436b99c5d26aa9f9986]), partition=RANGE (key) PARTITION VALUES < 214748364
I20260709 12:12:19.403642 11091 tablet_service.cc:1511] Processing CreateTablet for tablet c81ea443b54e40b09c986c5adef38764 (DEFAULT_TABLE table=test-workload [id=bffc5941bb3b4436b99c5d26aa9f9986]), partition=RANGE (key) PARTITION 214748364 <= VALUES < 429496728
I20260709 12:12:19.404660 11092 data_dirs.cc:400] Could only allocate 1 dirs of requested 3 for tablet a7adc630be364dcb9c7b00c6371ca723. 1 dirs total, 0 dirs full, 0 dirs failed
I20260709 12:12:19.406010 11090 tablet_service.cc:1511] Processing CreateTablet for tablet e3a5a5cf13ab4ca78bdd0cf3554b12d1 (DEFAULT_TABLE table=test-workload [id=bffc5941bb3b4436b99c5d26aa9f9986]), partition=RANGE (key) PARTITION 429496728 <= VALUES < 644245092
I20260709 12:12:19.407431 11090 data_dirs.cc:400] Could only allocate 1 dirs of requested 3 for tablet e3a5a5cf13ab4ca78bdd0cf3554b12d1. 1 dirs total, 0 dirs full, 0 dirs failed
I20260709 12:12:19.412856 11089 tablet_service.cc:1511] Processing CreateTablet for tablet d0db1f238f134c119abe850518cbe443 (DEFAULT_TABLE table=test-workload [id=bffc5941bb3b4436b99c5d26aa9f9986]), partition=RANGE (key) PARTITION 644245092 <= VALUES < 858993456
I20260709 12:12:19.414220 11089 data_dirs.cc:400] Could only allocate 1 dirs of requested 3 for tablet d0db1f238f134c119abe850518cbe443. 1 dirs total, 0 dirs full, 0 dirs failed
I20260709 12:12:19.418563 11091 data_dirs.cc:400] Could only allocate 1 dirs of requested 3 for tablet c81ea443b54e40b09c986c5adef38764. 1 dirs total, 0 dirs full, 0 dirs failed
I20260709 12:12:19.419250 11165 tablet_service.cc:1511] Processing CreateTablet for tablet c81ea443b54e40b09c986c5adef38764 (DEFAULT_TABLE table=test-workload [id=bffc5941bb3b4436b99c5d26aa9f9986]), partition=RANGE (key) PARTITION 214748364 <= VALUES < 429496728
I20260709 12:12:19.419358 11088 tablet_service.cc:1511] Processing CreateTablet for tablet 62c030f89ed543c0bb1cfe9489490e37 (DEFAULT_TABLE table=test-workload [id=bffc5941bb3b4436b99c5d26aa9f9986]), partition=RANGE (key) PARTITION 858993456 <= VALUES < 1073741820
I20260709 12:12:19.420588 11165 data_dirs.cc:400] Could only allocate 1 dirs of requested 3 for tablet c81ea443b54e40b09c986c5adef38764. 1 dirs total, 0 dirs full, 0 dirs failed
I20260709 12:12:19.420730 11088 data_dirs.cc:400] Could only allocate 1 dirs of requested 3 for tablet 62c030f89ed543c0bb1cfe9489490e37. 1 dirs total, 0 dirs full, 0 dirs failed
I20260709 12:12:19.420348 11166 tablet_service.cc:1511] Processing CreateTablet for tablet a7adc630be364dcb9c7b00c6371ca723 (DEFAULT_TABLE table=test-workload [id=bffc5941bb3b4436b99c5d26aa9f9986]), partition=RANGE (key) PARTITION VALUES < 214748364
I20260709 12:12:19.421799 11166 data_dirs.cc:400] Could only allocate 1 dirs of requested 3 for tablet a7adc630be364dcb9c7b00c6371ca723. 1 dirs total, 0 dirs full, 0 dirs failed
I20260709 12:12:19.422652 11164 tablet_service.cc:1511] Processing CreateTablet for tablet e3a5a5cf13ab4ca78bdd0cf3554b12d1 (DEFAULT_TABLE table=test-workload [id=bffc5941bb3b4436b99c5d26aa9f9986]), partition=RANGE (key) PARTITION 429496728 <= VALUES < 644245092
I20260709 12:12:19.424044 11164 data_dirs.cc:400] Could only allocate 1 dirs of requested 3 for tablet e3a5a5cf13ab4ca78bdd0cf3554b12d1. 1 dirs total, 0 dirs full, 0 dirs failed
I20260709 12:12:19.423749 11087 tablet_service.cc:1511] Processing CreateTablet for tablet a22f9f123ef54e5f86384e0473e26133 (DEFAULT_TABLE table=test-workload [id=bffc5941bb3b4436b99c5d26aa9f9986]), partition=RANGE (key) PARTITION 1073741820 <= VALUES < 1288490184
I20260709 12:12:19.425071 11087 data_dirs.cc:400] Could only allocate 1 dirs of requested 3 for tablet a22f9f123ef54e5f86384e0473e26133. 1 dirs total, 0 dirs full, 0 dirs failed
I20260709 12:12:19.428301 11163 tablet_service.cc:1511] Processing CreateTablet for tablet d0db1f238f134c119abe850518cbe443 (DEFAULT_TABLE table=test-workload [id=bffc5941bb3b4436b99c5d26aa9f9986]), partition=RANGE (key) PARTITION 644245092 <= VALUES < 858993456
I20260709 12:12:19.429591 11163 data_dirs.cc:400] Could only allocate 1 dirs of requested 3 for tablet d0db1f238f134c119abe850518cbe443. 1 dirs total, 0 dirs full, 0 dirs failed
I20260709 12:12:19.432397 11162 tablet_service.cc:1511] Processing CreateTablet for tablet 62c030f89ed543c0bb1cfe9489490e37 (DEFAULT_TABLE table=test-workload [id=bffc5941bb3b4436b99c5d26aa9f9986]), partition=RANGE (key) PARTITION 858993456 <= VALUES < 1073741820
I20260709 12:12:19.433713 11162 data_dirs.cc:400] Could only allocate 1 dirs of requested 3 for tablet 62c030f89ed543c0bb1cfe9489490e37. 1 dirs total, 0 dirs full, 0 dirs failed
I20260709 12:12:19.444722 11216 tablet_bootstrap.cc:492] T a7adc630be364dcb9c7b00c6371ca723 P d634561bd8204c7f9364f622a536e7df: Bootstrap starting.
I20260709 12:12:19.447623 11215 tablet_bootstrap.cc:492] T a7adc630be364dcb9c7b00c6371ca723 P 2ad4b92dcfab43ddb260d70b11579649: Bootstrap starting.
I20260709 12:12:19.453977 11215 tablet_bootstrap.cc:654] T a7adc630be364dcb9c7b00c6371ca723 P 2ad4b92dcfab43ddb260d70b11579649: Neither blocks nor log segments found. Creating new log.
I20260709 12:12:19.460202 11015 tablet_service.cc:1511] Processing CreateTablet for tablet e3a5a5cf13ab4ca78bdd0cf3554b12d1 (DEFAULT_TABLE table=test-workload [id=bffc5941bb3b4436b99c5d26aa9f9986]), partition=RANGE (key) PARTITION 429496728 <= VALUES < 644245092
I20260709 12:12:19.460695 11016 tablet_service.cc:1511] Processing CreateTablet for tablet c81ea443b54e40b09c986c5adef38764 (DEFAULT_TABLE table=test-workload [id=bffc5941bb3b4436b99c5d26aa9f9986]), partition=RANGE (key) PARTITION 214748364 <= VALUES < 429496728
I20260709 12:12:19.461289 11216 tablet_bootstrap.cc:654] T a7adc630be364dcb9c7b00c6371ca723 P d634561bd8204c7f9364f622a536e7df: Neither blocks nor log segments found. Creating new log.
I20260709 12:12:19.461594 11015 data_dirs.cc:400] Could only allocate 1 dirs of requested 3 for tablet e3a5a5cf13ab4ca78bdd0cf3554b12d1. 1 dirs total, 0 dirs full, 0 dirs failed
I20260709 12:12:19.462437 11017 tablet_service.cc:1511] Processing CreateTablet for tablet a7adc630be364dcb9c7b00c6371ca723 (DEFAULT_TABLE table=test-workload [id=bffc5941bb3b4436b99c5d26aa9f9986]), partition=RANGE (key) PARTITION VALUES < 214748364
I20260709 12:12:19.464174 11016 data_dirs.cc:400] Could only allocate 1 dirs of requested 3 for tablet c81ea443b54e40b09c986c5adef38764. 1 dirs total, 0 dirs full, 0 dirs failed
I20260709 12:12:19.465675 11014 tablet_service.cc:1511] Processing CreateTablet for tablet d0db1f238f134c119abe850518cbe443 (DEFAULT_TABLE table=test-workload [id=bffc5941bb3b4436b99c5d26aa9f9986]), partition=RANGE (key) PARTITION 644245092 <= VALUES < 858993456
I20260709 12:12:19.466082 11013 tablet_service.cc:1511] Processing CreateTablet for tablet 62c030f89ed543c0bb1cfe9489490e37 (DEFAULT_TABLE table=test-workload [id=bffc5941bb3b4436b99c5d26aa9f9986]), partition=RANGE (key) PARTITION 858993456 <= VALUES < 1073741820
I20260709 12:12:19.468184 11012 tablet_service.cc:1511] Processing CreateTablet for tablet a22f9f123ef54e5f86384e0473e26133 (DEFAULT_TABLE table=test-workload [id=bffc5941bb3b4436b99c5d26aa9f9986]), partition=RANGE (key) PARTITION 1073741820 <= VALUES < 1288490184
I20260709 12:12:19.471011 11011 tablet_service.cc:1511] Processing CreateTablet for tablet 0ac1958a7ce340179e8f5bcd0255ff2e (DEFAULT_TABLE table=test-workload [id=bffc5941bb3b4436b99c5d26aa9f9986]), partition=RANGE (key) PARTITION 1288490184 <= VALUES < 1503238548
I20260709 12:12:19.471524 11017 data_dirs.cc:400] Could only allocate 1 dirs of requested 3 for tablet a7adc630be364dcb9c7b00c6371ca723. 1 dirs total, 0 dirs full, 0 dirs failed
I20260709 12:12:19.472294 11011 data_dirs.cc:400] Could only allocate 1 dirs of requested 3 for tablet 0ac1958a7ce340179e8f5bcd0255ff2e. 1 dirs total, 0 dirs full, 0 dirs failed
