I20260709 12:12:55.861790 14273 ts_tablet_manager.cc:1434] T 6176c054849c4bb6b11f1a98d880b3be P 675657d0485b4e1c8b7dcf9477741438: Time spent starting tablet: real 0.012s	user 0.004s	sys 0.003s
I20260709 12:12:55.862654 14273 tablet_bootstrap.cc:492] T d2a1139bb6bd486fb96fdad4f849db55 P 675657d0485b4e1c8b7dcf9477741438: Bootstrap starting.
I20260709 12:12:55.866365 14330 raft_consensus.cc:493] T d8ae11606cf448cc87d9ae3424916422 P 61c1cdfa462d4712a04109f6c8e947ae [term 0 FOLLOWER]: Starting pre-election (no leader contacted us within the election timeout)
I20260709 12:12:55.867157 14330 raft_consensus.cc:515] T d8ae11606cf448cc87d9ae3424916422 P 61c1cdfa462d4712a04109f6c8e947ae [term 0 FOLLOWER]: Starting pre-election with config: opid_index: -1 OBSOLETE_local: false peers { permanent_uuid: "675657d0485b4e1c8b7dcf9477741438" member_type: VOTER last_known_addr { host: "127.12.137.129" port: 39383 } } peers { permanent_uuid: "8fe4d545645848f699ee204dc1c81323" member_type: VOTER last_known_addr { host: "127.12.137.130" port: 38353 } } peers { permanent_uuid: "61c1cdfa462d4712a04109f6c8e947ae" member_type: VOTER last_known_addr { host: "127.12.137.131" port: 38761 } }
I20260709 12:12:55.866425 14279 raft_consensus.cc:493] T 6176c054849c4bb6b11f1a98d880b3be P 675657d0485b4e1c8b7dcf9477741438 [term 0 FOLLOWER]: Starting pre-election (no leader contacted us within the election timeout)
I20260709 12:12:55.869233 14279 raft_consensus.cc:515] T 6176c054849c4bb6b11f1a98d880b3be P 675657d0485b4e1c8b7dcf9477741438 [term 0 FOLLOWER]: Starting pre-election with config: opid_index: -1 OBSOLETE_local: false peers { permanent_uuid: "675657d0485b4e1c8b7dcf9477741438" member_type: VOTER last_known_addr { host: "127.12.137.129" port: 39383 } } peers { permanent_uuid: "8fe4d545645848f699ee204dc1c81323" member_type: VOTER last_known_addr { host: "127.12.137.130" port: 38353 } } peers { permanent_uuid: "61c1cdfa462d4712a04109f6c8e947ae" member_type: VOTER last_known_addr { host: "127.12.137.131" port: 38761 } }
I20260709 12:12:55.872509 14155 tablet_service.cc:1917] Received RequestConsensusVote() RPC: tablet_id: "6176c054849c4bb6b11f1a98d880b3be" candidate_uuid: "675657d0485b4e1c8b7dcf9477741438" candidate_term: 1 candidate_status { last_received { term: 0 index: 0 } } ignore_live_leader: false dest_uuid: "8fe4d545645848f699ee204dc1c81323" is_pre_election: true
I20260709 12:12:55.873087 14155 raft_consensus.cc:2468] T 6176c054849c4bb6b11f1a98d880b3be P 8fe4d545645848f699ee204dc1c81323 [term 0 FOLLOWER]: Leader pre-election vote request: Granting yes vote for candidate 675657d0485b4e1c8b7dcf9477741438 in term 0.
I20260709 12:12:55.874181 14046 leader_election.cc:304] T 6176c054849c4bb6b11f1a98d880b3be P 675657d0485b4e1c8b7dcf9477741438 [CANDIDATE]: Term 1 pre-election: Election decided. Result: candidate won. Election summary: received 2 responses out of 3 voters: 2 yes votes; 0 no votes. yes voters: 675657d0485b4e1c8b7dcf9477741438, 8fe4d545645848f699ee204dc1c81323; no voters: 
I20260709 12:12:55.874974 14305 raft_consensus.cc:2804] T 6176c054849c4bb6b11f1a98d880b3be P 675657d0485b4e1c8b7dcf9477741438 [term 0 FOLLOWER]: Leader pre-election won for term 1
I20260709 12:12:55.875324 14305 raft_consensus.cc:493] T 6176c054849c4bb6b11f1a98d880b3be P 675657d0485b4e1c8b7dcf9477741438 [term 0 FOLLOWER]: Starting leader election (no leader contacted us within the election timeout)
I20260709 12:12:55.875663 14305 raft_consensus.cc:3060] T 6176c054849c4bb6b11f1a98d880b3be P 675657d0485b4e1c8b7dcf9477741438 [term 0 FOLLOWER]: Advancing to term 1
I20260709 12:12:55.876994 14272 ts_tablet_manager.cc:1434] T a5f989fc4b28421fa4f8746b8e2d4674 P 61c1cdfa462d4712a04109f6c8e947ae: Time spent starting tablet: real 0.025s	user 0.008s	sys 0.000s
I20260709 12:12:55.877866 14279 leader_election.cc:290] T 6176c054849c4bb6b11f1a98d880b3be P 675657d0485b4e1c8b7dcf9477741438 [CANDIDATE]: Term 1 pre-election: Requested pre-vote from peers 8fe4d545645848f699ee204dc1c81323 (127.12.137.130:38353), 61c1cdfa462d4712a04109f6c8e947ae (127.12.137.131:38761)
I20260709 12:12:55.879237 14330 leader_election.cc:290] T d8ae11606cf448cc87d9ae3424916422 P 61c1cdfa462d4712a04109f6c8e947ae [CANDIDATE]: Term 1 pre-election: Requested pre-vote from peers 675657d0485b4e1c8b7dcf9477741438 (127.12.137.129:39383), 8fe4d545645848f699ee204dc1c81323 (127.12.137.130:38353)
I20260709 12:12:55.880669 14081 tablet_service.cc:1917] Received RequestConsensusVote() RPC: tablet_id: "d8ae11606cf448cc87d9ae3424916422" candidate_uuid: "61c1cdfa462d4712a04109f6c8e947ae" candidate_term: 1 candidate_status { last_received { term: 0 index: 0 } } ignore_live_leader: false dest_uuid: "675657d0485b4e1c8b7dcf9477741438" is_pre_election: true
I20260709 12:12:55.879616 14231 tablet_service.cc:1917] Received RequestConsensusVote() RPC: tablet_id: "6176c054849c4bb6b11f1a98d880b3be" candidate_uuid: "675657d0485b4e1c8b7dcf9477741438" candidate_term: 1 candidate_status { last_received { term: 0 index: 0 } } ignore_live_leader: false dest_uuid: "61c1cdfa462d4712a04109f6c8e947ae" is_pre_election: true
I20260709 12:12:55.882125 14231 raft_consensus.cc:2468] T 6176c054849c4bb6b11f1a98d880b3be P 61c1cdfa462d4712a04109f6c8e947ae [term 0 FOLLOWER]: Leader pre-election vote request: Granting yes vote for candidate 675657d0485b4e1c8b7dcf9477741438 in term 0.
W20260709 12:12:55.882367 14197 leader_election.cc:343] T d8ae11606cf448cc87d9ae3424916422 P 61c1cdfa462d4712a04109f6c8e947ae [CANDIDATE]: Term 1 pre-election: Tablet error from VoteRequest() call to peer 675657d0485b4e1c8b7dcf9477741438 (127.12.137.129:39383): Illegal state: must be running to vote when last-logged opid is not known
I20260709 12:12:55.880669 14155 tablet_service.cc:1917] Received RequestConsensusVote() RPC: tablet_id: "d8ae11606cf448cc87d9ae3424916422" candidate_uuid: "61c1cdfa462d4712a04109f6c8e947ae" candidate_term: 1 candidate_status { last_received { term: 0 index: 0 } } ignore_live_leader: false dest_uuid: "8fe4d545645848f699ee204dc1c81323" is_pre_election: true
I20260709 12:12:55.883895 14155 raft_consensus.cc:2468] T d8ae11606cf448cc87d9ae3424916422 P 8fe4d545645848f699ee204dc1c81323 [term 0 FOLLOWER]: Leader pre-election vote request: Granting yes vote for candidate 61c1cdfa462d4712a04109f6c8e947ae in term 0.
I20260709 12:12:55.884986 14195 leader_election.cc:304] T d8ae11606cf448cc87d9ae3424916422 P 61c1cdfa462d4712a04109f6c8e947ae [CANDIDATE]: Term 1 pre-election: Election decided. Result: candidate won. Election summary: received 3 responses out of 3 voters: 2 yes votes; 1 no votes. yes voters: 61c1cdfa462d4712a04109f6c8e947ae, 8fe4d545645848f699ee204dc1c81323; no voters: 675657d0485b4e1c8b7dcf9477741438
I20260709 12:12:55.886145 14330 raft_consensus.cc:2804] T d8ae11606cf448cc87d9ae3424916422 P 61c1cdfa462d4712a04109f6c8e947ae [term 0 FOLLOWER]: Leader pre-election won for term 1
I20260709 12:12:55.886549 14330 raft_consensus.cc:493] T d8ae11606cf448cc87d9ae3424916422 P 61c1cdfa462d4712a04109f6c8e947ae [term 0 FOLLOWER]: Starting leader election (no leader contacted us within the election timeout)
I20260709 12:12:55.887005 14330 raft_consensus.cc:3060] T d8ae11606cf448cc87d9ae3424916422 P 61c1cdfa462d4712a04109f6c8e947ae [term 0 FOLLOWER]: Advancing to term 1
I20260709 12:12:55.889030 14305 raft_consensus.cc:515] T 6176c054849c4bb6b11f1a98d880b3be P 675657d0485b4e1c8b7dcf9477741438 [term 1 FOLLOWER]: Starting leader election with config: opid_index: -1 OBSOLETE_local: false peers { permanent_uuid: "675657d0485b4e1c8b7dcf9477741438" member_type: VOTER last_known_addr { host: "127.12.137.129" port: 39383 } } peers { permanent_uuid: "8fe4d545645848f699ee204dc1c81323" member_type: VOTER last_known_addr { host: "127.12.137.130" port: 38353 } } peers { permanent_uuid: "61c1cdfa462d4712a04109f6c8e947ae" member_type: VOTER last_known_addr { host: "127.12.137.131" port: 38761 } }
I20260709 12:12:55.891744 14272 tablet_bootstrap.cc:492] T 5cb7d2f329034152928422e09d9695b0 P 61c1cdfa462d4712a04109f6c8e947ae: Bootstrap starting.
I20260709 12:12:55.891973 14155 tablet_service.cc:1917] Received RequestConsensusVote() RPC: tablet_id: "6176c054849c4bb6b11f1a98d880b3be" candidate_uuid: "675657d0485b4e1c8b7dcf9477741438" candidate_term: 1 candidate_status { last_received { term: 0 index: 0 } } ignore_live_leader: false dest_uuid: "8fe4d545645848f699ee204dc1c81323"
I20260709 12:12:55.892617 14155 raft_consensus.cc:3060] T 6176c054849c4bb6b11f1a98d880b3be P 8fe4d545645848f699ee204dc1c81323 [term 0 FOLLOWER]: Advancing to term 1
I20260709 12:12:55.894292 14330 raft_consensus.cc:515] T d8ae11606cf448cc87d9ae3424916422 P 61c1cdfa462d4712a04109f6c8e947ae [term 1 FOLLOWER]: Starting leader election with config: opid_index: -1 OBSOLETE_local: false peers { permanent_uuid: "675657d0485b4e1c8b7dcf9477741438" member_type: VOTER last_known_addr { host: "127.12.137.129" port: 39383 } } peers { permanent_uuid: "8fe4d545645848f699ee204dc1c81323" member_type: VOTER last_known_addr { host: "127.12.137.130" port: 38353 } } peers { permanent_uuid: "61c1cdfa462d4712a04109f6c8e947ae" member_type: VOTER last_known_addr { host: "127.12.137.131" port: 38761 } }
I20260709 12:12:55.898396 14156 tablet_service.cc:1917] Received RequestConsensusVote() RPC: tablet_id: "d8ae11606cf448cc87d9ae3424916422" candidate_uuid: "61c1cdfa462d4712a04109f6c8e947ae" candidate_term: 1 candidate_status { last_received { term: 0 index: 0 } } ignore_live_leader: false dest_uuid: "8fe4d545645848f699ee204dc1c81323"
I20260709 12:12:55.901919 14156 raft_consensus.cc:3060] T d8ae11606cf448cc87d9ae3424916422 P 8fe4d545645848f699ee204dc1c81323 [term 0 FOLLOWER]: Advancing to term 1
I20260709 12:12:55.903474 14272 tablet_bootstrap.cc:654] T 5cb7d2f329034152928422e09d9695b0 P 61c1cdfa462d4712a04109f6c8e947ae: Neither blocks nor log segments found. Creating new log.
I20260709 12:12:55.906441 14231 tablet_service.cc:1917] Received RequestConsensusVote() RPC: tablet_id: "6176c054849c4bb6b11f1a98d880b3be" candidate_uuid: "675657d0485b4e1c8b7dcf9477741438" candidate_term: 1 candidate_status { last_received { term: 0 index: 0 } } ignore_live_leader: false dest_uuid: "61c1cdfa462d4712a04109f6c8e947ae"
I20260709 12:12:55.906589 14271 tablet_bootstrap.cc:492] T 8585aecc03364118a3995e308a3cfc1b P 8fe4d545645848f699ee204dc1c81323: No bootstrap required, opened a new log
I20260709 12:12:55.899286 14081 tablet_service.cc:1917] Received RequestConsensusVote() RPC: tablet_id: "d8ae11606cf448cc87d9ae3424916422" candidate_uuid: "61c1cdfa462d4712a04109f6c8e947ae" candidate_term: 1 candidate_status { last_received { term: 0 index: 0 } } ignore_live_leader: false dest_uuid: "675657d0485b4e1c8b7dcf9477741438"
I20260709 12:12:55.907055 14231 raft_consensus.cc:3060] T 6176c054849c4bb6b11f1a98d880b3be P 61c1cdfa462d4712a04109f6c8e947ae [term 0 FOLLOWER]: Advancing to term 1
I20260709 12:12:55.907510 14271 ts_tablet_manager.cc:1403] T 8585aecc03364118a3995e308a3cfc1b P 8fe4d545645848f699ee204dc1c81323: Time spent bootstrapping tablet: real 0.069s	user 0.025s	sys 0.038s
W20260709 12:12:55.908228 14197 leader_election.cc:343] T d8ae11606cf448cc87d9ae3424916422 P 61c1cdfa462d4712a04109f6c8e947ae [CANDIDATE]: Term 1 election: Tablet error from VoteRequest() call to peer 675657d0485b4e1c8b7dcf9477741438 (127.12.137.129:39383): Illegal state: must be running to vote when last-logged opid is not known
I20260709 12:12:55.912222 14271 raft_consensus.cc:359] T 8585aecc03364118a3995e308a3cfc1b P 8fe4d545645848f699ee204dc1c81323 [term 0 FOLLOWER]: Replica starting. Triggering 0 pending ops. Active config: opid_index: -1 OBSOLETE_local: false peers { permanent_uuid: "675657d0485b4e1c8b7dcf9477741438" member_type: VOTER last_known_addr { host: "127.12.137.129" port: 39383 } } peers { permanent_uuid: "8fe4d545645848f699ee204dc1c81323" member_type: VOTER last_known_addr { host: "127.12.137.130" port: 38353 } } peers { permanent_uuid: "61c1cdfa462d4712a04109f6c8e947ae" member_type: VOTER last_known_addr { host: "127.12.137.131" port: 38761 } }
I20260709 12:12:55.913185 14271 raft_consensus.cc:385] T 8585aecc03364118a3995e308a3cfc1b P 8fe4d545645848f699ee204dc1c81323 [term 0 FOLLOWER]: Consensus starting up: Expiring failure detector timer to make a prompt election more likely
I20260709 12:12:55.913529 14271 raft_consensus.cc:740] T 8585aecc03364118a3995e308a3cfc1b P 8fe4d545645848f699ee204dc1c81323 [term 0 FOLLOWER]: Becoming Follower/Learner. State: Replica: 8fe4d545645848f699ee204dc1c81323, State: Initialized, Role: FOLLOWER
I20260709 12:12:55.914698 14231 raft_consensus.cc:2468] T 6176c054849c4bb6b11f1a98d880b3be P 61c1cdfa462d4712a04109f6c8e947ae [term 1 FOLLOWER]: Leader election vote request: Granting yes vote for candidate 675657d0485b4e1c8b7dcf9477741438 in term 1.
I20260709 12:12:55.914395 14271 consensus_queue.cc:260] T 8585aecc03364118a3995e308a3cfc1b P 8fe4d545645848f699ee204dc1c81323 [NON_LEADER]: Queue going to NON_LEADER mode. State: All replicated index: 0, Majority replicated index: 0, Committed index: 0, Last appended: 0.0, Last appended by leader: 0, Current term: 0, Majority size: -1, State: 0, Mode: NON_LEADER, active raft config: opid_index: -1 OBSOLETE_local: false peers { permanent_uuid: "675657d0485b4e1c8b7dcf9477741438" member_type: VOTER last_known_addr { host: "127.12.137.129" port: 39383 } } peers { permanent_uuid: "8fe4d545645848f699ee204dc1c81323" member_type: VOTER last_known_addr { host: "127.12.137.130" port: 38353 } } peers { permanent_uuid: "61c1cdfa462d4712a04109f6c8e947ae" member_type: VOTER last_known_addr { host: "127.12.137.131" port: 38761 } }
I20260709 12:12:55.915906 14048 leader_election.cc:304] T 6176c054849c4bb6b11f1a98d880b3be P 675657d0485b4e1c8b7dcf9477741438 [CANDIDATE]: Term 1 election: Election decided. Result: candidate won. Election summary: received 2 responses out of 3 voters: 2 yes votes; 0 no votes. yes voters: 61c1cdfa462d4712a04109f6c8e947ae, 675657d0485b4e1c8b7dcf9477741438; no voters: 
I20260709 12:12:55.916280 14156 raft_consensus.cc:2468] T d8ae11606cf448cc87d9ae3424916422 P 8fe4d545645848f699ee204dc1c81323 [term 1 FOLLOWER]: Leader election vote request: Granting yes vote for candidate 61c1cdfa462d4712a04109f6c8e947ae in term 1.
I20260709 12:12:55.916823 14279 raft_consensus.cc:2804] T 6176c054849c4bb6b11f1a98d880b3be P 675657d0485b4e1c8b7dcf9477741438 [term 1 FOLLOWER]: Leader election won for term 1
I20260709 12:12:55.917332 14279 raft_consensus.cc:697] T 6176c054849c4bb6b11f1a98d880b3be P 675657d0485b4e1c8b7dcf9477741438 [term 1 LEADER]: Becoming Leader. State: Replica: 675657d0485b4e1c8b7dcf9477741438, State: Running, Role: LEADER
I20260709 12:12:55.917429 14271 ts_tablet_manager.cc:1434] T 8585aecc03364118a3995e308a3cfc1b P 8fe4d545645848f699ee204dc1c81323: Time spent starting tablet: real 0.010s	user 0.009s	sys 0.000s
I20260709 12:12:55.917636 14195 leader_election.cc:304] T d8ae11606cf448cc87d9ae3424916422 P 61c1cdfa462d4712a04109f6c8e947ae [CANDIDATE]: Term 1 election: Election decided. Result: candidate won. Election summary: received 3 responses out of 3 voters: 2 yes votes; 1 no votes. yes voters: 61c1cdfa462d4712a04109f6c8e947ae, 8fe4d545645848f699ee204dc1c81323; no voters: 675657d0485b4e1c8b7dcf9477741438
I20260709 12:12:55.918589 14436 raft_consensus.cc:2804] T d8ae11606cf448cc87d9ae3424916422 P 61c1cdfa462d4712a04109f6c8e947ae [term 1 FOLLOWER]: Leader election won for term 1
I20260709 12:12:55.918187 14279 consensus_queue.cc:237] T 6176c054849c4bb6b11f1a98d880b3be P 675657d0485b4e1c8b7dcf9477741438 [LEADER]: Queue going to LEADER mode. State: All replicated index: 0, Majority replicated index: 0, Committed index: 0, Last appended: 0.0, Last appended by leader: 0, Current term: 1, Majority size: 2, State: 0, Mode: LEADER, active raft config: opid_index: -1 OBSOLETE_local: false peers { permanent_uuid: "675657d0485b4e1c8b7dcf9477741438" member_type: VOTER last_known_addr { host: "127.12.137.129" port: 39383 } } peers { permanent_uuid: "8fe4d545645848f699ee204dc1c81323" member_type: VOTER last_known_addr { host: "127.12.137.130" port: 38353 } } peers { permanent_uuid: "61c1cdfa462d4712a04109f6c8e947ae" member_type: VOTER last_known_addr { host: "127.12.137.131" port: 38761 } }
I20260709 12:12:55.919094 14436 raft_consensus.cc:697] T d8ae11606cf448cc87d9ae3424916422 P 61c1cdfa462d4712a04109f6c8e947ae [term 1 LEADER]: Becoming Leader. State: Replica: 61c1cdfa462d4712a04109f6c8e947ae, State: Running, Role: LEADER
I20260709 12:12:55.919902 14436 consensus_queue.cc:237] T d8ae11606cf448cc87d9ae3424916422 P 61c1cdfa462d4712a04109f6c8e947ae [LEADER]: Queue going to LEADER mode. State: All replicated index: 0, Majority replicated index: 0, Committed index: 0, Last appended: 0.0, Last appended by leader: 0, Current term: 1, Majority size: 2, State: 0, Mode: LEADER, active raft config: opid_index: -1 OBSOLETE_local: false peers { permanent_uuid: "675657d0485b4e1c8b7dcf9477741438" member_type: VOTER last_known_addr { host: "127.12.137.129" port: 39383 } } peers { permanent_uuid: "8fe4d545645848f699ee204dc1c81323" member_type: VOTER last_known_addr { host: "127.12.137.130" port: 38353 } } peers { permanent_uuid: "61c1cdfa462d4712a04109f6c8e947ae" member_type: VOTER last_known_addr { host: "127.12.137.131" port: 38761 } }
I20260709 12:12:55.923367 14277 raft_consensus.cc:493] T a5f989fc4b28421fa4f8746b8e2d4674 P 61c1cdfa462d4712a04109f6c8e947ae [term 0 FOLLOWER]: Starting pre-election (no leader contacted us within the election timeout)
I20260709 12:12:55.924158 14277 raft_consensus.cc:515] T a5f989fc4b28421fa4f8746b8e2d4674 P 61c1cdfa462d4712a04109f6c8e947ae [term 0 FOLLOWER]: Starting pre-election with config: opid_index: -1 OBSOLETE_local: false peers { permanent_uuid: "675657d0485b4e1c8b7dcf9477741438" member_type: VOTER last_known_addr { host: "127.12.137.129" port: 39383 } } peers { permanent_uuid: "8fe4d545645848f699ee204dc1c81323" member_type: VOTER last_known_addr { host: "127.12.137.130" port: 38353 } } peers { permanent_uuid: "61c1cdfa462d4712a04109f6c8e947ae" member_type: VOTER last_known_addr { host: "127.12.137.131" port: 38761 } }
I20260709 12:12:55.926349 14277 leader_election.cc:290] T a5f989fc4b28421fa4f8746b8e2d4674 P 61c1cdfa462d4712a04109f6c8e947ae [CANDIDATE]: Term 1 pre-election: Requested pre-vote from peers 675657d0485b4e1c8b7dcf9477741438 (127.12.137.129:39383), 8fe4d545645848f699ee204dc1c81323 (127.12.137.130:38353)
I20260709 12:12:55.928052 14081 tablet_service.cc:1917] Received RequestConsensusVote() RPC: tablet_id: "a5f989fc4b28421fa4f8746b8e2d4674" candidate_uuid: "61c1cdfa462d4712a04109f6c8e947ae" candidate_term: 1 candidate_status { last_received { term: 0 index: 0 } } ignore_live_leader: false dest_uuid: "675657d0485b4e1c8b7dcf9477741438" is_pre_election: true
I20260709 12:12:55.929366 14273 tablet_bootstrap.cc:654] T d2a1139bb6bd486fb96fdad4f849db55 P 675657d0485b4e1c8b7dcf9477741438: Neither blocks nor log segments found. Creating new log.
W20260709 12:12:55.929634 14197 leader_election.cc:343] T a5f989fc4b28421fa4f8746b8e2d4674 P 61c1cdfa462d4712a04109f6c8e947ae [CANDIDATE]: Term 1 pre-election: Tablet error from VoteRequest() call to peer 675657d0485b4e1c8b7dcf9477741438 (127.12.137.129:39383): Illegal state: must be running to vote when last-logged opid is not known
I20260709 12:12:55.929136 13977 catalog_manager.cc:5697] T 6176c054849c4bb6b11f1a98d880b3be P 675657d0485b4e1c8b7dcf9477741438 reported cstate change: term changed from 0 to 1, leader changed from <none> to 675657d0485b4e1c8b7dcf9477741438 (127.12.137.129). New cstate: current_term: 1 leader_uuid: "675657d0485b4e1c8b7dcf9477741438" committed_config { opid_index: -1 OBSOLETE_local: false peers { permanent_uuid: "675657d0485b4e1c8b7dcf9477741438" member_type: VOTER last_known_addr { host: "127.12.137.129" port: 39383 } health_report { overall_health: HEALTHY } } peers { permanent_uuid: "8fe4d545645848f699ee204dc1c81323" member_type: VOTER last_known_addr { host: "127.12.137.130" port: 38353 } health_report { overall_health: UNKNOWN } } peers { permanent_uuid: "61c1cdfa462d4712a04109f6c8e947ae" member_type: VOTER last_known_addr { host: "127.12.137.131" port: 38761 } health_report { overall_health: UNKNOWN } } }
I20260709 12:12:55.930660 14271 tablet_bootstrap.cc:492] T ec177e3eed34408e93fd9b1a1b21732a P 8fe4d545645848f699ee204dc1c81323: Bootstrap starting.
I20260709 12:12:55.926539 14305 leader_election.cc:290] T 6176c054849c4bb6b11f1a98d880b3be P 675657d0485b4e1c8b7dcf9477741438 [CANDIDATE]: Term 1 election: Requested vote from peers 8fe4d545645848f699ee204dc1c81323 (127.12.137.130:38353), 61c1cdfa462d4712a04109f6c8e947ae (127.12.137.131:38761)
I20260709 12:12:55.931958 14157 tablet_service.cc:1917] Received RequestConsensusVote() RPC: tablet_id: "a5f989fc4b28421fa4f8746b8e2d4674" candidate_uuid: "61c1cdfa462d4712a04109f6c8e947ae" candidate_term: 1 candidate_status { last_received { term: 0 index: 0 } } ignore_live_leader: false dest_uuid: "8fe4d545645848f699ee204dc1c81323" is_pre_election: true
I20260709 12:12:55.934461 14157 raft_consensus.cc:2468] T a5f989fc4b28421fa4f8746b8e2d4674 P 8fe4d545645848f699ee204dc1c81323 [term 0 FOLLOWER]: Leader pre-election vote request: Granting yes vote for candidate 61c1cdfa462d4712a04109f6c8e947ae in term 0.
I20260709 12:12:55.933315 14330 leader_election.cc:290] T d8ae11606cf448cc87d9ae3424916422 P 61c1cdfa462d4712a04109f6c8e947ae [CANDIDATE]: Term 1 election: Requested vote from peers 675657d0485b4e1c8b7dcf9477741438 (127.12.137.129:39383), 8fe4d545645848f699ee204dc1c81323 (127.12.137.130:38353)
I20260709 12:12:55.940676 14195 leader_election.cc:304] T a5f989fc4b28421fa4f8746b8e2d4674 P 61c1cdfa462d4712a04109f6c8e947ae [CANDIDATE]: Term 1 pre-election: Election decided. Result: candidate won. Election summary: received 3 responses out of 3 voters: 2 yes votes; 1 no votes. yes voters: 61c1cdfa462d4712a04109f6c8e947ae, 8fe4d545645848f699ee204dc1c81323; no voters: 675657d0485b4e1c8b7dcf9477741438
I20260709 12:12:55.942031 14277 raft_consensus.cc:2804] T a5f989fc4b28421fa4f8746b8e2d4674 P 61c1cdfa462d4712a04109f6c8e947ae [term 0 FOLLOWER]: Leader pre-election won for term 1
I20260709 12:12:55.942085 14155 raft_consensus.cc:2468] T 6176c054849c4bb6b11f1a98d880b3be P 8fe4d545645848f699ee204dc1c81323 [term 1 FOLLOWER]: Leader election vote request: Granting yes vote for candidate 675657d0485b4e1c8b7dcf9477741438 in term 1.
I20260709 12:12:55.942435 14277 raft_consensus.cc:493] T a5f989fc4b28421fa4f8746b8e2d4674 P 61c1cdfa462d4712a04109f6c8e947ae [term 0 FOLLOWER]: Starting leader election (no leader contacted us within the election timeout)
I20260709 12:12:55.942889 14277 raft_consensus.cc:3060] T a5f989fc4b28421fa4f8746b8e2d4674 P 61c1cdfa462d4712a04109f6c8e947ae [term 0 FOLLOWER]: Advancing to term 1
I20260709 12:12:55.955739 14271 tablet_bootstrap.cc:654] T ec177e3eed34408e93fd9b1a1b21732a P 8fe4d545645848f699ee204dc1c81323: Neither blocks nor log segments found. Creating new log.
I20260709 12:12:55.956324 14273 tablet_bootstrap.cc:492] T d2a1139bb6bd486fb96fdad4f849db55 P 675657d0485b4e1c8b7dcf9477741438: No bootstrap required, opened a new log
I20260709 12:12:55.957285 14273 ts_tablet_manager.cc:1403] T d2a1139bb6bd486fb96fdad4f849db55 P 675657d0485b4e1c8b7dcf9477741438: Time spent bootstrapping tablet: real 0.095s	user 0.003s	sys 0.010s
I20260709 12:12:55.957638 13979 catalog_manager.cc:5697] T d8ae11606cf448cc87d9ae3424916422 P 61c1cdfa462d4712a04109f6c8e947ae reported cstate change: term changed from 0 to 1, leader changed from <none> to 61c1cdfa462d4712a04109f6c8e947ae (127.12.137.131). New cstate: current_term: 1 leader_uuid: "61c1cdfa462d4712a04109f6c8e947ae" committed_config { opid_index: -1 OBSOLETE_local: false peers { permanent_uuid: "675657d0485b4e1c8b7dcf9477741438" member_type: VOTER last_known_addr { host: "127.12.137.129" port: 39383 } health_report { overall_health: UNKNOWN } } peers { permanent_uuid: "8fe4d545645848f699ee204dc1c81323" member_type: VOTER last_known_addr { host: "127.12.137.130" port: 38353 } health_report { overall_health: UNKNOWN } } peers { permanent_uuid: "61c1cdfa462d4712a04109f6c8e947ae" member_type: VOTER last_known_addr { host: "127.12.137.131" port: 38761 } health_report { overall_health: HEALTHY } } }
I20260709 12:12:55.958904 14277 raft_consensus.cc:515] T a5f989fc4b28421fa4f8746b8e2d4674 P 61c1cdfa462d4712a04109f6c8e947ae [term 1 FOLLOWER]: Starting leader election with config: opid_index: -1 OBSOLETE_local: false peers { permanent_uuid: "675657d0485b4e1c8b7dcf9477741438" member_type: VOTER last_known_addr { host: "127.12.137.129" port: 39383 } } peers { permanent_uuid: "8fe4d545645848f699ee204dc1c81323" member_type: VOTER last_known_addr { host: "127.12.137.130" port: 38353 } } peers { permanent_uuid: "61c1cdfa462d4712a04109f6c8e947ae" member_type: VOTER last_known_addr { host: "127.12.137.131" port: 38761 } }
I20260709 12:12:55.959748 14273 raft_consensus.cc:359] T d2a1139bb6bd486fb96fdad4f849db55 P 675657d0485b4e1c8b7dcf9477741438 [term 0 FOLLOWER]: Replica starting. Triggering 0 pending ops. Active config: opid_index: -1 OBSOLETE_local: false peers { permanent_uuid: "675657d0485b4e1c8b7dcf9477741438" member_type: VOTER last_known_addr { host: "127.12.137.129" port: 39383 } } peers { permanent_uuid: "8fe4d545645848f699ee204dc1c81323" member_type: VOTER last_known_addr { host: "127.12.137.130" port: 38353 } } peers { permanent_uuid: "61c1cdfa462d4712a04109f6c8e947ae" member_type: VOTER last_known_addr { host: "127.12.137.131" port: 38761 } }
I20260709 12:12:55.960413 14273 raft_consensus.cc:385] T d2a1139bb6bd486fb96fdad4f849db55 P 675657d0485b4e1c8b7dcf9477741438 [term 0 FOLLOWER]: Consensus starting up: Expiring failure detector timer to make a prompt election more likely
I20260709 12:12:55.960667 14273 raft_consensus.cc:740] T d2a1139bb6bd486fb96fdad4f849db55 P 675657d0485b4e1c8b7dcf9477741438 [term 0 FOLLOWER]: Becoming Follower/Learner. State: Replica: 675657d0485b4e1c8b7dcf9477741438, State: Initialized, Role: FOLLOWER
I20260709 12:12:55.961165 14277 leader_election.cc:290] T a5f989fc4b28421fa4f8746b8e2d4674 P 61c1cdfa462d4712a04109f6c8e947ae [CANDIDATE]: Term 1 election: Requested vote from peers 675657d0485b4e1c8b7dcf9477741438 (127.12.137.129:39383), 8fe4d545645848f699ee204dc1c81323 (127.12.137.130:38353)
I20260709 12:12:55.961395 14080 tablet_service.cc:1917] Received RequestConsensusVote() RPC: tablet_id: "a5f989fc4b28421fa4f8746b8e2d4674" candidate_uuid: "61c1cdfa462d4712a04109f6c8e947ae" candidate_term: 1 candidate_status { last_received { term: 0 index: 0 } } ignore_live_leader: false dest_uuid: "675657d0485b4e1c8b7dcf9477741438"
I20260709 12:12:55.961529 14273 consensus_queue.cc:260] T d2a1139bb6bd486fb96fdad4f849db55 P 675657d0485b4e1c8b7dcf9477741438 [NON_LEADER]: Queue going to NON_LEADER mode. State: All replicated index: 0, Majority replicated index: 0, Committed index: 0, Last appended: 0.0, Last appended by leader: 0, Current term: 0, Majority size: -1, State: 0, Mode: NON_LEADER, active raft config: opid_index: -1 OBSOLETE_local: false peers { permanent_uuid: "675657d0485b4e1c8b7dcf9477741438" member_type: VOTER last_known_addr { host: "127.12.137.129" port: 39383 } } peers { permanent_uuid: "8fe4d545645848f699ee204dc1c81323" member_type: VOTER last_known_addr { host: "127.12.137.130" port: 38353 } } peers { permanent_uuid: "61c1cdfa462d4712a04109f6c8e947ae" member_type: VOTER last_known_addr { host: "127.12.137.131" port: 38761 } }
W20260709 12:12:55.962924 14197 leader_election.cc:343] T a5f989fc4b28421fa4f8746b8e2d4674 P 61c1cdfa462d4712a04109f6c8e947ae [CANDIDATE]: Term 1 election: Tablet error from VoteRequest() call to peer 675657d0485b4e1c8b7dcf9477741438 (127.12.137.129:39383): Illegal state: must be running to vote when last-logged opid is not known
I20260709 12:12:55.966142 14155 tablet_service.cc:1917] Received RequestConsensusVote() RPC: tablet_id: "a5f989fc4b28421fa4f8746b8e2d4674" candidate_uuid: "61c1cdfa462d4712a04109f6c8e947ae" candidate_term: 1 candidate_status { last_received { term: 0 index: 0 } } ignore_live_leader: false dest_uuid: "8fe4d545645848f699ee204dc1c81323"
I20260709 12:12:55.966840 14155 raft_consensus.cc:3060] T a5f989fc4b28421fa4f8746b8e2d4674 P 8fe4d545645848f699ee204dc1c81323 [term 0 FOLLOWER]: Advancing to term 1
I20260709 12:12:55.974330 14273 ts_tablet_manager.cc:1434] T d2a1139bb6bd486fb96fdad4f849db55 P 675657d0485b4e1c8b7dcf9477741438: Time spent starting tablet: real 0.017s	user 0.005s	sys 0.001s
I20260709 12:12:55.974684 14155 raft_consensus.cc:2468] T a5f989fc4b28421fa4f8746b8e2d4674 P 8fe4d545645848f699ee204dc1c81323 [term 1 FOLLOWER]: Leader election vote request: Granting yes vote for candidate 61c1cdfa462d4712a04109f6c8e947ae in term 1.
I20260709 12:12:55.974498 14420 raft_consensus.cc:493] T af791bf5dc944db196f13c1b513c418c P 8fe4d545645848f699ee204dc1c81323 [term 0 FOLLOWER]: Starting pre-election (no leader contacted us within the election timeout)
I20260709 12:12:55.975493 14272 tablet_bootstrap.cc:492] T 5cb7d2f329034152928422e09d9695b0 P 61c1cdfa462d4712a04109f6c8e947ae: No bootstrap required, opened a new log
I20260709 12:12:55.975428 14420 raft_consensus.cc:515] T af791bf5dc944db196f13c1b513c418c P 8fe4d545645848f699ee204dc1c81323 [term 0 FOLLOWER]: Starting pre-election with config: opid_index: -1 OBSOLETE_local: false peers { permanent_uuid: "675657d0485b4e1c8b7dcf9477741438" member_type: VOTER last_known_addr { host: "127.12.137.129" port: 39383 } } peers { permanent_uuid: "8fe4d545645848f699ee204dc1c81323" member_type: VOTER last_known_addr { host: "127.12.137.130" port: 38353 } } peers { permanent_uuid: "61c1cdfa462d4712a04109f6c8e947ae" member_type: VOTER last_known_addr { host: "127.12.137.131" port: 38761 } }
I20260709 12:12:55.976006 14272 ts_tablet_manager.cc:1403] T 5cb7d2f329034152928422e09d9695b0 P 61c1cdfa462d4712a04109f6c8e947ae: Time spent bootstrapping tablet: real 0.085s	user 0.017s	sys 0.019s
I20260709 12:12:55.976105 14195 leader_election.cc:304] T a5f989fc4b28421fa4f8746b8e2d4674 P 61c1cdfa462d4712a04109f6c8e947ae [CANDIDATE]: Term 1 election: Election decided. Result: candidate won. Election summary: received 3 responses out of 3 voters: 2 yes votes; 1 no votes. yes voters: 61c1cdfa462d4712a04109f6c8e947ae, 8fe4d545645848f699ee204dc1c81323; no voters: 675657d0485b4e1c8b7dcf9477741438
I20260709 12:12:55.977731 14420 leader_election.cc:290] T af791bf5dc944db196f13c1b513c418c P 8fe4d545645848f699ee204dc1c81323 [CANDIDATE]: Term 1 pre-election: Requested pre-vote from peers 675657d0485b4e1c8b7dcf9477741438 (127.12.137.129:39383), 61c1cdfa462d4712a04109f6c8e947ae (127.12.137.131:38761)
I20260709 12:12:55.978358 14277 raft_consensus.cc:2804] T a5f989fc4b28421fa4f8746b8e2d4674 P 61c1cdfa462d4712a04109f6c8e947ae [term 1 FOLLOWER]: Leader election won for term 1
I20260709 12:12:55.978407 14081 tablet_service.cc:1917] Received RequestConsensusVote() RPC: tablet_id: "af791bf5dc944db196f13c1b513c418c" candidate_uuid: "8fe4d545645848f699ee204dc1c81323" candidate_term: 1 candidate_status { last_received { term: 0 index: 0 } } ignore_live_leader: false dest_uuid: "675657d0485b4e1c8b7dcf9477741438" is_pre_election: true
I20260709 12:12:55.978930 14277 raft_consensus.cc:697] T a5f989fc4b28421fa4f8746b8e2d4674 P 61c1cdfa462d4712a04109f6c8e947ae [term 1 LEADER]: Becoming Leader. State: Replica: 61c1cdfa462d4712a04109f6c8e947ae, State: Running, Role: LEADER
I20260709 12:12:55.979054 14272 raft_consensus.cc:359] T 5cb7d2f329034152928422e09d9695b0 P 61c1cdfa462d4712a04109f6c8e947ae [term 0 FOLLOWER]: Replica starting. Triggering 0 pending ops. Active config: opid_index: -1 OBSOLETE_local: false peers { permanent_uuid: "675657d0485b4e1c8b7dcf9477741438" member_type: VOTER last_known_addr { host: "127.12.137.129" port: 39383 } } peers { permanent_uuid: "8fe4d545645848f699ee204dc1c81323" member_type: VOTER last_known_addr { host: "127.12.137.130" port: 38353 } } peers { permanent_uuid: "61c1cdfa462d4712a04109f6c8e947ae" member_type: VOTER last_known_addr { host: "127.12.137.131" port: 38761 } }
I20260709 12:12:55.979759 14272 raft_consensus.cc:385] T 5cb7d2f329034152928422e09d9695b0 P 61c1cdfa462d4712a04109f6c8e947ae [term 0 FOLLOWER]: Consensus starting up: Expiring failure detector timer to make a prompt election more likely
I20260709 12:12:55.979674 14277 consensus_queue.cc:237] T a5f989fc4b28421fa4f8746b8e2d4674 P 61c1cdfa462d4712a04109f6c8e947ae [LEADER]: Queue going to LEADER mode. State: All replicated index: 0, Majority replicated index: 0, Committed index: 0, Last appended: 0.0, Last appended by leader: 0, Current term: 1, Majority size: 2, State: 0, Mode: LEADER, active raft config: opid_index: -1 OBSOLETE_local: false peers { permanent_uuid: "675657d0485b4e1c8b7dcf9477741438" member_type: VOTER last_known_addr { host: "127.12.137.129" port: 39383 } } peers { permanent_uuid: "8fe4d545645848f699ee204dc1c81323" member_type: VOTER last_known_addr { host: "127.12.137.130" port: 38353 } } peers { permanent_uuid: "61c1cdfa462d4712a04109f6c8e947ae" member_type: VOTER last_known_addr { host: "127.12.137.131" port: 38761 } }
I20260709 12:12:55.980103 14272 raft_consensus.cc:740] T 5cb7d2f329034152928422e09d9695b0 P 61c1cdfa462d4712a04109f6c8e947ae [term 0 FOLLOWER]: Becoming Follower/Learner. State: Replica: 61c1cdfa462d4712a04109f6c8e947ae, State: Initialized, Role: FOLLOWER
I20260709 12:12:55.980981 14272 consensus_queue.cc:260] T 5cb7d2f329034152928422e09d9695b0 P 61c1cdfa462d4712a04109f6c8e947ae [NON_LEADER]: Queue going to NON_LEADER mode. State: All replicated index: 0, Majority replicated index: 0, Committed index: 0, Last appended: 0.0, Last appended by leader: 0, Current term: 0, Majority size: -1, State: 0, Mode: NON_LEADER, active raft config: opid_index: -1 OBSOLETE_local: false peers { permanent_uuid: "675657d0485b4e1c8b7dcf9477741438" member_type: VOTER last_known_addr { host: "127.12.137.129" port: 39383 } } peers { permanent_uuid: "8fe4d545645848f699ee204dc1c81323" member_type: VOTER last_known_addr { host: "127.12.137.130" port: 38353 } } peers { permanent_uuid: "61c1cdfa462d4712a04109f6c8e947ae" member_type: VOTER last_known_addr { host: "127.12.137.131" port: 38761 } }
I20260709 12:12:55.983002 14272 ts_tablet_manager.cc:1434] T 5cb7d2f329034152928422e09d9695b0 P 61c1cdfa462d4712a04109f6c8e947ae: Time spent starting tablet: real 0.007s	user 0.006s	sys 0.000s
W20260709 12:12:55.983214 14123 leader_election.cc:343] T af791bf5dc944db196f13c1b513c418c P 8fe4d545645848f699ee204dc1c81323 [CANDIDATE]: Term 1 pre-election: Tablet error from VoteRequest() call to peer 675657d0485b4e1c8b7dcf9477741438 (127.12.137.129:39383): Illegal state: must be running to vote when last-logged opid is not known
I20260709 12:12:55.983388 14273 tablet_bootstrap.cc:492] T 577208bbb1054bfa8b44497f181c30b3 P 675657d0485b4e1c8b7dcf9477741438: Bootstrap starting.
I20260709 12:12:55.983928 14272 tablet_bootstrap.cc:492] T 4fb3e381f7c54e2b9d6f895991787310 P 61c1cdfa462d4712a04109f6c8e947ae: Bootstrap starting.
I20260709 12:12:55.984429 14231 tablet_service.cc:1917] Received RequestConsensusVote() RPC: tablet_id: "af791bf5dc944db196f13c1b513c418c" candidate_uuid: "8fe4d545645848f699ee204dc1c81323" candidate_term: 1 candidate_status { last_received { term: 0 index: 0 } } ignore_live_leader: false dest_uuid: "61c1cdfa462d4712a04109f6c8e947ae" is_pre_election: true
I20260709 12:12:55.989400 14271 tablet_bootstrap.cc:492] T ec177e3eed34408e93fd9b1a1b21732a P 8fe4d545645848f699ee204dc1c81323: No bootstrap required, opened a new log
W20260709 12:12:55.989907 14123 leader_election.cc:343] T af791bf5dc944db196f13c1b513c418c P 8fe4d545645848f699ee204dc1c81323 [CANDIDATE]: Term 1 pre-election: Tablet error from VoteRequest() call to peer 61c1cdfa462d4712a04109f6c8e947ae (127.12.137.131:38761): Illegal state: must be running to vote when last-logged opid is not known
I20260709 12:12:55.990370 14123 leader_election.cc:304] T af791bf5dc944db196f13c1b513c418c P 8fe4d545645848f699ee204dc1c81323 [CANDIDATE]: Term 1 pre-election: Election decided. Result: candidate lost. Election summary: received 3 responses out of 3 voters: 1 yes votes; 2 no votes. yes voters: 8fe4d545645848f699ee204dc1c81323; no voters: 61c1cdfa462d4712a04109f6c8e947ae, 675657d0485b4e1c8b7dcf9477741438
I20260709 12:12:55.990697 14272 tablet_bootstrap.cc:654] T 4fb3e381f7c54e2b9d6f895991787310 P 61c1cdfa462d4712a04109f6c8e947ae: Neither blocks nor log segments found. Creating new log.
I20260709 12:12:55.991413 14420 raft_consensus.cc:2749] T af791bf5dc944db196f13c1b513c418c P 8fe4d545645848f699ee204dc1c81323 [term 0 FOLLOWER]: Leader pre-election lost for term 1. Reason: could not achieve majority
I20260709 12:12:55.992398 14271 ts_tablet_manager.cc:1403] T ec177e3eed34408e93fd9b1a1b21732a P 8fe4d545645848f699ee204dc1c81323: Time spent bootstrapping tablet: real 0.062s	user 0.023s	sys 0.000s
I20260709 12:12:55.992877 13977 catalog_manager.cc:5697] T a5f989fc4b28421fa4f8746b8e2d4674 P 61c1cdfa462d4712a04109f6c8e947ae reported cstate change: term changed from 0 to 1, leader changed from <none> to 61c1cdfa462d4712a04109f6c8e947ae (127.12.137.131). New cstate: current_term: 1 leader_uuid: "61c1cdfa462d4712a04109f6c8e947ae" committed_config { opid_index: -1 OBSOLETE_local: false peers { permanent_uuid: "675657d0485b4e1c8b7dcf9477741438" member_type: VOTER last_known_addr { host: "127.12.137.129" port: 39383 } health_report { overall_health: UNKNOWN } } peers { permanent_uuid: "8fe4d545645848f699ee204dc1c81323" member_type: VOTER last_known_addr { host: "127.12.137.130" port: 38353 } health_report { overall_health: UNKNOWN } } peers { permanent_uuid: "61c1cdfa462d4712a04109f6c8e947ae" member_type: VOTER last_known_addr { host: "127.12.137.131" port: 38761 } health_report { overall_health: HEALTHY } } }
I20260709 12:12:55.996587 14273 tablet_bootstrap.cc:654] T 577208bbb1054bfa8b44497f181c30b3 P 675657d0485b4e1c8b7dcf9477741438: Neither blocks nor log segments found. Creating new log.
I20260709 12:12:55.996114 14271 raft_consensus.cc:359] T ec177e3eed34408e93fd9b1a1b21732a P 8fe4d545645848f699ee204dc1c81323 [term 0 FOLLOWER]: Replica starting. Triggering 0 pending ops. Active config: opid_index: -1 OBSOLETE_local: false peers { permanent_uuid: "675657d0485b4e1c8b7dcf9477741438" member_type: VOTER last_known_addr { host: "127.12.137.129" port: 39383 } } peers { permanent_uuid: "8fe4d545645848f699ee204dc1c81323" member_type: VOTER last_known_addr { host: "127.12.137.130" port: 38353 } } peers { permanent_uuid: "61c1cdfa462d4712a04109f6c8e947ae" member_type: VOTER last_known_addr { host: "127.12.137.131" port: 38761 } }
I20260709 12:12:55.997074 14271 raft_consensus.cc:385] T ec177e3eed34408e93fd9b1a1b21732a P 8fe4d545645848f699ee204dc1c81323 [term 0 FOLLOWER]: Consensus starting up: Expiring failure detector timer to make a prompt election more likely
I20260709 12:12:55.999927 14231 raft_consensus.cc:3060] T 3d86a027959b44dea848341e2ddcd5a3 P 61c1cdfa462d4712a04109f6c8e947ae [term 0 FOLLOWER]: Advancing to term 1
I20260709 12:12:55.997437 14271 raft_consensus.cc:740] T ec177e3eed34408e93fd9b1a1b21732a P 8fe4d545645848f699ee204dc1c81323 [term 0 FOLLOWER]: Becoming Follower/Learner. State: Replica: 8fe4d545645848f699ee204dc1c81323, State: Initialized, Role: FOLLOWER
I20260709 12:12:56.003928 14271 consensus_queue.cc:260] T ec177e3eed34408e93fd9b1a1b21732a P 8fe4d545645848f699ee204dc1c81323 [NON_LEADER]: Queue going to NON_LEADER mode. State: All replicated index: 0, Majority replicated index: 0, Committed index: 0, Last appended: 0.0, Last appended by leader: 0, Current term: 0, Majority size: -1, State: 0, Mode: NON_LEADER, active raft config: opid_index: -1 OBSOLETE_local: false peers { permanent_uuid: "675657d0485b4e1c8b7dcf9477741438" member_type: VOTER last_known_addr { host: "127.12.137.129" port: 39383 } } peers { permanent_uuid: "8fe4d545645848f699ee204dc1c81323" member_type: VOTER last_known_addr { host: "127.12.137.130" port: 38353 } } peers { permanent_uuid: "61c1cdfa462d4712a04109f6c8e947ae" member_type: VOTER last_known_addr { host: "127.12.137.131" port: 38761 } }
I20260709 12:12:56.006852 14271 ts_tablet_manager.cc:1434] T ec177e3eed34408e93fd9b1a1b21732a P 8fe4d545645848f699ee204dc1c81323: Time spent starting tablet: real 0.014s	user 0.008s	sys 0.000s
I20260709 12:12:56.008376 14271 tablet_bootstrap.cc:492] T 22841ea0aba04c46b4f340dca68a7d7f P 8fe4d545645848f699ee204dc1c81323: Bootstrap starting.
I20260709 12:12:56.012557 14277 raft_consensus.cc:493] T d2a1139bb6bd486fb96fdad4f849db55 P 61c1cdfa462d4712a04109f6c8e947ae [term 0 FOLLOWER]: Starting pre-election (no leader contacted us within the election timeout)
I20260709 12:12:56.013036 14277 raft_consensus.cc:515] T d2a1139bb6bd486fb96fdad4f849db55 P 61c1cdfa462d4712a04109f6c8e947ae [term 0 FOLLOWER]: Starting pre-election with config: opid_index: -1 OBSOLETE_local: false peers { permanent_uuid: "675657d0485b4e1c8b7dcf9477741438" member_type: VOTER last_known_addr { host: "127.12.137.129" port: 39383 } } peers { permanent_uuid: "8fe4d545645848f699ee204dc1c81323" member_type: VOTER last_known_addr { host: "127.12.137.130" port: 38353 } } peers { permanent_uuid: "61c1cdfa462d4712a04109f6c8e947ae" member_type: VOTER last_known_addr { host: "127.12.137.131" port: 38761 } }
I20260709 12:12:56.014959 14277 leader_election.cc:290] T d2a1139bb6bd486fb96fdad4f849db55 P 61c1cdfa462d4712a04109f6c8e947ae [CANDIDATE]: Term 1 pre-election: Requested pre-vote from peers 675657d0485b4e1c8b7dcf9477741438 (127.12.137.129:39383), 8fe4d545645848f699ee204dc1c81323 (127.12.137.130:38353)
I20260709 12:12:56.017313 14155 tablet_service.cc:1917] Received RequestConsensusVote() RPC: tablet_id: "d2a1139bb6bd486fb96fdad4f849db55" candidate_uuid: "61c1cdfa462d4712a04109f6c8e947ae" candidate_term: 1 candidate_status { last_received { term: 0 index: 0 } } ignore_live_leader: false dest_uuid: "8fe4d545645848f699ee204dc1c81323" is_pre_election: true
I20260709 12:12:56.017993 14155 raft_consensus.cc:2468] T d2a1139bb6bd486fb96fdad4f849db55 P 8fe4d545645848f699ee204dc1c81323 [term 0 FOLLOWER]: Leader pre-election vote request: Granting yes vote for candidate 61c1cdfa462d4712a04109f6c8e947ae in term 0.
I20260709 12:12:56.020763 14081 tablet_service.cc:1917] Received RequestConsensusVote() RPC: tablet_id: "d2a1139bb6bd486fb96fdad4f849db55" candidate_uuid: "61c1cdfa462d4712a04109f6c8e947ae" candidate_term: 1 candidate_status { last_received { term: 0 index: 0 } } ignore_live_leader: false dest_uuid: "675657d0485b4e1c8b7dcf9477741438" is_pre_election: true
I20260709 12:12:56.020864 14195 leader_election.cc:304] T d2a1139bb6bd486fb96fdad4f849db55 P 61c1cdfa462d4712a04109f6c8e947ae [CANDIDATE]: Term 1 pre-election: Election decided. Result: candidate won. Election summary: received 2 responses out of 3 voters: 2 yes votes; 0 no votes. yes voters: 61c1cdfa462d4712a04109f6c8e947ae, 8fe4d545645848f699ee204dc1c81323; no voters: 
I20260709 12:12:56.021482 14081 raft_consensus.cc:2468] T d2a1139bb6bd486fb96fdad4f849db55 P 675657d0485b4e1c8b7dcf9477741438 [term 0 FOLLOWER]: Leader pre-election vote request: Granting yes vote for candidate 61c1cdfa462d4712a04109f6c8e947ae in term 0.
I20260709 12:12:56.023705 14277 raft_consensus.cc:2804] T d2a1139bb6bd486fb96fdad4f849db55 P 61c1cdfa462d4712a04109f6c8e947ae [term 0 FOLLOWER]: Leader pre-election won for term 1
I20260709 12:12:56.024099 14277 raft_consensus.cc:493] T d2a1139bb6bd486fb96fdad4f849db55 P 61c1cdfa462d4712a04109f6c8e947ae [term 0 FOLLOWER]: Starting leader election (no leader contacted us within the election timeout)
I20260709 12:12:56.024443 14277 raft_consensus.cc:3060] T d2a1139bb6bd486fb96fdad4f849db55 P 61c1cdfa462d4712a04109f6c8e947ae [term 0 FOLLOWER]: Advancing to term 1
I20260709 12:12:56.024561 14272 tablet_bootstrap.cc:492] T 4fb3e381f7c54e2b9d6f895991787310 P 61c1cdfa462d4712a04109f6c8e947ae: No bootstrap required, opened a new log
I20260709 12:12:56.025144 14272 ts_tablet_manager.cc:1403] T 4fb3e381f7c54e2b9d6f895991787310 P 61c1cdfa462d4712a04109f6c8e947ae: Time spent bootstrapping tablet: real 0.041s	user 0.020s	sys 0.004s
I20260709 12:12:56.027319 14420 raft_consensus.cc:493] T 66e8cd3857b04bf7a353d0a02208efe7 P 8fe4d545645848f699ee204dc1c81323 [term 0 FOLLOWER]: Starting pre-election (no leader contacted us within the election timeout)
I20260709 12:12:56.029271 14420 raft_consensus.cc:515] T 66e8cd3857b04bf7a353d0a02208efe7 P 8fe4d545645848f699ee204dc1c81323 [term 0 FOLLOWER]: Starting pre-election with config: opid_index: -1 OBSOLETE_local: false peers { permanent_uuid: "675657d0485b4e1c8b7dcf9477741438" member_type: VOTER last_known_addr { host: "127.12.137.129" port: 39383 } } peers { permanent_uuid: "8fe4d545645848f699ee204dc1c81323" member_type: VOTER last_known_addr { host: "127.12.137.130" port: 38353 } } peers { permanent_uuid: "61c1cdfa462d4712a04109f6c8e947ae" member_type: VOTER last_known_addr { host: "127.12.137.131" port: 38761 } }
I20260709 12:12:56.031306 14420 leader_election.cc:290] T 66e8cd3857b04bf7a353d0a02208efe7 P 8fe4d545645848f699ee204dc1c81323 [CANDIDATE]: Term 1 pre-election: Requested pre-vote from peers 675657d0485b4e1c8b7dcf9477741438 (127.12.137.129:39383), 61c1cdfa462d4712a04109f6c8e947ae (127.12.137.131:38761)
I20260709 12:12:56.031958 14081 tablet_service.cc:1917] Received RequestConsensusVote() RPC: tablet_id: "66e8cd3857b04bf7a353d0a02208efe7" candidate_uuid: "8fe4d545645848f699ee204dc1c81323" candidate_term: 1 candidate_status { last_received { term: 0 index: 0 } } ignore_live_leader: false dest_uuid: "675657d0485b4e1c8b7dcf9477741438" is_pre_election: true
I20260709 12:12:56.032298 14272 raft_consensus.cc:359] T 4fb3e381f7c54e2b9d6f895991787310 P 61c1cdfa462d4712a04109f6c8e947ae [term 0 FOLLOWER]: Replica starting. Triggering 0 pending ops. Active config: opid_index: -1 OBSOLETE_local: false peers { permanent_uuid: "675657d0485b4e1c8b7dcf9477741438" member_type: VOTER last_known_addr { host: "127.12.137.129" port: 39383 } } peers { permanent_uuid: "8fe4d545645848f699ee204dc1c81323" member_type: VOTER last_known_addr { host: "127.12.137.130" port: 38353 } } peers { permanent_uuid: "61c1cdfa462d4712a04109f6c8e947ae" member_type: VOTER last_known_addr { host: "127.12.137.131" port: 38761 } }
I20260709 12:12:56.032883 14272 raft_consensus.cc:385] T 4fb3e381f7c54e2b9d6f895991787310 P 61c1cdfa462d4712a04109f6c8e947ae [term 0 FOLLOWER]: Consensus starting up: Expiring failure detector timer to make a prompt election more likely
I20260709 12:12:56.033152 14272 raft_consensus.cc:740] T 4fb3e381f7c54e2b9d6f895991787310 P 61c1cdfa462d4712a04109f6c8e947ae [term 0 FOLLOWER]: Becoming Follower/Learner. State: Replica: 61c1cdfa462d4712a04109f6c8e947ae, State: Initialized, Role: FOLLOWER
W20260709 12:12:56.033279 14123 leader_election.cc:343] T 66e8cd3857b04bf7a353d0a02208efe7 P 8fe4d545645848f699ee204dc1c81323 [CANDIDATE]: Term 1 pre-election: Tablet error from VoteRequest() call to peer 675657d0485b4e1c8b7dcf9477741438 (127.12.137.129:39383): Illegal state: must be running to vote when last-logged opid is not known
I20260709 12:12:56.033720 14272 consensus_queue.cc:260] T 4fb3e381f7c54e2b9d6f895991787310 P 61c1cdfa462d4712a04109f6c8e947ae [NON_LEADER]: Queue going to NON_LEADER mode. State: All replicated index: 0, Majority replicated index: 0, Committed index: 0, Last appended: 0.0, Last appended by leader: 0, Current term: 0, Majority size: -1, State: 0, Mode: NON_LEADER, active raft config: opid_index: -1 OBSOLETE_local: false peers { permanent_uuid: "675657d0485b4e1c8b7dcf9477741438" member_type: VOTER last_known_addr { host: "127.12.137.129" port: 39383 } } peers { permanent_uuid: "8fe4d545645848f699ee204dc1c81323" member_type: VOTER last_known_addr { host: "127.12.137.130" port: 38353 } } peers { permanent_uuid: "61c1cdfa462d4712a04109f6c8e947ae" member_type: VOTER last_known_addr { host: "127.12.137.131" port: 38761 } }
I20260709 12:12:56.034505 14228 tablet_service.cc:1917] Received RequestConsensusVote() RPC: tablet_id: "66e8cd3857b04bf7a353d0a02208efe7" candidate_uuid: "8fe4d545645848f699ee204dc1c81323" candidate_term: 1 candidate_status { last_received { term: 0 index: 0 } } ignore_live_leader: false dest_uuid: "61c1cdfa462d4712a04109f6c8e947ae" is_pre_election: true
I20260709 12:12:56.035547 14272 ts_tablet_manager.cc:1434] T 4fb3e381f7c54e2b9d6f895991787310 P 61c1cdfa462d4712a04109f6c8e947ae: Time spent starting tablet: real 0.010s	user 0.005s	sys 0.000s
W20260709 12:12:56.035808 14123 leader_election.cc:343] T 66e8cd3857b04bf7a353d0a02208efe7 P 8fe4d545645848f699ee204dc1c81323 [CANDIDATE]: Term 1 pre-election: Tablet error from VoteRequest() call to peer 61c1cdfa462d4712a04109f6c8e947ae (127.12.137.131:38761): Illegal state: must be running to vote when last-logged opid is not known
I20260709 12:12:56.036363 14273 tablet_bootstrap.cc:492] T 577208bbb1054bfa8b44497f181c30b3 P 675657d0485b4e1c8b7dcf9477741438: No bootstrap required, opened a new log
I20260709 12:12:56.036196 14123 leader_election.cc:304] T 66e8cd3857b04bf7a353d0a02208efe7 P 8fe4d545645848f699ee204dc1c81323 [CANDIDATE]: Term 1 pre-election: Election decided. Result: candidate lost. Election summary: received 3 responses out of 3 voters: 1 yes votes; 2 no votes. yes voters: 8fe4d545645848f699ee204dc1c81323; no voters: 61c1cdfa462d4712a04109f6c8e947ae, 675657d0485b4e1c8b7dcf9477741438
I20260709 12:12:56.038513 14273 ts_tablet_manager.cc:1403] T 577208bbb1054bfa8b44497f181c30b3 P 675657d0485b4e1c8b7dcf9477741438: Time spent bootstrapping tablet: real 0.055s	user 0.006s	sys 0.016s
I20260709 12:12:56.036675 14272 tablet_bootstrap.cc:492] T f16b00aa79ee48a9ad8ce30f08b72f8a P 61c1cdfa462d4712a04109f6c8e947ae: Bootstrap starting.
I20260709 12:12:56.038045 14271 tablet_bootstrap.cc:654] T 22841ea0aba04c46b4f340dca68a7d7f P 8fe4d545645848f699ee204dc1c81323: Neither blocks nor log segments found. Creating new log.
