I20260709 12:12:20.000211  3477 raft_consensus.cc:385] T a9240275124040ff89bc7ec638ccb021 P 338783ce817e4fb0af033f7f763ae844 [term 0 FOLLOWER]: Consensus starting up: Expiring failure detector timer to make a prompt election more likely
I20260709 12:12:20.000514  3477 raft_consensus.cc:740] T a9240275124040ff89bc7ec638ccb021 P 338783ce817e4fb0af033f7f763ae844 [term 0 FOLLOWER]: Becoming Follower/Learner. State: Replica: 338783ce817e4fb0af033f7f763ae844, State: Initialized, Role: FOLLOWER
I20260709 12:12:20.000890  3485 raft_consensus.cc:515] T d74df42e01774bc3beb749818dae0ce8 P 711e7decefe4426bb6bd621776d46cab [term 1 FOLLOWER]: Starting leader election with config: opid_index: -1 OBSOLETE_local: false peers { permanent_uuid: "4eeeb3539c6a4dc0970ea998997b99c2" member_type: VOTER last_known_addr { host: "127.2.143.129" port: 35149 } } peers { permanent_uuid: "711e7decefe4426bb6bd621776d46cab" member_type: VOTER last_known_addr { host: "127.2.143.130" port: 37249 } } peers { permanent_uuid: "338783ce817e4fb0af033f7f763ae844" member_type: VOTER last_known_addr { host: "127.2.143.131" port: 41351 } }
I20260709 12:12:20.001243  3477 consensus_queue.cc:260] T a9240275124040ff89bc7ec638ccb021 P 338783ce817e4fb0af033f7f763ae844 [NON_LEADER]: Queue going to NON_LEADER mode. State: All replicated index: 0, Majority replicated index: 0, Committed index: 0, Last appended: 0.0, Last appended by leader: 0, Current term: 0, Majority size: -1, State: 0, Mode: NON_LEADER, active raft config: opid_index: -1 OBSOLETE_local: false peers { permanent_uuid: "4eeeb3539c6a4dc0970ea998997b99c2" member_type: VOTER last_known_addr { host: "127.2.143.129" port: 35149 } } peers { permanent_uuid: "338783ce817e4fb0af033f7f763ae844" member_type: VOTER last_known_addr { host: "127.2.143.131" port: 41351 } } peers { permanent_uuid: "711e7decefe4426bb6bd621776d46cab" member_type: VOTER last_known_addr { host: "127.2.143.130" port: 37249 } }
I20260709 12:12:20.003371  3477 ts_tablet_manager.cc:1434] T a9240275124040ff89bc7ec638ccb021 P 338783ce817e4fb0af033f7f763ae844: Time spent starting tablet: real 0.006s	user 0.006s	sys 0.000s
I20260709 12:12:20.003822  3436 tablet_service.cc:1917] Received RequestConsensusVote() RPC: tablet_id: "d74df42e01774bc3beb749818dae0ce8" candidate_uuid: "711e7decefe4426bb6bd621776d46cab" candidate_term: 1 candidate_status { last_received { term: 0 index: 0 } } ignore_live_leader: false dest_uuid: "338783ce817e4fb0af033f7f763ae844"
I20260709 12:12:20.004395  3477 tablet_bootstrap.cc:492] T d74df42e01774bc3beb749818dae0ce8 P 338783ce817e4fb0af033f7f763ae844: Bootstrap starting.
I20260709 12:12:20.004882  3287 tablet_service.cc:1917] Received RequestConsensusVote() RPC: tablet_id: "d74df42e01774bc3beb749818dae0ce8" candidate_uuid: "711e7decefe4426bb6bd621776d46cab" candidate_term: 1 candidate_status { last_received { term: 0 index: 0 } } ignore_live_leader: false dest_uuid: "4eeeb3539c6a4dc0970ea998997b99c2"
I20260709 12:12:20.005437  3287 raft_consensus.cc:3060] T d74df42e01774bc3beb749818dae0ce8 P 4eeeb3539c6a4dc0970ea998997b99c2 [term 0 FOLLOWER]: Advancing to term 1
W20260709 12:12:20.005921  3327 leader_election.cc:343] T d74df42e01774bc3beb749818dae0ce8 P 711e7decefe4426bb6bd621776d46cab [CANDIDATE]: Term 1 election: Tablet error from VoteRequest() call to peer 338783ce817e4fb0af033f7f763ae844 (127.2.143.131:41351): Illegal state: must be running to vote when last-logged opid is not known
I20260709 12:12:20.010120  3485 leader_election.cc:290] T d74df42e01774bc3beb749818dae0ce8 P 711e7decefe4426bb6bd621776d46cab [CANDIDATE]: Term 1 election: Requested vote from peers 4eeeb3539c6a4dc0970ea998997b99c2 (127.2.143.129:35149), 338783ce817e4fb0af033f7f763ae844 (127.2.143.131:41351)
I20260709 12:12:20.012598  3476 tablet_bootstrap.cc:492] T 3226e2dfd4cb4ae59258e9e225d3a4cb P 4eeeb3539c6a4dc0970ea998997b99c2: No bootstrap required, opened a new log
I20260709 12:12:20.013096  3476 ts_tablet_manager.cc:1403] T 3226e2dfd4cb4ae59258e9e225d3a4cb P 4eeeb3539c6a4dc0970ea998997b99c2: Time spent bootstrapping tablet: real 0.071s	user 0.009s	sys 0.004s
I20260709 12:12:20.013828  3477 tablet_bootstrap.cc:654] T d74df42e01774bc3beb749818dae0ce8 P 338783ce817e4fb0af033f7f763ae844: Neither blocks nor log segments found. Creating new log.
I20260709 12:12:20.015959  3476 raft_consensus.cc:359] T 3226e2dfd4cb4ae59258e9e225d3a4cb P 4eeeb3539c6a4dc0970ea998997b99c2 [term 0 FOLLOWER]: Replica starting. Triggering 0 pending ops. Active config: opid_index: -1 OBSOLETE_local: false peers { permanent_uuid: "4eeeb3539c6a4dc0970ea998997b99c2" member_type: VOTER last_known_addr { host: "127.2.143.129" port: 35149 } } peers { permanent_uuid: "711e7decefe4426bb6bd621776d46cab" member_type: VOTER last_known_addr { host: "127.2.143.130" port: 37249 } } peers { permanent_uuid: "338783ce817e4fb0af033f7f763ae844" member_type: VOTER last_known_addr { host: "127.2.143.131" port: 41351 } }
I20260709 12:12:20.016470  3287 raft_consensus.cc:2468] T d74df42e01774bc3beb749818dae0ce8 P 4eeeb3539c6a4dc0970ea998997b99c2 [term 1 FOLLOWER]: Leader election vote request: Granting yes vote for candidate 711e7decefe4426bb6bd621776d46cab in term 1.
I20260709 12:12:20.017562  3478 tablet_bootstrap.cc:492] T a9240275124040ff89bc7ec638ccb021 P 711e7decefe4426bb6bd621776d46cab: No bootstrap required, opened a new log
I20260709 12:12:20.017831  3325 leader_election.cc:304] T d74df42e01774bc3beb749818dae0ce8 P 711e7decefe4426bb6bd621776d46cab [CANDIDATE]: Term 1 election: Election decided. Result: candidate won. Election summary: received 3 responses out of 3 voters: 2 yes votes; 1 no votes. yes voters: 4eeeb3539c6a4dc0970ea998997b99c2, 711e7decefe4426bb6bd621776d46cab; no voters: 338783ce817e4fb0af033f7f763ae844
I20260709 12:12:20.016695  3476 raft_consensus.cc:385] T 3226e2dfd4cb4ae59258e9e225d3a4cb P 4eeeb3539c6a4dc0970ea998997b99c2 [term 0 FOLLOWER]: Consensus starting up: Expiring failure detector timer to make a prompt election more likely
I20260709 12:12:20.018509  3476 raft_consensus.cc:740] T 3226e2dfd4cb4ae59258e9e225d3a4cb P 4eeeb3539c6a4dc0970ea998997b99c2 [term 0 FOLLOWER]: Becoming Follower/Learner. State: Replica: 4eeeb3539c6a4dc0970ea998997b99c2, State: Initialized, Role: FOLLOWER
I20260709 12:12:20.018142  3478 ts_tablet_manager.cc:1403] T a9240275124040ff89bc7ec638ccb021 P 711e7decefe4426bb6bd621776d46cab: Time spent bootstrapping tablet: real 0.031s	user 0.013s	sys 0.005s
I20260709 12:12:20.018767  3477 tablet_bootstrap.cc:492] T d74df42e01774bc3beb749818dae0ce8 P 338783ce817e4fb0af033f7f763ae844: No bootstrap required, opened a new log
I20260709 12:12:20.018679  3485 raft_consensus.cc:2804] T d74df42e01774bc3beb749818dae0ce8 P 711e7decefe4426bb6bd621776d46cab [term 1 FOLLOWER]: Leader election won for term 1
I20260709 12:12:20.019296  3477 ts_tablet_manager.cc:1403] T d74df42e01774bc3beb749818dae0ce8 P 338783ce817e4fb0af033f7f763ae844: Time spent bootstrapping tablet: real 0.015s	user 0.011s	sys 0.000s
I20260709 12:12:20.019415  3476 consensus_queue.cc:260] T 3226e2dfd4cb4ae59258e9e225d3a4cb P 4eeeb3539c6a4dc0970ea998997b99c2 [NON_LEADER]: Queue going to NON_LEADER mode. State: All replicated index: 0, Majority replicated index: 0, Committed index: 0, Last appended: 0.0, Last appended by leader: 0, Current term: 0, Majority size: -1, State: 0, Mode: NON_LEADER, active raft config: opid_index: -1 OBSOLETE_local: false peers { permanent_uuid: "4eeeb3539c6a4dc0970ea998997b99c2" member_type: VOTER last_known_addr { host: "127.2.143.129" port: 35149 } } peers { permanent_uuid: "711e7decefe4426bb6bd621776d46cab" member_type: VOTER last_known_addr { host: "127.2.143.130" port: 37249 } } peers { permanent_uuid: "338783ce817e4fb0af033f7f763ae844" member_type: VOTER last_known_addr { host: "127.2.143.131" port: 41351 } }
I20260709 12:12:20.019296  3485 raft_consensus.cc:697] T d74df42e01774bc3beb749818dae0ce8 P 711e7decefe4426bb6bd621776d46cab [term 1 LEADER]: Becoming Leader. State: Replica: 711e7decefe4426bb6bd621776d46cab, State: Running, Role: LEADER
I20260709 12:12:20.020864  3485 consensus_queue.cc:237] T d74df42e01774bc3beb749818dae0ce8 P 711e7decefe4426bb6bd621776d46cab [LEADER]: Queue going to LEADER mode. State: All replicated index: 0, Majority replicated index: 0, Committed index: 0, Last appended: 0.0, Last appended by leader: 0, Current term: 1, Majority size: 2, State: 0, Mode: LEADER, active raft config: opid_index: -1 OBSOLETE_local: false peers { permanent_uuid: "4eeeb3539c6a4dc0970ea998997b99c2" member_type: VOTER last_known_addr { host: "127.2.143.129" port: 35149 } } peers { permanent_uuid: "711e7decefe4426bb6bd621776d46cab" member_type: VOTER last_known_addr { host: "127.2.143.130" port: 37249 } } peers { permanent_uuid: "338783ce817e4fb0af033f7f763ae844" member_type: VOTER last_known_addr { host: "127.2.143.131" port: 41351 } }
I20260709 12:12:20.021528  3478 raft_consensus.cc:359] T a9240275124040ff89bc7ec638ccb021 P 711e7decefe4426bb6bd621776d46cab [term 0 FOLLOWER]: Replica starting. Triggering 0 pending ops. Active config: opid_index: -1 OBSOLETE_local: false peers { permanent_uuid: "4eeeb3539c6a4dc0970ea998997b99c2" member_type: VOTER last_known_addr { host: "127.2.143.129" port: 35149 } } peers { permanent_uuid: "338783ce817e4fb0af033f7f763ae844" member_type: VOTER last_known_addr { host: "127.2.143.131" port: 41351 } } peers { permanent_uuid: "711e7decefe4426bb6bd621776d46cab" member_type: VOTER last_known_addr { host: "127.2.143.130" port: 37249 } }
I20260709 12:12:20.022245  3478 raft_consensus.cc:385] T a9240275124040ff89bc7ec638ccb021 P 711e7decefe4426bb6bd621776d46cab [term 0 FOLLOWER]: Consensus starting up: Expiring failure detector timer to make a prompt election more likely
I20260709 12:12:20.022171  3477 raft_consensus.cc:359] T d74df42e01774bc3beb749818dae0ce8 P 338783ce817e4fb0af033f7f763ae844 [term 0 FOLLOWER]: Replica starting. Triggering 0 pending ops. Active config: opid_index: -1 OBSOLETE_local: false peers { permanent_uuid: "4eeeb3539c6a4dc0970ea998997b99c2" member_type: VOTER last_known_addr { host: "127.2.143.129" port: 35149 } } peers { permanent_uuid: "711e7decefe4426bb6bd621776d46cab" member_type: VOTER last_known_addr { host: "127.2.143.130" port: 37249 } } peers { permanent_uuid: "338783ce817e4fb0af033f7f763ae844" member_type: VOTER last_known_addr { host: "127.2.143.131" port: 41351 } }
I20260709 12:12:20.022627  3478 raft_consensus.cc:740] T a9240275124040ff89bc7ec638ccb021 P 711e7decefe4426bb6bd621776d46cab [term 0 FOLLOWER]: Becoming Follower/Learner. State: Replica: 711e7decefe4426bb6bd621776d46cab, State: Initialized, Role: FOLLOWER
I20260709 12:12:20.022921  3477 raft_consensus.cc:385] T d74df42e01774bc3beb749818dae0ce8 P 338783ce817e4fb0af033f7f763ae844 [term 0 FOLLOWER]: Consensus starting up: Expiring failure detector timer to make a prompt election more likely
I20260709 12:12:20.023242  3477 raft_consensus.cc:740] T d74df42e01774bc3beb749818dae0ce8 P 338783ce817e4fb0af033f7f763ae844 [term 0 FOLLOWER]: Becoming Follower/Learner. State: Replica: 338783ce817e4fb0af033f7f763ae844, State: Initialized, Role: FOLLOWER
I20260709 12:12:20.023370  3478 consensus_queue.cc:260] T a9240275124040ff89bc7ec638ccb021 P 711e7decefe4426bb6bd621776d46cab [NON_LEADER]: Queue going to NON_LEADER mode. State: All replicated index: 0, Majority replicated index: 0, Committed index: 0, Last appended: 0.0, Last appended by leader: 0, Current term: 0, Majority size: -1, State: 0, Mode: NON_LEADER, active raft config: opid_index: -1 OBSOLETE_local: false peers { permanent_uuid: "4eeeb3539c6a4dc0970ea998997b99c2" member_type: VOTER last_known_addr { host: "127.2.143.129" port: 35149 } } peers { permanent_uuid: "338783ce817e4fb0af033f7f763ae844" member_type: VOTER last_known_addr { host: "127.2.143.131" port: 41351 } } peers { permanent_uuid: "711e7decefe4426bb6bd621776d46cab" member_type: VOTER last_known_addr { host: "127.2.143.130" port: 37249 } }
I20260709 12:12:20.023975  3477 consensus_queue.cc:260] T d74df42e01774bc3beb749818dae0ce8 P 338783ce817e4fb0af033f7f763ae844 [NON_LEADER]: Queue going to NON_LEADER mode. State: All replicated index: 0, Majority replicated index: 0, Committed index: 0, Last appended: 0.0, Last appended by leader: 0, Current term: 0, Majority size: -1, State: 0, Mode: NON_LEADER, active raft config: opid_index: -1 OBSOLETE_local: false peers { permanent_uuid: "4eeeb3539c6a4dc0970ea998997b99c2" member_type: VOTER last_known_addr { host: "127.2.143.129" port: 35149 } } peers { permanent_uuid: "711e7decefe4426bb6bd621776d46cab" member_type: VOTER last_known_addr { host: "127.2.143.130" port: 37249 } } peers { permanent_uuid: "338783ce817e4fb0af033f7f763ae844" member_type: VOTER last_known_addr { host: "127.2.143.131" port: 41351 } }
I20260709 12:12:20.025581  3478 ts_tablet_manager.cc:1434] T a9240275124040ff89bc7ec638ccb021 P 711e7decefe4426bb6bd621776d46cab: Time spent starting tablet: real 0.007s	user 0.005s	sys 0.000s
I20260709 12:12:20.026147  3477 ts_tablet_manager.cc:1434] T d74df42e01774bc3beb749818dae0ce8 P 338783ce817e4fb0af033f7f763ae844: Time spent starting tablet: real 0.006s	user 0.006s	sys 0.000s
I20260709 12:12:20.026559  3478 tablet_bootstrap.cc:492] T 3226e2dfd4cb4ae59258e9e225d3a4cb P 711e7decefe4426bb6bd621776d46cab: Bootstrap starting.
I20260709 12:12:20.027096  3477 tablet_bootstrap.cc:492] T a7854ba6d553451186c8f4c73ed9b552 P 338783ce817e4fb0af033f7f763ae844: Bootstrap starting.
I20260709 12:12:20.028384  3476 ts_tablet_manager.cc:1434] T 3226e2dfd4cb4ae59258e9e225d3a4cb P 4eeeb3539c6a4dc0970ea998997b99c2: Time spent starting tablet: real 0.015s	user 0.002s	sys 0.005s
I20260709 12:12:20.031457  3476 tablet_bootstrap.cc:492] T a7854ba6d553451186c8f4c73ed9b552 P 4eeeb3539c6a4dc0970ea998997b99c2: Bootstrap starting.
I20260709 12:12:20.033183  3478 tablet_bootstrap.cc:654] T 3226e2dfd4cb4ae59258e9e225d3a4cb P 711e7decefe4426bb6bd621776d46cab: Neither blocks nor log segments found. Creating new log.
I20260709 12:12:20.033577  3477 tablet_bootstrap.cc:654] T a7854ba6d553451186c8f4c73ed9b552 P 338783ce817e4fb0af033f7f763ae844: Neither blocks nor log segments found. Creating new log.
I20260709 12:12:20.038192  3476 tablet_bootstrap.cc:654] T a7854ba6d553451186c8f4c73ed9b552 P 4eeeb3539c6a4dc0970ea998997b99c2: Neither blocks nor log segments found. Creating new log.
I20260709 12:12:20.046841  3476 tablet_bootstrap.cc:492] T a7854ba6d553451186c8f4c73ed9b552 P 4eeeb3539c6a4dc0970ea998997b99c2: No bootstrap required, opened a new log
I20260709 12:12:20.047362  3476 ts_tablet_manager.cc:1403] T a7854ba6d553451186c8f4c73ed9b552 P 4eeeb3539c6a4dc0970ea998997b99c2: Time spent bootstrapping tablet: real 0.016s	user 0.010s	sys 0.001s
I20260709 12:12:20.047075  3182 catalog_manager.cc:5697] T d74df42e01774bc3beb749818dae0ce8 P 711e7decefe4426bb6bd621776d46cab reported cstate change: term changed from 0 to 1, leader changed from <none> to 711e7decefe4426bb6bd621776d46cab (127.2.143.130). New cstate: current_term: 1 leader_uuid: "711e7decefe4426bb6bd621776d46cab" committed_config { opid_index: -1 OBSOLETE_local: false peers { permanent_uuid: "4eeeb3539c6a4dc0970ea998997b99c2" member_type: VOTER last_known_addr { host: "127.2.143.129" port: 35149 } health_report { overall_health: UNKNOWN } } peers { permanent_uuid: "711e7decefe4426bb6bd621776d46cab" member_type: VOTER last_known_addr { host: "127.2.143.130" port: 37249 } health_report { overall_health: HEALTHY } } peers { permanent_uuid: "338783ce817e4fb0af033f7f763ae844" member_type: VOTER last_known_addr { host: "127.2.143.131" port: 41351 } health_report { overall_health: UNKNOWN } } }
I20260709 12:12:20.050904  3476 raft_consensus.cc:359] T a7854ba6d553451186c8f4c73ed9b552 P 4eeeb3539c6a4dc0970ea998997b99c2 [term 0 FOLLOWER]: Replica starting. Triggering 0 pending ops. Active config: opid_index: -1 OBSOLETE_local: false peers { permanent_uuid: "4eeeb3539c6a4dc0970ea998997b99c2" member_type: VOTER last_known_addr { host: "127.2.143.129" port: 35149 } } peers { permanent_uuid: "711e7decefe4426bb6bd621776d46cab" member_type: VOTER last_known_addr { host: "127.2.143.130" port: 37249 } } peers { permanent_uuid: "338783ce817e4fb0af033f7f763ae844" member_type: VOTER last_known_addr { host: "127.2.143.131" port: 41351 } }
I20260709 12:12:20.051666  3476 raft_consensus.cc:385] T a7854ba6d553451186c8f4c73ed9b552 P 4eeeb3539c6a4dc0970ea998997b99c2 [term 0 FOLLOWER]: Consensus starting up: Expiring failure detector timer to make a prompt election more likely
I20260709 12:12:20.051954  3476 raft_consensus.cc:740] T a7854ba6d553451186c8f4c73ed9b552 P 4eeeb3539c6a4dc0970ea998997b99c2 [term 0 FOLLOWER]: Becoming Follower/Learner. State: Replica: 4eeeb3539c6a4dc0970ea998997b99c2, State: Initialized, Role: FOLLOWER
I20260709 12:12:20.052739  3486 raft_consensus.cc:493] T d74df42e01774bc3beb749818dae0ce8 P 338783ce817e4fb0af033f7f763ae844 [term 0 FOLLOWER]: Starting pre-election (no leader contacted us within the election timeout)
I20260709 12:12:20.053236  3486 raft_consensus.cc:515] T d74df42e01774bc3beb749818dae0ce8 P 338783ce817e4fb0af033f7f763ae844 [term 0 FOLLOWER]: Starting pre-election with config: opid_index: -1 OBSOLETE_local: false peers { permanent_uuid: "4eeeb3539c6a4dc0970ea998997b99c2" member_type: VOTER last_known_addr { host: "127.2.143.129" port: 35149 } } peers { permanent_uuid: "711e7decefe4426bb6bd621776d46cab" member_type: VOTER last_known_addr { host: "127.2.143.130" port: 37249 } } peers { permanent_uuid: "338783ce817e4fb0af033f7f763ae844" member_type: VOTER last_known_addr { host: "127.2.143.131" port: 41351 } }
I20260709 12:12:20.061097  3485 raft_consensus.cc:493] T a9240275124040ff89bc7ec638ccb021 P 711e7decefe4426bb6bd621776d46cab [term 0 FOLLOWER]: Starting pre-election (no leader contacted us within the election timeout)
I20260709 12:12:20.062495  3485 raft_consensus.cc:515] T a9240275124040ff89bc7ec638ccb021 P 711e7decefe4426bb6bd621776d46cab [term 0 FOLLOWER]: Starting pre-election with config: opid_index: -1 OBSOLETE_local: false peers { permanent_uuid: "4eeeb3539c6a4dc0970ea998997b99c2" member_type: VOTER last_known_addr { host: "127.2.143.129" port: 35149 } } peers { permanent_uuid: "338783ce817e4fb0af033f7f763ae844" member_type: VOTER last_known_addr { host: "127.2.143.131" port: 41351 } } peers { permanent_uuid: "711e7decefe4426bb6bd621776d46cab" member_type: VOTER last_known_addr { host: "127.2.143.130" port: 37249 } }
I20260709 12:12:20.062986  3486 leader_election.cc:290] T d74df42e01774bc3beb749818dae0ce8 P 338783ce817e4fb0af033f7f763ae844 [CANDIDATE]: Term 1 pre-election: Requested pre-vote from peers 4eeeb3539c6a4dc0970ea998997b99c2 (127.2.143.129:35149), 711e7decefe4426bb6bd621776d46cab (127.2.143.130:37249)
I20260709 12:12:20.068653  3287 tablet_service.cc:1917] Received RequestConsensusVote() RPC: tablet_id: "d74df42e01774bc3beb749818dae0ce8" candidate_uuid: "338783ce817e4fb0af033f7f763ae844" candidate_term: 1 candidate_status { last_received { term: 0 index: 0 } } ignore_live_leader: false dest_uuid: "4eeeb3539c6a4dc0970ea998997b99c2" is_pre_election: true
I20260709 12:12:20.069464  3287 raft_consensus.cc:2393] T d74df42e01774bc3beb749818dae0ce8 P 4eeeb3539c6a4dc0970ea998997b99c2 [term 1 FOLLOWER]: Leader pre-election vote request: Denying vote to candidate 338783ce817e4fb0af033f7f763ae844 in current term 1: Already voted for candidate 711e7decefe4426bb6bd621776d46cab in this term.
I20260709 12:12:20.073005  3485 leader_election.cc:290] T a9240275124040ff89bc7ec638ccb021 P 711e7decefe4426bb6bd621776d46cab [CANDIDATE]: Term 1 pre-election: Requested pre-vote from peers 4eeeb3539c6a4dc0970ea998997b99c2 (127.2.143.129:35149), 338783ce817e4fb0af033f7f763ae844 (127.2.143.131:41351)
I20260709 12:12:20.072597  3287 tablet_service.cc:1917] Received RequestConsensusVote() RPC: tablet_id: "a9240275124040ff89bc7ec638ccb021" candidate_uuid: "711e7decefe4426bb6bd621776d46cab" candidate_term: 1 candidate_status { last_received { term: 0 index: 0 } } ignore_live_leader: false dest_uuid: "4eeeb3539c6a4dc0970ea998997b99c2" is_pre_election: true
I20260709 12:12:20.074219  3436 tablet_service.cc:1917] Received RequestConsensusVote() RPC: tablet_id: "a9240275124040ff89bc7ec638ccb021" candidate_uuid: "711e7decefe4426bb6bd621776d46cab" candidate_term: 1 candidate_status { last_received { term: 0 index: 0 } } ignore_live_leader: false dest_uuid: "338783ce817e4fb0af033f7f763ae844" is_pre_election: true
I20260709 12:12:20.074860  3436 raft_consensus.cc:2468] T a9240275124040ff89bc7ec638ccb021 P 338783ce817e4fb0af033f7f763ae844 [term 0 FOLLOWER]: Leader pre-election vote request: Granting yes vote for candidate 711e7decefe4426bb6bd621776d46cab in term 0.
I20260709 12:12:20.074215  3287 raft_consensus.cc:2468] T a9240275124040ff89bc7ec638ccb021 P 4eeeb3539c6a4dc0970ea998997b99c2 [term 0 FOLLOWER]: Leader pre-election vote request: Granting yes vote for candidate 711e7decefe4426bb6bd621776d46cab in term 0.
I20260709 12:12:20.076128  3327 leader_election.cc:304] T a9240275124040ff89bc7ec638ccb021 P 711e7decefe4426bb6bd621776d46cab [CANDIDATE]: Term 1 pre-election: Election decided. Result: candidate won. Election summary: received 2 responses out of 3 voters: 2 yes votes; 0 no votes. yes voters: 338783ce817e4fb0af033f7f763ae844, 711e7decefe4426bb6bd621776d46cab; no voters: 
I20260709 12:12:20.076992  3477 tablet_bootstrap.cc:492] T a7854ba6d553451186c8f4c73ed9b552 P 338783ce817e4fb0af033f7f763ae844: No bootstrap required, opened a new log
I20260709 12:12:20.077158  3485 raft_consensus.cc:2804] T a9240275124040ff89bc7ec638ccb021 P 711e7decefe4426bb6bd621776d46cab [term 0 FOLLOWER]: Leader pre-election won for term 1
I20260709 12:12:20.077474  3477 ts_tablet_manager.cc:1403] T a7854ba6d553451186c8f4c73ed9b552 P 338783ce817e4fb0af033f7f763ae844: Time spent bootstrapping tablet: real 0.051s	user 0.032s	sys 0.015s
I20260709 12:12:20.077615  3485 raft_consensus.cc:493] T a9240275124040ff89bc7ec638ccb021 P 711e7decefe4426bb6bd621776d46cab [term 0 FOLLOWER]: Starting leader election (no leader contacted us within the election timeout)
I20260709 12:12:20.078106  3485 raft_consensus.cc:3060] T a9240275124040ff89bc7ec638ccb021 P 711e7decefe4426bb6bd621776d46cab [term 0 FOLLOWER]: Advancing to term 1
I20260709 12:12:20.077791  3476 consensus_queue.cc:260] T a7854ba6d553451186c8f4c73ed9b552 P 4eeeb3539c6a4dc0970ea998997b99c2 [NON_LEADER]: Queue going to NON_LEADER mode. State: All replicated index: 0, Majority replicated index: 0, Committed index: 0, Last appended: 0.0, Last appended by leader: 0, Current term: 0, Majority size: -1, State: 0, Mode: NON_LEADER, active raft config: opid_index: -1 OBSOLETE_local: false peers { permanent_uuid: "4eeeb3539c6a4dc0970ea998997b99c2" member_type: VOTER last_known_addr { host: "127.2.143.129" port: 35149 } } peers { permanent_uuid: "711e7decefe4426bb6bd621776d46cab" member_type: VOTER last_known_addr { host: "127.2.143.130" port: 37249 } } peers { permanent_uuid: "338783ce817e4fb0af033f7f763ae844" member_type: VOTER last_known_addr { host: "127.2.143.131" port: 41351 } }
I20260709 12:12:20.080245  3476 ts_tablet_manager.cc:1434] T a7854ba6d553451186c8f4c73ed9b552 P 4eeeb3539c6a4dc0970ea998997b99c2: Time spent starting tablet: real 0.033s	user 0.003s	sys 0.003s
I20260709 12:12:20.081223  3476 tablet_bootstrap.cc:492] T 29294dbbd0ce420f9aaab4144f546449 P 4eeeb3539c6a4dc0970ea998997b99c2: Bootstrap starting.
I20260709 12:12:20.081774  3477 raft_consensus.cc:359] T a7854ba6d553451186c8f4c73ed9b552 P 338783ce817e4fb0af033f7f763ae844 [term 0 FOLLOWER]: Replica starting. Triggering 0 pending ops. Active config: opid_index: -1 OBSOLETE_local: false peers { permanent_uuid: "4eeeb3539c6a4dc0970ea998997b99c2" member_type: VOTER last_known_addr { host: "127.2.143.129" port: 35149 } } peers { permanent_uuid: "711e7decefe4426bb6bd621776d46cab" member_type: VOTER last_known_addr { host: "127.2.143.130" port: 37249 } } peers { permanent_uuid: "338783ce817e4fb0af033f7f763ae844" member_type: VOTER last_known_addr { host: "127.2.143.131" port: 41351 } }
I20260709 12:12:20.082525  3477 raft_consensus.cc:385] T a7854ba6d553451186c8f4c73ed9b552 P 338783ce817e4fb0af033f7f763ae844 [term 0 FOLLOWER]: Consensus starting up: Expiring failure detector timer to make a prompt election more likely
I20260709 12:12:20.082818  3477 raft_consensus.cc:740] T a7854ba6d553451186c8f4c73ed9b552 P 338783ce817e4fb0af033f7f763ae844 [term 0 FOLLOWER]: Becoming Follower/Learner. State: Replica: 338783ce817e4fb0af033f7f763ae844, State: Initialized, Role: FOLLOWER
I20260709 12:12:20.083572  3477 consensus_queue.cc:260] T a7854ba6d553451186c8f4c73ed9b552 P 338783ce817e4fb0af033f7f763ae844 [NON_LEADER]: Queue going to NON_LEADER mode. State: All replicated index: 0, Majority replicated index: 0, Committed index: 0, Last appended: 0.0, Last appended by leader: 0, Current term: 0, Majority size: -1, State: 0, Mode: NON_LEADER, active raft config: opid_index: -1 OBSOLETE_local: false peers { permanent_uuid: "4eeeb3539c6a4dc0970ea998997b99c2" member_type: VOTER last_known_addr { host: "127.2.143.129" port: 35149 } } peers { permanent_uuid: "711e7decefe4426bb6bd621776d46cab" member_type: VOTER last_known_addr { host: "127.2.143.130" port: 37249 } } peers { permanent_uuid: "338783ce817e4fb0af033f7f763ae844" member_type: VOTER last_known_addr { host: "127.2.143.131" port: 41351 } }
I20260709 12:12:20.085683  3477 ts_tablet_manager.cc:1434] T a7854ba6d553451186c8f4c73ed9b552 P 338783ce817e4fb0af033f7f763ae844: Time spent starting tablet: real 0.008s	user 0.005s	sys 0.000s
I20260709 12:12:20.087608  3477 tablet_bootstrap.cc:492] T 29294dbbd0ce420f9aaab4144f546449 P 338783ce817e4fb0af033f7f763ae844: Bootstrap starting.
I20260709 12:12:20.088220  3485 raft_consensus.cc:515] T a9240275124040ff89bc7ec638ccb021 P 711e7decefe4426bb6bd621776d46cab [term 1 FOLLOWER]: Starting leader election with config: opid_index: -1 OBSOLETE_local: false peers { permanent_uuid: "4eeeb3539c6a4dc0970ea998997b99c2" member_type: VOTER last_known_addr { host: "127.2.143.129" port: 35149 } } peers { permanent_uuid: "338783ce817e4fb0af033f7f763ae844" member_type: VOTER last_known_addr { host: "127.2.143.131" port: 41351 } } peers { permanent_uuid: "711e7decefe4426bb6bd621776d46cab" member_type: VOTER last_known_addr { host: "127.2.143.130" port: 37249 } }
I20260709 12:12:20.090987  3476 tablet_bootstrap.cc:654] T 29294dbbd0ce420f9aaab4144f546449 P 4eeeb3539c6a4dc0970ea998997b99c2: Neither blocks nor log segments found. Creating new log.
I20260709 12:12:20.091184  3287 tablet_service.cc:1917] Received RequestConsensusVote() RPC: tablet_id: "a9240275124040ff89bc7ec638ccb021" candidate_uuid: "711e7decefe4426bb6bd621776d46cab" candidate_term: 1 candidate_status { last_received { term: 0 index: 0 } } ignore_live_leader: false dest_uuid: "4eeeb3539c6a4dc0970ea998997b99c2"
I20260709 12:12:20.091815  3287 raft_consensus.cc:3060] T a9240275124040ff89bc7ec638ccb021 P 4eeeb3539c6a4dc0970ea998997b99c2 [term 0 FOLLOWER]: Advancing to term 1
I20260709 12:12:20.094234  3477 tablet_bootstrap.cc:654] T 29294dbbd0ce420f9aaab4144f546449 P 338783ce817e4fb0af033f7f763ae844: Neither blocks nor log segments found. Creating new log.
I20260709 12:12:20.098253  3362 tablet_service.cc:1917] Received RequestConsensusVote() RPC: tablet_id: "d74df42e01774bc3beb749818dae0ce8" candidate_uuid: "338783ce817e4fb0af033f7f763ae844" candidate_term: 1 candidate_status { last_received { term: 0 index: 0 } } ignore_live_leader: false dest_uuid: "711e7decefe4426bb6bd621776d46cab" is_pre_election: true
I20260709 12:12:20.100134  3402 leader_election.cc:304] T d74df42e01774bc3beb749818dae0ce8 P 338783ce817e4fb0af033f7f763ae844 [CANDIDATE]: Term 1 pre-election: Election decided. Result: candidate lost. Election summary: received 3 responses out of 3 voters: 1 yes votes; 2 no votes. yes voters: 338783ce817e4fb0af033f7f763ae844; no voters: 4eeeb3539c6a4dc0970ea998997b99c2, 711e7decefe4426bb6bd621776d46cab
I20260709 12:12:20.100826  3486 raft_consensus.cc:3060] T d74df42e01774bc3beb749818dae0ce8 P 338783ce817e4fb0af033f7f763ae844 [term 0 FOLLOWER]: Advancing to term 1
I20260709 12:12:20.103830  3485 leader_election.cc:290] T a9240275124040ff89bc7ec638ccb021 P 711e7decefe4426bb6bd621776d46cab [CANDIDATE]: Term 1 election: Requested vote from peers 4eeeb3539c6a4dc0970ea998997b99c2 (127.2.143.129:35149), 338783ce817e4fb0af033f7f763ae844 (127.2.143.131:41351)
I20260709 12:12:20.104645  3436 tablet_service.cc:1917] Received RequestConsensusVote() RPC: tablet_id: "a9240275124040ff89bc7ec638ccb021" candidate_uuid: "711e7decefe4426bb6bd621776d46cab" candidate_term: 1 candidate_status { last_received { term: 0 index: 0 } } ignore_live_leader: false dest_uuid: "338783ce817e4fb0af033f7f763ae844"
I20260709 12:12:20.105010  3478 tablet_bootstrap.cc:492] T 3226e2dfd4cb4ae59258e9e225d3a4cb P 711e7decefe4426bb6bd621776d46cab: No bootstrap required, opened a new log
I20260709 12:12:20.104983  3287 raft_consensus.cc:2468] T a9240275124040ff89bc7ec638ccb021 P 4eeeb3539c6a4dc0970ea998997b99c2 [term 1 FOLLOWER]: Leader election vote request: Granting yes vote for candidate 711e7decefe4426bb6bd621776d46cab in term 1.
I20260709 12:12:20.105595  3478 ts_tablet_manager.cc:1403] T 3226e2dfd4cb4ae59258e9e225d3a4cb P 711e7decefe4426bb6bd621776d46cab: Time spent bootstrapping tablet: real 0.079s	user 0.011s	sys 0.021s
I20260709 12:12:20.106177  3436 raft_consensus.cc:3060] T a9240275124040ff89bc7ec638ccb021 P 338783ce817e4fb0af033f7f763ae844 [term 0 FOLLOWER]: Advancing to term 1
I20260709 12:12:20.106350  3325 leader_election.cc:304] T a9240275124040ff89bc7ec638ccb021 P 711e7decefe4426bb6bd621776d46cab [CANDIDATE]: Term 1 election: Election decided. Result: candidate won. Election summary: received 2 responses out of 3 voters: 2 yes votes; 0 no votes. yes voters: 4eeeb3539c6a4dc0970ea998997b99c2, 711e7decefe4426bb6bd621776d46cab; no voters: 
I20260709 12:12:20.107175  3485 raft_consensus.cc:2804] T a9240275124040ff89bc7ec638ccb021 P 711e7decefe4426bb6bd621776d46cab [term 1 FOLLOWER]: Leader election won for term 1
I20260709 12:12:20.107645  3485 raft_consensus.cc:697] T a9240275124040ff89bc7ec638ccb021 P 711e7decefe4426bb6bd621776d46cab [term 1 LEADER]: Becoming Leader. State: Replica: 711e7decefe4426bb6bd621776d46cab, State: Running, Role: LEADER
I20260709 12:12:20.108560  3485 consensus_queue.cc:237] T a9240275124040ff89bc7ec638ccb021 P 711e7decefe4426bb6bd621776d46cab [LEADER]: Queue going to LEADER mode. State: All replicated index: 0, Majority replicated index: 0, Committed index: 0, Last appended: 0.0, Last appended by leader: 0, Current term: 1, Majority size: 2, State: 0, Mode: LEADER, active raft config: opid_index: -1 OBSOLETE_local: false peers { permanent_uuid: "4eeeb3539c6a4dc0970ea998997b99c2" member_type: VOTER last_known_addr { host: "127.2.143.129" port: 35149 } } peers { permanent_uuid: "338783ce817e4fb0af033f7f763ae844" member_type: VOTER last_known_addr { host: "127.2.143.131" port: 41351 } } peers { permanent_uuid: "711e7decefe4426bb6bd621776d46cab" member_type: VOTER last_known_addr { host: "127.2.143.130" port: 37249 } }
I20260709 12:12:20.108668  3478 raft_consensus.cc:359] T 3226e2dfd4cb4ae59258e9e225d3a4cb P 711e7decefe4426bb6bd621776d46cab [term 0 FOLLOWER]: Replica starting. Triggering 0 pending ops. Active config: opid_index: -1 OBSOLETE_local: false peers { permanent_uuid: "4eeeb3539c6a4dc0970ea998997b99c2" member_type: VOTER last_known_addr { host: "127.2.143.129" port: 35149 } } peers { permanent_uuid: "711e7decefe4426bb6bd621776d46cab" member_type: VOTER last_known_addr { host: "127.2.143.130" port: 37249 } } peers { permanent_uuid: "338783ce817e4fb0af033f7f763ae844" member_type: VOTER last_known_addr { host: "127.2.143.131" port: 41351 } }
I20260709 12:12:20.109458  3478 raft_consensus.cc:385] T 3226e2dfd4cb4ae59258e9e225d3a4cb P 711e7decefe4426bb6bd621776d46cab [term 0 FOLLOWER]: Consensus starting up: Expiring failure detector timer to make a prompt election more likely
I20260709 12:12:20.109766  3478 raft_consensus.cc:740] T 3226e2dfd4cb4ae59258e9e225d3a4cb P 711e7decefe4426bb6bd621776d46cab [term 0 FOLLOWER]: Becoming Follower/Learner. State: Replica: 711e7decefe4426bb6bd621776d46cab, State: Initialized, Role: FOLLOWER
I20260709 12:12:20.110824  3478 consensus_queue.cc:260] T 3226e2dfd4cb4ae59258e9e225d3a4cb P 711e7decefe4426bb6bd621776d46cab [NON_LEADER]: Queue going to NON_LEADER mode. State: All replicated index: 0, Majority replicated index: 0, Committed index: 0, Last appended: 0.0, Last appended by leader: 0, Current term: 0, Majority size: -1, State: 0, Mode: NON_LEADER, active raft config: opid_index: -1 OBSOLETE_local: false peers { permanent_uuid: "4eeeb3539c6a4dc0970ea998997b99c2" member_type: VOTER last_known_addr { host: "127.2.143.129" port: 35149 } } peers { permanent_uuid: "711e7decefe4426bb6bd621776d46cab" member_type: VOTER last_known_addr { host: "127.2.143.130" port: 37249 } } peers { permanent_uuid: "338783ce817e4fb0af033f7f763ae844" member_type: VOTER last_known_addr { host: "127.2.143.131" port: 41351 } }
I20260709 12:12:20.113435  3478 ts_tablet_manager.cc:1434] T 3226e2dfd4cb4ae59258e9e225d3a4cb P 711e7decefe4426bb6bd621776d46cab: Time spent starting tablet: real 0.008s	user 0.005s	sys 0.000s
I20260709 12:12:20.113920  3477 tablet_bootstrap.cc:492] T 29294dbbd0ce420f9aaab4144f546449 P 338783ce817e4fb0af033f7f763ae844: No bootstrap required, opened a new log
I20260709 12:12:20.114408  3477 ts_tablet_manager.cc:1403] T 29294dbbd0ce420f9aaab4144f546449 P 338783ce817e4fb0af033f7f763ae844: Time spent bootstrapping tablet: real 0.027s	user 0.008s	sys 0.005s
I20260709 12:12:20.114701  3478 tablet_bootstrap.cc:492] T 29294dbbd0ce420f9aaab4144f546449 P 711e7decefe4426bb6bd621776d46cab: Bootstrap starting.
I20260709 12:12:20.116211  3486 raft_consensus.cc:2749] T d74df42e01774bc3beb749818dae0ce8 P 338783ce817e4fb0af033f7f763ae844 [term 1 FOLLOWER]: Leader pre-election lost for term 1. Reason: could not achieve majority
I20260709 12:12:20.118683  3486 raft_consensus.cc:493] T 3226e2dfd4cb4ae59258e9e225d3a4cb P 338783ce817e4fb0af033f7f763ae844 [term 0 FOLLOWER]: Starting pre-election (no leader contacted us within the election timeout)
I20260709 12:12:20.120038  3486 raft_consensus.cc:515] T 3226e2dfd4cb4ae59258e9e225d3a4cb P 338783ce817e4fb0af033f7f763ae844 [term 0 FOLLOWER]: Starting pre-election with config: opid_index: -1 OBSOLETE_local: false peers { permanent_uuid: "4eeeb3539c6a4dc0970ea998997b99c2" member_type: VOTER last_known_addr { host: "127.2.143.129" port: 35149 } } peers { permanent_uuid: "711e7decefe4426bb6bd621776d46cab" member_type: VOTER last_known_addr { host: "127.2.143.130" port: 37249 } } peers { permanent_uuid: "338783ce817e4fb0af033f7f763ae844" member_type: VOTER last_known_addr { host: "127.2.143.131" port: 41351 } }
I20260709 12:12:20.121743  3478 tablet_bootstrap.cc:654] T 29294dbbd0ce420f9aaab4144f546449 P 711e7decefe4426bb6bd621776d46cab: Neither blocks nor log segments found. Creating new log.
I20260709 12:12:20.119506  3436 raft_consensus.cc:2468] T a9240275124040ff89bc7ec638ccb021 P 338783ce817e4fb0af033f7f763ae844 [term 1 FOLLOWER]: Leader election vote request: Granting yes vote for candidate 711e7decefe4426bb6bd621776d46cab in term 1.
I20260709 12:12:20.121937  3476 tablet_bootstrap.cc:492] T 29294dbbd0ce420f9aaab4144f546449 P 4eeeb3539c6a4dc0970ea998997b99c2: No bootstrap required, opened a new log
I20260709 12:12:20.122432  3476 ts_tablet_manager.cc:1403] T 29294dbbd0ce420f9aaab4144f546449 P 4eeeb3539c6a4dc0970ea998997b99c2: Time spent bootstrapping tablet: real 0.041s	user 0.011s	sys 0.015s
I20260709 12:12:20.123260  3486 leader_election.cc:290] T 3226e2dfd4cb4ae59258e9e225d3a4cb P 338783ce817e4fb0af033f7f763ae844 [CANDIDATE]: Term 1 pre-election: Requested pre-vote from peers 4eeeb3539c6a4dc0970ea998997b99c2 (127.2.143.129:35149), 711e7decefe4426bb6bd621776d46cab (127.2.143.130:37249)
I20260709 12:12:20.117199  3477 raft_consensus.cc:359] T 29294dbbd0ce420f9aaab4144f546449 P 338783ce817e4fb0af033f7f763ae844 [term 0 FOLLOWER]: Replica starting. Triggering 0 pending ops. Active config: opid_index: -1 OBSOLETE_local: false peers { permanent_uuid: "4eeeb3539c6a4dc0970ea998997b99c2" member_type: VOTER last_known_addr { host: "127.2.143.129" port: 35149 } } peers { permanent_uuid: "711e7decefe4426bb6bd621776d46cab" member_type: VOTER last_known_addr { host: "127.2.143.130" port: 37249 } } peers { permanent_uuid: "338783ce817e4fb0af033f7f763ae844" member_type: VOTER last_known_addr { host: "127.2.143.131" port: 41351 } }
I20260709 12:12:20.123909  3287 tablet_service.cc:1917] Received RequestConsensusVote() RPC: tablet_id: "3226e2dfd4cb4ae59258e9e225d3a4cb" candidate_uuid: "338783ce817e4fb0af033f7f763ae844" candidate_term: 1 candidate_status { last_received { term: 0 index: 0 } } ignore_live_leader: false dest_uuid: "4eeeb3539c6a4dc0970ea998997b99c2" is_pre_election: true
I20260709 12:12:20.124588  3287 raft_consensus.cc:2468] T 3226e2dfd4cb4ae59258e9e225d3a4cb P 4eeeb3539c6a4dc0970ea998997b99c2 [term 0 FOLLOWER]: Leader pre-election vote request: Granting yes vote for candidate 338783ce817e4fb0af033f7f763ae844 in term 0.
I20260709 12:12:20.124982  3362 tablet_service.cc:1917] Received RequestConsensusVote() RPC: tablet_id: "3226e2dfd4cb4ae59258e9e225d3a4cb" candidate_uuid: "338783ce817e4fb0af033f7f763ae844" candidate_term: 1 candidate_status { last_received { term: 0 index: 0 } } ignore_live_leader: false dest_uuid: "711e7decefe4426bb6bd621776d46cab" is_pre_election: true
I20260709 12:12:20.125682  3362 raft_consensus.cc:2468] T 3226e2dfd4cb4ae59258e9e225d3a4cb P 711e7decefe4426bb6bd621776d46cab [term 0 FOLLOWER]: Leader pre-election vote request: Granting yes vote for candidate 338783ce817e4fb0af033f7f763ae844 in term 0.
I20260709 12:12:20.125910  3399 leader_election.cc:304] T 3226e2dfd4cb4ae59258e9e225d3a4cb P 338783ce817e4fb0af033f7f763ae844 [CANDIDATE]: Term 1 pre-election: Election decided. Result: candidate won. Election summary: received 2 responses out of 3 voters: 2 yes votes; 0 no votes. yes voters: 338783ce817e4fb0af033f7f763ae844, 4eeeb3539c6a4dc0970ea998997b99c2; no voters: 
I20260709 12:12:20.125399  3476 raft_consensus.cc:359] T 29294dbbd0ce420f9aaab4144f546449 P 4eeeb3539c6a4dc0970ea998997b99c2 [term 0 FOLLOWER]: Replica starting. Triggering 0 pending ops. Active config: opid_index: -1 OBSOLETE_local: false peers { permanent_uuid: "4eeeb3539c6a4dc0970ea998997b99c2" member_type: VOTER last_known_addr { host: "127.2.143.129" port: 35149 } } peers { permanent_uuid: "711e7decefe4426bb6bd621776d46cab" member_type: VOTER last_known_addr { host: "127.2.143.130" port: 37249 } } peers { permanent_uuid: "338783ce817e4fb0af033f7f763ae844" member_type: VOTER last_known_addr { host: "127.2.143.131" port: 41351 } }
I20260709 12:12:20.126829  3476 raft_consensus.cc:385] T 29294dbbd0ce420f9aaab4144f546449 P 4eeeb3539c6a4dc0970ea998997b99c2 [term 0 FOLLOWER]: Consensus starting up: Expiring failure detector timer to make a prompt election more likely
I20260709 12:12:20.123925  3477 raft_consensus.cc:385] T 29294dbbd0ce420f9aaab4144f546449 P 338783ce817e4fb0af033f7f763ae844 [term 0 FOLLOWER]: Consensus starting up: Expiring failure detector timer to make a prompt election more likely
I20260709 12:12:20.127175  3476 raft_consensus.cc:740] T 29294dbbd0ce420f9aaab4144f546449 P 4eeeb3539c6a4dc0970ea998997b99c2 [term 0 FOLLOWER]: Becoming Follower/Learner. State: Replica: 4eeeb3539c6a4dc0970ea998997b99c2, State: Initialized, Role: FOLLOWER
I20260709 12:12:20.127367  3486 raft_consensus.cc:2804] T 3226e2dfd4cb4ae59258e9e225d3a4cb P 338783ce817e4fb0af033f7f763ae844 [term 0 FOLLOWER]: Leader pre-election won for term 1
I20260709 12:12:20.132105  3486 raft_consensus.cc:493] T 3226e2dfd4cb4ae59258e9e225d3a4cb P 338783ce817e4fb0af033f7f763ae844 [term 0 FOLLOWER]: Starting leader election (no leader contacted us within the election timeout)
I20260709 12:12:20.132596  3486 raft_consensus.cc:3060] T 3226e2dfd4cb4ae59258e9e225d3a4cb P 338783ce817e4fb0af033f7f763ae844 [term 0 FOLLOWER]: Advancing to term 1
I20260709 12:12:20.132236  3476 consensus_queue.cc:260] T 29294dbbd0ce420f9aaab4144f546449 P 4eeeb3539c6a4dc0970ea998997b99c2 [NON_LEADER]: Queue going to NON_LEADER mode. State: All replicated index: 0, Majority replicated index: 0, Committed index: 0, Last appended: 0.0, Last appended by leader: 0, Current term: 0, Majority size: -1, State: 0, Mode: NON_LEADER, active raft config: opid_index: -1 OBSOLETE_local: false peers { permanent_uuid: "4eeeb3539c6a4dc0970ea998997b99c2" member_type: VOTER last_known_addr { host: "127.2.143.129" port: 35149 } } peers { permanent_uuid: "711e7decefe4426bb6bd621776d46cab" member_type: VOTER last_known_addr { host: "127.2.143.130" port: 37249 } } peers { permanent_uuid: "338783ce817e4fb0af033f7f763ae844" member_type: VOTER last_known_addr { host: "127.2.143.131" port: 41351 } }
I20260709 12:12:20.137990  3476 ts_tablet_manager.cc:1434] T 29294dbbd0ce420f9aaab4144f546449 P 4eeeb3539c6a4dc0970ea998997b99c2: Time spent starting tablet: real 0.015s	user 0.004s	sys 0.007s
I20260709 12:12:20.127388  3477 raft_consensus.cc:740] T 29294dbbd0ce420f9aaab4144f546449 P 338783ce817e4fb0af033f7f763ae844 [term 0 FOLLOWER]: Becoming Follower/Learner. State: Replica: 338783ce817e4fb0af033f7f763ae844, State: Initialized, Role: FOLLOWER
I20260709 12:12:20.139127  3476 tablet_bootstrap.cc:492] T 263f916138e647fbb8fe9056d0bf5220 P 4eeeb3539c6a4dc0970ea998997b99c2: Bootstrap starting.
I20260709 12:12:20.139698  3477 consensus_queue.cc:260] T 29294dbbd0ce420f9aaab4144f546449 P 338783ce817e4fb0af033f7f763ae844 [NON_LEADER]: Queue going to NON_LEADER mode. State: All replicated index: 0, Majority replicated index: 0, Committed index: 0, Last appended: 0.0, Last appended by leader: 0, Current term: 0, Majority size: -1, State: 0, Mode: NON_LEADER, active raft config: opid_index: -1 OBSOLETE_local: false peers { permanent_uuid: "4eeeb3539c6a4dc0970ea998997b99c2" member_type: VOTER last_known_addr { host: "127.2.143.129" port: 35149 } } peers { permanent_uuid: "711e7decefe4426bb6bd621776d46cab" member_type: VOTER last_known_addr { host: "127.2.143.130" port: 37249 } } peers { permanent_uuid: "338783ce817e4fb0af033f7f763ae844" member_type: VOTER last_known_addr { host: "127.2.143.131" port: 41351 } }
I20260709 12:12:20.140625  3478 tablet_bootstrap.cc:492] T 29294dbbd0ce420f9aaab4144f546449 P 711e7decefe4426bb6bd621776d46cab: No bootstrap required, opened a new log
I20260709 12:12:20.141093  3478 ts_tablet_manager.cc:1403] T 29294dbbd0ce420f9aaab4144f546449 P 711e7decefe4426bb6bd621776d46cab: Time spent bootstrapping tablet: real 0.027s	user 0.019s	sys 0.000s
I20260709 12:12:20.142508  3477 ts_tablet_manager.cc:1434] T 29294dbbd0ce420f9aaab4144f546449 P 338783ce817e4fb0af033f7f763ae844: Time spent starting tablet: real 0.028s	user 0.008s	sys 0.000s
I20260709 12:12:20.143558  3477 tablet_bootstrap.cc:492] T 263f916138e647fbb8fe9056d0bf5220 P 338783ce817e4fb0af033f7f763ae844: Bootstrap starting.
I20260709 12:12:20.136973  3185 catalog_manager.cc:5697] T a9240275124040ff89bc7ec638ccb021 P 711e7decefe4426bb6bd621776d46cab reported cstate change: term changed from 0 to 1, leader changed from <none> to 711e7decefe4426bb6bd621776d46cab (127.2.143.130). New cstate: current_term: 1 leader_uuid: "711e7decefe4426bb6bd621776d46cab" committed_config { opid_index: -1 OBSOLETE_local: false peers { permanent_uuid: "4eeeb3539c6a4dc0970ea998997b99c2" member_type: VOTER last_known_addr { host: "127.2.143.129" port: 35149 } health_report { overall_health: UNKNOWN } } peers { permanent_uuid: "338783ce817e4fb0af033f7f763ae844" member_type: VOTER last_known_addr { host: "127.2.143.131" port: 41351 } health_report { overall_health: UNKNOWN } } peers { permanent_uuid: "711e7decefe4426bb6bd621776d46cab" member_type: VOTER last_known_addr { host: "127.2.143.130" port: 37249 } health_report { overall_health: HEALTHY } } }
I20260709 12:12:20.148262  3476 tablet_bootstrap.cc:654] T 263f916138e647fbb8fe9056d0bf5220 P 4eeeb3539c6a4dc0970ea998997b99c2: Neither blocks nor log segments found. Creating new log.
I20260709 12:12:20.148085  3486 raft_consensus.cc:515] T 3226e2dfd4cb4ae59258e9e225d3a4cb P 338783ce817e4fb0af033f7f763ae844 [term 1 FOLLOWER]: Starting leader election with config: opid_index: -1 OBSOLETE_local: false peers { permanent_uuid: "4eeeb3539c6a4dc0970ea998997b99c2" member_type: VOTER last_known_addr { host: "127.2.143.129" port: 35149 } } peers { permanent_uuid: "711e7decefe4426bb6bd621776d46cab" member_type: VOTER last_known_addr { host: "127.2.143.130" port: 37249 } } peers { permanent_uuid: "338783ce817e4fb0af033f7f763ae844" member_type: VOTER last_known_addr { host: "127.2.143.131" port: 41351 } }
I20260709 12:12:20.152544  3477 tablet_bootstrap.cc:654] T 263f916138e647fbb8fe9056d0bf5220 P 338783ce817e4fb0af033f7f763ae844: Neither blocks nor log segments found. Creating new log.
I20260709 12:12:20.150774  3478 raft_consensus.cc:359] T 29294dbbd0ce420f9aaab4144f546449 P 711e7decefe4426bb6bd621776d46cab [term 0 FOLLOWER]: Replica starting. Triggering 0 pending ops. Active config: opid_index: -1 OBSOLETE_local: false peers { permanent_uuid: "4eeeb3539c6a4dc0970ea998997b99c2" member_type: VOTER last_known_addr { host: "127.2.143.129" port: 35149 } } peers { permanent_uuid: "711e7decefe4426bb6bd621776d46cab" member_type: VOTER last_known_addr { host: "127.2.143.130" port: 37249 } } peers { permanent_uuid: "338783ce817e4fb0af033f7f763ae844" member_type: VOTER last_known_addr { host: "127.2.143.131" port: 41351 } }
I20260709 12:12:20.153141  3478 raft_consensus.cc:385] T 29294dbbd0ce420f9aaab4144f546449 P 711e7decefe4426bb6bd621776d46cab [term 0 FOLLOWER]: Consensus starting up: Expiring failure detector timer to make a prompt election more likely
I20260709 12:12:20.153451  3478 raft_consensus.cc:740] T 29294dbbd0ce420f9aaab4144f546449 P 711e7decefe4426bb6bd621776d46cab [term 0 FOLLOWER]: Becoming Follower/Learner. State: Replica: 711e7decefe4426bb6bd621776d46cab, State: Initialized, Role: FOLLOWER
I20260709 12:12:20.154191  3478 consensus_queue.cc:260] T 29294dbbd0ce420f9aaab4144f546449 P 711e7decefe4426bb6bd621776d46cab [NON_LEADER]: Queue going to NON_LEADER mode. State: All replicated index: 0, Majority replicated index: 0, Committed index: 0, Last appended: 0.0, Last appended by leader: 0, Current term: 0, Majority size: -1, State: 0, Mode: NON_LEADER, active raft config: opid_index: -1 OBSOLETE_local: false peers { permanent_uuid: "4eeeb3539c6a4dc0970ea998997b99c2" member_type: VOTER last_known_addr { host: "127.2.143.129" port: 35149 } } peers { permanent_uuid: "711e7decefe4426bb6bd621776d46cab" member_type: VOTER last_known_addr { host: "127.2.143.130" port: 37249 } } peers { permanent_uuid: "338783ce817e4fb0af033f7f763ae844" member_type: VOTER last_known_addr { host: "127.2.143.131" port: 41351 } }
I20260709 12:12:20.156208  3478 ts_tablet_manager.cc:1434] T 29294dbbd0ce420f9aaab4144f546449 P 711e7decefe4426bb6bd621776d46cab: Time spent starting tablet: real 0.015s	user 0.007s	sys 0.000s
I20260709 12:12:20.156970  3478 tablet_bootstrap.cc:492] T 263f916138e647fbb8fe9056d0bf5220 P 711e7decefe4426bb6bd621776d46cab: Bootstrap starting.
I20260709 12:12:20.161651  3362 tablet_service.cc:1917] Received RequestConsensusVote() RPC: tablet_id: "3226e2dfd4cb4ae59258e9e225d3a4cb" candidate_uuid: "338783ce817e4fb0af033f7f763ae844" candidate_term: 1 candidate_status { last_received { term: 0 index: 0 } } ignore_live_leader: false dest_uuid: "711e7decefe4426bb6bd621776d46cab"
I20260709 12:12:20.162315  3362 raft_consensus.cc:3060] T 3226e2dfd4cb4ae59258e9e225d3a4cb P 711e7decefe4426bb6bd621776d46cab [term 0 FOLLOWER]: Advancing to term 1
I20260709 12:12:20.162569  3478 tablet_bootstrap.cc:654] T 263f916138e647fbb8fe9056d0bf5220 P 711e7decefe4426bb6bd621776d46cab: Neither blocks nor log segments found. Creating new log.
I20260709 12:12:20.164240  3287 tablet_service.cc:1917] Received RequestConsensusVote() RPC: tablet_id: "3226e2dfd4cb4ae59258e9e225d3a4cb" candidate_uuid: "338783ce817e4fb0af033f7f763ae844" candidate_term: 1 candidate_status { last_received { term: 0 index: 0 } } ignore_live_leader: false dest_uuid: "4eeeb3539c6a4dc0970ea998997b99c2"
I20260709 12:12:20.164827  3287 raft_consensus.cc:3060] T 3226e2dfd4cb4ae59258e9e225d3a4cb P 4eeeb3539c6a4dc0970ea998997b99c2 [term 0 FOLLOWER]: Advancing to term 1
I20260709 12:12:20.167373  3482 raft_consensus.cc:493] T 29294dbbd0ce420f9aaab4144f546449 P 4eeeb3539c6a4dc0970ea998997b99c2 [term 0 FOLLOWER]: Starting pre-election (no leader contacted us within the election timeout)
I20260709 12:12:20.167879  3482 raft_consensus.cc:515] T 29294dbbd0ce420f9aaab4144f546449 P 4eeeb3539c6a4dc0970ea998997b99c2 [term 0 FOLLOWER]: Starting pre-election with config: opid_index: -1 OBSOLETE_local: false peers { permanent_uuid: "4eeeb3539c6a4dc0970ea998997b99c2" member_type: VOTER last_known_addr { host: "127.2.143.129" port: 35149 } } peers { permanent_uuid: "711e7decefe4426bb6bd621776d46cab" member_type: VOTER last_known_addr { host: "127.2.143.130" port: 37249 } } peers { permanent_uuid: "338783ce817e4fb0af033f7f763ae844" member_type: VOTER last_known_addr { host: "127.2.143.131" port: 41351 } }
I20260709 12:12:20.171416  3361 tablet_service.cc:1917] Received RequestConsensusVote() RPC: tablet_id: "29294dbbd0ce420f9aaab4144f546449" candidate_uuid: "4eeeb3539c6a4dc0970ea998997b99c2" candidate_term: 1 candidate_status { last_received { term: 0 index: 0 } } ignore_live_leader: false dest_uuid: "711e7decefe4426bb6bd621776d46cab" is_pre_election: true
I20260709 12:12:20.172122  3361 raft_consensus.cc:2468] T 29294dbbd0ce420f9aaab4144f546449 P 711e7decefe4426bb6bd621776d46cab [term 0 FOLLOWER]: Leader pre-election vote request: Granting yes vote for candidate 4eeeb3539c6a4dc0970ea998997b99c2 in term 0.
