I20260709 12:11:50.471930  6284 raft_consensus.cc:697] T 1427804efeee47439a72ac86a45f4f6c P 5f1a0cf42bce4ec99ef38de99fa3cedd [term 2 LEADER]: Becoming Leader. State: Replica: 5f1a0cf42bce4ec99ef38de99fa3cedd, State: Running, Role: LEADER
I20260709 12:11:50.472680  6284 consensus_queue.cc:237] T 1427804efeee47439a72ac86a45f4f6c P 5f1a0cf42bce4ec99ef38de99fa3cedd [LEADER]: Queue going to LEADER mode. State: All replicated index: 0, Majority replicated index: 1, Committed index: 1, Last appended: 1.1, Last appended by leader: 1, Current term: 2, Majority size: 2, State: 0, Mode: LEADER, active raft config: opid_index: -1 OBSOLETE_local: false peers { permanent_uuid: "a63d29e53aee4d1881055761bac3e688" member_type: VOTER last_known_addr { host: "127.5.196.193" port: 38247 } } peers { permanent_uuid: "5f1a0cf42bce4ec99ef38de99fa3cedd" member_type: VOTER last_known_addr { host: "127.5.196.194" port: 34405 } } peers { permanent_uuid: "1dc6472ed5204d138c7309a8fbc57252" member_type: VOTER last_known_addr { host: "127.5.196.195" port: 36555 } }
I20260709 12:11:50.478483  6191 raft_consensus.cc:2468] T 1427804efeee47439a72ac86a45f4f6c P 1dc6472ed5204d138c7309a8fbc57252 [term 2 FOLLOWER]: Leader election vote request: Granting yes vote for candidate 5f1a0cf42bce4ec99ef38de99fa3cedd in term 2.
I20260709 12:11:50.480592  6189 raft_consensus.cc:2468] T 0c5f16fe2c1046aab1924077acb9c7b5 P 1dc6472ed5204d138c7309a8fbc57252 [term 2 FOLLOWER]: Leader election vote request: Granting yes vote for candidate 5f1a0cf42bce4ec99ef38de99fa3cedd in term 2.
I20260709 12:11:50.481087  6117 raft_consensus.cc:2468] T fdf00f83e26c47bebf064017827f28cc P 5f1a0cf42bce4ec99ef38de99fa3cedd [term 2 FOLLOWER]: Leader election vote request: Granting yes vote for candidate a63d29e53aee4d1881055761bac3e688 in term 2.
I20260709 12:11:50.481225  5939 catalog_manager.cc:5697] T 0c5f16fe2c1046aab1924077acb9c7b5 P 5f1a0cf42bce4ec99ef38de99fa3cedd reported cstate change: term changed from 1 to 2, leader changed from 1dc6472ed5204d138c7309a8fbc57252 (127.5.196.195) to 5f1a0cf42bce4ec99ef38de99fa3cedd (127.5.196.194). New cstate: current_term: 2 leader_uuid: "5f1a0cf42bce4ec99ef38de99fa3cedd" committed_config { opid_index: -1 OBSOLETE_local: false peers { permanent_uuid: "a63d29e53aee4d1881055761bac3e688" member_type: VOTER last_known_addr { host: "127.5.196.193" port: 38247 } health_report { overall_health: UNKNOWN } } peers { permanent_uuid: "5f1a0cf42bce4ec99ef38de99fa3cedd" member_type: VOTER last_known_addr { host: "127.5.196.194" port: 34405 } health_report { overall_health: HEALTHY } } peers { permanent_uuid: "1dc6472ed5204d138c7309a8fbc57252" member_type: VOTER last_known_addr { host: "127.5.196.195" port: 36555 } health_report { overall_health: UNKNOWN } } }
I20260709 12:11:50.486387  5935 catalog_manager.cc:5697] T fdf00f83e26c47bebf064017827f28cc P a63d29e53aee4d1881055761bac3e688 reported cstate change: term changed from 1 to 2, leader changed from 1dc6472ed5204d138c7309a8fbc57252 (127.5.196.195) to a63d29e53aee4d1881055761bac3e688 (127.5.196.193). New cstate: current_term: 2 leader_uuid: "a63d29e53aee4d1881055761bac3e688" committed_config { opid_index: -1 OBSOLETE_local: false peers { permanent_uuid: "1dc6472ed5204d138c7309a8fbc57252" member_type: VOTER last_known_addr { host: "127.5.196.195" port: 36555 } health_report { overall_health: UNKNOWN } } peers { permanent_uuid: "a63d29e53aee4d1881055761bac3e688" member_type: VOTER last_known_addr { host: "127.5.196.193" port: 38247 } health_report { overall_health: HEALTHY } } peers { permanent_uuid: "5f1a0cf42bce4ec99ef38de99fa3cedd" member_type: VOTER last_known_addr { host: "127.5.196.194" port: 34405 } health_report { overall_health: UNKNOWN } } }
I20260709 12:11:50.494192  6291 raft_consensus.cc:993] T 0acc8d19ab614e05bb24a3d8c8a6d16a P 1dc6472ed5204d138c7309a8fbc57252: : Instructing follower a63d29e53aee4d1881055761bac3e688 to start an election
I20260709 12:11:50.494601  6291 raft_consensus.cc:1081] T 0acc8d19ab614e05bb24a3d8c8a6d16a P 1dc6472ed5204d138c7309a8fbc57252 [term 1 LEADER]: Signalling peer a63d29e53aee4d1881055761bac3e688 to start an election
I20260709 12:11:50.496162  6040 tablet_service.cc:2044] Received Run Leader Election RPC: tablet_id: "0acc8d19ab614e05bb24a3d8c8a6d16a"
dest_uuid: "a63d29e53aee4d1881055761bac3e688"
 from {username='slave'} at 127.0.0.1:38692
I20260709 12:11:50.496667  6040 raft_consensus.cc:493] T 0acc8d19ab614e05bb24a3d8c8a6d16a P a63d29e53aee4d1881055761bac3e688 [term 1 FOLLOWER]: Starting forced leader election (received explicit request)
I20260709 12:11:50.497018  6040 raft_consensus.cc:3060] T 0acc8d19ab614e05bb24a3d8c8a6d16a P a63d29e53aee4d1881055761bac3e688 [term 1 FOLLOWER]: Advancing to term 2
I20260709 12:11:50.497992  5939 catalog_manager.cc:5697] T 1427804efeee47439a72ac86a45f4f6c P 5f1a0cf42bce4ec99ef38de99fa3cedd reported cstate change: term changed from 1 to 2, leader changed from a63d29e53aee4d1881055761bac3e688 (127.5.196.193) to 5f1a0cf42bce4ec99ef38de99fa3cedd (127.5.196.194). New cstate: current_term: 2 leader_uuid: "5f1a0cf42bce4ec99ef38de99fa3cedd" committed_config { opid_index: -1 OBSOLETE_local: false peers { permanent_uuid: "a63d29e53aee4d1881055761bac3e688" member_type: VOTER last_known_addr { host: "127.5.196.193" port: 38247 } health_report { overall_health: UNKNOWN } } peers { permanent_uuid: "5f1a0cf42bce4ec99ef38de99fa3cedd" member_type: VOTER last_known_addr { host: "127.5.196.194" port: 34405 } health_report { overall_health: HEALTHY } } peers { permanent_uuid: "1dc6472ed5204d138c7309a8fbc57252" member_type: VOTER last_known_addr { host: "127.5.196.195" port: 36555 } health_report { overall_health: UNKNOWN } } }
I20260709 12:11:50.501760  6040 raft_consensus.cc:515] T 0acc8d19ab614e05bb24a3d8c8a6d16a P a63d29e53aee4d1881055761bac3e688 [term 2 FOLLOWER]: Starting forced leader election with config: opid_index: -1 OBSOLETE_local: false peers { permanent_uuid: "a63d29e53aee4d1881055761bac3e688" member_type: VOTER last_known_addr { host: "127.5.196.193" port: 38247 } } peers { permanent_uuid: "5f1a0cf42bce4ec99ef38de99fa3cedd" member_type: VOTER last_known_addr { host: "127.5.196.194" port: 34405 } } peers { permanent_uuid: "1dc6472ed5204d138c7309a8fbc57252" member_type: VOTER last_known_addr { host: "127.5.196.195" port: 36555 } }
I20260709 12:11:50.504305  6040 leader_election.cc:290] T 0acc8d19ab614e05bb24a3d8c8a6d16a P a63d29e53aee4d1881055761bac3e688 [CANDIDATE]: Term 2 election: Requested vote from peers 5f1a0cf42bce4ec99ef38de99fa3cedd (127.5.196.194:34405), 1dc6472ed5204d138c7309a8fbc57252 (127.5.196.195:36555)
I20260709 12:11:50.505187  6117 tablet_service.cc:1917] Received RequestConsensusVote() RPC: tablet_id: "0acc8d19ab614e05bb24a3d8c8a6d16a" candidate_uuid: "a63d29e53aee4d1881055761bac3e688" candidate_term: 2 candidate_status { last_received { term: 1 index: 1 } } ignore_live_leader: true dest_uuid: "5f1a0cf42bce4ec99ef38de99fa3cedd"
I20260709 12:11:50.505533  6189 tablet_service.cc:1917] Received RequestConsensusVote() RPC: tablet_id: "0acc8d19ab614e05bb24a3d8c8a6d16a" candidate_uuid: "a63d29e53aee4d1881055761bac3e688" candidate_term: 2 candidate_status { last_received { term: 1 index: 1 } } ignore_live_leader: true dest_uuid: "1dc6472ed5204d138c7309a8fbc57252"
I20260709 12:11:50.505712  6117 raft_consensus.cc:3060] T 0acc8d19ab614e05bb24a3d8c8a6d16a P 5f1a0cf42bce4ec99ef38de99fa3cedd [term 1 FOLLOWER]: Advancing to term 2
I20260709 12:11:50.506067  6189 raft_consensus.cc:3055] T 0acc8d19ab614e05bb24a3d8c8a6d16a P 1dc6472ed5204d138c7309a8fbc57252 [term 1 LEADER]: Stepping down as leader of term 1
I20260709 12:11:50.506381  6189 raft_consensus.cc:740] T 0acc8d19ab614e05bb24a3d8c8a6d16a P 1dc6472ed5204d138c7309a8fbc57252 [term 1 LEADER]: Becoming Follower/Learner. State: Replica: 1dc6472ed5204d138c7309a8fbc57252, State: Running, Role: LEADER
I20260709 12:11:50.507108  6189 consensus_queue.cc:260] T 0acc8d19ab614e05bb24a3d8c8a6d16a P 1dc6472ed5204d138c7309a8fbc57252 [NON_LEADER]: Queue going to NON_LEADER mode. State: All replicated index: 0, Majority replicated index: 1, Committed index: 1, Last appended: 1.1, Last appended by leader: 1, Current term: 1, Majority size: -1, State: 0, Mode: NON_LEADER, active raft config: opid_index: -1 OBSOLETE_local: false peers { permanent_uuid: "a63d29e53aee4d1881055761bac3e688" member_type: VOTER last_known_addr { host: "127.5.196.193" port: 38247 } } peers { permanent_uuid: "5f1a0cf42bce4ec99ef38de99fa3cedd" member_type: VOTER last_known_addr { host: "127.5.196.194" port: 34405 } } peers { permanent_uuid: "1dc6472ed5204d138c7309a8fbc57252" member_type: VOTER last_known_addr { host: "127.5.196.195" port: 36555 } }
I20260709 12:11:50.508232  6189 raft_consensus.cc:3060] T 0acc8d19ab614e05bb24a3d8c8a6d16a P 1dc6472ed5204d138c7309a8fbc57252 [term 1 FOLLOWER]: Advancing to term 2
I20260709 12:11:50.513178  6117 raft_consensus.cc:2468] T 0acc8d19ab614e05bb24a3d8c8a6d16a P 5f1a0cf42bce4ec99ef38de99fa3cedd [term 2 FOLLOWER]: Leader election vote request: Granting yes vote for candidate a63d29e53aee4d1881055761bac3e688 in term 2.
I20260709 12:11:50.514286  6007 leader_election.cc:304] T 0acc8d19ab614e05bb24a3d8c8a6d16a P a63d29e53aee4d1881055761bac3e688 [CANDIDATE]: Term 2 election: Election decided. Result: candidate won. Election summary: received 2 responses out of 3 voters: 2 yes votes; 0 no votes. yes voters: 5f1a0cf42bce4ec99ef38de99fa3cedd, a63d29e53aee4d1881055761bac3e688; no voters: 
I20260709 12:11:50.514585  6189 raft_consensus.cc:2468] T 0acc8d19ab614e05bb24a3d8c8a6d16a P 1dc6472ed5204d138c7309a8fbc57252 [term 2 FOLLOWER]: Leader election vote request: Granting yes vote for candidate a63d29e53aee4d1881055761bac3e688 in term 2.
I20260709 12:11:50.515162  6310 raft_consensus.cc:2804] T 0acc8d19ab614e05bb24a3d8c8a6d16a P a63d29e53aee4d1881055761bac3e688 [term 2 FOLLOWER]: Leader election won for term 2
I20260709 12:11:50.515610  6310 raft_consensus.cc:697] T 0acc8d19ab614e05bb24a3d8c8a6d16a P a63d29e53aee4d1881055761bac3e688 [term 2 LEADER]: Becoming Leader. State: Replica: a63d29e53aee4d1881055761bac3e688, State: Running, Role: LEADER
I20260709 12:11:50.516252  6310 consensus_queue.cc:237] T 0acc8d19ab614e05bb24a3d8c8a6d16a P a63d29e53aee4d1881055761bac3e688 [LEADER]: Queue going to LEADER mode. State: All replicated index: 0, Majority replicated index: 1, Committed index: 1, Last appended: 1.1, Last appended by leader: 1, Current term: 2, Majority size: 2, State: 0, Mode: LEADER, active raft config: opid_index: -1 OBSOLETE_local: false peers { permanent_uuid: "a63d29e53aee4d1881055761bac3e688" member_type: VOTER last_known_addr { host: "127.5.196.193" port: 38247 } } peers { permanent_uuid: "5f1a0cf42bce4ec99ef38de99fa3cedd" member_type: VOTER last_known_addr { host: "127.5.196.194" port: 34405 } } peers { permanent_uuid: "1dc6472ed5204d138c7309a8fbc57252" member_type: VOTER last_known_addr { host: "127.5.196.195" port: 36555 } }
I20260709 12:11:50.522027  5939 catalog_manager.cc:5697] T 0acc8d19ab614e05bb24a3d8c8a6d16a P a63d29e53aee4d1881055761bac3e688 reported cstate change: term changed from 1 to 2, leader changed from 1dc6472ed5204d138c7309a8fbc57252 (127.5.196.195) to a63d29e53aee4d1881055761bac3e688 (127.5.196.193). New cstate: current_term: 2 leader_uuid: "a63d29e53aee4d1881055761bac3e688" committed_config { opid_index: -1 OBSOLETE_local: false peers { permanent_uuid: "a63d29e53aee4d1881055761bac3e688" member_type: VOTER last_known_addr { host: "127.5.196.193" port: 38247 } health_report { overall_health: HEALTHY } } peers { permanent_uuid: "5f1a0cf42bce4ec99ef38de99fa3cedd" member_type: VOTER last_known_addr { host: "127.5.196.194" port: 34405 } health_report { overall_health: UNKNOWN } } peers { permanent_uuid: "1dc6472ed5204d138c7309a8fbc57252" member_type: VOTER last_known_addr { host: "127.5.196.195" port: 36555 } health_report { overall_health: UNKNOWN } } }
I20260709 12:11:50.636118  6284 raft_consensus.cc:993] T fe6ebb5676014869aa5543ee1f5d3706 P 5f1a0cf42bce4ec99ef38de99fa3cedd: : Instructing follower 1dc6472ed5204d138c7309a8fbc57252 to start an election
I20260709 12:11:50.636583  6284 raft_consensus.cc:1081] T fe6ebb5676014869aa5543ee1f5d3706 P 5f1a0cf42bce4ec99ef38de99fa3cedd [term 1 LEADER]: Signalling peer 1dc6472ed5204d138c7309a8fbc57252 to start an election
I20260709 12:11:50.638054  6189 tablet_service.cc:2044] Received Run Leader Election RPC: tablet_id: "fe6ebb5676014869aa5543ee1f5d3706"
dest_uuid: "1dc6472ed5204d138c7309a8fbc57252"
 from {username='slave'} at 127.0.0.1:56734
I20260709 12:11:50.638587  6189 raft_consensus.cc:493] T fe6ebb5676014869aa5543ee1f5d3706 P 1dc6472ed5204d138c7309a8fbc57252 [term 1 FOLLOWER]: Starting forced leader election (received explicit request)
I20260709 12:11:50.638948  6189 raft_consensus.cc:3060] T fe6ebb5676014869aa5543ee1f5d3706 P 1dc6472ed5204d138c7309a8fbc57252 [term 1 FOLLOWER]: Advancing to term 2
I20260709 12:11:50.643419  6189 raft_consensus.cc:515] T fe6ebb5676014869aa5543ee1f5d3706 P 1dc6472ed5204d138c7309a8fbc57252 [term 2 FOLLOWER]: Starting forced leader election with config: opid_index: -1 OBSOLETE_local: false peers { permanent_uuid: "a63d29e53aee4d1881055761bac3e688" member_type: VOTER last_known_addr { host: "127.5.196.193" port: 38247 } } peers { permanent_uuid: "5f1a0cf42bce4ec99ef38de99fa3cedd" member_type: VOTER last_known_addr { host: "127.5.196.194" port: 34405 } } peers { permanent_uuid: "1dc6472ed5204d138c7309a8fbc57252" member_type: VOTER last_known_addr { host: "127.5.196.195" port: 36555 } }
I20260709 12:11:50.645614  6189 leader_election.cc:290] T fe6ebb5676014869aa5543ee1f5d3706 P 1dc6472ed5204d138c7309a8fbc57252 [CANDIDATE]: Term 2 election: Requested vote from peers a63d29e53aee4d1881055761bac3e688 (127.5.196.193:38247), 5f1a0cf42bce4ec99ef38de99fa3cedd (127.5.196.194:34405)
I20260709 12:11:50.645601  6040 tablet_service.cc:1917] Received RequestConsensusVote() RPC: tablet_id: "fe6ebb5676014869aa5543ee1f5d3706" candidate_uuid: "1dc6472ed5204d138c7309a8fbc57252" candidate_term: 2 candidate_status { last_received { term: 1 index: 1 } } ignore_live_leader: true dest_uuid: "a63d29e53aee4d1881055761bac3e688"
I20260709 12:11:50.645828  6117 tablet_service.cc:1917] Received RequestConsensusVote() RPC: tablet_id: "fe6ebb5676014869aa5543ee1f5d3706" candidate_uuid: "1dc6472ed5204d138c7309a8fbc57252" candidate_term: 2 candidate_status { last_received { term: 1 index: 1 } } ignore_live_leader: true dest_uuid: "5f1a0cf42bce4ec99ef38de99fa3cedd"
I20260709 12:11:50.646260  6040 raft_consensus.cc:3060] T fe6ebb5676014869aa5543ee1f5d3706 P a63d29e53aee4d1881055761bac3e688 [term 1 FOLLOWER]: Advancing to term 2
I20260709 12:11:50.646775  6117 raft_consensus.cc:3055] T fe6ebb5676014869aa5543ee1f5d3706 P 5f1a0cf42bce4ec99ef38de99fa3cedd [term 1 LEADER]: Stepping down as leader of term 1
I20260709 12:11:50.647112  6117 raft_consensus.cc:740] T fe6ebb5676014869aa5543ee1f5d3706 P 5f1a0cf42bce4ec99ef38de99fa3cedd [term 1 LEADER]: Becoming Follower/Learner. State: Replica: 5f1a0cf42bce4ec99ef38de99fa3cedd, State: Running, Role: LEADER
I20260709 12:11:50.647890  6117 consensus_queue.cc:260] T fe6ebb5676014869aa5543ee1f5d3706 P 5f1a0cf42bce4ec99ef38de99fa3cedd [NON_LEADER]: Queue going to NON_LEADER mode. State: All replicated index: 0, Majority replicated index: 1, Committed index: 1, Last appended: 1.1, Last appended by leader: 1, Current term: 1, Majority size: -1, State: 0, Mode: NON_LEADER, active raft config: opid_index: -1 OBSOLETE_local: false peers { permanent_uuid: "a63d29e53aee4d1881055761bac3e688" member_type: VOTER last_known_addr { host: "127.5.196.193" port: 38247 } } peers { permanent_uuid: "5f1a0cf42bce4ec99ef38de99fa3cedd" member_type: VOTER last_known_addr { host: "127.5.196.194" port: 34405 } } peers { permanent_uuid: "1dc6472ed5204d138c7309a8fbc57252" member_type: VOTER last_known_addr { host: "127.5.196.195" port: 36555 } }
I20260709 12:11:50.649022  6117 raft_consensus.cc:3060] T fe6ebb5676014869aa5543ee1f5d3706 P 5f1a0cf42bce4ec99ef38de99fa3cedd [term 1 FOLLOWER]: Advancing to term 2
I20260709 12:11:50.650869  6040 raft_consensus.cc:2468] T fe6ebb5676014869aa5543ee1f5d3706 P a63d29e53aee4d1881055761bac3e688 [term 2 FOLLOWER]: Leader election vote request: Granting yes vote for candidate 1dc6472ed5204d138c7309a8fbc57252 in term 2.
I20260709 12:11:50.651760  6157 leader_election.cc:304] T fe6ebb5676014869aa5543ee1f5d3706 P 1dc6472ed5204d138c7309a8fbc57252 [CANDIDATE]: Term 2 election: Election decided. Result: candidate won. Election summary: received 2 responses out of 3 voters: 2 yes votes; 0 no votes. yes voters: 1dc6472ed5204d138c7309a8fbc57252, a63d29e53aee4d1881055761bac3e688; no voters: 
I20260709 12:11:50.652351  6295 raft_consensus.cc:2804] T fe6ebb5676014869aa5543ee1f5d3706 P 1dc6472ed5204d138c7309a8fbc57252 [term 2 FOLLOWER]: Leader election won for term 2
I20260709 12:11:50.652717  6295 raft_consensus.cc:697] T fe6ebb5676014869aa5543ee1f5d3706 P 1dc6472ed5204d138c7309a8fbc57252 [term 2 LEADER]: Becoming Leader. State: Replica: 1dc6472ed5204d138c7309a8fbc57252, State: Running, Role: LEADER
I20260709 12:11:50.653357  6295 consensus_queue.cc:237] T fe6ebb5676014869aa5543ee1f5d3706 P 1dc6472ed5204d138c7309a8fbc57252 [LEADER]: Queue going to LEADER mode. State: All replicated index: 0, Majority replicated index: 1, Committed index: 1, Last appended: 1.1, Last appended by leader: 1, Current term: 2, Majority size: 2, State: 0, Mode: LEADER, active raft config: opid_index: -1 OBSOLETE_local: false peers { permanent_uuid: "a63d29e53aee4d1881055761bac3e688" member_type: VOTER last_known_addr { host: "127.5.196.193" port: 38247 } } peers { permanent_uuid: "5f1a0cf42bce4ec99ef38de99fa3cedd" member_type: VOTER last_known_addr { host: "127.5.196.194" port: 34405 } } peers { permanent_uuid: "1dc6472ed5204d138c7309a8fbc57252" member_type: VOTER last_known_addr { host: "127.5.196.195" port: 36555 } }
I20260709 12:11:50.655441  6117 raft_consensus.cc:2468] T fe6ebb5676014869aa5543ee1f5d3706 P 5f1a0cf42bce4ec99ef38de99fa3cedd [term 2 FOLLOWER]: Leader election vote request: Granting yes vote for candidate 1dc6472ed5204d138c7309a8fbc57252 in term 2.
I20260709 12:11:50.659837  5939 catalog_manager.cc:5697] T fe6ebb5676014869aa5543ee1f5d3706 P 1dc6472ed5204d138c7309a8fbc57252 reported cstate change: term changed from 1 to 2, leader changed from 5f1a0cf42bce4ec99ef38de99fa3cedd (127.5.196.194) to 1dc6472ed5204d138c7309a8fbc57252 (127.5.196.195). New cstate: current_term: 2 leader_uuid: "1dc6472ed5204d138c7309a8fbc57252" committed_config { opid_index: -1 OBSOLETE_local: false peers { permanent_uuid: "a63d29e53aee4d1881055761bac3e688" member_type: VOTER last_known_addr { host: "127.5.196.193" port: 38247 } health_report { overall_health: UNKNOWN } } peers { permanent_uuid: "5f1a0cf42bce4ec99ef38de99fa3cedd" member_type: VOTER last_known_addr { host: "127.5.196.194" port: 34405 } health_report { overall_health: UNKNOWN } } peers { permanent_uuid: "1dc6472ed5204d138c7309a8fbc57252" member_type: VOTER last_known_addr { host: "127.5.196.195" port: 36555 } health_report { overall_health: HEALTHY } } }
I20260709 12:11:50.695251  6261 raft_consensus.cc:993] T 86248f4a66e447d6adb4cc5927d60515 P 1dc6472ed5204d138c7309a8fbc57252: : Instructing follower 5f1a0cf42bce4ec99ef38de99fa3cedd to start an election
I20260709 12:11:50.695793  6295 raft_consensus.cc:1081] T 86248f4a66e447d6adb4cc5927d60515 P 1dc6472ed5204d138c7309a8fbc57252 [term 1 LEADER]: Signalling peer 5f1a0cf42bce4ec99ef38de99fa3cedd to start an election
I20260709 12:11:50.697564  6117 tablet_service.cc:2044] Received Run Leader Election RPC: tablet_id: "86248f4a66e447d6adb4cc5927d60515"
dest_uuid: "5f1a0cf42bce4ec99ef38de99fa3cedd"
 from {username='slave'} at 127.0.0.1:55810
I20260709 12:11:50.698339  6117 raft_consensus.cc:493] T 86248f4a66e447d6adb4cc5927d60515 P 5f1a0cf42bce4ec99ef38de99fa3cedd [term 1 FOLLOWER]: Starting forced leader election (received explicit request)
I20260709 12:11:50.698822  6117 raft_consensus.cc:3060] T 86248f4a66e447d6adb4cc5927d60515 P 5f1a0cf42bce4ec99ef38de99fa3cedd [term 1 FOLLOWER]: Advancing to term 2
I20260709 12:11:50.705236  6117 raft_consensus.cc:515] T 86248f4a66e447d6adb4cc5927d60515 P 5f1a0cf42bce4ec99ef38de99fa3cedd [term 2 FOLLOWER]: Starting forced leader election with config: opid_index: -1 OBSOLETE_local: false peers { permanent_uuid: "a63d29e53aee4d1881055761bac3e688" member_type: VOTER last_known_addr { host: "127.5.196.193" port: 38247 } } peers { permanent_uuid: "5f1a0cf42bce4ec99ef38de99fa3cedd" member_type: VOTER last_known_addr { host: "127.5.196.194" port: 34405 } } peers { permanent_uuid: "1dc6472ed5204d138c7309a8fbc57252" member_type: VOTER last_known_addr { host: "127.5.196.195" port: 36555 } }
I20260709 12:11:50.707103  6117 leader_election.cc:290] T 86248f4a66e447d6adb4cc5927d60515 P 5f1a0cf42bce4ec99ef38de99fa3cedd [CANDIDATE]: Term 2 election: Requested vote from peers a63d29e53aee4d1881055761bac3e688 (127.5.196.193:38247), 1dc6472ed5204d138c7309a8fbc57252 (127.5.196.195:36555)
I20260709 12:11:50.707839  6040 tablet_service.cc:1917] Received RequestConsensusVote() RPC: tablet_id: "86248f4a66e447d6adb4cc5927d60515" candidate_uuid: "5f1a0cf42bce4ec99ef38de99fa3cedd" candidate_term: 2 candidate_status { last_received { term: 1 index: 1 } } ignore_live_leader: true dest_uuid: "a63d29e53aee4d1881055761bac3e688"
I20260709 12:11:50.708123  6189 tablet_service.cc:1917] Received RequestConsensusVote() RPC: tablet_id: "86248f4a66e447d6adb4cc5927d60515" candidate_uuid: "5f1a0cf42bce4ec99ef38de99fa3cedd" candidate_term: 2 candidate_status { last_received { term: 1 index: 1 } } ignore_live_leader: true dest_uuid: "1dc6472ed5204d138c7309a8fbc57252"
I20260709 12:11:50.708449  6040 raft_consensus.cc:3060] T 86248f4a66e447d6adb4cc5927d60515 P a63d29e53aee4d1881055761bac3e688 [term 1 FOLLOWER]: Advancing to term 2
I20260709 12:11:50.708716  6189 raft_consensus.cc:3055] T 86248f4a66e447d6adb4cc5927d60515 P 1dc6472ed5204d138c7309a8fbc57252 [term 1 LEADER]: Stepping down as leader of term 1
I20260709 12:11:50.709082  6189 raft_consensus.cc:740] T 86248f4a66e447d6adb4cc5927d60515 P 1dc6472ed5204d138c7309a8fbc57252 [term 1 LEADER]: Becoming Follower/Learner. State: Replica: 1dc6472ed5204d138c7309a8fbc57252, State: Running, Role: LEADER
I20260709 12:11:50.709895  6189 consensus_queue.cc:260] T 86248f4a66e447d6adb4cc5927d60515 P 1dc6472ed5204d138c7309a8fbc57252 [NON_LEADER]: Queue going to NON_LEADER mode. State: All replicated index: 0, Majority replicated index: 1, Committed index: 1, Last appended: 1.1, Last appended by leader: 1, Current term: 1, Majority size: -1, State: 0, Mode: NON_LEADER, active raft config: opid_index: -1 OBSOLETE_local: false peers { permanent_uuid: "a63d29e53aee4d1881055761bac3e688" member_type: VOTER last_known_addr { host: "127.5.196.193" port: 38247 } } peers { permanent_uuid: "5f1a0cf42bce4ec99ef38de99fa3cedd" member_type: VOTER last_known_addr { host: "127.5.196.194" port: 34405 } } peers { permanent_uuid: "1dc6472ed5204d138c7309a8fbc57252" member_type: VOTER last_known_addr { host: "127.5.196.195" port: 36555 } }
I20260709 12:11:50.711063  6189 raft_consensus.cc:3060] T 86248f4a66e447d6adb4cc5927d60515 P 1dc6472ed5204d138c7309a8fbc57252 [term 1 FOLLOWER]: Advancing to term 2
I20260709 12:11:50.713196  6040 raft_consensus.cc:2468] T 86248f4a66e447d6adb4cc5927d60515 P a63d29e53aee4d1881055761bac3e688 [term 2 FOLLOWER]: Leader election vote request: Granting yes vote for candidate 5f1a0cf42bce4ec99ef38de99fa3cedd in term 2.
I20260709 12:11:50.714121  6083 leader_election.cc:304] T 86248f4a66e447d6adb4cc5927d60515 P 5f1a0cf42bce4ec99ef38de99fa3cedd [CANDIDATE]: Term 2 election: Election decided. Result: candidate won. Election summary: received 2 responses out of 3 voters: 2 yes votes; 0 no votes. yes voters: 5f1a0cf42bce4ec99ef38de99fa3cedd, a63d29e53aee4d1881055761bac3e688; no voters: 
I20260709 12:11:50.714876  6284 raft_consensus.cc:2804] T 86248f4a66e447d6adb4cc5927d60515 P 5f1a0cf42bce4ec99ef38de99fa3cedd [term 2 FOLLOWER]: Leader election won for term 2
I20260709 12:11:50.715284  6284 raft_consensus.cc:697] T 86248f4a66e447d6adb4cc5927d60515 P 5f1a0cf42bce4ec99ef38de99fa3cedd [term 2 LEADER]: Becoming Leader. State: Replica: 5f1a0cf42bce4ec99ef38de99fa3cedd, State: Running, Role: LEADER
I20260709 12:11:50.716104  6284 consensus_queue.cc:237] T 86248f4a66e447d6adb4cc5927d60515 P 5f1a0cf42bce4ec99ef38de99fa3cedd [LEADER]: Queue going to LEADER mode. State: All replicated index: 0, Majority replicated index: 1, Committed index: 1, Last appended: 1.1, Last appended by leader: 1, Current term: 2, Majority size: 2, State: 0, Mode: LEADER, active raft config: opid_index: -1 OBSOLETE_local: false peers { permanent_uuid: "a63d29e53aee4d1881055761bac3e688" member_type: VOTER last_known_addr { host: "127.5.196.193" port: 38247 } } peers { permanent_uuid: "5f1a0cf42bce4ec99ef38de99fa3cedd" member_type: VOTER last_known_addr { host: "127.5.196.194" port: 34405 } } peers { permanent_uuid: "1dc6472ed5204d138c7309a8fbc57252" member_type: VOTER last_known_addr { host: "127.5.196.195" port: 36555 } }
I20260709 12:11:50.717686  6189 raft_consensus.cc:2468] T 86248f4a66e447d6adb4cc5927d60515 P 1dc6472ed5204d138c7309a8fbc57252 [term 2 FOLLOWER]: Leader election vote request: Granting yes vote for candidate 5f1a0cf42bce4ec99ef38de99fa3cedd in term 2.
I20260709 12:11:50.722520  5939 catalog_manager.cc:5697] T 86248f4a66e447d6adb4cc5927d60515 P 5f1a0cf42bce4ec99ef38de99fa3cedd reported cstate change: term changed from 1 to 2, leader changed from 1dc6472ed5204d138c7309a8fbc57252 (127.5.196.195) to 5f1a0cf42bce4ec99ef38de99fa3cedd (127.5.196.194). New cstate: current_term: 2 leader_uuid: "5f1a0cf42bce4ec99ef38de99fa3cedd" committed_config { opid_index: -1 OBSOLETE_local: false peers { permanent_uuid: "a63d29e53aee4d1881055761bac3e688" member_type: VOTER last_known_addr { host: "127.5.196.193" port: 38247 } health_report { overall_health: UNKNOWN } } peers { permanent_uuid: "5f1a0cf42bce4ec99ef38de99fa3cedd" member_type: VOTER last_known_addr { host: "127.5.196.194" port: 34405 } health_report { overall_health: HEALTHY } } peers { permanent_uuid: "1dc6472ed5204d138c7309a8fbc57252" member_type: VOTER last_known_addr { host: "127.5.196.195" port: 36555 } health_report { overall_health: UNKNOWN } } }
I20260709 12:11:50.745349  6241 raft_consensus.cc:993] T 24e6c29447454dfc8171560b47fd5a2f P 5f1a0cf42bce4ec99ef38de99fa3cedd: : Instructing follower a63d29e53aee4d1881055761bac3e688 to start an election
I20260709 12:11:50.745756  6284 raft_consensus.cc:1081] T 24e6c29447454dfc8171560b47fd5a2f P 5f1a0cf42bce4ec99ef38de99fa3cedd [term 1 LEADER]: Signalling peer a63d29e53aee4d1881055761bac3e688 to start an election
I20260709 12:11:50.747078  6040 tablet_service.cc:2044] Received Run Leader Election RPC: tablet_id: "24e6c29447454dfc8171560b47fd5a2f"
dest_uuid: "a63d29e53aee4d1881055761bac3e688"
 from {username='slave'} at 127.0.0.1:38678
I20260709 12:11:50.747577  6040 raft_consensus.cc:493] T 24e6c29447454dfc8171560b47fd5a2f P a63d29e53aee4d1881055761bac3e688 [term 1 FOLLOWER]: Starting forced leader election (received explicit request)
I20260709 12:11:50.747855  6040 raft_consensus.cc:3060] T 24e6c29447454dfc8171560b47fd5a2f P a63d29e53aee4d1881055761bac3e688 [term 1 FOLLOWER]: Advancing to term 2
I20260709 12:11:50.752384  6040 raft_consensus.cc:515] T 24e6c29447454dfc8171560b47fd5a2f P a63d29e53aee4d1881055761bac3e688 [term 2 FOLLOWER]: Starting forced leader election with config: opid_index: -1 OBSOLETE_local: false peers { permanent_uuid: "a63d29e53aee4d1881055761bac3e688" member_type: VOTER last_known_addr { host: "127.5.196.193" port: 38247 } } peers { permanent_uuid: "5f1a0cf42bce4ec99ef38de99fa3cedd" member_type: VOTER last_known_addr { host: "127.5.196.194" port: 34405 } } peers { permanent_uuid: "1dc6472ed5204d138c7309a8fbc57252" member_type: VOTER last_known_addr { host: "127.5.196.195" port: 36555 } }
I20260709 12:11:50.754297  6040 leader_election.cc:290] T 24e6c29447454dfc8171560b47fd5a2f P a63d29e53aee4d1881055761bac3e688 [CANDIDATE]: Term 2 election: Requested vote from peers 5f1a0cf42bce4ec99ef38de99fa3cedd (127.5.196.194:34405), 1dc6472ed5204d138c7309a8fbc57252 (127.5.196.195:36555)
I20260709 12:11:50.754691  6117 tablet_service.cc:1917] Received RequestConsensusVote() RPC: tablet_id: "24e6c29447454dfc8171560b47fd5a2f" candidate_uuid: "a63d29e53aee4d1881055761bac3e688" candidate_term: 2 candidate_status { last_received { term: 1 index: 1 } } ignore_live_leader: true dest_uuid: "5f1a0cf42bce4ec99ef38de99fa3cedd"
I20260709 12:11:50.754876  6189 tablet_service.cc:1917] Received RequestConsensusVote() RPC: tablet_id: "24e6c29447454dfc8171560b47fd5a2f" candidate_uuid: "a63d29e53aee4d1881055761bac3e688" candidate_term: 2 candidate_status { last_received { term: 1 index: 1 } } ignore_live_leader: true dest_uuid: "1dc6472ed5204d138c7309a8fbc57252"
I20260709 12:11:50.755295  6117 raft_consensus.cc:3055] T 24e6c29447454dfc8171560b47fd5a2f P 5f1a0cf42bce4ec99ef38de99fa3cedd [term 1 LEADER]: Stepping down as leader of term 1
I20260709 12:11:50.755452  6189 raft_consensus.cc:3060] T 24e6c29447454dfc8171560b47fd5a2f P 1dc6472ed5204d138c7309a8fbc57252 [term 1 FOLLOWER]: Advancing to term 2
I20260709 12:11:50.755704  6117 raft_consensus.cc:740] T 24e6c29447454dfc8171560b47fd5a2f P 5f1a0cf42bce4ec99ef38de99fa3cedd [term 1 LEADER]: Becoming Follower/Learner. State: Replica: 5f1a0cf42bce4ec99ef38de99fa3cedd, State: Running, Role: LEADER
I20260709 12:11:50.756577  6117 consensus_queue.cc:260] T 24e6c29447454dfc8171560b47fd5a2f P 5f1a0cf42bce4ec99ef38de99fa3cedd [NON_LEADER]: Queue going to NON_LEADER mode. State: All replicated index: 0, Majority replicated index: 1, Committed index: 1, Last appended: 1.1, Last appended by leader: 1, Current term: 1, Majority size: -1, State: 0, Mode: NON_LEADER, active raft config: opid_index: -1 OBSOLETE_local: false peers { permanent_uuid: "a63d29e53aee4d1881055761bac3e688" member_type: VOTER last_known_addr { host: "127.5.196.193" port: 38247 } } peers { permanent_uuid: "5f1a0cf42bce4ec99ef38de99fa3cedd" member_type: VOTER last_known_addr { host: "127.5.196.194" port: 34405 } } peers { permanent_uuid: "1dc6472ed5204d138c7309a8fbc57252" member_type: VOTER last_known_addr { host: "127.5.196.195" port: 36555 } }
I20260709 12:11:50.757864  6117 raft_consensus.cc:3060] T 24e6c29447454dfc8171560b47fd5a2f P 5f1a0cf42bce4ec99ef38de99fa3cedd [term 1 FOLLOWER]: Advancing to term 2
I20260709 12:11:50.759949  6189 raft_consensus.cc:2468] T 24e6c29447454dfc8171560b47fd5a2f P 1dc6472ed5204d138c7309a8fbc57252 [term 2 FOLLOWER]: Leader election vote request: Granting yes vote for candidate a63d29e53aee4d1881055761bac3e688 in term 2.
I20260709 12:11:50.760808  6005 leader_election.cc:304] T 24e6c29447454dfc8171560b47fd5a2f P a63d29e53aee4d1881055761bac3e688 [CANDIDATE]: Term 2 election: Election decided. Result: candidate won. Election summary: received 2 responses out of 3 voters: 2 yes votes; 0 no votes. yes voters: 1dc6472ed5204d138c7309a8fbc57252, a63d29e53aee4d1881055761bac3e688; no voters: 
I20260709 12:11:50.761499  6310 raft_consensus.cc:2804] T 24e6c29447454dfc8171560b47fd5a2f P a63d29e53aee4d1881055761bac3e688 [term 2 FOLLOWER]: Leader election won for term 2
I20260709 12:11:50.761919  6310 raft_consensus.cc:697] T 24e6c29447454dfc8171560b47fd5a2f P a63d29e53aee4d1881055761bac3e688 [term 2 LEADER]: Becoming Leader. State: Replica: a63d29e53aee4d1881055761bac3e688, State: Running, Role: LEADER
I20260709 12:11:50.762578  6310 consensus_queue.cc:237] T 24e6c29447454dfc8171560b47fd5a2f P a63d29e53aee4d1881055761bac3e688 [LEADER]: Queue going to LEADER mode. State: All replicated index: 0, Majority replicated index: 1, Committed index: 1, Last appended: 1.1, Last appended by leader: 1, Current term: 2, Majority size: 2, State: 0, Mode: LEADER, active raft config: opid_index: -1 OBSOLETE_local: false peers { permanent_uuid: "a63d29e53aee4d1881055761bac3e688" member_type: VOTER last_known_addr { host: "127.5.196.193" port: 38247 } } peers { permanent_uuid: "5f1a0cf42bce4ec99ef38de99fa3cedd" member_type: VOTER last_known_addr { host: "127.5.196.194" port: 34405 } } peers { permanent_uuid: "1dc6472ed5204d138c7309a8fbc57252" member_type: VOTER last_known_addr { host: "127.5.196.195" port: 36555 } }
I20260709 12:11:50.764432  6117 raft_consensus.cc:2468] T 24e6c29447454dfc8171560b47fd5a2f P 5f1a0cf42bce4ec99ef38de99fa3cedd [term 2 FOLLOWER]: Leader election vote request: Granting yes vote for candidate a63d29e53aee4d1881055761bac3e688 in term 2.
I20260709 12:11:50.769120  5939 catalog_manager.cc:5697] T 24e6c29447454dfc8171560b47fd5a2f P a63d29e53aee4d1881055761bac3e688 reported cstate change: term changed from 1 to 2, leader changed from 5f1a0cf42bce4ec99ef38de99fa3cedd (127.5.196.194) to a63d29e53aee4d1881055761bac3e688 (127.5.196.193). New cstate: current_term: 2 leader_uuid: "a63d29e53aee4d1881055761bac3e688" committed_config { opid_index: -1 OBSOLETE_local: false peers { permanent_uuid: "a63d29e53aee4d1881055761bac3e688" member_type: VOTER last_known_addr { host: "127.5.196.193" port: 38247 } health_report { overall_health: HEALTHY } } peers { permanent_uuid: "5f1a0cf42bce4ec99ef38de99fa3cedd" member_type: VOTER last_known_addr { host: "127.5.196.194" port: 34405 } health_report { overall_health: UNKNOWN } } peers { permanent_uuid: "1dc6472ed5204d138c7309a8fbc57252" member_type: VOTER last_known_addr { host: "127.5.196.195" port: 36555 } health_report { overall_health: UNKNOWN } } }
I20260709 12:11:50.779594  6189 raft_consensus.cc:1275] T 941f4fa9b48c4e6abc3a62b17aa7a150 P 1dc6472ed5204d138c7309a8fbc57252 [term 2 FOLLOWER]: Refusing update from remote peer 5f1a0cf42bce4ec99ef38de99fa3cedd: Log matching property violated. Preceding OpId in replica: term: 1 index: 1. Preceding OpId from leader: term: 2 index: 2. (index mismatch)
I20260709 12:11:50.780793  6284 consensus_queue.cc:1048] T 941f4fa9b48c4e6abc3a62b17aa7a150 P 5f1a0cf42bce4ec99ef38de99fa3cedd [LEADER]: Connected to new peer: Peer: permanent_uuid: "1dc6472ed5204d138c7309a8fbc57252" member_type: VOTER last_known_addr { host: "127.5.196.195" port: 36555 }, Status: LMP_MISMATCH, Last received: 0.0, Next index: 2, Last known committed idx: 1, Time since last communication: 0.000s
I20260709 12:11:50.791991  6040 raft_consensus.cc:1275] T 941f4fa9b48c4e6abc3a62b17aa7a150 P a63d29e53aee4d1881055761bac3e688 [term 2 FOLLOWER]: Refusing update from remote peer 5f1a0cf42bce4ec99ef38de99fa3cedd: Log matching property violated. Preceding OpId in replica: term: 1 index: 1. Preceding OpId from leader: term: 2 index: 2. (index mismatch)
I20260709 12:11:50.793355  6286 consensus_queue.cc:1048] T 941f4fa9b48c4e6abc3a62b17aa7a150 P 5f1a0cf42bce4ec99ef38de99fa3cedd [LEADER]: Connected to new peer: Peer: permanent_uuid: "a63d29e53aee4d1881055761bac3e688" member_type: VOTER last_known_addr { host: "127.5.196.193" port: 38247 }, Status: LMP_MISMATCH, Last received: 0.0, Next index: 2, Last known committed idx: 1, Time since last communication: 0.001s
I20260709 12:11:50.885914  6117 raft_consensus.cc:1275] T fdf00f83e26c47bebf064017827f28cc P 5f1a0cf42bce4ec99ef38de99fa3cedd [term 2 FOLLOWER]: Refusing update from remote peer a63d29e53aee4d1881055761bac3e688: Log matching property violated. Preceding OpId in replica: term: 1 index: 1. Preceding OpId from leader: term: 2 index: 2. (index mismatch)
I20260709 12:11:50.887023  6310 consensus_queue.cc:1048] T fdf00f83e26c47bebf064017827f28cc P a63d29e53aee4d1881055761bac3e688 [LEADER]: Connected to new peer: Peer: permanent_uuid: "5f1a0cf42bce4ec99ef38de99fa3cedd" member_type: VOTER last_known_addr { host: "127.5.196.194" port: 34405 }, Status: LMP_MISMATCH, Last received: 0.0, Next index: 2, Last known committed idx: 1, Time since last communication: 0.000s
I20260709 12:11:50.893390  6189 raft_consensus.cc:1275] T fdf00f83e26c47bebf064017827f28cc P 1dc6472ed5204d138c7309a8fbc57252 [term 2 FOLLOWER]: Refusing update from remote peer a63d29e53aee4d1881055761bac3e688: Log matching property violated. Preceding OpId in replica: term: 1 index: 1. Preceding OpId from leader: term: 2 index: 2. (index mismatch)
I20260709 12:11:50.894760  6279 consensus_queue.cc:1048] T fdf00f83e26c47bebf064017827f28cc P a63d29e53aee4d1881055761bac3e688 [LEADER]: Connected to new peer: Peer: permanent_uuid: "1dc6472ed5204d138c7309a8fbc57252" member_type: VOTER last_known_addr { host: "127.5.196.195" port: 36555 }, Status: LMP_MISMATCH, Last received: 0.0, Next index: 2, Last known committed idx: 1, Time since last communication: 0.000s
I20260709 12:11:50.950484  6189 raft_consensus.cc:1275] T 0c5f16fe2c1046aab1924077acb9c7b5 P 1dc6472ed5204d138c7309a8fbc57252 [term 2 FOLLOWER]: Refusing update from remote peer 5f1a0cf42bce4ec99ef38de99fa3cedd: Log matching property violated. Preceding OpId in replica: term: 1 index: 1. Preceding OpId from leader: term: 2 index: 2. (index mismatch)
I20260709 12:11:50.951531  6286 consensus_queue.cc:1048] T 0c5f16fe2c1046aab1924077acb9c7b5 P 5f1a0cf42bce4ec99ef38de99fa3cedd [LEADER]: Connected to new peer: Peer: permanent_uuid: "1dc6472ed5204d138c7309a8fbc57252" member_type: VOTER last_known_addr { host: "127.5.196.195" port: 36555 }, Status: LMP_MISMATCH, Last received: 0.0, Next index: 2, Last known committed idx: 1, Time since last communication: 0.000s
I20260709 12:11:50.958170  6040 raft_consensus.cc:1275] T 0c5f16fe2c1046aab1924077acb9c7b5 P a63d29e53aee4d1881055761bac3e688 [term 2 FOLLOWER]: Refusing update from remote peer 5f1a0cf42bce4ec99ef38de99fa3cedd: Log matching property violated. Preceding OpId in replica: term: 1 index: 1. Preceding OpId from leader: term: 2 index: 2. (index mismatch)
I20260709 12:11:50.959939  6241 consensus_queue.cc:1048] T 0c5f16fe2c1046aab1924077acb9c7b5 P 5f1a0cf42bce4ec99ef38de99fa3cedd [LEADER]: Connected to new peer: Peer: permanent_uuid: "a63d29e53aee4d1881055761bac3e688" member_type: VOTER last_known_addr { host: "127.5.196.193" port: 38247 }, Status: LMP_MISMATCH, Last received: 0.0, Next index: 2, Last known committed idx: 1, Time since last communication: 0.000s
I20260709 12:11:50.990252  6189 raft_consensus.cc:1275] T 0acc8d19ab614e05bb24a3d8c8a6d16a P 1dc6472ed5204d138c7309a8fbc57252 [term 2 FOLLOWER]: Refusing update from remote peer a63d29e53aee4d1881055761bac3e688: Log matching property violated. Preceding OpId in replica: term: 1 index: 1. Preceding OpId from leader: term: 2 index: 2. (index mismatch)
I20260709 12:11:50.991263  6310 consensus_queue.cc:1048] T 0acc8d19ab614e05bb24a3d8c8a6d16a P a63d29e53aee4d1881055761bac3e688 [LEADER]: Connected to new peer: Peer: permanent_uuid: "1dc6472ed5204d138c7309a8fbc57252" member_type: VOTER last_known_addr { host: "127.5.196.195" port: 36555 }, Status: LMP_MISMATCH, Last received: 0.0, Next index: 2, Last known committed idx: 1, Time since last communication: 0.000s
I20260709 12:11:50.998572  6117 raft_consensus.cc:1275] T 0acc8d19ab614e05bb24a3d8c8a6d16a P 5f1a0cf42bce4ec99ef38de99fa3cedd [term 2 FOLLOWER]: Refusing update from remote peer a63d29e53aee4d1881055761bac3e688: Log matching property violated. Preceding OpId in replica: term: 1 index: 1. Preceding OpId from leader: term: 2 index: 2. (index mismatch)
I20260709 12:11:51.000157  6242 consensus_queue.cc:1048] T 0acc8d19ab614e05bb24a3d8c8a6d16a P a63d29e53aee4d1881055761bac3e688 [LEADER]: Connected to new peer: Peer: permanent_uuid: "5f1a0cf42bce4ec99ef38de99fa3cedd" member_type: VOTER last_known_addr { host: "127.5.196.194" port: 34405 }, Status: LMP_MISMATCH, Last received: 0.0, Next index: 2, Last known committed idx: 1, Time since last communication: 0.000s
I20260709 12:11:51.014596  6189 raft_consensus.cc:1275] T 1427804efeee47439a72ac86a45f4f6c P 1dc6472ed5204d138c7309a8fbc57252 [term 2 FOLLOWER]: Refusing update from remote peer 5f1a0cf42bce4ec99ef38de99fa3cedd: Log matching property violated. Preceding OpId in replica: term: 1 index: 1. Preceding OpId from leader: term: 2 index: 2. (index mismatch)
I20260709 12:11:51.015642  6241 consensus_queue.cc:1048] T 1427804efeee47439a72ac86a45f4f6c P 5f1a0cf42bce4ec99ef38de99fa3cedd [LEADER]: Connected to new peer: Peer: permanent_uuid: "1dc6472ed5204d138c7309a8fbc57252" member_type: VOTER last_known_addr { host: "127.5.196.195" port: 36555 }, Status: LMP_MISMATCH, Last received: 0.0, Next index: 2, Last known committed idx: 1, Time since last communication: 0.000s
I20260709 12:11:51.023756  6040 raft_consensus.cc:1275] T 1427804efeee47439a72ac86a45f4f6c P a63d29e53aee4d1881055761bac3e688 [term 2 FOLLOWER]: Refusing update from remote peer 5f1a0cf42bce4ec99ef38de99fa3cedd: Log matching property violated. Preceding OpId in replica: term: 1 index: 1. Preceding OpId from leader: term: 2 index: 2. (index mismatch)
I20260709 12:11:51.024909  6284 consensus_queue.cc:1048] T 1427804efeee47439a72ac86a45f4f6c P 5f1a0cf42bce4ec99ef38de99fa3cedd [LEADER]: Connected to new peer: Peer: permanent_uuid: "a63d29e53aee4d1881055761bac3e688" member_type: VOTER last_known_addr { host: "127.5.196.193" port: 38247 }, Status: LMP_MISMATCH, Last received: 0.0, Next index: 2, Last known committed idx: 1, Time since last communication: 0.000s
I20260709 12:11:51.108798  6189 raft_consensus.cc:1275] T 86248f4a66e447d6adb4cc5927d60515 P 1dc6472ed5204d138c7309a8fbc57252 [term 2 FOLLOWER]: Refusing update from remote peer 5f1a0cf42bce4ec99ef38de99fa3cedd: Log matching property violated. Preceding OpId in replica: term: 1 index: 1. Preceding OpId from leader: term: 2 index: 2. (index mismatch)
I20260709 12:11:51.109922  6284 consensus_queue.cc:1048] T 86248f4a66e447d6adb4cc5927d60515 P 5f1a0cf42bce4ec99ef38de99fa3cedd [LEADER]: Connected to new peer: Peer: permanent_uuid: "1dc6472ed5204d138c7309a8fbc57252" member_type: VOTER last_known_addr { host: "127.5.196.195" port: 36555 }, Status: LMP_MISMATCH, Last received: 0.0, Next index: 2, Last known committed idx: 1, Time since last communication: 0.000s
I20260709 12:11:51.116644  6040 raft_consensus.cc:1275] T 86248f4a66e447d6adb4cc5927d60515 P a63d29e53aee4d1881055761bac3e688 [term 2 FOLLOWER]: Refusing update from remote peer 5f1a0cf42bce4ec99ef38de99fa3cedd: Log matching property violated. Preceding OpId in replica: term: 1 index: 1. Preceding OpId from leader: term: 2 index: 2. (index mismatch)
I20260709 12:11:51.118649  6322 consensus_queue.cc:1048] T 86248f4a66e447d6adb4cc5927d60515 P 5f1a0cf42bce4ec99ef38de99fa3cedd [LEADER]: Connected to new peer: Peer: permanent_uuid: "a63d29e53aee4d1881055761bac3e688" member_type: VOTER last_known_addr { host: "127.5.196.193" port: 38247 }, Status: LMP_MISMATCH, Last received: 0.0, Next index: 2, Last known committed idx: 1, Time since last communication: 0.000s
I20260709 12:11:51.141870  6189 raft_consensus.cc:1275] T 24e6c29447454dfc8171560b47fd5a2f P 1dc6472ed5204d138c7309a8fbc57252 [term 2 FOLLOWER]: Refusing update from remote peer a63d29e53aee4d1881055761bac3e688: Log matching property violated. Preceding OpId in replica: term: 1 index: 1. Preceding OpId from leader: term: 2 index: 2. (index mismatch)
I20260709 12:11:51.142814  6242 consensus_queue.cc:1048] T 24e6c29447454dfc8171560b47fd5a2f P a63d29e53aee4d1881055761bac3e688 [LEADER]: Connected to new peer: Peer: permanent_uuid: "1dc6472ed5204d138c7309a8fbc57252" member_type: VOTER last_known_addr { host: "127.5.196.195" port: 36555 }, Status: LMP_MISMATCH, Last received: 0.0, Next index: 2, Last known committed idx: 1, Time since last communication: 0.000s
I20260709 12:11:51.148847  6117 raft_consensus.cc:1275] T 24e6c29447454dfc8171560b47fd5a2f P 5f1a0cf42bce4ec99ef38de99fa3cedd [term 2 FOLLOWER]: Refusing update from remote peer a63d29e53aee4d1881055761bac3e688: Log matching property violated. Preceding OpId in replica: term: 1 index: 1. Preceding OpId from leader: term: 2 index: 2. (index mismatch)
I20260709 12:11:51.150568  6279 consensus_queue.cc:1048] T 24e6c29447454dfc8171560b47fd5a2f P a63d29e53aee4d1881055761bac3e688 [LEADER]: Connected to new peer: Peer: permanent_uuid: "5f1a0cf42bce4ec99ef38de99fa3cedd" member_type: VOTER last_known_addr { host: "127.5.196.194" port: 34405 }, Status: LMP_MISMATCH, Last received: 0.0, Next index: 2, Last known committed idx: 1, Time since last communication: 0.000s
I20260709 12:11:51.158143  6117 raft_consensus.cc:1275] T fe6ebb5676014869aa5543ee1f5d3706 P 5f1a0cf42bce4ec99ef38de99fa3cedd [term 2 FOLLOWER]: Refusing update from remote peer 1dc6472ed5204d138c7309a8fbc57252: Log matching property violated. Preceding OpId in replica: term: 1 index: 1. Preceding OpId from leader: term: 2 index: 2. (index mismatch)
I20260709 12:11:51.159360  6295 consensus_queue.cc:1048] T fe6ebb5676014869aa5543ee1f5d3706 P 1dc6472ed5204d138c7309a8fbc57252 [LEADER]: Connected to new peer: Peer: permanent_uuid: "5f1a0cf42bce4ec99ef38de99fa3cedd" member_type: VOTER last_known_addr { host: "127.5.196.194" port: 34405 }, Status: LMP_MISMATCH, Last received: 0.0, Next index: 2, Last known committed idx: 1, Time since last communication: 0.000s
I20260709 12:11:51.165880  6040 raft_consensus.cc:1275] T fe6ebb5676014869aa5543ee1f5d3706 P a63d29e53aee4d1881055761bac3e688 [term 2 FOLLOWER]: Refusing update from remote peer 1dc6472ed5204d138c7309a8fbc57252: Log matching property violated. Preceding OpId in replica: term: 1 index: 1. Preceding OpId from leader: term: 2 index: 2. (index mismatch)
I20260709 12:11:51.167253  6295 consensus_queue.cc:1048] T fe6ebb5676014869aa5543ee1f5d3706 P 1dc6472ed5204d138c7309a8fbc57252 [LEADER]: Connected to new peer: Peer: permanent_uuid: "a63d29e53aee4d1881055761bac3e688" member_type: VOTER last_known_addr { host: "127.5.196.193" port: 38247 }, Status: LMP_MISMATCH, Last received: 0.0, Next index: 2, Last known committed idx: 1, Time since last communication: 0.000s
I20260709 12:11:53.399924  5907 auto_leader_rebalancer-test.cc:294] The leader distribution is 
I20260709 12:11:53.400632  5907 auto_leader_rebalancer.cc:141] leader rebalance for table test-workload
I20260709 12:11:53.416292  6117 tablet_service.cc:2072] Received LeaderStepDown RPC: tablet_id: "0c5f16fe2c1046aab1924077acb9c7b5"
dest_uuid: "5f1a0cf42bce4ec99ef38de99fa3cedd"
mode: GRACEFUL
new_leader_uuid: "1dc6472ed5204d138c7309a8fbc57252"
 from {username='slave'} at 127.0.0.1:55826
I20260709 12:11:53.416746  6117 raft_consensus.cc:606] T 0c5f16fe2c1046aab1924077acb9c7b5 P 5f1a0cf42bce4ec99ef38de99fa3cedd [term 2 LEADER]: Received request to transfer leadership to TS 1dc6472ed5204d138c7309a8fbc57252
I20260709 12:11:53.425693  6041 tablet_service.cc:2072] Received LeaderStepDown RPC: tablet_id: "24e6c29447454dfc8171560b47fd5a2f"
dest_uuid: "a63d29e53aee4d1881055761bac3e688"
mode: GRACEFUL
new_leader_uuid: "1dc6472ed5204d138c7309a8fbc57252"
 from {username='slave'} at 127.0.0.1:38696
I20260709 12:11:53.426129  6041 raft_consensus.cc:606] T 24e6c29447454dfc8171560b47fd5a2f P a63d29e53aee4d1881055761bac3e688 [term 2 LEADER]: Received request to transfer leadership to TS 1dc6472ed5204d138c7309a8fbc57252
I20260709 12:11:53.427101  5907 auto_leader_rebalancer.cc:440] table: test-workload, leader rebalance finish, leader transfer count: 2
I20260709 12:11:53.427491  5907 auto_leader_rebalancer.cc:515] All tables' leader rebalancing finished this round
I20260709 12:11:53.537804  6334 raft_consensus.cc:993] T 0c5f16fe2c1046aab1924077acb9c7b5 P 5f1a0cf42bce4ec99ef38de99fa3cedd: : Instructing follower 1dc6472ed5204d138c7309a8fbc57252 to start an election
I20260709 12:11:53.538337  6329 raft_consensus.cc:1081] T 0c5f16fe2c1046aab1924077acb9c7b5 P 5f1a0cf42bce4ec99ef38de99fa3cedd [term 2 LEADER]: Signalling peer 1dc6472ed5204d138c7309a8fbc57252 to start an election
I20260709 12:11:53.539788  6189 tablet_service.cc:2044] Received Run Leader Election RPC: tablet_id: "0c5f16fe2c1046aab1924077acb9c7b5"
dest_uuid: "1dc6472ed5204d138c7309a8fbc57252"
 from {username='slave'} at 127.0.0.1:56734
I20260709 12:11:53.540190  6189 raft_consensus.cc:493] T 0c5f16fe2c1046aab1924077acb9c7b5 P 1dc6472ed5204d138c7309a8fbc57252 [term 2 FOLLOWER]: Starting forced leader election (received explicit request)
I20260709 12:11:53.540439  6189 raft_consensus.cc:3060] T 0c5f16fe2c1046aab1924077acb9c7b5 P 1dc6472ed5204d138c7309a8fbc57252 [term 2 FOLLOWER]: Advancing to term 3
I20260709 12:11:53.545107  6189 raft_consensus.cc:515] T 0c5f16fe2c1046aab1924077acb9c7b5 P 1dc6472ed5204d138c7309a8fbc57252 [term 3 FOLLOWER]: Starting forced leader election with config: opid_index: -1 OBSOLETE_local: false peers { permanent_uuid: "a63d29e53aee4d1881055761bac3e688" member_type: VOTER last_known_addr { host: "127.5.196.193" port: 38247 } } peers { permanent_uuid: "5f1a0cf42bce4ec99ef38de99fa3cedd" member_type: VOTER last_known_addr { host: "127.5.196.194" port: 34405 } } peers { permanent_uuid: "1dc6472ed5204d138c7309a8fbc57252" member_type: VOTER last_known_addr { host: "127.5.196.195" port: 36555 } }
I20260709 12:11:53.546423  6189 leader_election.cc:290] T 0c5f16fe2c1046aab1924077acb9c7b5 P 1dc6472ed5204d138c7309a8fbc57252 [CANDIDATE]: Term 3 election: Requested vote from peers a63d29e53aee4d1881055761bac3e688 (127.5.196.193:38247), 5f1a0cf42bce4ec99ef38de99fa3cedd (127.5.196.194:34405)
I20260709 12:11:53.546974  6041 tablet_service.cc:1917] Received RequestConsensusVote() RPC: tablet_id: "0c5f16fe2c1046aab1924077acb9c7b5" candidate_uuid: "1dc6472ed5204d138c7309a8fbc57252" candidate_term: 3 candidate_status { last_received { term: 2 index: 2 } } ignore_live_leader: true dest_uuid: "a63d29e53aee4d1881055761bac3e688"
I20260709 12:11:53.547520  6041 raft_consensus.cc:3060] T 0c5f16fe2c1046aab1924077acb9c7b5 P a63d29e53aee4d1881055761bac3e688 [term 2 FOLLOWER]: Advancing to term 3
