I20260709 12:12:50.154412 19931 ts_tablet_manager.cc:1403] T 5b9f33e63e964d06b8f8c54570fe942b P f346bcc8591845a4aaafa978d4233869: Time spent bootstrapping tablet: real 0.115s	user 0.015s	sys 0.016s
I20260709 12:12:50.155866 19933 tablet_bootstrap.cc:654] T ec20e7c495c443f88918f47d58d59ae8 P 3dfe77570ab64a71b80a08b5cdbac248: Neither blocks nor log segments found. Creating new log.
I20260709 12:12:50.157233 19931 raft_consensus.cc:359] T 5b9f33e63e964d06b8f8c54570fe942b P f346bcc8591845a4aaafa978d4233869 [term 0 FOLLOWER]: Replica starting. Triggering 0 pending ops. Active config: opid_index: -1 OBSOLETE_local: false peers { permanent_uuid: "f346bcc8591845a4aaafa978d4233869" member_type: VOTER last_known_addr { host: "127.18.37.129" port: 33037 } } peers { permanent_uuid: "9dd3ac31d83f4e8ca967ae3085c82d71" member_type: VOTER last_known_addr { host: "127.18.37.130" port: 33951 } } peers { permanent_uuid: "3dfe77570ab64a71b80a08b5cdbac248" member_type: VOTER last_known_addr { host: "127.18.37.131" port: 44863 } }
I20260709 12:12:50.157821 19932 tablet_bootstrap.cc:492] T ec20e7c495c443f88918f47d58d59ae8 P 9dd3ac31d83f4e8ca967ae3085c82d71: Bootstrap starting.
I20260709 12:12:50.157905 19931 raft_consensus.cc:385] T 5b9f33e63e964d06b8f8c54570fe942b P f346bcc8591845a4aaafa978d4233869 [term 0 FOLLOWER]: Consensus starting up: Expiring failure detector timer to make a prompt election more likely
I20260709 12:12:50.158402 19931 raft_consensus.cc:740] T 5b9f33e63e964d06b8f8c54570fe942b P f346bcc8591845a4aaafa978d4233869 [term 0 FOLLOWER]: Becoming Follower/Learner. State: Replica: f346bcc8591845a4aaafa978d4233869, State: Initialized, Role: FOLLOWER
I20260709 12:12:50.158905 19741 raft_consensus.cc:2468] T 43dd75382c3f4842b423f4ced4a02c53 P f346bcc8591845a4aaafa978d4233869 [term 1 FOLLOWER]: Leader election vote request: Granting yes vote for candidate 3dfe77570ab64a71b80a08b5cdbac248 in term 1.
I20260709 12:12:50.151636 19985 raft_consensus.cc:697] T 6eae461cb6604dbf93732ace4eb43109 P 3dfe77570ab64a71b80a08b5cdbac248 [term 1 LEADER]: Becoming Leader. State: Replica: 3dfe77570ab64a71b80a08b5cdbac248, State: Running, Role: LEADER
I20260709 12:12:50.159076 19931 consensus_queue.cc:260] T 5b9f33e63e964d06b8f8c54570fe942b P f346bcc8591845a4aaafa978d4233869 [NON_LEADER]: Queue going to NON_LEADER mode. State: All replicated index: 0, Majority replicated index: 0, Committed index: 0, Last appended: 0.0, Last appended by leader: 0, Current term: 0, Majority size: -1, State: 0, Mode: NON_LEADER, active raft config: opid_index: -1 OBSOLETE_local: false peers { permanent_uuid: "f346bcc8591845a4aaafa978d4233869" member_type: VOTER last_known_addr { host: "127.18.37.129" port: 33037 } } peers { permanent_uuid: "9dd3ac31d83f4e8ca967ae3085c82d71" member_type: VOTER last_known_addr { host: "127.18.37.130" port: 33951 } } peers { permanent_uuid: "3dfe77570ab64a71b80a08b5cdbac248" member_type: VOTER last_known_addr { host: "127.18.37.131" port: 44863 } }
I20260709 12:12:50.159305 19814 raft_consensus.cc:2468] T 6eae461cb6604dbf93732ace4eb43109 P 9dd3ac31d83f4e8ca967ae3085c82d71 [term 1 FOLLOWER]: Leader election vote request: Granting yes vote for candidate 3dfe77570ab64a71b80a08b5cdbac248 in term 1.
I20260709 12:12:50.160236 19985 consensus_queue.cc:237] T 6eae461cb6604dbf93732ace4eb43109 P 3dfe77570ab64a71b80a08b5cdbac248 [LEADER]: Queue going to LEADER mode. State: All replicated index: 0, Majority replicated index: 0, Committed index: 0, Last appended: 0.0, Last appended by leader: 0, Current term: 1, Majority size: 2, State: 0, Mode: LEADER, active raft config: opid_index: -1 OBSOLETE_local: false peers { permanent_uuid: "f346bcc8591845a4aaafa978d4233869" member_type: VOTER last_known_addr { host: "127.18.37.129" port: 33037 } } peers { permanent_uuid: "9dd3ac31d83f4e8ca967ae3085c82d71" member_type: VOTER last_known_addr { host: "127.18.37.130" port: 33951 } } peers { permanent_uuid: "3dfe77570ab64a71b80a08b5cdbac248" member_type: VOTER last_known_addr { host: "127.18.37.131" port: 44863 } }
I20260709 12:12:50.163673 19931 ts_tablet_manager.cc:1434] T 5b9f33e63e964d06b8f8c54570fe942b P f346bcc8591845a4aaafa978d4233869: Time spent starting tablet: real 0.009s	user 0.006s	sys 0.000s
I20260709 12:12:50.168778 19931 tablet_bootstrap.cc:492] T 27704cdff5584f58b9a7da6d6f56df0b P f346bcc8591845a4aaafa978d4233869: Bootstrap starting.
I20260709 12:12:50.172866 19932 tablet_bootstrap.cc:654] T ec20e7c495c443f88918f47d58d59ae8 P 9dd3ac31d83f4e8ca967ae3085c82d71: Neither blocks nor log segments found. Creating new log.
I20260709 12:12:50.174221 19931 tablet_bootstrap.cc:654] T 27704cdff5584f58b9a7da6d6f56df0b P f346bcc8591845a4aaafa978d4233869: Neither blocks nor log segments found. Creating new log.
I20260709 12:12:50.181658 19638 catalog_manager.cc:5697] T 43dd75382c3f4842b423f4ced4a02c53 P 3dfe77570ab64a71b80a08b5cdbac248 reported cstate change: term changed from 0 to 1, leader changed from <none> to 3dfe77570ab64a71b80a08b5cdbac248 (127.18.37.131). New cstate: current_term: 1 leader_uuid: "3dfe77570ab64a71b80a08b5cdbac248" committed_config { opid_index: -1 OBSOLETE_local: false peers { permanent_uuid: "f346bcc8591845a4aaafa978d4233869" member_type: VOTER last_known_addr { host: "127.18.37.129" port: 33037 } health_report { overall_health: UNKNOWN } } peers { permanent_uuid: "9dd3ac31d83f4e8ca967ae3085c82d71" member_type: VOTER last_known_addr { host: "127.18.37.130" port: 33951 } health_report { overall_health: UNKNOWN } } peers { permanent_uuid: "3dfe77570ab64a71b80a08b5cdbac248" member_type: VOTER last_known_addr { host: "127.18.37.131" port: 44863 } health_report { overall_health: HEALTHY } } }
I20260709 12:12:50.183416 19965 consensus_queue.cc:1048] T 737382c3b42244ba81a5ab35bf1aaa8b P f346bcc8591845a4aaafa978d4233869 [LEADER]: Connected to new peer: Peer: permanent_uuid: "9dd3ac31d83f4e8ca967ae3085c82d71" member_type: VOTER last_known_addr { host: "127.18.37.130" port: 33951 }, Status: LMP_MISMATCH, Last received: 0.0, Next index: 1, Last known committed idx: 0, Time since last communication: 0.000s
I20260709 12:12:50.184705 19932 tablet_bootstrap.cc:492] T ec20e7c495c443f88918f47d58d59ae8 P 9dd3ac31d83f4e8ca967ae3085c82d71: No bootstrap required, opened a new log
I20260709 12:12:50.185158 19932 ts_tablet_manager.cc:1403] T ec20e7c495c443f88918f47d58d59ae8 P 9dd3ac31d83f4e8ca967ae3085c82d71: Time spent bootstrapping tablet: real 0.028s	user 0.010s	sys 0.007s
I20260709 12:12:50.188180 19932 raft_consensus.cc:359] T ec20e7c495c443f88918f47d58d59ae8 P 9dd3ac31d83f4e8ca967ae3085c82d71 [term 0 FOLLOWER]: Replica starting. Triggering 0 pending ops. Active config: opid_index: -1 OBSOLETE_local: false peers { permanent_uuid: "f346bcc8591845a4aaafa978d4233869" member_type: VOTER last_known_addr { host: "127.18.37.129" port: 33037 } } peers { permanent_uuid: "9dd3ac31d83f4e8ca967ae3085c82d71" member_type: VOTER last_known_addr { host: "127.18.37.130" port: 33951 } } peers { permanent_uuid: "3dfe77570ab64a71b80a08b5cdbac248" member_type: VOTER last_known_addr { host: "127.18.37.131" port: 44863 } }
I20260709 12:12:50.189082 19932 raft_consensus.cc:385] T ec20e7c495c443f88918f47d58d59ae8 P 9dd3ac31d83f4e8ca967ae3085c82d71 [term 0 FOLLOWER]: Consensus starting up: Expiring failure detector timer to make a prompt election more likely
I20260709 12:12:50.189416 19932 raft_consensus.cc:740] T ec20e7c495c443f88918f47d58d59ae8 P 9dd3ac31d83f4e8ca967ae3085c82d71 [term 0 FOLLOWER]: Becoming Follower/Learner. State: Replica: 9dd3ac31d83f4e8ca967ae3085c82d71, State: Initialized, Role: FOLLOWER
I20260709 12:12:50.193145 19932 consensus_queue.cc:260] T ec20e7c495c443f88918f47d58d59ae8 P 9dd3ac31d83f4e8ca967ae3085c82d71 [NON_LEADER]: Queue going to NON_LEADER mode. State: All replicated index: 0, Majority replicated index: 0, Committed index: 0, Last appended: 0.0, Last appended by leader: 0, Current term: 0, Majority size: -1, State: 0, Mode: NON_LEADER, active raft config: opid_index: -1 OBSOLETE_local: false peers { permanent_uuid: "f346bcc8591845a4aaafa978d4233869" member_type: VOTER last_known_addr { host: "127.18.37.129" port: 33037 } } peers { permanent_uuid: "9dd3ac31d83f4e8ca967ae3085c82d71" member_type: VOTER last_known_addr { host: "127.18.37.130" port: 33951 } } peers { permanent_uuid: "3dfe77570ab64a71b80a08b5cdbac248" member_type: VOTER last_known_addr { host: "127.18.37.131" port: 44863 } }
I20260709 12:12:50.196139 19932 ts_tablet_manager.cc:1434] T ec20e7c495c443f88918f47d58d59ae8 P 9dd3ac31d83f4e8ca967ae3085c82d71: Time spent starting tablet: real 0.011s	user 0.006s	sys 0.000s
I20260709 12:12:50.197256 19932 tablet_bootstrap.cc:492] T 402701d3611b4bf0933d0fd8e75131a9 P 9dd3ac31d83f4e8ca967ae3085c82d71: Bootstrap starting.
W20260709 12:12:50.213941 19781 consensus_peers.cc:597] T 034774abd6ec43a498847624cdea8cde P 9dd3ac31d83f4e8ca967ae3085c82d71 -> Peer 3dfe77570ab64a71b80a08b5cdbac248 (127.18.37.131:44863): Couldn't send request to peer 3dfe77570ab64a71b80a08b5cdbac248. Error code: TABLET_NOT_RUNNING (12). Status: Illegal state: Tablet not RUNNING: INITIALIZED. This is attempt 1: this message will repeat every 5th retry.
I20260709 12:12:50.219072 19638 catalog_manager.cc:5697] T 6eae461cb6604dbf93732ace4eb43109 P 3dfe77570ab64a71b80a08b5cdbac248 reported cstate change: term changed from 0 to 1, leader changed from <none> to 3dfe77570ab64a71b80a08b5cdbac248 (127.18.37.131). New cstate: current_term: 1 leader_uuid: "3dfe77570ab64a71b80a08b5cdbac248" committed_config { opid_index: -1 OBSOLETE_local: false peers { permanent_uuid: "f346bcc8591845a4aaafa978d4233869" member_type: VOTER last_known_addr { host: "127.18.37.129" port: 33037 } health_report { overall_health: UNKNOWN } } peers { permanent_uuid: "9dd3ac31d83f4e8ca967ae3085c82d71" member_type: VOTER last_known_addr { host: "127.18.37.130" port: 33951 } health_report { overall_health: UNKNOWN } } peers { permanent_uuid: "3dfe77570ab64a71b80a08b5cdbac248" member_type: VOTER last_known_addr { host: "127.18.37.131" port: 44863 } health_report { overall_health: HEALTHY } } }
I20260709 12:12:50.224251 19991 raft_consensus.cc:493] T ec20e7c495c443f88918f47d58d59ae8 P 9dd3ac31d83f4e8ca967ae3085c82d71 [term 0 FOLLOWER]: Starting pre-election (no leader contacted us within the election timeout)
I20260709 12:12:50.224785 19991 raft_consensus.cc:515] T ec20e7c495c443f88918f47d58d59ae8 P 9dd3ac31d83f4e8ca967ae3085c82d71 [term 0 FOLLOWER]: Starting pre-election with config: opid_index: -1 OBSOLETE_local: false peers { permanent_uuid: "f346bcc8591845a4aaafa978d4233869" member_type: VOTER last_known_addr { host: "127.18.37.129" port: 33037 } } peers { permanent_uuid: "9dd3ac31d83f4e8ca967ae3085c82d71" member_type: VOTER last_known_addr { host: "127.18.37.130" port: 33951 } } peers { permanent_uuid: "3dfe77570ab64a71b80a08b5cdbac248" member_type: VOTER last_known_addr { host: "127.18.37.131" port: 44863 } }
I20260709 12:12:50.226876 19991 leader_election.cc:290] T ec20e7c495c443f88918f47d58d59ae8 P 9dd3ac31d83f4e8ca967ae3085c82d71 [CANDIDATE]: Term 1 pre-election: Requested pre-vote from peers f346bcc8591845a4aaafa978d4233869 (127.18.37.129:33037), 3dfe77570ab64a71b80a08b5cdbac248 (127.18.37.131:44863)
I20260709 12:12:50.234445 19741 tablet_service.cc:1917] Received RequestConsensusVote() RPC: tablet_id: "ec20e7c495c443f88918f47d58d59ae8" candidate_uuid: "9dd3ac31d83f4e8ca967ae3085c82d71" candidate_term: 1 candidate_status { last_received { term: 0 index: 0 } } ignore_live_leader: false dest_uuid: "f346bcc8591845a4aaafa978d4233869" is_pre_election: true
I20260709 12:12:50.235036 19889 tablet_service.cc:1917] Received RequestConsensusVote() RPC: tablet_id: "ec20e7c495c443f88918f47d58d59ae8" candidate_uuid: "9dd3ac31d83f4e8ca967ae3085c82d71" candidate_term: 1 candidate_status { last_received { term: 0 index: 0 } } ignore_live_leader: false dest_uuid: "3dfe77570ab64a71b80a08b5cdbac248" is_pre_election: true
W20260709 12:12:50.236411 19781 leader_election.cc:343] T ec20e7c495c443f88918f47d58d59ae8 P 9dd3ac31d83f4e8ca967ae3085c82d71 [CANDIDATE]: Term 1 pre-election: Tablet error from VoteRequest() call to peer 3dfe77570ab64a71b80a08b5cdbac248 (127.18.37.131:44863): Illegal state: must be running to vote when last-logged opid is not known
W20260709 12:12:50.236925 19779 leader_election.cc:343] T ec20e7c495c443f88918f47d58d59ae8 P 9dd3ac31d83f4e8ca967ae3085c82d71 [CANDIDATE]: Term 1 pre-election: Tablet error from VoteRequest() call to peer f346bcc8591845a4aaafa978d4233869 (127.18.37.129:33037): Illegal state: must be running to vote when last-logged opid is not known
I20260709 12:12:50.237504 19779 leader_election.cc:304] T ec20e7c495c443f88918f47d58d59ae8 P 9dd3ac31d83f4e8ca967ae3085c82d71 [CANDIDATE]: Term 1 pre-election: Election decided. Result: candidate lost. Election summary: received 3 responses out of 3 voters: 1 yes votes; 2 no votes. yes voters: 9dd3ac31d83f4e8ca967ae3085c82d71; no voters: 3dfe77570ab64a71b80a08b5cdbac248, f346bcc8591845a4aaafa978d4233869
I20260709 12:12:50.242192 19963 raft_consensus.cc:2749] T ec20e7c495c443f88918f47d58d59ae8 P 9dd3ac31d83f4e8ca967ae3085c82d71 [term 0 FOLLOWER]: Leader pre-election lost for term 1. Reason: could not achieve majority
I20260709 12:12:50.242992 19963 consensus_queue.cc:1048] T 034774abd6ec43a498847624cdea8cde P 9dd3ac31d83f4e8ca967ae3085c82d71 [LEADER]: Connected to new peer: Peer: permanent_uuid: "f346bcc8591845a4aaafa978d4233869" member_type: VOTER last_known_addr { host: "127.18.37.129" port: 33037 }, Status: LMP_MISMATCH, Last received: 0.0, Next index: 1, Last known committed idx: 0, Time since last communication: 0.001s
I20260709 12:12:50.246258 19932 tablet_bootstrap.cc:654] T 402701d3611b4bf0933d0fd8e75131a9 P 9dd3ac31d83f4e8ca967ae3085c82d71: Neither blocks nor log segments found. Creating new log.
I20260709 12:12:50.245806 19964 raft_consensus.cc:493] T 5b9f33e63e964d06b8f8c54570fe942b P 3dfe77570ab64a71b80a08b5cdbac248 [term 0 FOLLOWER]: Starting pre-election (no leader contacted us within the election timeout)
I20260709 12:12:50.246879 19964 raft_consensus.cc:515] T 5b9f33e63e964d06b8f8c54570fe942b P 3dfe77570ab64a71b80a08b5cdbac248 [term 0 FOLLOWER]: Starting pre-election with config: opid_index: -1 OBSOLETE_local: false peers { permanent_uuid: "f346bcc8591845a4aaafa978d4233869" member_type: VOTER last_known_addr { host: "127.18.37.129" port: 33037 } } peers { permanent_uuid: "9dd3ac31d83f4e8ca967ae3085c82d71" member_type: VOTER last_known_addr { host: "127.18.37.130" port: 33951 } } peers { permanent_uuid: "3dfe77570ab64a71b80a08b5cdbac248" member_type: VOTER last_known_addr { host: "127.18.37.131" port: 44863 } }
I20260709 12:12:50.248420 19933 tablet_bootstrap.cc:492] T ec20e7c495c443f88918f47d58d59ae8 P 3dfe77570ab64a71b80a08b5cdbac248: No bootstrap required, opened a new log
I20260709 12:12:50.249694 19933 ts_tablet_manager.cc:1403] T ec20e7c495c443f88918f47d58d59ae8 P 3dfe77570ab64a71b80a08b5cdbac248: Time spent bootstrapping tablet: real 0.100s	user 0.014s	sys 0.048s
I20260709 12:12:50.252445 19739 tablet_service.cc:1917] Received RequestConsensusVote() RPC: tablet_id: "5b9f33e63e964d06b8f8c54570fe942b" candidate_uuid: "3dfe77570ab64a71b80a08b5cdbac248" candidate_term: 1 candidate_status { last_received { term: 0 index: 0 } } ignore_live_leader: false dest_uuid: "f346bcc8591845a4aaafa978d4233869" is_pre_election: true
I20260709 12:12:50.248903 19964 leader_election.cc:290] T 5b9f33e63e964d06b8f8c54570fe942b P 3dfe77570ab64a71b80a08b5cdbac248 [CANDIDATE]: Term 1 pre-election: Requested pre-vote from peers f346bcc8591845a4aaafa978d4233869 (127.18.37.129:33037), 9dd3ac31d83f4e8ca967ae3085c82d71 (127.18.37.130:33951)
I20260709 12:12:50.253120 19816 tablet_service.cc:1917] Received RequestConsensusVote() RPC: tablet_id: "5b9f33e63e964d06b8f8c54570fe942b" candidate_uuid: "3dfe77570ab64a71b80a08b5cdbac248" candidate_term: 1 candidate_status { last_received { term: 0 index: 0 } } ignore_live_leader: false dest_uuid: "9dd3ac31d83f4e8ca967ae3085c82d71" is_pre_election: true
I20260709 12:12:50.253079 19739 raft_consensus.cc:2468] T 5b9f33e63e964d06b8f8c54570fe942b P f346bcc8591845a4aaafa978d4233869 [term 0 FOLLOWER]: Leader pre-election vote request: Granting yes vote for candidate 3dfe77570ab64a71b80a08b5cdbac248 in term 0.
W20260709 12:12:50.254819 19857 leader_election.cc:343] T 5b9f33e63e964d06b8f8c54570fe942b P 3dfe77570ab64a71b80a08b5cdbac248 [CANDIDATE]: Term 1 pre-election: Tablet error from VoteRequest() call to peer 9dd3ac31d83f4e8ca967ae3085c82d71 (127.18.37.130:33951): Illegal state: must be running to vote when last-logged opid is not known
I20260709 12:12:50.255647 19931 tablet_bootstrap.cc:492] T 27704cdff5584f58b9a7da6d6f56df0b P f346bcc8591845a4aaafa978d4233869: No bootstrap required, opened a new log
I20260709 12:12:50.255815 19854 leader_election.cc:304] T 5b9f33e63e964d06b8f8c54570fe942b P 3dfe77570ab64a71b80a08b5cdbac248 [CANDIDATE]: Term 1 pre-election: Election decided. Result: candidate won. Election summary: received 3 responses out of 3 voters: 2 yes votes; 1 no votes. yes voters: 3dfe77570ab64a71b80a08b5cdbac248, f346bcc8591845a4aaafa978d4233869; no voters: 9dd3ac31d83f4e8ca967ae3085c82d71
I20260709 12:12:50.256057 19931 ts_tablet_manager.cc:1403] T 27704cdff5584f58b9a7da6d6f56df0b P f346bcc8591845a4aaafa978d4233869: Time spent bootstrapping tablet: real 0.087s	user 0.022s	sys 0.037s
I20260709 12:12:50.256222 19933 raft_consensus.cc:359] T ec20e7c495c443f88918f47d58d59ae8 P 3dfe77570ab64a71b80a08b5cdbac248 [term 0 FOLLOWER]: Replica starting. Triggering 0 pending ops. Active config: opid_index: -1 OBSOLETE_local: false peers { permanent_uuid: "f346bcc8591845a4aaafa978d4233869" member_type: VOTER last_known_addr { host: "127.18.37.129" port: 33037 } } peers { permanent_uuid: "9dd3ac31d83f4e8ca967ae3085c82d71" member_type: VOTER last_known_addr { host: "127.18.37.130" port: 33951 } } peers { permanent_uuid: "3dfe77570ab64a71b80a08b5cdbac248" member_type: VOTER last_known_addr { host: "127.18.37.131" port: 44863 } }
I20260709 12:12:50.256950 19933 raft_consensus.cc:385] T ec20e7c495c443f88918f47d58d59ae8 P 3dfe77570ab64a71b80a08b5cdbac248 [term 0 FOLLOWER]: Consensus starting up: Expiring failure detector timer to make a prompt election more likely
I20260709 12:12:50.257000 19985 raft_consensus.cc:2804] T 5b9f33e63e964d06b8f8c54570fe942b P 3dfe77570ab64a71b80a08b5cdbac248 [term 0 FOLLOWER]: Leader pre-election won for term 1
I20260709 12:12:50.257261 19933 raft_consensus.cc:740] T ec20e7c495c443f88918f47d58d59ae8 P 3dfe77570ab64a71b80a08b5cdbac248 [term 0 FOLLOWER]: Becoming Follower/Learner. State: Replica: 3dfe77570ab64a71b80a08b5cdbac248, State: Initialized, Role: FOLLOWER
I20260709 12:12:50.258605 19933 consensus_queue.cc:260] T ec20e7c495c443f88918f47d58d59ae8 P 3dfe77570ab64a71b80a08b5cdbac248 [NON_LEADER]: Queue going to NON_LEADER mode. State: All replicated index: 0, Majority replicated index: 0, Committed index: 0, Last appended: 0.0, Last appended by leader: 0, Current term: 0, Majority size: -1, State: 0, Mode: NON_LEADER, active raft config: opid_index: -1 OBSOLETE_local: false peers { permanent_uuid: "f346bcc8591845a4aaafa978d4233869" member_type: VOTER last_known_addr { host: "127.18.37.129" port: 33037 } } peers { permanent_uuid: "9dd3ac31d83f4e8ca967ae3085c82d71" member_type: VOTER last_known_addr { host: "127.18.37.130" port: 33951 } } peers { permanent_uuid: "3dfe77570ab64a71b80a08b5cdbac248" member_type: VOTER last_known_addr { host: "127.18.37.131" port: 44863 } }
I20260709 12:12:50.257958 19985 raft_consensus.cc:493] T 5b9f33e63e964d06b8f8c54570fe942b P 3dfe77570ab64a71b80a08b5cdbac248 [term 0 FOLLOWER]: Starting leader election (no leader contacted us within the election timeout)
I20260709 12:12:50.261303 19985 raft_consensus.cc:3060] T 5b9f33e63e964d06b8f8c54570fe942b P 3dfe77570ab64a71b80a08b5cdbac248 [term 0 FOLLOWER]: Advancing to term 1
I20260709 12:12:50.263170 19933 ts_tablet_manager.cc:1434] T ec20e7c495c443f88918f47d58d59ae8 P 3dfe77570ab64a71b80a08b5cdbac248: Time spent starting tablet: real 0.013s	user 0.005s	sys 0.001s
I20260709 12:12:50.264026 19933 tablet_bootstrap.cc:492] T 034774abd6ec43a498847624cdea8cde P 3dfe77570ab64a71b80a08b5cdbac248: Bootstrap starting.
I20260709 12:12:50.270105 19965 consensus_queue.cc:1048] T 737382c3b42244ba81a5ab35bf1aaa8b P f346bcc8591845a4aaafa978d4233869 [LEADER]: Connected to new peer: Peer: permanent_uuid: "3dfe77570ab64a71b80a08b5cdbac248" member_type: VOTER last_known_addr { host: "127.18.37.131" port: 44863 }, Status: LMP_MISMATCH, Last received: 0.0, Next index: 1, Last known committed idx: 0, Time since last communication: 0.000s
I20260709 12:12:50.293766 19985 raft_consensus.cc:515] T 5b9f33e63e964d06b8f8c54570fe942b P 3dfe77570ab64a71b80a08b5cdbac248 [term 1 FOLLOWER]: Starting leader election with config: opid_index: -1 OBSOLETE_local: false peers { permanent_uuid: "f346bcc8591845a4aaafa978d4233869" member_type: VOTER last_known_addr { host: "127.18.37.129" port: 33037 } } peers { permanent_uuid: "9dd3ac31d83f4e8ca967ae3085c82d71" member_type: VOTER last_known_addr { host: "127.18.37.130" port: 33951 } } peers { permanent_uuid: "3dfe77570ab64a71b80a08b5cdbac248" member_type: VOTER last_known_addr { host: "127.18.37.131" port: 44863 } }
I20260709 12:12:50.296559 19739 tablet_service.cc:1917] Received RequestConsensusVote() RPC: tablet_id: "5b9f33e63e964d06b8f8c54570fe942b" candidate_uuid: "3dfe77570ab64a71b80a08b5cdbac248" candidate_term: 1 candidate_status { last_received { term: 0 index: 0 } } ignore_live_leader: false dest_uuid: "f346bcc8591845a4aaafa978d4233869"
I20260709 12:12:50.297163 19739 raft_consensus.cc:3060] T 5b9f33e63e964d06b8f8c54570fe942b P f346bcc8591845a4aaafa978d4233869 [term 0 FOLLOWER]: Advancing to term 1
I20260709 12:12:50.300920 19985 leader_election.cc:290] T 5b9f33e63e964d06b8f8c54570fe942b P 3dfe77570ab64a71b80a08b5cdbac248 [CANDIDATE]: Term 1 election: Requested vote from peers f346bcc8591845a4aaafa978d4233869 (127.18.37.129:33037), 9dd3ac31d83f4e8ca967ae3085c82d71 (127.18.37.130:33951)
I20260709 12:12:50.301486 19985 consensus_queue.cc:1048] T 275eb3bc8a124f85817fbaa58912066c P 3dfe77570ab64a71b80a08b5cdbac248 [LEADER]: Connected to new peer: Peer: permanent_uuid: "9dd3ac31d83f4e8ca967ae3085c82d71" member_type: VOTER last_known_addr { host: "127.18.37.130" port: 33951 }, Status: LMP_MISMATCH, Last received: 0.0, Next index: 1, Last known committed idx: 0, Time since last communication: 0.000s
I20260709 12:12:50.302547 19814 tablet_service.cc:1917] Received RequestConsensusVote() RPC: tablet_id: "5b9f33e63e964d06b8f8c54570fe942b" candidate_uuid: "3dfe77570ab64a71b80a08b5cdbac248" candidate_term: 1 candidate_status { last_received { term: 0 index: 0 } } ignore_live_leader: false dest_uuid: "9dd3ac31d83f4e8ca967ae3085c82d71"
W20260709 12:12:50.304515 19857 leader_election.cc:343] T 5b9f33e63e964d06b8f8c54570fe942b P 3dfe77570ab64a71b80a08b5cdbac248 [CANDIDATE]: Term 1 election: Tablet error from VoteRequest() call to peer 9dd3ac31d83f4e8ca967ae3085c82d71 (127.18.37.130:33951): Illegal state: must be running to vote when last-logged opid is not known
I20260709 12:12:50.304759 19933 tablet_bootstrap.cc:654] T 034774abd6ec43a498847624cdea8cde P 3dfe77570ab64a71b80a08b5cdbac248: Neither blocks nor log segments found. Creating new log.
I20260709 12:12:50.341990 19932 tablet_bootstrap.cc:492] T 402701d3611b4bf0933d0fd8e75131a9 P 9dd3ac31d83f4e8ca967ae3085c82d71: No bootstrap required, opened a new log
I20260709 12:12:50.312463 19931 raft_consensus.cc:359] T 27704cdff5584f58b9a7da6d6f56df0b P f346bcc8591845a4aaafa978d4233869 [term 0 FOLLOWER]: Replica starting. Triggering 0 pending ops. Active config: opid_index: -1 OBSOLETE_local: false peers { permanent_uuid: "f346bcc8591845a4aaafa978d4233869" member_type: VOTER last_known_addr { host: "127.18.37.129" port: 33037 } } peers { permanent_uuid: "9dd3ac31d83f4e8ca967ae3085c82d71" member_type: VOTER last_known_addr { host: "127.18.37.130" port: 33951 } } peers { permanent_uuid: "3dfe77570ab64a71b80a08b5cdbac248" member_type: VOTER last_known_addr { host: "127.18.37.131" port: 44863 } }
I20260709 12:12:50.342545 19932 ts_tablet_manager.cc:1403] T 402701d3611b4bf0933d0fd8e75131a9 P 9dd3ac31d83f4e8ca967ae3085c82d71: Time spent bootstrapping tablet: real 0.145s	user 0.024s	sys 0.013s
I20260709 12:12:50.342540 19931 raft_consensus.cc:385] T 27704cdff5584f58b9a7da6d6f56df0b P f346bcc8591845a4aaafa978d4233869 [term 0 FOLLOWER]: Consensus starting up: Expiring failure detector timer to make a prompt election more likely
I20260709 12:12:50.343029 19931 raft_consensus.cc:740] T 27704cdff5584f58b9a7da6d6f56df0b P f346bcc8591845a4aaafa978d4233869 [term 0 FOLLOWER]: Becoming Follower/Learner. State: Replica: f346bcc8591845a4aaafa978d4233869, State: Initialized, Role: FOLLOWER
I20260709 12:12:50.311570 19739 raft_consensus.cc:2468] T 5b9f33e63e964d06b8f8c54570fe942b P f346bcc8591845a4aaafa978d4233869 [term 1 FOLLOWER]: Leader election vote request: Granting yes vote for candidate 3dfe77570ab64a71b80a08b5cdbac248 in term 1.
I20260709 12:12:50.343914 19931 consensus_queue.cc:260] T 27704cdff5584f58b9a7da6d6f56df0b P f346bcc8591845a4aaafa978d4233869 [NON_LEADER]: Queue going to NON_LEADER mode. State: All replicated index: 0, Majority replicated index: 0, Committed index: 0, Last appended: 0.0, Last appended by leader: 0, Current term: 0, Majority size: -1, State: 0, Mode: NON_LEADER, active raft config: opid_index: -1 OBSOLETE_local: false peers { permanent_uuid: "f346bcc8591845a4aaafa978d4233869" member_type: VOTER last_known_addr { host: "127.18.37.129" port: 33037 } } peers { permanent_uuid: "9dd3ac31d83f4e8ca967ae3085c82d71" member_type: VOTER last_known_addr { host: "127.18.37.130" port: 33951 } } peers { permanent_uuid: "3dfe77570ab64a71b80a08b5cdbac248" member_type: VOTER last_known_addr { host: "127.18.37.131" port: 44863 } }
I20260709 12:12:50.344816 19854 leader_election.cc:304] T 5b9f33e63e964d06b8f8c54570fe942b P 3dfe77570ab64a71b80a08b5cdbac248 [CANDIDATE]: Term 1 election: Election decided. Result: candidate won. Election summary: received 3 responses out of 3 voters: 2 yes votes; 1 no votes. yes voters: 3dfe77570ab64a71b80a08b5cdbac248, f346bcc8591845a4aaafa978d4233869; no voters: 9dd3ac31d83f4e8ca967ae3085c82d71
I20260709 12:12:50.345574 19985 raft_consensus.cc:2804] T 5b9f33e63e964d06b8f8c54570fe942b P 3dfe77570ab64a71b80a08b5cdbac248 [term 1 FOLLOWER]: Leader election won for term 1
I20260709 12:12:50.346027 19985 raft_consensus.cc:697] T 5b9f33e63e964d06b8f8c54570fe942b P 3dfe77570ab64a71b80a08b5cdbac248 [term 1 LEADER]: Becoming Leader. State: Replica: 3dfe77570ab64a71b80a08b5cdbac248, State: Running, Role: LEADER
I20260709 12:12:50.346793 19985 consensus_queue.cc:237] T 5b9f33e63e964d06b8f8c54570fe942b P 3dfe77570ab64a71b80a08b5cdbac248 [LEADER]: Queue going to LEADER mode. State: All replicated index: 0, Majority replicated index: 0, Committed index: 0, Last appended: 0.0, Last appended by leader: 0, Current term: 1, Majority size: 2, State: 0, Mode: LEADER, active raft config: opid_index: -1 OBSOLETE_local: false peers { permanent_uuid: "f346bcc8591845a4aaafa978d4233869" member_type: VOTER last_known_addr { host: "127.18.37.129" port: 33037 } } peers { permanent_uuid: "9dd3ac31d83f4e8ca967ae3085c82d71" member_type: VOTER last_known_addr { host: "127.18.37.130" port: 33951 } } peers { permanent_uuid: "3dfe77570ab64a71b80a08b5cdbac248" member_type: VOTER last_known_addr { host: "127.18.37.131" port: 44863 } }
I20260709 12:12:50.347880 19932 raft_consensus.cc:359] T 402701d3611b4bf0933d0fd8e75131a9 P 9dd3ac31d83f4e8ca967ae3085c82d71 [term 0 FOLLOWER]: Replica starting. Triggering 0 pending ops. Active config: opid_index: -1 OBSOLETE_local: false peers { permanent_uuid: "f346bcc8591845a4aaafa978d4233869" member_type: VOTER last_known_addr { host: "127.18.37.129" port: 33037 } } peers { permanent_uuid: "9dd3ac31d83f4e8ca967ae3085c82d71" member_type: VOTER last_known_addr { host: "127.18.37.130" port: 33951 } } peers { permanent_uuid: "3dfe77570ab64a71b80a08b5cdbac248" member_type: VOTER last_known_addr { host: "127.18.37.131" port: 44863 } }
I20260709 12:12:50.348534 19932 raft_consensus.cc:385] T 402701d3611b4bf0933d0fd8e75131a9 P 9dd3ac31d83f4e8ca967ae3085c82d71 [term 0 FOLLOWER]: Consensus starting up: Expiring failure detector timer to make a prompt election more likely
I20260709 12:12:50.348776 19932 raft_consensus.cc:740] T 402701d3611b4bf0933d0fd8e75131a9 P 9dd3ac31d83f4e8ca967ae3085c82d71 [term 0 FOLLOWER]: Becoming Follower/Learner. State: Replica: 9dd3ac31d83f4e8ca967ae3085c82d71, State: Initialized, Role: FOLLOWER
I20260709 12:12:50.351907 19932 consensus_queue.cc:260] T 402701d3611b4bf0933d0fd8e75131a9 P 9dd3ac31d83f4e8ca967ae3085c82d71 [NON_LEADER]: Queue going to NON_LEADER mode. State: All replicated index: 0, Majority replicated index: 0, Committed index: 0, Last appended: 0.0, Last appended by leader: 0, Current term: 0, Majority size: -1, State: 0, Mode: NON_LEADER, active raft config: opid_index: -1 OBSOLETE_local: false peers { permanent_uuid: "f346bcc8591845a4aaafa978d4233869" member_type: VOTER last_known_addr { host: "127.18.37.129" port: 33037 } } peers { permanent_uuid: "9dd3ac31d83f4e8ca967ae3085c82d71" member_type: VOTER last_known_addr { host: "127.18.37.130" port: 33951 } } peers { permanent_uuid: "3dfe77570ab64a71b80a08b5cdbac248" member_type: VOTER last_known_addr { host: "127.18.37.131" port: 44863 } }
I20260709 12:12:50.354933 19931 ts_tablet_manager.cc:1434] T 27704cdff5584f58b9a7da6d6f56df0b P f346bcc8591845a4aaafa978d4233869: Time spent starting tablet: real 0.099s	user 0.020s	sys 0.016s
I20260709 12:12:50.356165 19931 tablet_bootstrap.cc:492] T 402701d3611b4bf0933d0fd8e75131a9 P f346bcc8591845a4aaafa978d4233869: Bootstrap starting.
I20260709 12:12:50.356277 20048 consensus_queue.cc:1048] T 275eb3bc8a124f85817fbaa58912066c P 3dfe77570ab64a71b80a08b5cdbac248 [LEADER]: Connected to new peer: Peer: permanent_uuid: "f346bcc8591845a4aaafa978d4233869" member_type: VOTER last_known_addr { host: "127.18.37.129" port: 33037 }, Status: LMP_MISMATCH, Last received: 0.0, Next index: 1, Last known committed idx: 0, Time since last communication: 0.000s
I20260709 12:12:50.369613 19931 tablet_bootstrap.cc:654] T 402701d3611b4bf0933d0fd8e75131a9 P f346bcc8591845a4aaafa978d4233869: Neither blocks nor log segments found. Creating new log.
I20260709 12:12:50.375079 19932 ts_tablet_manager.cc:1434] T 402701d3611b4bf0933d0fd8e75131a9 P 9dd3ac31d83f4e8ca967ae3085c82d71: Time spent starting tablet: real 0.032s	user 0.004s	sys 0.002s
I20260709 12:12:50.375998 19932 tablet_bootstrap.cc:492] T 5b9f33e63e964d06b8f8c54570fe942b P 9dd3ac31d83f4e8ca967ae3085c82d71: Bootstrap starting.
I20260709 12:12:50.387574 19932 tablet_bootstrap.cc:654] T 5b9f33e63e964d06b8f8c54570fe942b P 9dd3ac31d83f4e8ca967ae3085c82d71: Neither blocks nor log segments found. Creating new log.
I20260709 12:12:50.391544 19931 tablet_bootstrap.cc:492] T 402701d3611b4bf0933d0fd8e75131a9 P f346bcc8591845a4aaafa978d4233869: No bootstrap required, opened a new log
I20260709 12:12:50.391992 19931 ts_tablet_manager.cc:1403] T 402701d3611b4bf0933d0fd8e75131a9 P f346bcc8591845a4aaafa978d4233869: Time spent bootstrapping tablet: real 0.036s	user 0.015s	sys 0.003s
W20260709 12:12:50.392946 20086 log.cc:927] Time spent T 737382c3b42244ba81a5ab35bf1aaa8b P 3dfe77570ab64a71b80a08b5cdbac248: Append to log took a long time: real 0.051s	user 0.001s	sys 0.000s
I20260709 12:12:50.394802 19931 raft_consensus.cc:359] T 402701d3611b4bf0933d0fd8e75131a9 P f346bcc8591845a4aaafa978d4233869 [term 0 FOLLOWER]: Replica starting. Triggering 0 pending ops. Active config: opid_index: -1 OBSOLETE_local: false peers { permanent_uuid: "f346bcc8591845a4aaafa978d4233869" member_type: VOTER last_known_addr { host: "127.18.37.129" port: 33037 } } peers { permanent_uuid: "9dd3ac31d83f4e8ca967ae3085c82d71" member_type: VOTER last_known_addr { host: "127.18.37.130" port: 33951 } } peers { permanent_uuid: "3dfe77570ab64a71b80a08b5cdbac248" member_type: VOTER last_known_addr { host: "127.18.37.131" port: 44863 } }
I20260709 12:12:50.397078 19931 raft_consensus.cc:385] T 402701d3611b4bf0933d0fd8e75131a9 P f346bcc8591845a4aaafa978d4233869 [term 0 FOLLOWER]: Consensus starting up: Expiring failure detector timer to make a prompt election more likely
I20260709 12:12:50.397404 19931 raft_consensus.cc:740] T 402701d3611b4bf0933d0fd8e75131a9 P f346bcc8591845a4aaafa978d4233869 [term 0 FOLLOWER]: Becoming Follower/Learner. State: Replica: f346bcc8591845a4aaafa978d4233869, State: Initialized, Role: FOLLOWER
I20260709 12:12:50.398154 19931 consensus_queue.cc:260] T 402701d3611b4bf0933d0fd8e75131a9 P f346bcc8591845a4aaafa978d4233869 [NON_LEADER]: Queue going to NON_LEADER mode. State: All replicated index: 0, Majority replicated index: 0, Committed index: 0, Last appended: 0.0, Last appended by leader: 0, Current term: 0, Majority size: -1, State: 0, Mode: NON_LEADER, active raft config: opid_index: -1 OBSOLETE_local: false peers { permanent_uuid: "f346bcc8591845a4aaafa978d4233869" member_type: VOTER last_known_addr { host: "127.18.37.129" port: 33037 } } peers { permanent_uuid: "9dd3ac31d83f4e8ca967ae3085c82d71" member_type: VOTER last_known_addr { host: "127.18.37.130" port: 33951 } } peers { permanent_uuid: "3dfe77570ab64a71b80a08b5cdbac248" member_type: VOTER last_known_addr { host: "127.18.37.131" port: 44863 } }
I20260709 12:12:50.396782 19932 tablet_bootstrap.cc:492] T 5b9f33e63e964d06b8f8c54570fe942b P 9dd3ac31d83f4e8ca967ae3085c82d71: No bootstrap required, opened a new log
I20260709 12:12:50.398820 19942 raft_consensus.cc:493] T 27704cdff5584f58b9a7da6d6f56df0b P 9dd3ac31d83f4e8ca967ae3085c82d71 [term 0 FOLLOWER]: Starting pre-election (no leader contacted us within the election timeout)
I20260709 12:12:50.399542 19932 ts_tablet_manager.cc:1403] T 5b9f33e63e964d06b8f8c54570fe942b P 9dd3ac31d83f4e8ca967ae3085c82d71: Time spent bootstrapping tablet: real 0.024s	user 0.008s	sys 0.001s
I20260709 12:12:50.399950 19942 raft_consensus.cc:515] T 27704cdff5584f58b9a7da6d6f56df0b P 9dd3ac31d83f4e8ca967ae3085c82d71 [term 0 FOLLOWER]: Starting pre-election with config: opid_index: -1 OBSOLETE_local: false peers { permanent_uuid: "f346bcc8591845a4aaafa978d4233869" member_type: VOTER last_known_addr { host: "127.18.37.129" port: 33037 } } peers { permanent_uuid: "9dd3ac31d83f4e8ca967ae3085c82d71" member_type: VOTER last_known_addr { host: "127.18.37.130" port: 33951 } } peers { permanent_uuid: "3dfe77570ab64a71b80a08b5cdbac248" member_type: VOTER last_known_addr { host: "127.18.37.131" port: 44863 } }
I20260709 12:12:50.402050 19942 leader_election.cc:290] T 27704cdff5584f58b9a7da6d6f56df0b P 9dd3ac31d83f4e8ca967ae3085c82d71 [CANDIDATE]: Term 1 pre-election: Requested pre-vote from peers f346bcc8591845a4aaafa978d4233869 (127.18.37.129:33037), 3dfe77570ab64a71b80a08b5cdbac248 (127.18.37.131:44863)
I20260709 12:12:50.402495 19932 raft_consensus.cc:359] T 5b9f33e63e964d06b8f8c54570fe942b P 9dd3ac31d83f4e8ca967ae3085c82d71 [term 0 FOLLOWER]: Replica starting. Triggering 0 pending ops. Active config: opid_index: -1 OBSOLETE_local: false peers { permanent_uuid: "f346bcc8591845a4aaafa978d4233869" member_type: VOTER last_known_addr { host: "127.18.37.129" port: 33037 } } peers { permanent_uuid: "9dd3ac31d83f4e8ca967ae3085c82d71" member_type: VOTER last_known_addr { host: "127.18.37.130" port: 33951 } } peers { permanent_uuid: "3dfe77570ab64a71b80a08b5cdbac248" member_type: VOTER last_known_addr { host: "127.18.37.131" port: 44863 } }
I20260709 12:12:50.402951 19741 tablet_service.cc:1917] Received RequestConsensusVote() RPC: tablet_id: "27704cdff5584f58b9a7da6d6f56df0b" candidate_uuid: "9dd3ac31d83f4e8ca967ae3085c82d71" candidate_term: 1 candidate_status { last_received { term: 0 index: 0 } } ignore_live_leader: false dest_uuid: "f346bcc8591845a4aaafa978d4233869" is_pre_election: true
I20260709 12:12:50.403155 19932 raft_consensus.cc:385] T 5b9f33e63e964d06b8f8c54570fe942b P 9dd3ac31d83f4e8ca967ae3085c82d71 [term 0 FOLLOWER]: Consensus starting up: Expiring failure detector timer to make a prompt election more likely
I20260709 12:12:50.403474 19741 raft_consensus.cc:2468] T 27704cdff5584f58b9a7da6d6f56df0b P f346bcc8591845a4aaafa978d4233869 [term 0 FOLLOWER]: Leader pre-election vote request: Granting yes vote for candidate 9dd3ac31d83f4e8ca967ae3085c82d71 in term 0.
I20260709 12:12:50.403589 19889 tablet_service.cc:1917] Received RequestConsensusVote() RPC: tablet_id: "27704cdff5584f58b9a7da6d6f56df0b" candidate_uuid: "9dd3ac31d83f4e8ca967ae3085c82d71" candidate_term: 1 candidate_status { last_received { term: 0 index: 0 } } ignore_live_leader: false dest_uuid: "3dfe77570ab64a71b80a08b5cdbac248" is_pre_election: true
W20260709 12:12:50.404839 19781 leader_election.cc:343] T 27704cdff5584f58b9a7da6d6f56df0b P 9dd3ac31d83f4e8ca967ae3085c82d71 [CANDIDATE]: Term 1 pre-election: Tablet error from VoteRequest() call to peer 3dfe77570ab64a71b80a08b5cdbac248 (127.18.37.131:44863): Illegal state: must be running to vote when last-logged opid is not known
I20260709 12:12:50.405318 19933 tablet_bootstrap.cc:492] T 034774abd6ec43a498847624cdea8cde P 3dfe77570ab64a71b80a08b5cdbac248: No bootstrap required, opened a new log
I20260709 12:12:50.405462 20085 consensus_queue.cc:1048] T a092049aca014b4aa177ca7d177a50d0 P f346bcc8591845a4aaafa978d4233869 [LEADER]: Connected to new peer: Peer: permanent_uuid: "9dd3ac31d83f4e8ca967ae3085c82d71" member_type: VOTER last_known_addr { host: "127.18.37.130" port: 33951 }, Status: LMP_MISMATCH, Last received: 0.0, Next index: 1, Last known committed idx: 0, Time since last communication: 0.000s
I20260709 12:12:50.405745 19933 ts_tablet_manager.cc:1403] T 034774abd6ec43a498847624cdea8cde P 3dfe77570ab64a71b80a08b5cdbac248: Time spent bootstrapping tablet: real 0.142s	user 0.022s	sys 0.008s
I20260709 12:12:50.406821 19779 leader_election.cc:304] T 27704cdff5584f58b9a7da6d6f56df0b P 9dd3ac31d83f4e8ca967ae3085c82d71 [CANDIDATE]: Term 1 pre-election: Election decided. Result: candidate won. Election summary: received 3 responses out of 3 voters: 2 yes votes; 1 no votes. yes voters: 9dd3ac31d83f4e8ca967ae3085c82d71, f346bcc8591845a4aaafa978d4233869; no voters: 3dfe77570ab64a71b80a08b5cdbac248
I20260709 12:12:50.409075 19942 raft_consensus.cc:2804] T 27704cdff5584f58b9a7da6d6f56df0b P 9dd3ac31d83f4e8ca967ae3085c82d71 [term 0 FOLLOWER]: Leader pre-election won for term 1
I20260709 12:12:50.409228 19985 raft_consensus.cc:493] T ec20e7c495c443f88918f47d58d59ae8 P 3dfe77570ab64a71b80a08b5cdbac248 [term 0 FOLLOWER]: Starting pre-election (no leader contacted us within the election timeout)
I20260709 12:12:50.409806 19942 raft_consensus.cc:493] T 27704cdff5584f58b9a7da6d6f56df0b P 9dd3ac31d83f4e8ca967ae3085c82d71 [term 0 FOLLOWER]: Starting leader election (no leader contacted us within the election timeout)
I20260709 12:12:50.409843 19985 raft_consensus.cc:515] T ec20e7c495c443f88918f47d58d59ae8 P 3dfe77570ab64a71b80a08b5cdbac248 [term 0 FOLLOWER]: Starting pre-election with config: opid_index: -1 OBSOLETE_local: false peers { permanent_uuid: "f346bcc8591845a4aaafa978d4233869" member_type: VOTER last_known_addr { host: "127.18.37.129" port: 33037 } } peers { permanent_uuid: "9dd3ac31d83f4e8ca967ae3085c82d71" member_type: VOTER last_known_addr { host: "127.18.37.130" port: 33951 } } peers { permanent_uuid: "3dfe77570ab64a71b80a08b5cdbac248" member_type: VOTER last_known_addr { host: "127.18.37.131" port: 44863 } }
I20260709 12:12:50.410493 19942 raft_consensus.cc:3060] T 27704cdff5584f58b9a7da6d6f56df0b P 9dd3ac31d83f4e8ca967ae3085c82d71 [term 0 FOLLOWER]: Advancing to term 1
I20260709 12:12:50.411988 19985 leader_election.cc:290] T ec20e7c495c443f88918f47d58d59ae8 P 3dfe77570ab64a71b80a08b5cdbac248 [CANDIDATE]: Term 1 pre-election: Requested pre-vote from peers f346bcc8591845a4aaafa978d4233869 (127.18.37.129:33037), 9dd3ac31d83f4e8ca967ae3085c82d71 (127.18.37.130:33951)
I20260709 12:12:50.413029 19814 tablet_service.cc:1917] Received RequestConsensusVote() RPC: tablet_id: "ec20e7c495c443f88918f47d58d59ae8" candidate_uuid: "3dfe77570ab64a71b80a08b5cdbac248" candidate_term: 1 candidate_status { last_received { term: 0 index: 0 } } ignore_live_leader: false dest_uuid: "9dd3ac31d83f4e8ca967ae3085c82d71" is_pre_election: true
I20260709 12:12:50.413453 19741 tablet_service.cc:1917] Received RequestConsensusVote() RPC: tablet_id: "ec20e7c495c443f88918f47d58d59ae8" candidate_uuid: "3dfe77570ab64a71b80a08b5cdbac248" candidate_term: 1 candidate_status { last_received { term: 0 index: 0 } } ignore_live_leader: false dest_uuid: "f346bcc8591845a4aaafa978d4233869" is_pre_election: true
I20260709 12:12:50.413640 19814 raft_consensus.cc:2468] T ec20e7c495c443f88918f47d58d59ae8 P 9dd3ac31d83f4e8ca967ae3085c82d71 [term 0 FOLLOWER]: Leader pre-election vote request: Granting yes vote for candidate 3dfe77570ab64a71b80a08b5cdbac248 in term 0.
I20260709 12:12:50.408166 19933 raft_consensus.cc:359] T 034774abd6ec43a498847624cdea8cde P 3dfe77570ab64a71b80a08b5cdbac248 [term 0 FOLLOWER]: Replica starting. Triggering 0 pending ops. Active config: opid_index: -1 OBSOLETE_local: false peers { permanent_uuid: "f346bcc8591845a4aaafa978d4233869" member_type: VOTER last_known_addr { host: "127.18.37.129" port: 33037 } } peers { permanent_uuid: "9dd3ac31d83f4e8ca967ae3085c82d71" member_type: VOTER last_known_addr { host: "127.18.37.130" port: 33951 } } peers { permanent_uuid: "3dfe77570ab64a71b80a08b5cdbac248" member_type: VOTER last_known_addr { host: "127.18.37.131" port: 44863 } }
I20260709 12:12:50.415182 19933 raft_consensus.cc:385] T 034774abd6ec43a498847624cdea8cde P 3dfe77570ab64a71b80a08b5cdbac248 [term 0 FOLLOWER]: Consensus starting up: Expiring failure detector timer to make a prompt election more likely
I20260709 12:12:50.415602 19933 raft_consensus.cc:740] T 034774abd6ec43a498847624cdea8cde P 3dfe77570ab64a71b80a08b5cdbac248 [term 0 FOLLOWER]: Becoming Follower/Learner. State: Replica: 3dfe77570ab64a71b80a08b5cdbac248, State: Initialized, Role: FOLLOWER
W20260709 12:12:50.415125 19854 leader_election.cc:343] T ec20e7c495c443f88918f47d58d59ae8 P 3dfe77570ab64a71b80a08b5cdbac248 [CANDIDATE]: Term 1 pre-election: Tablet error from VoteRequest() call to peer f346bcc8591845a4aaafa978d4233869 (127.18.37.129:33037): Illegal state: must be running to vote when last-logged opid is not known
I20260709 12:12:50.416231 19933 consensus_queue.cc:260] T 034774abd6ec43a498847624cdea8cde P 3dfe77570ab64a71b80a08b5cdbac248 [NON_LEADER]: Queue going to NON_LEADER mode. State: All replicated index: 0, Majority replicated index: 0, Committed index: 0, Last appended: 0.0, Last appended by leader: 0, Current term: 0, Majority size: -1, State: 0, Mode: NON_LEADER, active raft config: opid_index: -1 OBSOLETE_local: false peers { permanent_uuid: "f346bcc8591845a4aaafa978d4233869" member_type: VOTER last_known_addr { host: "127.18.37.129" port: 33037 } } peers { permanent_uuid: "9dd3ac31d83f4e8ca967ae3085c82d71" member_type: VOTER last_known_addr { host: "127.18.37.130" port: 33951 } } peers { permanent_uuid: "3dfe77570ab64a71b80a08b5cdbac248" member_type: VOTER last_known_addr { host: "127.18.37.131" port: 44863 } }
I20260709 12:12:50.403481 19932 raft_consensus.cc:740] T 5b9f33e63e964d06b8f8c54570fe942b P 9dd3ac31d83f4e8ca967ae3085c82d71 [term 0 FOLLOWER]: Becoming Follower/Learner. State: Replica: 9dd3ac31d83f4e8ca967ae3085c82d71, State: Initialized, Role: FOLLOWER
I20260709 12:12:50.417680 19931 ts_tablet_manager.cc:1434] T 402701d3611b4bf0933d0fd8e75131a9 P f346bcc8591845a4aaafa978d4233869: Time spent starting tablet: real 0.025s	user 0.007s	sys 0.001s
I20260709 12:12:50.417843 19932 consensus_queue.cc:260] T 5b9f33e63e964d06b8f8c54570fe942b P 9dd3ac31d83f4e8ca967ae3085c82d71 [NON_LEADER]: Queue going to NON_LEADER mode. State: All replicated index: 0, Majority replicated index: 0, Committed index: 0, Last appended: 0.0, Last appended by leader: 0, Current term: 0, Majority size: -1, State: 0, Mode: NON_LEADER, active raft config: opid_index: -1 OBSOLETE_local: false peers { permanent_uuid: "f346bcc8591845a4aaafa978d4233869" member_type: VOTER last_known_addr { host: "127.18.37.129" port: 33037 } } peers { permanent_uuid: "9dd3ac31d83f4e8ca967ae3085c82d71" member_type: VOTER last_known_addr { host: "127.18.37.130" port: 33951 } } peers { permanent_uuid: "3dfe77570ab64a71b80a08b5cdbac248" member_type: VOTER last_known_addr { host: "127.18.37.131" port: 44863 } }
I20260709 12:12:50.418323 19857 leader_election.cc:304] T ec20e7c495c443f88918f47d58d59ae8 P 3dfe77570ab64a71b80a08b5cdbac248 [CANDIDATE]: Term 1 pre-election: Election decided. Result: candidate won. Election summary: received 3 responses out of 3 voters: 2 yes votes; 1 no votes. yes voters: 3dfe77570ab64a71b80a08b5cdbac248, 9dd3ac31d83f4e8ca967ae3085c82d71; no voters: f346bcc8591845a4aaafa978d4233869
I20260709 12:12:50.418807 20085 consensus_queue.cc:1048] T a6bdd1f02b4c49e2a7b536dcb09983c4 P f346bcc8591845a4aaafa978d4233869 [LEADER]: Connected to new peer: Peer: permanent_uuid: "9dd3ac31d83f4e8ca967ae3085c82d71" member_type: VOTER last_known_addr { host: "127.18.37.130" port: 33951 }, Status: LMP_MISMATCH, Last received: 0.0, Next index: 1, Last known committed idx: 0, Time since last communication: 0.000s
I20260709 12:12:50.419651 19985 raft_consensus.cc:2804] T ec20e7c495c443f88918f47d58d59ae8 P 3dfe77570ab64a71b80a08b5cdbac248 [term 0 FOLLOWER]: Leader pre-election won for term 1
I20260709 12:12:50.420007 19985 raft_consensus.cc:493] T ec20e7c495c443f88918f47d58d59ae8 P 3dfe77570ab64a71b80a08b5cdbac248 [term 0 FOLLOWER]: Starting leader election (no leader contacted us within the election timeout)
I20260709 12:12:50.395776 19637 catalog_manager.cc:5697] T 5b9f33e63e964d06b8f8c54570fe942b P 3dfe77570ab64a71b80a08b5cdbac248 reported cstate change: term changed from 0 to 1, leader changed from <none> to 3dfe77570ab64a71b80a08b5cdbac248 (127.18.37.131). New cstate: current_term: 1 leader_uuid: "3dfe77570ab64a71b80a08b5cdbac248" committed_config { opid_index: -1 OBSOLETE_local: false peers { permanent_uuid: "f346bcc8591845a4aaafa978d4233869" member_type: VOTER last_known_addr { host: "127.18.37.129" port: 33037 } health_report { overall_health: UNKNOWN } } peers { permanent_uuid: "9dd3ac31d83f4e8ca967ae3085c82d71" member_type: VOTER last_known_addr { host: "127.18.37.130" port: 33951 } health_report { overall_health: UNKNOWN } } peers { permanent_uuid: "3dfe77570ab64a71b80a08b5cdbac248" member_type: VOTER last_known_addr { host: "127.18.37.131" port: 44863 } health_report { overall_health: HEALTHY } } }
I20260709 12:12:50.420362 19985 raft_consensus.cc:3060] T ec20e7c495c443f88918f47d58d59ae8 P 3dfe77570ab64a71b80a08b5cdbac248 [term 0 FOLLOWER]: Advancing to term 1
I20260709 12:12:50.424670 19931 tablet_bootstrap.cc:492] T d779023fe5df437b8c820020d7b2690d P f346bcc8591845a4aaafa978d4233869: Bootstrap starting.
I20260709 12:12:50.426239 19942 raft_consensus.cc:515] T 27704cdff5584f58b9a7da6d6f56df0b P 9dd3ac31d83f4e8ca967ae3085c82d71 [term 1 FOLLOWER]: Starting leader election with config: opid_index: -1 OBSOLETE_local: false peers { permanent_uuid: "f346bcc8591845a4aaafa978d4233869" member_type: VOTER last_known_addr { host: "127.18.37.129" port: 33037 } } peers { permanent_uuid: "9dd3ac31d83f4e8ca967ae3085c82d71" member_type: VOTER last_known_addr { host: "127.18.37.130" port: 33951 } } peers { permanent_uuid: "3dfe77570ab64a71b80a08b5cdbac248" member_type: VOTER last_known_addr { host: "127.18.37.131" port: 44863 } }
I20260709 12:12:50.426599 19932 ts_tablet_manager.cc:1434] T 5b9f33e63e964d06b8f8c54570fe942b P 9dd3ac31d83f4e8ca967ae3085c82d71: Time spent starting tablet: real 0.026s	user 0.006s	sys 0.000s
I20260709 12:12:50.428920 19932 tablet_bootstrap.cc:492] T 0d3c7b90227e4ac6be5d3c032da8eacd P 9dd3ac31d83f4e8ca967ae3085c82d71: Bootstrap starting.
I20260709 12:12:50.431344 19741 tablet_service.cc:1917] Received RequestConsensusVote() RPC: tablet_id: "27704cdff5584f58b9a7da6d6f56df0b" candidate_uuid: "9dd3ac31d83f4e8ca967ae3085c82d71" candidate_term: 1 candidate_status { last_received { term: 0 index: 0 } } ignore_live_leader: false dest_uuid: "f346bcc8591845a4aaafa978d4233869"
I20260709 12:12:50.431883 19741 raft_consensus.cc:3060] T 27704cdff5584f58b9a7da6d6f56df0b P f346bcc8591845a4aaafa978d4233869 [term 0 FOLLOWER]: Advancing to term 1
I20260709 12:12:50.420089 19933 ts_tablet_manager.cc:1434] T 034774abd6ec43a498847624cdea8cde P 3dfe77570ab64a71b80a08b5cdbac248: Time spent starting tablet: real 0.014s	user 0.005s	sys 0.000s
I20260709 12:12:50.433542 19933 tablet_bootstrap.cc:492] T 0d3c7b90227e4ac6be5d3c032da8eacd P 3dfe77570ab64a71b80a08b5cdbac248: Bootstrap starting.
I20260709 12:12:50.426546 19985 raft_consensus.cc:515] T ec20e7c495c443f88918f47d58d59ae8 P 3dfe77570ab64a71b80a08b5cdbac248 [term 1 FOLLOWER]: Starting leader election with config: opid_index: -1 OBSOLETE_local: false peers { permanent_uuid: "f346bcc8591845a4aaafa978d4233869" member_type: VOTER last_known_addr { host: "127.18.37.129" port: 33037 } } peers { permanent_uuid: "9dd3ac31d83f4e8ca967ae3085c82d71" member_type: VOTER last_known_addr { host: "127.18.37.130" port: 33951 } } peers { permanent_uuid: "3dfe77570ab64a71b80a08b5cdbac248" member_type: VOTER last_known_addr { host: "127.18.37.131" port: 44863 } }
I20260709 12:12:50.438501 19740 tablet_service.cc:1917] Received RequestConsensusVote() RPC: tablet_id: "ec20e7c495c443f88918f47d58d59ae8" candidate_uuid: "3dfe77570ab64a71b80a08b5cdbac248" candidate_term: 1 candidate_status { last_received { term: 0 index: 0 } } ignore_live_leader: false dest_uuid: "f346bcc8591845a4aaafa978d4233869"
