I20260709 12:12:47.628890 15935 data_dirs.cc:400] Could only allocate 1 dirs of requested 3 for tablet 46be2210d08a49098d9dfd24cd8a4bcf. 1 dirs total, 0 dirs full, 0 dirs failed
I20260709 12:12:47.632856 15936 data_dirs.cc:400] Could only allocate 1 dirs of requested 3 for tablet 5b894ac861f84b2790a0deee6103a3dd. 1 dirs total, 0 dirs full, 0 dirs failed
I20260709 12:12:47.633423 15940 data_dirs.cc:400] Could only allocate 1 dirs of requested 3 for tablet 5aa6dd56b51c49a3ae13740c50433797. 1 dirs total, 0 dirs full, 0 dirs failed
I20260709 12:12:47.633826 16072 raft_consensus.cc:493] T fa2a6e08cb0f4fef9375f1b8d195f027 P 0f197660916f4e938aa262613b89fbcc [term 0 FOLLOWER]: Starting pre-election (no leader contacted us within the election timeout)
I20260709 12:12:47.634346 16072 raft_consensus.cc:515] T fa2a6e08cb0f4fef9375f1b8d195f027 P 0f197660916f4e938aa262613b89fbcc [term 0 FOLLOWER]: Starting pre-election with config: opid_index: -1 OBSOLETE_local: false peers { permanent_uuid: "722fa4f5bc28441aa52270ec3b20e4b9" member_type: VOTER last_known_addr { host: "127.14.89.129" port: 38759 } } peers { permanent_uuid: "0f197660916f4e938aa262613b89fbcc" member_type: VOTER last_known_addr { host: "127.14.89.130" port: 37787 } } peers { permanent_uuid: "49f94ba056984f6d8f2a4fa16d16dbe2" member_type: VOTER last_known_addr { host: "127.14.89.131" port: 34787 } }
I20260709 12:12:47.634743 15863 tablet_service.cc:1511] Processing CreateTablet for tablet e73d59087fbf495ebfda36451b356312 (DEFAULT_TABLE table=test-workload [id=ae185f36c44a401cbda88f5a25eeb6df]), partition=RANGE (key) PARTITION 1346726999 <= VALUES < 1383125026
I20260709 12:12:47.636755 16050 heartbeater.cc:499] Master 127.14.89.190:39043 was elected leader, sending a full tablet report...
I20260709 12:12:47.639873 16072 leader_election.cc:290] T fa2a6e08cb0f4fef9375f1b8d195f027 P 0f197660916f4e938aa262613b89fbcc [CANDIDATE]: Term 1 pre-election: Requested pre-vote from peers 722fa4f5bc28441aa52270ec3b20e4b9 (127.14.89.129:38759), 49f94ba056984f6d8f2a4fa16d16dbe2 (127.14.89.131:34787)
I20260709 12:12:47.640648 15941 data_dirs.cc:400] Could only allocate 1 dirs of requested 3 for tablet eb8fe039ba3640ca8b504f14d46e2863. 1 dirs total, 0 dirs full, 0 dirs failed
I20260709 12:12:47.641422 16066 tablet_bootstrap.cc:654] T 027134af93a0424791e5adf2149633a1 P 0f197660916f4e938aa262613b89fbcc: Neither blocks nor log segments found. Creating new log.
I20260709 12:12:47.645644 16067 ts_tablet_manager.cc:1434] T d8a3c8c943c54d54a67c9adbe9c20f1b P 49f94ba056984f6d8f2a4fa16d16dbe2: Time spent starting tablet: real 0.073s	user 0.004s	sys 0.008s
I20260709 12:12:47.646571 16067 tablet_bootstrap.cc:492] T 3d198c3d55744a17b92142d17fb752cb P 49f94ba056984f6d8f2a4fa16d16dbe2: Bootstrap starting.
I20260709 12:12:47.632902 16012 data_dirs.cc:400] Could only allocate 1 dirs of requested 3 for tablet eb8fe039ba3640ca8b504f14d46e2863. 1 dirs total, 0 dirs full, 0 dirs failed
I20260709 12:12:47.613761 15865 data_dirs.cc:400] Could only allocate 1 dirs of requested 3 for tablet c87c148a326a4d0898587b1b1ad650d2. 1 dirs total, 0 dirs full, 0 dirs failed
I20260709 12:12:47.656617 15863 data_dirs.cc:400] Could only allocate 1 dirs of requested 3 for tablet e73d59087fbf495ebfda36451b356312. 1 dirs total, 0 dirs full, 0 dirs failed
I20260709 12:12:47.604220 16009 tablet_service.cc:1511] Processing CreateTablet for tablet 67668205ecef4abf8dc52a9e8249da4b (DEFAULT_TABLE table=test-workload [id=ae185f36c44a401cbda88f5a25eeb6df]), partition=RANGE (key) PARTITION 1273930945 <= VALUES < 1310328972
I20260709 12:12:47.658052 16009 data_dirs.cc:400] Could only allocate 1 dirs of requested 3 for tablet 67668205ecef4abf8dc52a9e8249da4b. 1 dirs total, 0 dirs full, 0 dirs failed
I20260709 12:12:47.658560 15938 tablet_service.cc:1511] Processing CreateTablet for tablet 67668205ecef4abf8dc52a9e8249da4b (DEFAULT_TABLE table=test-workload [id=ae185f36c44a401cbda88f5a25eeb6df]), partition=RANGE (key) PARTITION 1273930945 <= VALUES < 1310328972
I20260709 12:12:47.659713 15938 data_dirs.cc:400] Could only allocate 1 dirs of requested 3 for tablet 67668205ecef4abf8dc52a9e8249da4b. 1 dirs total, 0 dirs full, 0 dirs failed
I20260709 12:12:47.663376 16006 tablet_service.cc:1511] Processing CreateTablet for tablet e73d59087fbf495ebfda36451b356312 (DEFAULT_TABLE table=test-workload [id=ae185f36c44a401cbda88f5a25eeb6df]), partition=RANGE (key) PARTITION 1346726999 <= VALUES < 1383125026
I20260709 12:12:47.679708 15940 tablet_service.cc:1511] Processing CreateTablet for tablet c87c148a326a4d0898587b1b1ad650d2 (DEFAULT_TABLE table=test-workload [id=ae185f36c44a401cbda88f5a25eeb6df]), partition=RANGE (key) PARTITION 1310328972 <= VALUES < 1346726999
I20260709 12:12:47.682323 16067 tablet_bootstrap.cc:654] T 3d198c3d55744a17b92142d17fb752cb P 49f94ba056984f6d8f2a4fa16d16dbe2: Neither blocks nor log segments found. Creating new log.
I20260709 12:12:47.683178 16065 tablet_bootstrap.cc:492] T d8a3c8c943c54d54a67c9adbe9c20f1b P 722fa4f5bc28441aa52270ec3b20e4b9: No bootstrap required, opened a new log
I20260709 12:12:47.691454 15862 tablet_service.cc:1511] Processing CreateTablet for tablet e00d6c1eaa3e4807bca6d23d1da24faa (DEFAULT_TABLE table=test-workload [id=ae185f36c44a401cbda88f5a25eeb6df]), partition=RANGE (key) PARTITION 1419523053 <= VALUES < 1455921080
I20260709 12:12:47.698380 16066 tablet_bootstrap.cc:492] T 027134af93a0424791e5adf2149633a1 P 0f197660916f4e938aa262613b89fbcc: No bootstrap required, opened a new log
I20260709 12:12:47.700646 16006 data_dirs.cc:400] Could only allocate 1 dirs of requested 3 for tablet e73d59087fbf495ebfda36451b356312. 1 dirs total, 0 dirs full, 0 dirs failed
I20260709 12:12:47.713864 16065 ts_tablet_manager.cc:1403] T d8a3c8c943c54d54a67c9adbe9c20f1b P 722fa4f5bc28441aa52270ec3b20e4b9: Time spent bootstrapping tablet: real 0.128s	user 0.008s	sys 0.008s
I20260709 12:12:47.715708 15862 data_dirs.cc:400] Could only allocate 1 dirs of requested 3 for tablet e00d6c1eaa3e4807bca6d23d1da24faa. 1 dirs total, 0 dirs full, 0 dirs failed
I20260709 12:12:47.716691 16065 raft_consensus.cc:359] T d8a3c8c943c54d54a67c9adbe9c20f1b P 722fa4f5bc28441aa52270ec3b20e4b9 [term 0 FOLLOWER]: Replica starting. Triggering 0 pending ops. Active config: opid_index: -1 OBSOLETE_local: false peers { permanent_uuid: "722fa4f5bc28441aa52270ec3b20e4b9" member_type: VOTER last_known_addr { host: "127.14.89.129" port: 38759 } } peers { permanent_uuid: "0f197660916f4e938aa262613b89fbcc" member_type: VOTER last_known_addr { host: "127.14.89.130" port: 37787 } } peers { permanent_uuid: "49f94ba056984f6d8f2a4fa16d16dbe2" member_type: VOTER last_known_addr { host: "127.14.89.131" port: 34787 } }
I20260709 12:12:47.717368 16065 raft_consensus.cc:385] T d8a3c8c943c54d54a67c9adbe9c20f1b P 722fa4f5bc28441aa52270ec3b20e4b9 [term 0 FOLLOWER]: Consensus starting up: Expiring failure detector timer to make a prompt election more likely
I20260709 12:12:47.717631 16065 raft_consensus.cc:740] T d8a3c8c943c54d54a67c9adbe9c20f1b P 722fa4f5bc28441aa52270ec3b20e4b9 [term 0 FOLLOWER]: Becoming Follower/Learner. State: Replica: 722fa4f5bc28441aa52270ec3b20e4b9, State: Initialized, Role: FOLLOWER
I20260709 12:12:47.718274 16065 consensus_queue.cc:260] T d8a3c8c943c54d54a67c9adbe9c20f1b P 722fa4f5bc28441aa52270ec3b20e4b9 [NON_LEADER]: Queue going to NON_LEADER mode. State: All replicated index: 0, Majority replicated index: 0, Committed index: 0, Last appended: 0.0, Last appended by leader: 0, Current term: 0, Majority size: -1, State: 0, Mode: NON_LEADER, active raft config: opid_index: -1 OBSOLETE_local: false peers { permanent_uuid: "722fa4f5bc28441aa52270ec3b20e4b9" member_type: VOTER last_known_addr { host: "127.14.89.129" port: 38759 } } peers { permanent_uuid: "0f197660916f4e938aa262613b89fbcc" member_type: VOTER last_known_addr { host: "127.14.89.130" port: 37787 } } peers { permanent_uuid: "49f94ba056984f6d8f2a4fa16d16dbe2" member_type: VOTER last_known_addr { host: "127.14.89.131" port: 34787 } }
I20260709 12:12:47.718691 15856 tablet_service.cc:1511] Processing CreateTablet for tablet 38090e69d5554c4298ccef5faa7f82d2 (DEFAULT_TABLE table=test-workload [id=ae185f36c44a401cbda88f5a25eeb6df]), partition=RANGE (key) PARTITION 1455921080 <= VALUES < 1492319107
I20260709 12:12:47.720108 15856 data_dirs.cc:400] Could only allocate 1 dirs of requested 3 for tablet 38090e69d5554c4298ccef5faa7f82d2. 1 dirs total, 0 dirs full, 0 dirs failed
I20260709 12:12:47.720672 16065 ts_tablet_manager.cc:1434] T d8a3c8c943c54d54a67c9adbe9c20f1b P 722fa4f5bc28441aa52270ec3b20e4b9: Time spent starting tablet: real 0.006s	user 0.002s	sys 0.005s
I20260709 12:12:47.723199 16010 tablet_service.cc:1511] Processing CreateTablet for tablet 96dace8f2dc74d3a8032416df1bd77cd (DEFAULT_TABLE table=test-workload [id=ae185f36c44a401cbda88f5a25eeb6df]), partition=RANGE (key) PARTITION 1383125026 <= VALUES < 1419523053
I20260709 12:12:47.724471 16010 data_dirs.cc:400] Could only allocate 1 dirs of requested 3 for tablet 96dace8f2dc74d3a8032416df1bd77cd. 1 dirs total, 0 dirs full, 0 dirs failed
I20260709 12:12:47.728845 16066 ts_tablet_manager.cc:1403] T 027134af93a0424791e5adf2149633a1 P 0f197660916f4e938aa262613b89fbcc: Time spent bootstrapping tablet: real 0.139s	user 0.011s	sys 0.005s
I20260709 12:12:47.721621 16065 tablet_bootstrap.cc:492] T 3d198c3d55744a17b92142d17fb752cb P 722fa4f5bc28441aa52270ec3b20e4b9: Bootstrap starting.
I20260709 12:12:47.740126 15858 tablet_service.cc:1511] Processing CreateTablet for tablet ca4ccf051a07410c8b4043e00fb46c66 (DEFAULT_TABLE table=test-workload [id=ae185f36c44a401cbda88f5a25eeb6df]), partition=RANGE (key) PARTITION 1492319107 <= VALUES < 1528717134
I20260709 12:12:47.741357 15858 data_dirs.cc:400] Could only allocate 1 dirs of requested 3 for tablet ca4ccf051a07410c8b4043e00fb46c66. 1 dirs total, 0 dirs full, 0 dirs failed
I20260709 12:12:47.732972 16066 raft_consensus.cc:359] T 027134af93a0424791e5adf2149633a1 P 0f197660916f4e938aa262613b89fbcc [term 0 FOLLOWER]: Replica starting. Triggering 0 pending ops. Active config: opid_index: -1 OBSOLETE_local: false peers { permanent_uuid: "722fa4f5bc28441aa52270ec3b20e4b9" member_type: VOTER last_known_addr { host: "127.14.89.129" port: 38759 } } peers { permanent_uuid: "0f197660916f4e938aa262613b89fbcc" member_type: VOTER last_known_addr { host: "127.14.89.130" port: 37787 } } peers { permanent_uuid: "49f94ba056984f6d8f2a4fa16d16dbe2" member_type: VOTER last_known_addr { host: "127.14.89.131" port: 34787 } }
I20260709 12:12:47.744683 16066 raft_consensus.cc:385] T 027134af93a0424791e5adf2149633a1 P 0f197660916f4e938aa262613b89fbcc [term 0 FOLLOWER]: Consensus starting up: Expiring failure detector timer to make a prompt election more likely
I20260709 12:12:47.745008 16066 raft_consensus.cc:740] T 027134af93a0424791e5adf2149633a1 P 0f197660916f4e938aa262613b89fbcc [term 0 FOLLOWER]: Becoming Follower/Learner. State: Replica: 0f197660916f4e938aa262613b89fbcc, State: Initialized, Role: FOLLOWER
I20260709 12:12:47.745783 15940 data_dirs.cc:400] Could only allocate 1 dirs of requested 3 for tablet c87c148a326a4d0898587b1b1ad650d2. 1 dirs total, 0 dirs full, 0 dirs failed
I20260709 12:12:47.745823 16066 consensus_queue.cc:260] T 027134af93a0424791e5adf2149633a1 P 0f197660916f4e938aa262613b89fbcc [NON_LEADER]: Queue going to NON_LEADER mode. State: All replicated index: 0, Majority replicated index: 0, Committed index: 0, Last appended: 0.0, Last appended by leader: 0, Current term: 0, Majority size: -1, State: 0, Mode: NON_LEADER, active raft config: opid_index: -1 OBSOLETE_local: false peers { permanent_uuid: "722fa4f5bc28441aa52270ec3b20e4b9" member_type: VOTER last_known_addr { host: "127.14.89.129" port: 38759 } } peers { permanent_uuid: "0f197660916f4e938aa262613b89fbcc" member_type: VOTER last_known_addr { host: "127.14.89.130" port: 37787 } } peers { permanent_uuid: "49f94ba056984f6d8f2a4fa16d16dbe2" member_type: VOTER last_known_addr { host: "127.14.89.131" port: 34787 } }
I20260709 12:12:47.748303 16066 ts_tablet_manager.cc:1434] T 027134af93a0424791e5adf2149633a1 P 0f197660916f4e938aa262613b89fbcc: Time spent starting tablet: real 0.019s	user 0.005s	sys 0.001s
I20260709 12:12:47.767354 16014 tablet_service.cc:1511] Processing CreateTablet for tablet e00d6c1eaa3e4807bca6d23d1da24faa (DEFAULT_TABLE table=test-workload [id=ae185f36c44a401cbda88f5a25eeb6df]), partition=RANGE (key) PARTITION 1419523053 <= VALUES < 1455921080
I20260709 12:12:47.768715 16014 data_dirs.cc:400] Could only allocate 1 dirs of requested 3 for tablet e00d6c1eaa3e4807bca6d23d1da24faa. 1 dirs total, 0 dirs full, 0 dirs failed
I20260709 12:12:47.773674 16066 tablet_bootstrap.cc:492] T f2f3ebf84a0b4d1dace776485f3a2e19 P 0f197660916f4e938aa262613b89fbcc: Bootstrap starting.
I20260709 12:12:47.773380 15861 tablet_service.cc:1511] Processing CreateTablet for tablet aae99182db644e8ab1df228509afc981 (DEFAULT_TABLE table=test-workload [id=ae185f36c44a401cbda88f5a25eeb6df]), partition=RANGE (key) PARTITION 1528717134 <= VALUES < 1565115161
I20260709 12:12:47.774662 15861 data_dirs.cc:400] Could only allocate 1 dirs of requested 3 for tablet aae99182db644e8ab1df228509afc981. 1 dirs total, 0 dirs full, 0 dirs failed
I20260709 12:12:47.773380 16013 tablet_service.cc:1511] Processing CreateTablet for tablet 38090e69d5554c4298ccef5faa7f82d2 (DEFAULT_TABLE table=test-workload [id=ae185f36c44a401cbda88f5a25eeb6df]), partition=RANGE (key) PARTITION 1455921080 <= VALUES < 1492319107
I20260709 12:12:47.777566 16013 data_dirs.cc:400] Could only allocate 1 dirs of requested 3 for tablet 38090e69d5554c4298ccef5faa7f82d2. 1 dirs total, 0 dirs full, 0 dirs failed
I20260709 12:12:47.782243 16065 tablet_bootstrap.cc:654] T 3d198c3d55744a17b92142d17fb752cb P 722fa4f5bc28441aa52270ec3b20e4b9: Neither blocks nor log segments found. Creating new log.
I20260709 12:12:47.799115 16066 tablet_bootstrap.cc:654] T f2f3ebf84a0b4d1dace776485f3a2e19 P 0f197660916f4e938aa262613b89fbcc: Neither blocks nor log segments found. Creating new log.
I20260709 12:12:47.801682 15857 tablet_service.cc:1511] Processing CreateTablet for tablet d259629398fd45998863ebc507aed058 (DEFAULT_TABLE table=test-workload [id=ae185f36c44a401cbda88f5a25eeb6df]), partition=RANGE (key) PARTITION 1565115161 <= VALUES < 1601513188
I20260709 12:12:47.804239 15857 data_dirs.cc:400] Could only allocate 1 dirs of requested 3 for tablet d259629398fd45998863ebc507aed058. 1 dirs total, 0 dirs full, 0 dirs failed
I20260709 12:12:47.804563 15860 tablet_service.cc:1511] Processing CreateTablet for tablet 96dace8f2dc74d3a8032416df1bd77cd (DEFAULT_TABLE table=test-workload [id=ae185f36c44a401cbda88f5a25eeb6df]), partition=RANGE (key) PARTITION 1383125026 <= VALUES < 1419523053
I20260709 12:12:47.805769 15860 data_dirs.cc:400] Could only allocate 1 dirs of requested 3 for tablet 96dace8f2dc74d3a8032416df1bd77cd. 1 dirs total, 0 dirs full, 0 dirs failed
I20260709 12:12:47.808894 16010 tablet_service.cc:1511] Processing CreateTablet for tablet aae99182db644e8ab1df228509afc981 (DEFAULT_TABLE table=test-workload [id=ae185f36c44a401cbda88f5a25eeb6df]), partition=RANGE (key) PARTITION 1528717134 <= VALUES < 1565115161
I20260709 12:12:47.809981 16010 data_dirs.cc:400] Could only allocate 1 dirs of requested 3 for tablet aae99182db644e8ab1df228509afc981. 1 dirs total, 0 dirs full, 0 dirs failed
I20260709 12:12:47.810492 15940 tablet_service.cc:1511] Processing CreateTablet for tablet e73d59087fbf495ebfda36451b356312 (DEFAULT_TABLE table=test-workload [id=ae185f36c44a401cbda88f5a25eeb6df]), partition=RANGE (key) PARTITION 1346726999 <= VALUES < 1383125026
I20260709 12:12:47.811671 15940 data_dirs.cc:400] Could only allocate 1 dirs of requested 3 for tablet e73d59087fbf495ebfda36451b356312. 1 dirs total, 0 dirs full, 0 dirs failed
I20260709 12:12:47.818465 16067 tablet_bootstrap.cc:492] T 3d198c3d55744a17b92142d17fb752cb P 49f94ba056984f6d8f2a4fa16d16dbe2: No bootstrap required, opened a new log
I20260709 12:12:47.818907 16067 ts_tablet_manager.cc:1403] T 3d198c3d55744a17b92142d17fb752cb P 49f94ba056984f6d8f2a4fa16d16dbe2: Time spent bootstrapping tablet: real 0.173s	user 0.015s	sys 0.010s
I20260709 12:12:47.820016 16015 tablet_service.cc:1511] Processing CreateTablet for tablet ca4ccf051a07410c8b4043e00fb46c66 (DEFAULT_TABLE table=test-workload [id=ae185f36c44a401cbda88f5a25eeb6df]), partition=RANGE (key) PARTITION 1492319107 <= VALUES < 1528717134
I20260709 12:12:47.821173 16015 data_dirs.cc:400] Could only allocate 1 dirs of requested 3 for tablet ca4ccf051a07410c8b4043e00fb46c66. 1 dirs total, 0 dirs full, 0 dirs failed
I20260709 12:12:47.821643 15932 tablet_service.cc:1511] Processing CreateTablet for tablet 96dace8f2dc74d3a8032416df1bd77cd (DEFAULT_TABLE table=test-workload [id=ae185f36c44a401cbda88f5a25eeb6df]), partition=RANGE (key) PARTITION 1383125026 <= VALUES < 1419523053
I20260709 12:12:47.821990 15938 tablet_service.cc:1511] Processing CreateTablet for tablet e00d6c1eaa3e4807bca6d23d1da24faa (DEFAULT_TABLE table=test-workload [id=ae185f36c44a401cbda88f5a25eeb6df]), partition=RANGE (key) PARTITION 1419523053 <= VALUES < 1455921080
I20260709 12:12:47.822826 15932 data_dirs.cc:400] Could only allocate 1 dirs of requested 3 for tablet 96dace8f2dc74d3a8032416df1bd77cd. 1 dirs total, 0 dirs full, 0 dirs failed
I20260709 12:12:47.823307 15939 tablet_service.cc:1511] Processing CreateTablet for tablet aae99182db644e8ab1df228509afc981 (DEFAULT_TABLE table=test-workload [id=ae185f36c44a401cbda88f5a25eeb6df]), partition=RANGE (key) PARTITION 1528717134 <= VALUES < 1565115161
I20260709 12:12:47.823908 15941 tablet_service.cc:1511] Processing CreateTablet for tablet 38090e69d5554c4298ccef5faa7f82d2 (DEFAULT_TABLE table=test-workload [id=ae185f36c44a401cbda88f5a25eeb6df]), partition=RANGE (key) PARTITION 1455921080 <= VALUES < 1492319107
I20260709 12:12:47.824505 15939 data_dirs.cc:400] Could only allocate 1 dirs of requested 3 for tablet aae99182db644e8ab1df228509afc981. 1 dirs total, 0 dirs full, 0 dirs failed
I20260709 12:12:47.825110 15941 data_dirs.cc:400] Could only allocate 1 dirs of requested 3 for tablet 38090e69d5554c4298ccef5faa7f82d2. 1 dirs total, 0 dirs full, 0 dirs failed
I20260709 12:12:47.829344 15933 tablet_service.cc:1511] Processing CreateTablet for tablet ca4ccf051a07410c8b4043e00fb46c66 (DEFAULT_TABLE table=test-workload [id=ae185f36c44a401cbda88f5a25eeb6df]), partition=RANGE (key) PARTITION 1492319107 <= VALUES < 1528717134
I20260709 12:12:47.830479 15933 data_dirs.cc:400] Could only allocate 1 dirs of requested 3 for tablet ca4ccf051a07410c8b4043e00fb46c66. 1 dirs total, 0 dirs full, 0 dirs failed
I20260709 12:12:47.832607 15938 data_dirs.cc:400] Could only allocate 1 dirs of requested 3 for tablet e00d6c1eaa3e4807bca6d23d1da24faa. 1 dirs total, 0 dirs full, 0 dirs failed
I20260709 12:12:47.841132 16067 raft_consensus.cc:359] T 3d198c3d55744a17b92142d17fb752cb P 49f94ba056984f6d8f2a4fa16d16dbe2 [term 0 FOLLOWER]: Replica starting. Triggering 0 pending ops. Active config: opid_index: -1 OBSOLETE_local: false peers { permanent_uuid: "722fa4f5bc28441aa52270ec3b20e4b9" member_type: VOTER last_known_addr { host: "127.14.89.129" port: 38759 } } peers { permanent_uuid: "0f197660916f4e938aa262613b89fbcc" member_type: VOTER last_known_addr { host: "127.14.89.130" port: 37787 } } peers { permanent_uuid: "49f94ba056984f6d8f2a4fa16d16dbe2" member_type: VOTER last_known_addr { host: "127.14.89.131" port: 34787 } }
I20260709 12:12:47.841869 16067 raft_consensus.cc:385] T 3d198c3d55744a17b92142d17fb752cb P 49f94ba056984f6d8f2a4fa16d16dbe2 [term 0 FOLLOWER]: Consensus starting up: Expiring failure detector timer to make a prompt election more likely
I20260709 12:12:47.842175 16067 raft_consensus.cc:740] T 3d198c3d55744a17b92142d17fb752cb P 49f94ba056984f6d8f2a4fa16d16dbe2 [term 0 FOLLOWER]: Becoming Follower/Learner. State: Replica: 49f94ba056984f6d8f2a4fa16d16dbe2, State: Initialized, Role: FOLLOWER
I20260709 12:12:47.842911 16067 consensus_queue.cc:260] T 3d198c3d55744a17b92142d17fb752cb P 49f94ba056984f6d8f2a4fa16d16dbe2 [NON_LEADER]: Queue going to NON_LEADER mode. State: All replicated index: 0, Majority replicated index: 0, Committed index: 0, Last appended: 0.0, Last appended by leader: 0, Current term: 0, Majority size: -1, State: 0, Mode: NON_LEADER, active raft config: opid_index: -1 OBSOLETE_local: false peers { permanent_uuid: "722fa4f5bc28441aa52270ec3b20e4b9" member_type: VOTER last_known_addr { host: "127.14.89.129" port: 38759 } } peers { permanent_uuid: "0f197660916f4e938aa262613b89fbcc" member_type: VOTER last_known_addr { host: "127.14.89.130" port: 37787 } } peers { permanent_uuid: "49f94ba056984f6d8f2a4fa16d16dbe2" member_type: VOTER last_known_addr { host: "127.14.89.131" port: 34787 } }
I20260709 12:12:47.857038 16067 ts_tablet_manager.cc:1434] T 3d198c3d55744a17b92142d17fb752cb P 49f94ba056984f6d8f2a4fa16d16dbe2: Time spent starting tablet: real 0.038s	user 0.008s	sys 0.000s
I20260709 12:12:47.857129 15876 tablet_service.cc:1917] Received RequestConsensusVote() RPC: tablet_id: "fa2a6e08cb0f4fef9375f1b8d195f027" candidate_uuid: "0f197660916f4e938aa262613b89fbcc" candidate_term: 1 candidate_status { last_received { term: 0 index: 0 } } ignore_live_leader: false dest_uuid: "722fa4f5bc28441aa52270ec3b20e4b9" is_pre_election: true
I20260709 12:12:47.858062 16067 tablet_bootstrap.cc:492] T 08da954527484ff2913e3628f17d4a59 P 49f94ba056984f6d8f2a4fa16d16dbe2: Bootstrap starting.
W20260709 12:12:47.858879 15917 leader_election.cc:343] T fa2a6e08cb0f4fef9375f1b8d195f027 P 0f197660916f4e938aa262613b89fbcc [CANDIDATE]: Term 1 pre-election: Tablet error from VoteRequest() call to peer 722fa4f5bc28441aa52270ec3b20e4b9 (127.14.89.129:38759): Illegal state: must be running to vote when last-logged opid is not known
I20260709 12:12:47.873862 16025 tablet_service.cc:1917] Received RequestConsensusVote() RPC: tablet_id: "fa2a6e08cb0f4fef9375f1b8d195f027" candidate_uuid: "0f197660916f4e938aa262613b89fbcc" candidate_term: 1 candidate_status { last_received { term: 0 index: 0 } } ignore_live_leader: false dest_uuid: "49f94ba056984f6d8f2a4fa16d16dbe2" is_pre_election: true
W20260709 12:12:47.876758 15916 leader_election.cc:343] T fa2a6e08cb0f4fef9375f1b8d195f027 P 0f197660916f4e938aa262613b89fbcc [CANDIDATE]: Term 1 pre-election: Tablet error from VoteRequest() call to peer 49f94ba056984f6d8f2a4fa16d16dbe2 (127.14.89.131:34787): Illegal state: must be running to vote when last-logged opid is not known
I20260709 12:12:47.877221 15916 leader_election.cc:304] T fa2a6e08cb0f4fef9375f1b8d195f027 P 0f197660916f4e938aa262613b89fbcc [CANDIDATE]: Term 1 pre-election: Election decided. Result: candidate lost. Election summary: received 3 responses out of 3 voters: 1 yes votes; 2 no votes. yes voters: 0f197660916f4e938aa262613b89fbcc; no voters: 49f94ba056984f6d8f2a4fa16d16dbe2, 722fa4f5bc28441aa52270ec3b20e4b9
I20260709 12:12:47.883600 16072 raft_consensus.cc:2749] T fa2a6e08cb0f4fef9375f1b8d195f027 P 0f197660916f4e938aa262613b89fbcc [term 0 FOLLOWER]: Leader pre-election lost for term 1. Reason: could not achieve majority
I20260709 12:12:47.887420 16067 tablet_bootstrap.cc:654] T 08da954527484ff2913e3628f17d4a59 P 49f94ba056984f6d8f2a4fa16d16dbe2: Neither blocks nor log segments found. Creating new log.
I20260709 12:12:47.904825 16065 tablet_bootstrap.cc:492] T 3d198c3d55744a17b92142d17fb752cb P 722fa4f5bc28441aa52270ec3b20e4b9: No bootstrap required, opened a new log
I20260709 12:12:47.905954 16073 raft_consensus.cc:493] T d8a3c8c943c54d54a67c9adbe9c20f1b P 49f94ba056984f6d8f2a4fa16d16dbe2 [term 0 FOLLOWER]: Starting pre-election (no leader contacted us within the election timeout)
I20260709 12:12:47.906442 16073 raft_consensus.cc:515] T d8a3c8c943c54d54a67c9adbe9c20f1b P 49f94ba056984f6d8f2a4fa16d16dbe2 [term 0 FOLLOWER]: Starting pre-election with config: opid_index: -1 OBSOLETE_local: false peers { permanent_uuid: "722fa4f5bc28441aa52270ec3b20e4b9" member_type: VOTER last_known_addr { host: "127.14.89.129" port: 38759 } } peers { permanent_uuid: "0f197660916f4e938aa262613b89fbcc" member_type: VOTER last_known_addr { host: "127.14.89.130" port: 37787 } } peers { permanent_uuid: "49f94ba056984f6d8f2a4fa16d16dbe2" member_type: VOTER last_known_addr { host: "127.14.89.131" port: 34787 } }
I20260709 12:12:47.909065 16073 leader_election.cc:290] T d8a3c8c943c54d54a67c9adbe9c20f1b P 49f94ba056984f6d8f2a4fa16d16dbe2 [CANDIDATE]: Term 1 pre-election: Requested pre-vote from peers 722fa4f5bc28441aa52270ec3b20e4b9 (127.14.89.129:38759), 0f197660916f4e938aa262613b89fbcc (127.14.89.130:37787)
I20260709 12:12:47.910771 16065 ts_tablet_manager.cc:1403] T 3d198c3d55744a17b92142d17fb752cb P 722fa4f5bc28441aa52270ec3b20e4b9: Time spent bootstrapping tablet: real 0.189s	user 0.013s	sys 0.010s
I20260709 12:12:47.925016 15941 tablet_service.cc:1511] Processing CreateTablet for tablet d259629398fd45998863ebc507aed058 (DEFAULT_TABLE table=test-workload [id=ae185f36c44a401cbda88f5a25eeb6df]), partition=RANGE (key) PARTITION 1565115161 <= VALUES < 1601513188
I20260709 12:12:47.925398 16015 tablet_service.cc:1511] Processing CreateTablet for tablet d259629398fd45998863ebc507aed058 (DEFAULT_TABLE table=test-workload [id=ae185f36c44a401cbda88f5a25eeb6df]), partition=RANGE (key) PARTITION 1565115161 <= VALUES < 1601513188
I20260709 12:12:47.926368 15941 data_dirs.cc:400] Could only allocate 1 dirs of requested 3 for tablet d259629398fd45998863ebc507aed058. 1 dirs total, 0 dirs full, 0 dirs failed
I20260709 12:12:47.925889 16065 raft_consensus.cc:359] T 3d198c3d55744a17b92142d17fb752cb P 722fa4f5bc28441aa52270ec3b20e4b9 [term 0 FOLLOWER]: Replica starting. Triggering 0 pending ops. Active config: opid_index: -1 OBSOLETE_local: false peers { permanent_uuid: "722fa4f5bc28441aa52270ec3b20e4b9" member_type: VOTER last_known_addr { host: "127.14.89.129" port: 38759 } } peers { permanent_uuid: "0f197660916f4e938aa262613b89fbcc" member_type: VOTER last_known_addr { host: "127.14.89.130" port: 37787 } } peers { permanent_uuid: "49f94ba056984f6d8f2a4fa16d16dbe2" member_type: VOTER last_known_addr { host: "127.14.89.131" port: 34787 } }
I20260709 12:12:47.926644 16015 data_dirs.cc:400] Could only allocate 1 dirs of requested 3 for tablet d259629398fd45998863ebc507aed058. 1 dirs total, 0 dirs full, 0 dirs failed
I20260709 12:12:47.926815 16065 raft_consensus.cc:385] T 3d198c3d55744a17b92142d17fb752cb P 722fa4f5bc28441aa52270ec3b20e4b9 [term 0 FOLLOWER]: Consensus starting up: Expiring failure detector timer to make a prompt election more likely
I20260709 12:12:47.927220 16065 raft_consensus.cc:740] T 3d198c3d55744a17b92142d17fb752cb P 722fa4f5bc28441aa52270ec3b20e4b9 [term 0 FOLLOWER]: Becoming Follower/Learner. State: Replica: 722fa4f5bc28441aa52270ec3b20e4b9, State: Initialized, Role: FOLLOWER
I20260709 12:12:47.928404 16065 consensus_queue.cc:260] T 3d198c3d55744a17b92142d17fb752cb P 722fa4f5bc28441aa52270ec3b20e4b9 [NON_LEADER]: Queue going to NON_LEADER mode. State: All replicated index: 0, Majority replicated index: 0, Committed index: 0, Last appended: 0.0, Last appended by leader: 0, Current term: 0, Majority size: -1, State: 0, Mode: NON_LEADER, active raft config: opid_index: -1 OBSOLETE_local: false peers { permanent_uuid: "722fa4f5bc28441aa52270ec3b20e4b9" member_type: VOTER last_known_addr { host: "127.14.89.129" port: 38759 } } peers { permanent_uuid: "0f197660916f4e938aa262613b89fbcc" member_type: VOTER last_known_addr { host: "127.14.89.130" port: 37787 } } peers { permanent_uuid: "49f94ba056984f6d8f2a4fa16d16dbe2" member_type: VOTER last_known_addr { host: "127.14.89.131" port: 34787 } }
I20260709 12:12:47.928877 15938 tablet_service.cc:1511] Processing CreateTablet for tablet c7932d48aff94486868375c841557ceb (DEFAULT_TABLE table=test-workload [id=ae185f36c44a401cbda88f5a25eeb6df]), partition=RANGE (key) PARTITION 1601513188 <= VALUES < 1637911215
I20260709 12:12:47.930092 15938 data_dirs.cc:400] Could only allocate 1 dirs of requested 3 for tablet c7932d48aff94486868375c841557ceb. 1 dirs total, 0 dirs full, 0 dirs failed
I20260709 12:12:47.930781 16065 ts_tablet_manager.cc:1434] T 3d198c3d55744a17b92142d17fb752cb P 722fa4f5bc28441aa52270ec3b20e4b9: Time spent starting tablet: real 0.009s	user 0.007s	sys 0.000s
I20260709 12:12:47.931046 16010 tablet_service.cc:1511] Processing CreateTablet for tablet c7932d48aff94486868375c841557ceb (DEFAULT_TABLE table=test-workload [id=ae185f36c44a401cbda88f5a25eeb6df]), partition=RANGE (key) PARTITION 1601513188 <= VALUES < 1637911215
I20260709 12:12:47.931893 16065 tablet_bootstrap.cc:492] T 001cb1b4f8ca46278ed6ae3f719315f3 P 722fa4f5bc28441aa52270ec3b20e4b9: Bootstrap starting.
I20260709 12:12:47.932288 16010 data_dirs.cc:400] Could only allocate 1 dirs of requested 3 for tablet c7932d48aff94486868375c841557ceb. 1 dirs total, 0 dirs full, 0 dirs failed
I20260709 12:12:47.933426 16066 tablet_bootstrap.cc:492] T f2f3ebf84a0b4d1dace776485f3a2e19 P 0f197660916f4e938aa262613b89fbcc: No bootstrap required, opened a new log
I20260709 12:12:47.933890 16066 ts_tablet_manager.cc:1403] T f2f3ebf84a0b4d1dace776485f3a2e19 P 0f197660916f4e938aa262613b89fbcc: Time spent bootstrapping tablet: real 0.160s	user 0.005s	sys 0.011s
I20260709 12:12:47.937197 15861 tablet_service.cc:1511] Processing CreateTablet for tablet c7932d48aff94486868375c841557ceb (DEFAULT_TABLE table=test-workload [id=ae185f36c44a401cbda88f5a25eeb6df]), partition=RANGE (key) PARTITION 1601513188 <= VALUES < 1637911215
I20260709 12:12:47.938351 15861 data_dirs.cc:400] Could only allocate 1 dirs of requested 3 for tablet c7932d48aff94486868375c841557ceb. 1 dirs total, 0 dirs full, 0 dirs failed
I20260709 12:12:47.938966 16070 raft_consensus.cc:493] T 027134af93a0424791e5adf2149633a1 P 722fa4f5bc28441aa52270ec3b20e4b9 [term 0 FOLLOWER]: Starting pre-election (no leader contacted us within the election timeout)
I20260709 12:12:47.939415 16070 raft_consensus.cc:515] T 027134af93a0424791e5adf2149633a1 P 722fa4f5bc28441aa52270ec3b20e4b9 [term 0 FOLLOWER]: Starting pre-election with config: opid_index: -1 OBSOLETE_local: false peers { permanent_uuid: "722fa4f5bc28441aa52270ec3b20e4b9" member_type: VOTER last_known_addr { host: "127.14.89.129" port: 38759 } } peers { permanent_uuid: "0f197660916f4e938aa262613b89fbcc" member_type: VOTER last_known_addr { host: "127.14.89.130" port: 37787 } } peers { permanent_uuid: "49f94ba056984f6d8f2a4fa16d16dbe2" member_type: VOTER last_known_addr { host: "127.14.89.131" port: 34787 } }
I20260709 12:12:47.939504 16066 raft_consensus.cc:359] T f2f3ebf84a0b4d1dace776485f3a2e19 P 0f197660916f4e938aa262613b89fbcc [term 0 FOLLOWER]: Replica starting. Triggering 0 pending ops. Active config: opid_index: -1 OBSOLETE_local: false peers { permanent_uuid: "722fa4f5bc28441aa52270ec3b20e4b9" member_type: VOTER last_known_addr { host: "127.14.89.129" port: 38759 } } peers { permanent_uuid: "0f197660916f4e938aa262613b89fbcc" member_type: VOTER last_known_addr { host: "127.14.89.130" port: 37787 } } peers { permanent_uuid: "49f94ba056984f6d8f2a4fa16d16dbe2" member_type: VOTER last_known_addr { host: "127.14.89.131" port: 34787 } }
I20260709 12:12:47.940249 16066 raft_consensus.cc:385] T f2f3ebf84a0b4d1dace776485f3a2e19 P 0f197660916f4e938aa262613b89fbcc [term 0 FOLLOWER]: Consensus starting up: Expiring failure detector timer to make a prompt election more likely
I20260709 12:12:47.940577 16066 raft_consensus.cc:740] T f2f3ebf84a0b4d1dace776485f3a2e19 P 0f197660916f4e938aa262613b89fbcc [term 0 FOLLOWER]: Becoming Follower/Learner. State: Replica: 0f197660916f4e938aa262613b89fbcc, State: Initialized, Role: FOLLOWER
I20260709 12:12:47.941346 16066 consensus_queue.cc:260] T f2f3ebf84a0b4d1dace776485f3a2e19 P 0f197660916f4e938aa262613b89fbcc [NON_LEADER]: Queue going to NON_LEADER mode. State: All replicated index: 0, Majority replicated index: 0, Committed index: 0, Last appended: 0.0, Last appended by leader: 0, Current term: 0, Majority size: -1, State: 0, Mode: NON_LEADER, active raft config: opid_index: -1 OBSOLETE_local: false peers { permanent_uuid: "722fa4f5bc28441aa52270ec3b20e4b9" member_type: VOTER last_known_addr { host: "127.14.89.129" port: 38759 } } peers { permanent_uuid: "0f197660916f4e938aa262613b89fbcc" member_type: VOTER last_known_addr { host: "127.14.89.130" port: 37787 } } peers { permanent_uuid: "49f94ba056984f6d8f2a4fa16d16dbe2" member_type: VOTER last_known_addr { host: "127.14.89.131" port: 34787 } }
I20260709 12:12:47.943463 16066 ts_tablet_manager.cc:1434] T f2f3ebf84a0b4d1dace776485f3a2e19 P 0f197660916f4e938aa262613b89fbcc: Time spent starting tablet: real 0.009s	user 0.003s	sys 0.003s
I20260709 12:12:47.954636 16066 tablet_bootstrap.cc:492] T 3d198c3d55744a17b92142d17fb752cb P 0f197660916f4e938aa262613b89fbcc: Bootstrap starting.
I20260709 12:12:47.948612 16070 leader_election.cc:290] T 027134af93a0424791e5adf2149633a1 P 722fa4f5bc28441aa52270ec3b20e4b9 [CANDIDATE]: Term 1 pre-election: Requested pre-vote from peers 0f197660916f4e938aa262613b89fbcc (127.14.89.130:37787), 49f94ba056984f6d8f2a4fa16d16dbe2 (127.14.89.131:34787)
I20260709 12:12:47.961349 16066 tablet_bootstrap.cc:654] T 3d198c3d55744a17b92142d17fb752cb P 0f197660916f4e938aa262613b89fbcc: Neither blocks nor log segments found. Creating new log.
I20260709 12:12:47.990195 16065 tablet_bootstrap.cc:654] T 001cb1b4f8ca46278ed6ae3f719315f3 P 722fa4f5bc28441aa52270ec3b20e4b9: Neither blocks nor log segments found. Creating new log.
I20260709 12:12:47.995896 16025 tablet_service.cc:1917] Received RequestConsensusVote() RPC: tablet_id: "027134af93a0424791e5adf2149633a1" candidate_uuid: "722fa4f5bc28441aa52270ec3b20e4b9" candidate_term: 1 candidate_status { last_received { term: 0 index: 0 } } ignore_live_leader: false dest_uuid: "49f94ba056984f6d8f2a4fa16d16dbe2" is_pre_election: true
W20260709 12:12:47.998456 15840 leader_election.cc:343] T 027134af93a0424791e5adf2149633a1 P 722fa4f5bc28441aa52270ec3b20e4b9 [CANDIDATE]: Term 1 pre-election: Tablet error from VoteRequest() call to peer 49f94ba056984f6d8f2a4fa16d16dbe2 (127.14.89.131:34787): Illegal state: must be running to vote when last-logged opid is not known
I20260709 12:12:48.000216 16067 tablet_bootstrap.cc:492] T 08da954527484ff2913e3628f17d4a59 P 49f94ba056984f6d8f2a4fa16d16dbe2: No bootstrap required, opened a new log
I20260709 12:12:48.000748 16067 ts_tablet_manager.cc:1403] T 08da954527484ff2913e3628f17d4a59 P 49f94ba056984f6d8f2a4fa16d16dbe2: Time spent bootstrapping tablet: real 0.143s	user 0.007s	sys 0.018s
I20260709 12:12:48.004699 16066 tablet_bootstrap.cc:492] T 3d198c3d55744a17b92142d17fb752cb P 0f197660916f4e938aa262613b89fbcc: No bootstrap required, opened a new log
I20260709 12:12:48.005201 16066 ts_tablet_manager.cc:1403] T 3d198c3d55744a17b92142d17fb752cb P 0f197660916f4e938aa262613b89fbcc: Time spent bootstrapping tablet: real 0.061s	user 0.020s	sys 0.007s
I20260709 12:12:48.005002 15933 tablet_service.cc:1511] Processing CreateTablet for tablet 234d0debc0094b92963ce78e81ed0943 (DEFAULT_TABLE table=test-workload [id=ae185f36c44a401cbda88f5a25eeb6df]), partition=RANGE (key) PARTITION 1637911215 <= VALUES < 1674309242
I20260709 12:12:48.006295 15933 data_dirs.cc:400] Could only allocate 1 dirs of requested 3 for tablet 234d0debc0094b92963ce78e81ed0943. 1 dirs total, 0 dirs full, 0 dirs failed
I20260709 12:12:48.007396 15861 tablet_service.cc:1511] Processing CreateTablet for tablet 234d0debc0094b92963ce78e81ed0943 (DEFAULT_TABLE table=test-workload [id=ae185f36c44a401cbda88f5a25eeb6df]), partition=RANGE (key) PARTITION 1637911215 <= VALUES < 1674309242
I20260709 12:12:48.007965 16066 raft_consensus.cc:359] T 3d198c3d55744a17b92142d17fb752cb P 0f197660916f4e938aa262613b89fbcc [term 0 FOLLOWER]: Replica starting. Triggering 0 pending ops. Active config: opid_index: -1 OBSOLETE_local: false peers { permanent_uuid: "722fa4f5bc28441aa52270ec3b20e4b9" member_type: VOTER last_known_addr { host: "127.14.89.129" port: 38759 } } peers { permanent_uuid: "0f197660916f4e938aa262613b89fbcc" member_type: VOTER last_known_addr { host: "127.14.89.130" port: 37787 } } peers { permanent_uuid: "49f94ba056984f6d8f2a4fa16d16dbe2" member_type: VOTER last_known_addr { host: "127.14.89.131" port: 34787 } }
I20260709 12:12:48.008529 15861 data_dirs.cc:400] Could only allocate 1 dirs of requested 3 for tablet 234d0debc0094b92963ce78e81ed0943. 1 dirs total, 0 dirs full, 0 dirs failed
I20260709 12:12:48.008703 16066 raft_consensus.cc:385] T 3d198c3d55744a17b92142d17fb752cb P 0f197660916f4e938aa262613b89fbcc [term 0 FOLLOWER]: Consensus starting up: Expiring failure detector timer to make a prompt election more likely
I20260709 12:12:48.009038 16066 raft_consensus.cc:740] T 3d198c3d55744a17b92142d17fb752cb P 0f197660916f4e938aa262613b89fbcc [term 0 FOLLOWER]: Becoming Follower/Learner. State: Replica: 0f197660916f4e938aa262613b89fbcc, State: Initialized, Role: FOLLOWER
I20260709 12:12:48.009714 16066 consensus_queue.cc:260] T 3d198c3d55744a17b92142d17fb752cb P 0f197660916f4e938aa262613b89fbcc [NON_LEADER]: Queue going to NON_LEADER mode. State: All replicated index: 0, Majority replicated index: 0, Committed index: 0, Last appended: 0.0, Last appended by leader: 0, Current term: 0, Majority size: -1, State: 0, Mode: NON_LEADER, active raft config: opid_index: -1 OBSOLETE_local: false peers { permanent_uuid: "722fa4f5bc28441aa52270ec3b20e4b9" member_type: VOTER last_known_addr { host: "127.14.89.129" port: 38759 } } peers { permanent_uuid: "0f197660916f4e938aa262613b89fbcc" member_type: VOTER last_known_addr { host: "127.14.89.130" port: 37787 } } peers { permanent_uuid: "49f94ba056984f6d8f2a4fa16d16dbe2" member_type: VOTER last_known_addr { host: "127.14.89.131" port: 34787 } }
I20260709 12:12:48.006012 16010 tablet_service.cc:1511] Processing CreateTablet for tablet 234d0debc0094b92963ce78e81ed0943 (DEFAULT_TABLE table=test-workload [id=ae185f36c44a401cbda88f5a25eeb6df]), partition=RANGE (key) PARTITION 1637911215 <= VALUES < 1674309242
I20260709 12:12:48.012082 16010 data_dirs.cc:400] Could only allocate 1 dirs of requested 3 for tablet 234d0debc0094b92963ce78e81ed0943. 1 dirs total, 0 dirs full, 0 dirs failed
I20260709 12:12:48.011965 16067 raft_consensus.cc:359] T 08da954527484ff2913e3628f17d4a59 P 49f94ba056984f6d8f2a4fa16d16dbe2 [term 0 FOLLOWER]: Replica starting. Triggering 0 pending ops. Active config: opid_index: -1 OBSOLETE_local: false peers { permanent_uuid: "722fa4f5bc28441aa52270ec3b20e4b9" member_type: VOTER last_known_addr { host: "127.14.89.129" port: 38759 } } peers { permanent_uuid: "0f197660916f4e938aa262613b89fbcc" member_type: VOTER last_known_addr { host: "127.14.89.130" port: 37787 } } peers { permanent_uuid: "49f94ba056984f6d8f2a4fa16d16dbe2" member_type: VOTER last_known_addr { host: "127.14.89.131" port: 34787 } }
I20260709 12:12:48.012707 16067 raft_consensus.cc:385] T 08da954527484ff2913e3628f17d4a59 P 49f94ba056984f6d8f2a4fa16d16dbe2 [term 0 FOLLOWER]: Consensus starting up: Expiring failure detector timer to make a prompt election more likely
I20260709 12:12:48.013013 16067 raft_consensus.cc:740] T 08da954527484ff2913e3628f17d4a59 P 49f94ba056984f6d8f2a4fa16d16dbe2 [term 0 FOLLOWER]: Becoming Follower/Learner. State: Replica: 49f94ba056984f6d8f2a4fa16d16dbe2, State: Initialized, Role: FOLLOWER
I20260709 12:12:48.013713 16067 consensus_queue.cc:260] T 08da954527484ff2913e3628f17d4a59 P 49f94ba056984f6d8f2a4fa16d16dbe2 [NON_LEADER]: Queue going to NON_LEADER mode. State: All replicated index: 0, Majority replicated index: 0, Committed index: 0, Last appended: 0.0, Last appended by leader: 0, Current term: 0, Majority size: -1, State: 0, Mode: NON_LEADER, active raft config: opid_index: -1 OBSOLETE_local: false peers { permanent_uuid: "722fa4f5bc28441aa52270ec3b20e4b9" member_type: VOTER last_known_addr { host: "127.14.89.129" port: 38759 } } peers { permanent_uuid: "0f197660916f4e938aa262613b89fbcc" member_type: VOTER last_known_addr { host: "127.14.89.130" port: 37787 } } peers { permanent_uuid: "49f94ba056984f6d8f2a4fa16d16dbe2" member_type: VOTER last_known_addr { host: "127.14.89.131" port: 34787 } }
I20260709 12:12:48.014894 15951 tablet_service.cc:1917] Received RequestConsensusVote() RPC: tablet_id: "d8a3c8c943c54d54a67c9adbe9c20f1b" candidate_uuid: "49f94ba056984f6d8f2a4fa16d16dbe2" candidate_term: 1 candidate_status { last_received { term: 0 index: 0 } } ignore_live_leader: false dest_uuid: "0f197660916f4e938aa262613b89fbcc" is_pre_election: true
I20260709 12:12:48.016324 16070 raft_consensus.cc:493] T d8a3c8c943c54d54a67c9adbe9c20f1b P 722fa4f5bc28441aa52270ec3b20e4b9 [term 0 FOLLOWER]: Starting pre-election (no leader contacted us within the election timeout)
W20260709 12:12:48.016443 15989 leader_election.cc:343] T d8a3c8c943c54d54a67c9adbe9c20f1b P 49f94ba056984f6d8f2a4fa16d16dbe2 [CANDIDATE]: Term 1 pre-election: Tablet error from VoteRequest() call to peer 0f197660916f4e938aa262613b89fbcc (127.14.89.130:37787): Illegal state: must be running to vote when last-logged opid is not known
I20260709 12:12:48.016817 16070 raft_consensus.cc:515] T d8a3c8c943c54d54a67c9adbe9c20f1b P 722fa4f5bc28441aa52270ec3b20e4b9 [term 0 FOLLOWER]: Starting pre-election with config: opid_index: -1 OBSOLETE_local: false peers { permanent_uuid: "722fa4f5bc28441aa52270ec3b20e4b9" member_type: VOTER last_known_addr { host: "127.14.89.129" port: 38759 } } peers { permanent_uuid: "0f197660916f4e938aa262613b89fbcc" member_type: VOTER last_known_addr { host: "127.14.89.130" port: 37787 } } peers { permanent_uuid: "49f94ba056984f6d8f2a4fa16d16dbe2" member_type: VOTER last_known_addr { host: "127.14.89.131" port: 34787 } }
I20260709 12:12:48.018110 15860 tablet_service.cc:1511] Processing CreateTablet for tablet 71c3b9a583374899aff6feee16036d42 (DEFAULT_TABLE table=test-workload [id=ae185f36c44a401cbda88f5a25eeb6df]), partition=RANGE (key) PARTITION 1674309242 <= VALUES < 1710707269
I20260709 12:12:48.018769 16070 leader_election.cc:290] T d8a3c8c943c54d54a67c9adbe9c20f1b P 722fa4f5bc28441aa52270ec3b20e4b9 [CANDIDATE]: Term 1 pre-election: Requested pre-vote from peers 0f197660916f4e938aa262613b89fbcc (127.14.89.130:37787), 49f94ba056984f6d8f2a4fa16d16dbe2 (127.14.89.131:34787)
I20260709 12:12:48.019276 15860 data_dirs.cc:400] Could only allocate 1 dirs of requested 3 for tablet 71c3b9a583374899aff6feee16036d42. 1 dirs total, 0 dirs full, 0 dirs failed
I20260709 12:12:48.020838 16025 tablet_service.cc:1917] Received RequestConsensusVote() RPC: tablet_id: "d8a3c8c943c54d54a67c9adbe9c20f1b" candidate_uuid: "722fa4f5bc28441aa52270ec3b20e4b9" candidate_term: 1 candidate_status { last_received { term: 0 index: 0 } } ignore_live_leader: false dest_uuid: "49f94ba056984f6d8f2a4fa16d16dbe2" is_pre_election: true
I20260709 12:12:48.021417 16025 raft_consensus.cc:2468] T d8a3c8c943c54d54a67c9adbe9c20f1b P 49f94ba056984f6d8f2a4fa16d16dbe2 [term 0 FOLLOWER]: Leader pre-election vote request: Granting yes vote for candidate 722fa4f5bc28441aa52270ec3b20e4b9 in term 0.
I20260709 12:12:48.022784 15862 tablet_service.cc:1511] Processing CreateTablet for tablet 1626fc862e6b48788e8bbb4ecdb0fb5d (DEFAULT_TABLE table=test-workload [id=ae185f36c44a401cbda88f5a25eeb6df]), partition=RANGE (key) PARTITION 1710707269 <= VALUES < 1747105296
I20260709 12:12:48.024008 15862 data_dirs.cc:400] Could only allocate 1 dirs of requested 3 for tablet 1626fc862e6b48788e8bbb4ecdb0fb5d. 1 dirs total, 0 dirs full, 0 dirs failed
I20260709 12:12:48.024580 15840 leader_election.cc:304] T d8a3c8c943c54d54a67c9adbe9c20f1b P 722fa4f5bc28441aa52270ec3b20e4b9 [CANDIDATE]: Term 1 pre-election: Election decided. Result: candidate won. Election summary: received 2 responses out of 3 voters: 2 yes votes; 0 no votes. yes voters: 49f94ba056984f6d8f2a4fa16d16dbe2, 722fa4f5bc28441aa52270ec3b20e4b9; no voters: 
I20260709 12:12:48.024982 15951 tablet_service.cc:1917] Received RequestConsensusVote() RPC: tablet_id: "027134af93a0424791e5adf2149633a1" candidate_uuid: "722fa4f5bc28441aa52270ec3b20e4b9" candidate_term: 1 candidate_status { last_received { term: 0 index: 0 } } ignore_live_leader: false dest_uuid: "0f197660916f4e938aa262613b89fbcc" is_pre_election: true
I20260709 12:12:48.025581 16070 raft_consensus.cc:2804] T d8a3c8c943c54d54a67c9adbe9c20f1b P 722fa4f5bc28441aa52270ec3b20e4b9 [term 0 FOLLOWER]: Leader pre-election won for term 1
I20260709 12:12:48.025622 15951 raft_consensus.cc:2468] T 027134af93a0424791e5adf2149633a1 P 0f197660916f4e938aa262613b89fbcc [term 0 FOLLOWER]: Leader pre-election vote request: Granting yes vote for candidate 722fa4f5bc28441aa52270ec3b20e4b9 in term 0.
I20260709 12:12:48.026134 16070 raft_consensus.cc:493] T d8a3c8c943c54d54a67c9adbe9c20f1b P 722fa4f5bc28441aa52270ec3b20e4b9 [term 0 FOLLOWER]: Starting leader election (no leader contacted us within the election timeout)
I20260709 12:12:48.026593 16070 raft_consensus.cc:3060] T d8a3c8c943c54d54a67c9adbe9c20f1b P 722fa4f5bc28441aa52270ec3b20e4b9 [term 0 FOLLOWER]: Advancing to term 1
I20260709 12:12:48.027174 15839 leader_election.cc:304] T 027134af93a0424791e5adf2149633a1 P 722fa4f5bc28441aa52270ec3b20e4b9 [CANDIDATE]: Term 1 pre-election: Election decided. Result: candidate won. Election summary: received 3 responses out of 3 voters: 2 yes votes; 1 no votes. yes voters: 0f197660916f4e938aa262613b89fbcc, 722fa4f5bc28441aa52270ec3b20e4b9; no voters: 49f94ba056984f6d8f2a4fa16d16dbe2
I20260709 12:12:48.029404 16015 tablet_service.cc:1511] Processing CreateTablet for tablet 71c3b9a583374899aff6feee16036d42 (DEFAULT_TABLE table=test-workload [id=ae185f36c44a401cbda88f5a25eeb6df]), partition=RANGE (key) PARTITION 1674309242 <= VALUES < 1710707269
I20260709 12:12:48.030650 16015 data_dirs.cc:400] Could only allocate 1 dirs of requested 3 for tablet 71c3b9a583374899aff6feee16036d42. 1 dirs total, 0 dirs full, 0 dirs failed
I20260709 12:12:48.032850 15950 tablet_service.cc:1917] Received RequestConsensusVote() RPC: tablet_id: "d8a3c8c943c54d54a67c9adbe9c20f1b" candidate_uuid: "722fa4f5bc28441aa52270ec3b20e4b9" candidate_term: 1 candidate_status { last_received { term: 0 index: 0 } } ignore_live_leader: false dest_uuid: "0f197660916f4e938aa262613b89fbcc" is_pre_election: true
I20260709 12:12:48.033411 16066 ts_tablet_manager.cc:1434] T 3d198c3d55744a17b92142d17fb752cb P 0f197660916f4e938aa262613b89fbcc: Time spent starting tablet: real 0.028s	user 0.007s	sys 0.000s
I20260709 12:12:48.034685 16066 tablet_bootstrap.cc:492] T c5a9f040d8ab4c4c9dafae77e3a43367 P 0f197660916f4e938aa262613b89fbcc: Bootstrap starting.
I20260709 12:12:48.036203 15938 tablet_service.cc:1511] Processing CreateTablet for tablet 71c3b9a583374899aff6feee16036d42 (DEFAULT_TABLE table=test-workload [id=ae185f36c44a401cbda88f5a25eeb6df]), partition=RANGE (key) PARTITION 1674309242 <= VALUES < 1710707269
I20260709 12:12:48.037420 15938 data_dirs.cc:400] Could only allocate 1 dirs of requested 3 for tablet 71c3b9a583374899aff6feee16036d42. 1 dirs total, 0 dirs full, 0 dirs failed
I20260709 12:12:48.037166 16070 raft_consensus.cc:515] T d8a3c8c943c54d54a67c9adbe9c20f1b P 722fa4f5bc28441aa52270ec3b20e4b9 [term 1 FOLLOWER]: Starting leader election with config: opid_index: -1 OBSOLETE_local: false peers { permanent_uuid: "722fa4f5bc28441aa52270ec3b20e4b9" member_type: VOTER last_known_addr { host: "127.14.89.129" port: 38759 } } peers { permanent_uuid: "0f197660916f4e938aa262613b89fbcc" member_type: VOTER last_known_addr { host: "127.14.89.130" port: 37787 } } peers { permanent_uuid: "49f94ba056984f6d8f2a4fa16d16dbe2" member_type: VOTER last_known_addr { host: "127.14.89.131" port: 34787 } }
I20260709 12:12:48.040807 16025 tablet_service.cc:1917] Received RequestConsensusVote() RPC: tablet_id: "d8a3c8c943c54d54a67c9adbe9c20f1b" candidate_uuid: "722fa4f5bc28441aa52270ec3b20e4b9" candidate_term: 1 candidate_status { last_received { term: 0 index: 0 } } ignore_live_leader: false dest_uuid: "49f94ba056984f6d8f2a4fa16d16dbe2"
I20260709 12:12:48.041352 16025 raft_consensus.cc:3060] T d8a3c8c943c54d54a67c9adbe9c20f1b P 49f94ba056984f6d8f2a4fa16d16dbe2 [term 0 FOLLOWER]: Advancing to term 1
I20260709 12:12:48.048856 16025 raft_consensus.cc:2468] T d8a3c8c943c54d54a67c9adbe9c20f1b P 49f94ba056984f6d8f2a4fa16d16dbe2 [term 1 FOLLOWER]: Leader election vote request: Granting yes vote for candidate 722fa4f5bc28441aa52270ec3b20e4b9 in term 1.
I20260709 12:12:48.049929 15840 leader_election.cc:304] T d8a3c8c943c54d54a67c9adbe9c20f1b P 722fa4f5bc28441aa52270ec3b20e4b9 [CANDIDATE]: Term 1 election: Election decided. Result: candidate won. Election summary: received 2 responses out of 3 voters: 2 yes votes; 0 no votes. yes voters: 49f94ba056984f6d8f2a4fa16d16dbe2, 722fa4f5bc28441aa52270ec3b20e4b9; no voters: 
I20260709 12:12:48.051555 15940 tablet_service.cc:1511] Processing CreateTablet for tablet 1626fc862e6b48788e8bbb4ecdb0fb5d (DEFAULT_TABLE table=test-workload [id=ae185f36c44a401cbda88f5a25eeb6df]), partition=RANGE (key) PARTITION 1710707269 <= VALUES < 1747105296
I20260709 12:12:48.053318 16070 leader_election.cc:290] T d8a3c8c943c54d54a67c9adbe9c20f1b P 722fa4f5bc28441aa52270ec3b20e4b9 [CANDIDATE]: Term 1 election: Requested vote from peers 0f197660916f4e938aa262613b89fbcc (127.14.89.130:37787), 49f94ba056984f6d8f2a4fa16d16dbe2 (127.14.89.131:34787)
I20260709 12:12:48.064934 16070 raft_consensus.cc:2804] T d8a3c8c943c54d54a67c9adbe9c20f1b P 722fa4f5bc28441aa52270ec3b20e4b9 [term 1 FOLLOWER]: Leader election won for term 1
I20260709 12:12:48.065594 16070 raft_consensus.cc:697] T d8a3c8c943c54d54a67c9adbe9c20f1b P 722fa4f5bc28441aa52270ec3b20e4b9 [term 1 LEADER]: Becoming Leader. State: Replica: 722fa4f5bc28441aa52270ec3b20e4b9, State: Running, Role: LEADER
