W20260709 12:11:48.636392 27644 leader_election.cc:343] T 604bac6a73bd4ce0b38df80d3f8a80ac P eb89824dbfc84694a12991d4c68818ca [CANDIDATE]: Term 1 pre-election: Tablet error from VoteRequest() call to peer 3d9c398a35b14e41b8e51aeb64bb55d1 (127.26.211.3:35715): Illegal state: must be running to vote when last-logged opid is not known
I20260709 12:11:48.637774 27797 tablet_bootstrap.cc:492] T a63a9aa29d4244c8b65d0b5b631b7518 P 3d9c398a35b14e41b8e51aeb64bb55d1: No bootstrap required, opened a new log
I20260709 12:11:48.638306 27797 ts_tablet_manager.cc:1403] T a63a9aa29d4244c8b65d0b5b631b7518 P 3d9c398a35b14e41b8e51aeb64bb55d1: Time spent bootstrapping tablet: real 0.086s	user 0.017s	sys 0.007s
I20260709 12:11:48.650624 27678 tablet_service.cc:1917] Received RequestConsensusVote() RPC: tablet_id: "a63a9aa29d4244c8b65d0b5b631b7518" candidate_uuid: "fc0f5cae6c174b09ab72d2b014b05a41" candidate_term: 1 candidate_status { last_received { term: 0 index: 0 } } ignore_live_leader: false dest_uuid: "eb89824dbfc84694a12991d4c68818ca" is_pre_election: true
I20260709 12:11:48.651398 27678 raft_consensus.cc:2468] T a63a9aa29d4244c8b65d0b5b631b7518 P eb89824dbfc84694a12991d4c68818ca [term 0 FOLLOWER]: Leader pre-election vote request: Granting yes vote for candidate fc0f5cae6c174b09ab72d2b014b05a41 in term 0.
I20260709 12:11:48.652915 27568 leader_election.cc:304] T a63a9aa29d4244c8b65d0b5b631b7518 P fc0f5cae6c174b09ab72d2b014b05a41 [CANDIDATE]: Term 1 pre-election: Election decided. Result: candidate won. Election summary: received 2 responses out of 3 voters: 2 yes votes; 0 no votes. yes voters: eb89824dbfc84694a12991d4c68818ca, fc0f5cae6c174b09ab72d2b014b05a41; no voters: 
I20260709 12:11:48.653843 27804 raft_consensus.cc:2804] T a63a9aa29d4244c8b65d0b5b631b7518 P fc0f5cae6c174b09ab72d2b014b05a41 [term 0 FOLLOWER]: Leader pre-election won for term 1
I20260709 12:11:48.654258 27804 raft_consensus.cc:493] T a63a9aa29d4244c8b65d0b5b631b7518 P fc0f5cae6c174b09ab72d2b014b05a41 [term 0 FOLLOWER]: Starting leader election (no leader contacted us within the election timeout)
I20260709 12:11:48.654582 27804 raft_consensus.cc:3060] T a63a9aa29d4244c8b65d0b5b631b7518 P fc0f5cae6c174b09ab72d2b014b05a41 [term 0 FOLLOWER]: Advancing to term 1
I20260709 12:11:48.655697 27797 raft_consensus.cc:359] T a63a9aa29d4244c8b65d0b5b631b7518 P 3d9c398a35b14e41b8e51aeb64bb55d1 [term 0 FOLLOWER]: Replica starting. Triggering 0 pending ops. Active config: opid_index: -1 OBSOLETE_local: false peers { permanent_uuid: "eb89824dbfc84694a12991d4c68818ca" member_type: VOTER last_known_addr { host: "127.26.211.2" port: 37769 } } peers { permanent_uuid: "3d9c398a35b14e41b8e51aeb64bb55d1" member_type: VOTER last_known_addr { host: "127.26.211.3" port: 35715 } } peers { permanent_uuid: "fc0f5cae6c174b09ab72d2b014b05a41" member_type: VOTER last_known_addr { host: "127.26.211.1" port: 35943 } }
I20260709 12:11:48.656442 27797 raft_consensus.cc:385] T a63a9aa29d4244c8b65d0b5b631b7518 P 3d9c398a35b14e41b8e51aeb64bb55d1 [term 0 FOLLOWER]: Consensus starting up: Expiring failure detector timer to make a prompt election more likely
I20260709 12:11:48.662031 27804 raft_consensus.cc:515] T a63a9aa29d4244c8b65d0b5b631b7518 P fc0f5cae6c174b09ab72d2b014b05a41 [term 1 FOLLOWER]: Starting leader election with config: opid_index: -1 OBSOLETE_local: false peers { permanent_uuid: "eb89824dbfc84694a12991d4c68818ca" member_type: VOTER last_known_addr { host: "127.26.211.2" port: 37769 } } peers { permanent_uuid: "3d9c398a35b14e41b8e51aeb64bb55d1" member_type: VOTER last_known_addr { host: "127.26.211.3" port: 35715 } } peers { permanent_uuid: "fc0f5cae6c174b09ab72d2b014b05a41" member_type: VOTER last_known_addr { host: "127.26.211.1" port: 35943 } }
I20260709 12:11:48.664444 27804 leader_election.cc:290] T a63a9aa29d4244c8b65d0b5b631b7518 P fc0f5cae6c174b09ab72d2b014b05a41 [CANDIDATE]: Term 1 election: Requested vote from peers eb89824dbfc84694a12991d4c68818ca (127.26.211.2:37769), 3d9c398a35b14e41b8e51aeb64bb55d1 (127.26.211.3:35715)
I20260709 12:11:48.665565 27678 tablet_service.cc:1917] Received RequestConsensusVote() RPC: tablet_id: "a63a9aa29d4244c8b65d0b5b631b7518" candidate_uuid: "fc0f5cae6c174b09ab72d2b014b05a41" candidate_term: 1 candidate_status { last_received { term: 0 index: 0 } } ignore_live_leader: false dest_uuid: "eb89824dbfc84694a12991d4c68818ca"
I20260709 12:11:48.672519 27678 raft_consensus.cc:3060] T a63a9aa29d4244c8b65d0b5b631b7518 P eb89824dbfc84694a12991d4c68818ca [term 0 FOLLOWER]: Advancing to term 1
I20260709 12:11:48.667137 27801 raft_consensus.cc:515] T 604bac6a73bd4ce0b38df80d3f8a80ac P eb89824dbfc84694a12991d4c68818ca [term 1 FOLLOWER]: Starting leader election with config: opid_index: -1 OBSOLETE_local: false peers { permanent_uuid: "fc0f5cae6c174b09ab72d2b014b05a41" member_type: VOTER last_known_addr { host: "127.26.211.1" port: 35943 } } peers { permanent_uuid: "eb89824dbfc84694a12991d4c68818ca" member_type: VOTER last_known_addr { host: "127.26.211.2" port: 37769 } } peers { permanent_uuid: "3d9c398a35b14e41b8e51aeb64bb55d1" member_type: VOTER last_known_addr { host: "127.26.211.3" port: 35715 } }
I20260709 12:11:48.678995 27678 raft_consensus.cc:2468] T a63a9aa29d4244c8b65d0b5b631b7518 P eb89824dbfc84694a12991d4c68818ca [term 1 FOLLOWER]: Leader election vote request: Granting yes vote for candidate fc0f5cae6c174b09ab72d2b014b05a41 in term 1.
I20260709 12:11:48.668169 27795 raft_consensus.cc:359] T 0cb08de943e44277a14f04377108e4b6 P eb89824dbfc84694a12991d4c68818ca [term 0 FOLLOWER]: Replica starting. Triggering 0 pending ops. Active config: opid_index: -1 OBSOLETE_local: false peers { permanent_uuid: "fc0f5cae6c174b09ab72d2b014b05a41" member_type: VOTER last_known_addr { host: "127.26.211.1" port: 35943 } } peers { permanent_uuid: "eb89824dbfc84694a12991d4c68818ca" member_type: VOTER last_known_addr { host: "127.26.211.2" port: 37769 } } peers { permanent_uuid: "3d9c398a35b14e41b8e51aeb64bb55d1" member_type: VOTER last_known_addr { host: "127.26.211.3" port: 35715 } }
I20260709 12:11:48.680227 27568 leader_election.cc:304] T a63a9aa29d4244c8b65d0b5b631b7518 P fc0f5cae6c174b09ab72d2b014b05a41 [CANDIDATE]: Term 1 election: Election decided. Result: candidate won. Election summary: received 2 responses out of 3 voters: 2 yes votes; 0 no votes. yes voters: eb89824dbfc84694a12991d4c68818ca, fc0f5cae6c174b09ab72d2b014b05a41; no voters: 
I20260709 12:11:48.671166 27752 tablet_service.cc:1917] Received RequestConsensusVote() RPC: tablet_id: "a63a9aa29d4244c8b65d0b5b631b7518" candidate_uuid: "fc0f5cae6c174b09ab72d2b014b05a41" candidate_term: 1 candidate_status { last_received { term: 0 index: 0 } } ignore_live_leader: false dest_uuid: "3d9c398a35b14e41b8e51aeb64bb55d1" is_pre_election: true
I20260709 12:11:48.671317 27751 tablet_service.cc:1917] Received RequestConsensusVote() RPC: tablet_id: "a63a9aa29d4244c8b65d0b5b631b7518" candidate_uuid: "fc0f5cae6c174b09ab72d2b014b05a41" candidate_term: 1 candidate_status { last_received { term: 0 index: 0 } } ignore_live_leader: false dest_uuid: "3d9c398a35b14e41b8e51aeb64bb55d1"
I20260709 12:11:48.681052 27830 raft_consensus.cc:493] T a63a9aa29d4244c8b65d0b5b631b7518 P eb89824dbfc84694a12991d4c68818ca [term 1 FOLLOWER]: Starting pre-election (no leader contacted us within the election timeout)
I20260709 12:11:48.681331 27827 raft_consensus.cc:493] T aafbfb2565e948a4ad8444d7ac2f1dc0 P eb89824dbfc84694a12991d4c68818ca [term 0 FOLLOWER]: Starting pre-election (no leader contacted us within the election timeout)
I20260709 12:11:48.681596 27830 raft_consensus.cc:515] T a63a9aa29d4244c8b65d0b5b631b7518 P eb89824dbfc84694a12991d4c68818ca [term 1 FOLLOWER]: Starting pre-election with config: opid_index: -1 OBSOLETE_local: false peers { permanent_uuid: "eb89824dbfc84694a12991d4c68818ca" member_type: VOTER last_known_addr { host: "127.26.211.2" port: 37769 } } peers { permanent_uuid: "3d9c398a35b14e41b8e51aeb64bb55d1" member_type: VOTER last_known_addr { host: "127.26.211.3" port: 35715 } } peers { permanent_uuid: "fc0f5cae6c174b09ab72d2b014b05a41" member_type: VOTER last_known_addr { host: "127.26.211.1" port: 35943 } }
I20260709 12:11:48.681845 27827 raft_consensus.cc:515] T aafbfb2565e948a4ad8444d7ac2f1dc0 P eb89824dbfc84694a12991d4c68818ca [term 0 FOLLOWER]: Starting pre-election with config: opid_index: -1 OBSOLETE_local: false peers { permanent_uuid: "fc0f5cae6c174b09ab72d2b014b05a41" member_type: VOTER last_known_addr { host: "127.26.211.1" port: 35943 } } peers { permanent_uuid: "eb89824dbfc84694a12991d4c68818ca" member_type: VOTER last_known_addr { host: "127.26.211.2" port: 37769 } } peers { permanent_uuid: "3d9c398a35b14e41b8e51aeb64bb55d1" member_type: VOTER last_known_addr { host: "127.26.211.3" port: 35715 } }
I20260709 12:11:48.682891 27603 tablet_service.cc:1917] Received RequestConsensusVote() RPC: tablet_id: "604bac6a73bd4ce0b38df80d3f8a80ac" candidate_uuid: "eb89824dbfc84694a12991d4c68818ca" candidate_term: 1 candidate_status { last_received { term: 0 index: 0 } } ignore_live_leader: false dest_uuid: "fc0f5cae6c174b09ab72d2b014b05a41"
I20260709 12:11:48.683478 27603 raft_consensus.cc:3060] T 604bac6a73bd4ce0b38df80d3f8a80ac P fc0f5cae6c174b09ab72d2b014b05a41 [term 0 FOLLOWER]: Advancing to term 1
I20260709 12:11:48.684146 27827 leader_election.cc:290] T aafbfb2565e948a4ad8444d7ac2f1dc0 P eb89824dbfc84694a12991d4c68818ca [CANDIDATE]: Term 1 pre-election: Requested pre-vote from peers fc0f5cae6c174b09ab72d2b014b05a41 (127.26.211.1:35943), 3d9c398a35b14e41b8e51aeb64bb55d1 (127.26.211.3:35715)
I20260709 12:11:48.680274 27801 leader_election.cc:290] T 604bac6a73bd4ce0b38df80d3f8a80ac P eb89824dbfc84694a12991d4c68818ca [CANDIDATE]: Term 1 election: Requested vote from peers fc0f5cae6c174b09ab72d2b014b05a41 (127.26.211.1:35943), 3d9c398a35b14e41b8e51aeb64bb55d1 (127.26.211.3:35715)
I20260709 12:11:48.685210 27804 raft_consensus.cc:2804] T a63a9aa29d4244c8b65d0b5b631b7518 P fc0f5cae6c174b09ab72d2b014b05a41 [term 1 FOLLOWER]: Leader election won for term 1
I20260709 12:11:48.686206 27602 tablet_service.cc:1917] Received RequestConsensusVote() RPC: tablet_id: "aafbfb2565e948a4ad8444d7ac2f1dc0" candidate_uuid: "eb89824dbfc84694a12991d4c68818ca" candidate_term: 1 candidate_status { last_received { term: 0 index: 0 } } ignore_live_leader: false dest_uuid: "fc0f5cae6c174b09ab72d2b014b05a41" is_pre_election: true
I20260709 12:11:48.686825 27795 raft_consensus.cc:385] T 0cb08de943e44277a14f04377108e4b6 P eb89824dbfc84694a12991d4c68818ca [term 0 FOLLOWER]: Consensus starting up: Expiring failure detector timer to make a prompt election more likely
I20260709 12:11:48.686894 27602 raft_consensus.cc:2468] T aafbfb2565e948a4ad8444d7ac2f1dc0 P fc0f5cae6c174b09ab72d2b014b05a41 [term 0 FOLLOWER]: Leader pre-election vote request: Granting yes vote for candidate eb89824dbfc84694a12991d4c68818ca in term 0.
I20260709 12:11:48.687207 27795 raft_consensus.cc:740] T 0cb08de943e44277a14f04377108e4b6 P eb89824dbfc84694a12991d4c68818ca [term 0 FOLLOWER]: Becoming Follower/Learner. State: Replica: eb89824dbfc84694a12991d4c68818ca, State: Initialized, Role: FOLLOWER
I20260709 12:11:48.688191 27644 leader_election.cc:304] T aafbfb2565e948a4ad8444d7ac2f1dc0 P eb89824dbfc84694a12991d4c68818ca [CANDIDATE]: Term 1 pre-election: Election decided. Result: candidate won. Election summary: received 2 responses out of 3 voters: 2 yes votes; 0 no votes. yes voters: eb89824dbfc84694a12991d4c68818ca, fc0f5cae6c174b09ab72d2b014b05a41; no voters: 
I20260709 12:11:48.689147 27750 tablet_service.cc:1917] Received RequestConsensusVote() RPC: tablet_id: "604bac6a73bd4ce0b38df80d3f8a80ac" candidate_uuid: "eb89824dbfc84694a12991d4c68818ca" candidate_term: 1 candidate_status { last_received { term: 0 index: 0 } } ignore_live_leader: false dest_uuid: "3d9c398a35b14e41b8e51aeb64bb55d1"
I20260709 12:11:48.690587 27796 tablet_bootstrap.cc:492] T f9aefc4d7b844ac0b0958586c6588afd P fc0f5cae6c174b09ab72d2b014b05a41: No bootstrap required, opened a new log
I20260709 12:11:48.690680 27749 tablet_service.cc:1917] Received RequestConsensusVote() RPC: tablet_id: "aafbfb2565e948a4ad8444d7ac2f1dc0" candidate_uuid: "eb89824dbfc84694a12991d4c68818ca" candidate_term: 1 candidate_status { last_received { term: 0 index: 0 } } ignore_live_leader: false dest_uuid: "3d9c398a35b14e41b8e51aeb64bb55d1" is_pre_election: true
I20260709 12:11:48.691133 27796 ts_tablet_manager.cc:1403] T f9aefc4d7b844ac0b0958586c6588afd P fc0f5cae6c174b09ab72d2b014b05a41: Time spent bootstrapping tablet: real 0.147s	user 0.039s	sys 0.016s
I20260709 12:11:48.691502 27749 raft_consensus.cc:2468] T aafbfb2565e948a4ad8444d7ac2f1dc0 P 3d9c398a35b14e41b8e51aeb64bb55d1 [term 0 FOLLOWER]: Leader pre-election vote request: Granting yes vote for candidate eb89824dbfc84694a12991d4c68818ca in term 0.
W20260709 12:11:48.692934 27644 leader_election.cc:343] T 604bac6a73bd4ce0b38df80d3f8a80ac P eb89824dbfc84694a12991d4c68818ca [CANDIDATE]: Term 1 election: Tablet error from VoteRequest() call to peer 3d9c398a35b14e41b8e51aeb64bb55d1 (127.26.211.3:35715): Illegal state: must be running to vote when last-logged opid is not known
I20260709 12:11:48.693933 27796 raft_consensus.cc:359] T f9aefc4d7b844ac0b0958586c6588afd P fc0f5cae6c174b09ab72d2b014b05a41 [term 0 FOLLOWER]: Replica starting. Triggering 0 pending ops. Active config: opid_index: -1 OBSOLETE_local: false peers { permanent_uuid: "fc0f5cae6c174b09ab72d2b014b05a41" member_type: VOTER last_known_addr { host: "127.26.211.1" port: 35943 } } peers { permanent_uuid: "eb89824dbfc84694a12991d4c68818ca" member_type: VOTER last_known_addr { host: "127.26.211.2" port: 37769 } } peers { permanent_uuid: "3d9c398a35b14e41b8e51aeb64bb55d1" member_type: VOTER last_known_addr { host: "127.26.211.3" port: 35715 } }
I20260709 12:11:48.694608 27796 raft_consensus.cc:385] T f9aefc4d7b844ac0b0958586c6588afd P fc0f5cae6c174b09ab72d2b014b05a41 [term 0 FOLLOWER]: Consensus starting up: Expiring failure detector timer to make a prompt election more likely
I20260709 12:11:48.694897 27796 raft_consensus.cc:740] T f9aefc4d7b844ac0b0958586c6588afd P fc0f5cae6c174b09ab72d2b014b05a41 [term 0 FOLLOWER]: Becoming Follower/Learner. State: Replica: fc0f5cae6c174b09ab72d2b014b05a41, State: Initialized, Role: FOLLOWER
I20260709 12:11:48.695683 27796 consensus_queue.cc:260] T f9aefc4d7b844ac0b0958586c6588afd P fc0f5cae6c174b09ab72d2b014b05a41 [NON_LEADER]: Queue going to NON_LEADER mode. State: All replicated index: 0, Majority replicated index: 0, Committed index: 0, Last appended: 0.0, Last appended by leader: 0, Current term: 0, Majority size: -1, State: 0, Mode: NON_LEADER, active raft config: opid_index: -1 OBSOLETE_local: false peers { permanent_uuid: "fc0f5cae6c174b09ab72d2b014b05a41" member_type: VOTER last_known_addr { host: "127.26.211.1" port: 35943 } } peers { permanent_uuid: "eb89824dbfc84694a12991d4c68818ca" member_type: VOTER last_known_addr { host: "127.26.211.2" port: 37769 } } peers { permanent_uuid: "3d9c398a35b14e41b8e51aeb64bb55d1" member_type: VOTER last_known_addr { host: "127.26.211.3" port: 35715 } }
I20260709 12:11:48.697606 27801 raft_consensus.cc:2804] T aafbfb2565e948a4ad8444d7ac2f1dc0 P eb89824dbfc84694a12991d4c68818ca [term 0 FOLLOWER]: Leader pre-election won for term 1
I20260709 12:11:48.656728 27797 raft_consensus.cc:740] T a63a9aa29d4244c8b65d0b5b631b7518 P 3d9c398a35b14e41b8e51aeb64bb55d1 [term 0 FOLLOWER]: Becoming Follower/Learner. State: Replica: 3d9c398a35b14e41b8e51aeb64bb55d1, State: Initialized, Role: FOLLOWER
I20260709 12:11:48.697974 27801 raft_consensus.cc:493] T aafbfb2565e948a4ad8444d7ac2f1dc0 P eb89824dbfc84694a12991d4c68818ca [term 0 FOLLOWER]: Starting leader election (no leader contacted us within the election timeout)
I20260709 12:11:48.698318 27801 raft_consensus.cc:3060] T aafbfb2565e948a4ad8444d7ac2f1dc0 P eb89824dbfc84694a12991d4c68818ca [term 0 FOLLOWER]: Advancing to term 1
I20260709 12:11:48.698601 27797 consensus_queue.cc:260] T a63a9aa29d4244c8b65d0b5b631b7518 P 3d9c398a35b14e41b8e51aeb64bb55d1 [NON_LEADER]: Queue going to NON_LEADER mode. State: All replicated index: 0, Majority replicated index: 0, Committed index: 0, Last appended: 0.0, Last appended by leader: 0, Current term: 0, Majority size: -1, State: 0, Mode: NON_LEADER, active raft config: opid_index: -1 OBSOLETE_local: false peers { permanent_uuid: "eb89824dbfc84694a12991d4c68818ca" member_type: VOTER last_known_addr { host: "127.26.211.2" port: 37769 } } peers { permanent_uuid: "3d9c398a35b14e41b8e51aeb64bb55d1" member_type: VOTER last_known_addr { host: "127.26.211.3" port: 35715 } } peers { permanent_uuid: "fc0f5cae6c174b09ab72d2b014b05a41" member_type: VOTER last_known_addr { host: "127.26.211.1" port: 35943 } }
I20260709 12:11:48.699539 27751 raft_consensus.cc:3060] T a63a9aa29d4244c8b65d0b5b631b7518 P 3d9c398a35b14e41b8e51aeb64bb55d1 [term 0 FOLLOWER]: Advancing to term 1
I20260709 12:11:48.687976 27795 consensus_queue.cc:260] T 0cb08de943e44277a14f04377108e4b6 P eb89824dbfc84694a12991d4c68818ca [NON_LEADER]: Queue going to NON_LEADER mode. State: All replicated index: 0, Majority replicated index: 0, Committed index: 0, Last appended: 0.0, Last appended by leader: 0, Current term: 0, Majority size: -1, State: 0, Mode: NON_LEADER, active raft config: opid_index: -1 OBSOLETE_local: false peers { permanent_uuid: "fc0f5cae6c174b09ab72d2b014b05a41" member_type: VOTER last_known_addr { host: "127.26.211.1" port: 35943 } } peers { permanent_uuid: "eb89824dbfc84694a12991d4c68818ca" member_type: VOTER last_known_addr { host: "127.26.211.2" port: 37769 } } peers { permanent_uuid: "3d9c398a35b14e41b8e51aeb64bb55d1" member_type: VOTER last_known_addr { host: "127.26.211.3" port: 35715 } }
I20260709 12:11:48.702417 27795 ts_tablet_manager.cc:1434] T 0cb08de943e44277a14f04377108e4b6 P eb89824dbfc84694a12991d4c68818ca: Time spent starting tablet: real 0.099s	user 0.004s	sys 0.002s
I20260709 12:11:48.703334 27795 tablet_bootstrap.cc:492] T f90364077f464b63bfe2b19689745d75 P eb89824dbfc84694a12991d4c68818ca: Bootstrap starting.
I20260709 12:11:48.706229 27796 ts_tablet_manager.cc:1434] T f9aefc4d7b844ac0b0958586c6588afd P fc0f5cae6c174b09ab72d2b014b05a41: Time spent starting tablet: real 0.015s	user 0.005s	sys 0.002s
I20260709 12:11:48.706380 27751 raft_consensus.cc:2468] T a63a9aa29d4244c8b65d0b5b631b7518 P 3d9c398a35b14e41b8e51aeb64bb55d1 [term 1 FOLLOWER]: Leader election vote request: Granting yes vote for candidate fc0f5cae6c174b09ab72d2b014b05a41 in term 1.
I20260709 12:11:48.707129 27796 tablet_bootstrap.cc:492] T f90364077f464b63bfe2b19689745d75 P fc0f5cae6c174b09ab72d2b014b05a41: Bootstrap starting.
I20260709 12:11:48.707368 27603 raft_consensus.cc:2468] T 604bac6a73bd4ce0b38df80d3f8a80ac P fc0f5cae6c174b09ab72d2b014b05a41 [term 1 FOLLOWER]: Leader election vote request: Granting yes vote for candidate eb89824dbfc84694a12991d4c68818ca in term 1.
I20260709 12:11:48.709307 27644 leader_election.cc:304] T 604bac6a73bd4ce0b38df80d3f8a80ac P eb89824dbfc84694a12991d4c68818ca [CANDIDATE]: Term 1 election: Election decided. Result: candidate won. Election summary: received 3 responses out of 3 voters: 2 yes votes; 1 no votes. yes voters: eb89824dbfc84694a12991d4c68818ca, fc0f5cae6c174b09ab72d2b014b05a41; no voters: 3d9c398a35b14e41b8e51aeb64bb55d1
I20260709 12:11:48.710124 27827 raft_consensus.cc:2804] T 604bac6a73bd4ce0b38df80d3f8a80ac P eb89824dbfc84694a12991d4c68818ca [term 1 FOLLOWER]: Leader election won for term 1
I20260709 12:11:48.710739 27830 leader_election.cc:290] T a63a9aa29d4244c8b65d0b5b631b7518 P eb89824dbfc84694a12991d4c68818ca [CANDIDATE]: Term 2 pre-election: Requested pre-vote from peers 3d9c398a35b14e41b8e51aeb64bb55d1 (127.26.211.3:35715), fc0f5cae6c174b09ab72d2b014b05a41 (127.26.211.1:35943)
I20260709 12:11:48.711475 27752 tablet_service.cc:1917] Received RequestConsensusVote() RPC: tablet_id: "a63a9aa29d4244c8b65d0b5b631b7518" candidate_uuid: "eb89824dbfc84694a12991d4c68818ca" candidate_term: 2 candidate_status { last_received { term: 0 index: 0 } } ignore_live_leader: false dest_uuid: "3d9c398a35b14e41b8e51aeb64bb55d1" is_pre_election: true
I20260709 12:11:48.713272 27833 raft_consensus.cc:493] T 0cb08de943e44277a14f04377108e4b6 P fc0f5cae6c174b09ab72d2b014b05a41 [term 0 FOLLOWER]: Starting pre-election (no leader contacted us within the election timeout)
I20260709 12:11:48.713768 27833 raft_consensus.cc:515] T 0cb08de943e44277a14f04377108e4b6 P fc0f5cae6c174b09ab72d2b014b05a41 [term 0 FOLLOWER]: Starting pre-election with config: opid_index: -1 OBSOLETE_local: false peers { permanent_uuid: "fc0f5cae6c174b09ab72d2b014b05a41" member_type: VOTER last_known_addr { host: "127.26.211.1" port: 35943 } } peers { permanent_uuid: "eb89824dbfc84694a12991d4c68818ca" member_type: VOTER last_known_addr { host: "127.26.211.2" port: 37769 } } peers { permanent_uuid: "3d9c398a35b14e41b8e51aeb64bb55d1" member_type: VOTER last_known_addr { host: "127.26.211.3" port: 35715 } }
I20260709 12:11:48.714115 27603 tablet_service.cc:1917] Received RequestConsensusVote() RPC: tablet_id: "a63a9aa29d4244c8b65d0b5b631b7518" candidate_uuid: "eb89824dbfc84694a12991d4c68818ca" candidate_term: 2 candidate_status { last_received { term: 0 index: 0 } } ignore_live_leader: false dest_uuid: "fc0f5cae6c174b09ab72d2b014b05a41" is_pre_election: true
I20260709 12:11:48.715467 27801 raft_consensus.cc:515] T aafbfb2565e948a4ad8444d7ac2f1dc0 P eb89824dbfc84694a12991d4c68818ca [term 1 FOLLOWER]: Starting leader election with config: opid_index: -1 OBSOLETE_local: false peers { permanent_uuid: "fc0f5cae6c174b09ab72d2b014b05a41" member_type: VOTER last_known_addr { host: "127.26.211.1" port: 35943 } } peers { permanent_uuid: "eb89824dbfc84694a12991d4c68818ca" member_type: VOTER last_known_addr { host: "127.26.211.2" port: 37769 } } peers { permanent_uuid: "3d9c398a35b14e41b8e51aeb64bb55d1" member_type: VOTER last_known_addr { host: "127.26.211.3" port: 35715 } }
I20260709 12:11:48.716287 27833 leader_election.cc:290] T 0cb08de943e44277a14f04377108e4b6 P fc0f5cae6c174b09ab72d2b014b05a41 [CANDIDATE]: Term 1 pre-election: Requested pre-vote from peers eb89824dbfc84694a12991d4c68818ca (127.26.211.2:37769), 3d9c398a35b14e41b8e51aeb64bb55d1 (127.26.211.3:35715)
I20260709 12:11:48.717093 27677 tablet_service.cc:1917] Received RequestConsensusVote() RPC: tablet_id: "0cb08de943e44277a14f04377108e4b6" candidate_uuid: "fc0f5cae6c174b09ab72d2b014b05a41" candidate_term: 1 candidate_status { last_received { term: 0 index: 0 } } ignore_live_leader: false dest_uuid: "eb89824dbfc84694a12991d4c68818ca" is_pre_election: true
I20260709 12:11:48.717896 27677 raft_consensus.cc:2468] T 0cb08de943e44277a14f04377108e4b6 P eb89824dbfc84694a12991d4c68818ca [term 0 FOLLOWER]: Leader pre-election vote request: Granting yes vote for candidate fc0f5cae6c174b09ab72d2b014b05a41 in term 0.
I20260709 12:11:48.720036 27752 tablet_service.cc:1917] Received RequestConsensusVote() RPC: tablet_id: "0cb08de943e44277a14f04377108e4b6" candidate_uuid: "fc0f5cae6c174b09ab72d2b014b05a41" candidate_term: 1 candidate_status { last_received { term: 0 index: 0 } } ignore_live_leader: false dest_uuid: "3d9c398a35b14e41b8e51aeb64bb55d1" is_pre_election: true
I20260709 12:11:48.721237 27568 leader_election.cc:304] T 0cb08de943e44277a14f04377108e4b6 P fc0f5cae6c174b09ab72d2b014b05a41 [CANDIDATE]: Term 1 pre-election: Election decided. Result: candidate won. Election summary: received 2 responses out of 3 voters: 2 yes votes; 0 no votes. yes voters: eb89824dbfc84694a12991d4c68818ca, fc0f5cae6c174b09ab72d2b014b05a41; no voters: 
I20260709 12:11:48.722008 27833 raft_consensus.cc:2804] T 0cb08de943e44277a14f04377108e4b6 P fc0f5cae6c174b09ab72d2b014b05a41 [term 0 FOLLOWER]: Leader pre-election won for term 1
I20260709 12:11:48.722419 27833 raft_consensus.cc:493] T 0cb08de943e44277a14f04377108e4b6 P fc0f5cae6c174b09ab72d2b014b05a41 [term 0 FOLLOWER]: Starting leader election (no leader contacted us within the election timeout)
I20260709 12:11:48.722800 27833 raft_consensus.cc:3060] T 0cb08de943e44277a14f04377108e4b6 P fc0f5cae6c174b09ab72d2b014b05a41 [term 0 FOLLOWER]: Advancing to term 1
W20260709 12:11:48.722829 27569 leader_election.cc:343] T 0cb08de943e44277a14f04377108e4b6 P fc0f5cae6c174b09ab72d2b014b05a41 [CANDIDATE]: Term 1 pre-election: Tablet error from VoteRequest() call to peer 3d9c398a35b14e41b8e51aeb64bb55d1 (127.26.211.3:35715): Illegal state: must be running to vote when last-logged opid is not known
I20260709 12:11:48.723991 27797 ts_tablet_manager.cc:1434] T a63a9aa29d4244c8b65d0b5b631b7518 P 3d9c398a35b14e41b8e51aeb64bb55d1: Time spent starting tablet: real 0.085s	user 0.009s	sys 0.000s
I20260709 12:11:48.725025 27797 tablet_bootstrap.cc:492] T 09cba3a5efb44086b4f7046098de6efd P 3d9c398a35b14e41b8e51aeb64bb55d1: Bootstrap starting.
I20260709 12:11:48.726856 27802 raft_consensus.cc:493] T f90364077f464b63bfe2b19689745d75 P 3d9c398a35b14e41b8e51aeb64bb55d1 [term 0 FOLLOWER]: Starting pre-election (no leader contacted us within the election timeout)
I20260709 12:11:48.727335 27802 raft_consensus.cc:515] T f90364077f464b63bfe2b19689745d75 P 3d9c398a35b14e41b8e51aeb64bb55d1 [term 0 FOLLOWER]: Starting pre-election with config: opid_index: -1 OBSOLETE_local: false peers { permanent_uuid: "fc0f5cae6c174b09ab72d2b014b05a41" member_type: VOTER last_known_addr { host: "127.26.211.1" port: 35943 } } peers { permanent_uuid: "eb89824dbfc84694a12991d4c68818ca" member_type: VOTER last_known_addr { host: "127.26.211.2" port: 37769 } } peers { permanent_uuid: "3d9c398a35b14e41b8e51aeb64bb55d1" member_type: VOTER last_known_addr { host: "127.26.211.3" port: 35715 } }
I20260709 12:11:48.728155 27795 tablet_bootstrap.cc:654] T f90364077f464b63bfe2b19689745d75 P eb89824dbfc84694a12991d4c68818ca: Neither blocks nor log segments found. Creating new log.
I20260709 12:11:48.729382 27802 leader_election.cc:290] T f90364077f464b63bfe2b19689745d75 P 3d9c398a35b14e41b8e51aeb64bb55d1 [CANDIDATE]: Term 1 pre-election: Requested pre-vote from peers fc0f5cae6c174b09ab72d2b014b05a41 (127.26.211.1:35943), eb89824dbfc84694a12991d4c68818ca (127.26.211.2:37769)
I20260709 12:11:48.730146 27602 tablet_service.cc:1917] Received RequestConsensusVote() RPC: tablet_id: "f90364077f464b63bfe2b19689745d75" candidate_uuid: "3d9c398a35b14e41b8e51aeb64bb55d1" candidate_term: 1 candidate_status { last_received { term: 0 index: 0 } } ignore_live_leader: false dest_uuid: "fc0f5cae6c174b09ab72d2b014b05a41" is_pre_election: true
W20260709 12:11:48.732003 27718 leader_election.cc:343] T f90364077f464b63bfe2b19689745d75 P 3d9c398a35b14e41b8e51aeb64bb55d1 [CANDIDATE]: Term 1 pre-election: Tablet error from VoteRequest() call to peer fc0f5cae6c174b09ab72d2b014b05a41 (127.26.211.1:35943): Illegal state: must be running to vote when last-logged opid is not known
I20260709 12:11:48.732831 27678 tablet_service.cc:1917] Received RequestConsensusVote() RPC: tablet_id: "f90364077f464b63bfe2b19689745d75" candidate_uuid: "3d9c398a35b14e41b8e51aeb64bb55d1" candidate_term: 1 candidate_status { last_received { term: 0 index: 0 } } ignore_live_leader: false dest_uuid: "eb89824dbfc84694a12991d4c68818ca" is_pre_election: true
I20260709 12:11:48.734019 27827 raft_consensus.cc:697] T 604bac6a73bd4ce0b38df80d3f8a80ac P eb89824dbfc84694a12991d4c68818ca [term 1 LEADER]: Becoming Leader. State: Replica: eb89824dbfc84694a12991d4c68818ca, State: Running, Role: LEADER
W20260709 12:11:48.734097 27717 leader_election.cc:343] T f90364077f464b63bfe2b19689745d75 P 3d9c398a35b14e41b8e51aeb64bb55d1 [CANDIDATE]: Term 1 pre-election: Tablet error from VoteRequest() call to peer eb89824dbfc84694a12991d4c68818ca (127.26.211.2:37769): Illegal state: must be running to vote when last-logged opid is not known
I20260709 12:11:48.734385 27796 tablet_bootstrap.cc:654] T f90364077f464b63bfe2b19689745d75 P fc0f5cae6c174b09ab72d2b014b05a41: Neither blocks nor log segments found. Creating new log.
I20260709 12:11:48.734550 27717 leader_election.cc:304] T f90364077f464b63bfe2b19689745d75 P 3d9c398a35b14e41b8e51aeb64bb55d1 [CANDIDATE]: Term 1 pre-election: Election decided. Result: candidate lost. Election summary: received 3 responses out of 3 voters: 1 yes votes; 2 no votes. yes voters: 3d9c398a35b14e41b8e51aeb64bb55d1; no voters: eb89824dbfc84694a12991d4c68818ca, fc0f5cae6c174b09ab72d2b014b05a41
I20260709 12:11:48.734923 27827 consensus_queue.cc:237] T 604bac6a73bd4ce0b38df80d3f8a80ac P eb89824dbfc84694a12991d4c68818ca [LEADER]: Queue going to LEADER mode. State: All replicated index: 0, Majority replicated index: 0, Committed index: 0, Last appended: 0.0, Last appended by leader: 0, Current term: 1, Majority size: 2, State: 0, Mode: LEADER, active raft config: opid_index: -1 OBSOLETE_local: false peers { permanent_uuid: "fc0f5cae6c174b09ab72d2b014b05a41" member_type: VOTER last_known_addr { host: "127.26.211.1" port: 35943 } } peers { permanent_uuid: "eb89824dbfc84694a12991d4c68818ca" member_type: VOTER last_known_addr { host: "127.26.211.2" port: 37769 } } peers { permanent_uuid: "3d9c398a35b14e41b8e51aeb64bb55d1" member_type: VOTER last_known_addr { host: "127.26.211.3" port: 35715 } }
I20260709 12:11:48.735352 27802 raft_consensus.cc:2749] T f90364077f464b63bfe2b19689745d75 P 3d9c398a35b14e41b8e51aeb64bb55d1 [term 0 FOLLOWER]: Leader pre-election lost for term 1. Reason: could not achieve majority
I20260709 12:11:48.736863 27804 raft_consensus.cc:697] T a63a9aa29d4244c8b65d0b5b631b7518 P fc0f5cae6c174b09ab72d2b014b05a41 [term 1 LEADER]: Becoming Leader. State: Replica: fc0f5cae6c174b09ab72d2b014b05a41, State: Running, Role: LEADER
I20260709 12:11:48.737685 27804 consensus_queue.cc:237] T a63a9aa29d4244c8b65d0b5b631b7518 P fc0f5cae6c174b09ab72d2b014b05a41 [LEADER]: Queue going to LEADER mode. State: All replicated index: 0, Majority replicated index: 0, Committed index: 0, Last appended: 0.0, Last appended by leader: 0, Current term: 1, Majority size: 2, State: 0, Mode: LEADER, active raft config: opid_index: -1 OBSOLETE_local: false peers { permanent_uuid: "eb89824dbfc84694a12991d4c68818ca" member_type: VOTER last_known_addr { host: "127.26.211.2" port: 37769 } } peers { permanent_uuid: "3d9c398a35b14e41b8e51aeb64bb55d1" member_type: VOTER last_known_addr { host: "127.26.211.3" port: 35715 } } peers { permanent_uuid: "fc0f5cae6c174b09ab72d2b014b05a41" member_type: VOTER last_known_addr { host: "127.26.211.1" port: 35943 } }
I20260709 12:11:48.741519 27801 leader_election.cc:290] T aafbfb2565e948a4ad8444d7ac2f1dc0 P eb89824dbfc84694a12991d4c68818ca [CANDIDATE]: Term 1 election: Requested vote from peers fc0f5cae6c174b09ab72d2b014b05a41 (127.26.211.1:35943), 3d9c398a35b14e41b8e51aeb64bb55d1 (127.26.211.3:35715)
I20260709 12:11:48.742204 27602 tablet_service.cc:1917] Received RequestConsensusVote() RPC: tablet_id: "aafbfb2565e948a4ad8444d7ac2f1dc0" candidate_uuid: "eb89824dbfc84694a12991d4c68818ca" candidate_term: 1 candidate_status { last_received { term: 0 index: 0 } } ignore_live_leader: false dest_uuid: "fc0f5cae6c174b09ab72d2b014b05a41"
I20260709 12:11:48.742813 27602 raft_consensus.cc:3060] T aafbfb2565e948a4ad8444d7ac2f1dc0 P fc0f5cae6c174b09ab72d2b014b05a41 [term 0 FOLLOWER]: Advancing to term 1
I20260709 12:11:48.742749 27751 tablet_service.cc:1917] Received RequestConsensusVote() RPC: tablet_id: "aafbfb2565e948a4ad8444d7ac2f1dc0" candidate_uuid: "eb89824dbfc84694a12991d4c68818ca" candidate_term: 1 candidate_status { last_received { term: 0 index: 0 } } ignore_live_leader: false dest_uuid: "3d9c398a35b14e41b8e51aeb64bb55d1"
I20260709 12:11:48.743530 27751 raft_consensus.cc:3060] T aafbfb2565e948a4ad8444d7ac2f1dc0 P 3d9c398a35b14e41b8e51aeb64bb55d1 [term 0 FOLLOWER]: Advancing to term 1
I20260709 12:11:48.742105 27833 raft_consensus.cc:515] T 0cb08de943e44277a14f04377108e4b6 P fc0f5cae6c174b09ab72d2b014b05a41 [term 1 FOLLOWER]: Starting leader election with config: opid_index: -1 OBSOLETE_local: false peers { permanent_uuid: "fc0f5cae6c174b09ab72d2b014b05a41" member_type: VOTER last_known_addr { host: "127.26.211.1" port: 35943 } } peers { permanent_uuid: "eb89824dbfc84694a12991d4c68818ca" member_type: VOTER last_known_addr { host: "127.26.211.2" port: 37769 } } peers { permanent_uuid: "3d9c398a35b14e41b8e51aeb64bb55d1" member_type: VOTER last_known_addr { host: "127.26.211.3" port: 35715 } }
I20260709 12:11:48.752815 27833 leader_election.cc:290] T 0cb08de943e44277a14f04377108e4b6 P fc0f5cae6c174b09ab72d2b014b05a41 [CANDIDATE]: Term 1 election: Requested vote from peers eb89824dbfc84694a12991d4c68818ca (127.26.211.2:37769), 3d9c398a35b14e41b8e51aeb64bb55d1 (127.26.211.3:35715)
I20260709 12:11:48.750883 27751 raft_consensus.cc:2468] T aafbfb2565e948a4ad8444d7ac2f1dc0 P 3d9c398a35b14e41b8e51aeb64bb55d1 [term 1 FOLLOWER]: Leader election vote request: Granting yes vote for candidate eb89824dbfc84694a12991d4c68818ca in term 1.
I20260709 12:11:48.754645 27752 tablet_service.cc:1917] Received RequestConsensusVote() RPC: tablet_id: "0cb08de943e44277a14f04377108e4b6" candidate_uuid: "fc0f5cae6c174b09ab72d2b014b05a41" candidate_term: 1 candidate_status { last_received { term: 0 index: 0 } } ignore_live_leader: false dest_uuid: "3d9c398a35b14e41b8e51aeb64bb55d1"
I20260709 12:11:48.754184 27678 tablet_service.cc:1917] Received RequestConsensusVote() RPC: tablet_id: "0cb08de943e44277a14f04377108e4b6" candidate_uuid: "fc0f5cae6c174b09ab72d2b014b05a41" candidate_term: 1 candidate_status { last_received { term: 0 index: 0 } } ignore_live_leader: false dest_uuid: "eb89824dbfc84694a12991d4c68818ca"
I20260709 12:11:48.756018 27678 raft_consensus.cc:3060] T 0cb08de943e44277a14f04377108e4b6 P eb89824dbfc84694a12991d4c68818ca [term 0 FOLLOWER]: Advancing to term 1
I20260709 12:11:48.754639 27644 leader_election.cc:304] T aafbfb2565e948a4ad8444d7ac2f1dc0 P eb89824dbfc84694a12991d4c68818ca [CANDIDATE]: Term 1 election: Election decided. Result: candidate won. Election summary: received 2 responses out of 3 voters: 2 yes votes; 0 no votes. yes voters: 3d9c398a35b14e41b8e51aeb64bb55d1, eb89824dbfc84694a12991d4c68818ca; no voters: 
I20260709 12:11:48.759002 27801 raft_consensus.cc:2804] T aafbfb2565e948a4ad8444d7ac2f1dc0 P eb89824dbfc84694a12991d4c68818ca [term 1 FOLLOWER]: Leader election won for term 1
I20260709 12:11:48.759459 27801 raft_consensus.cc:697] T aafbfb2565e948a4ad8444d7ac2f1dc0 P eb89824dbfc84694a12991d4c68818ca [term 1 LEADER]: Becoming Leader. State: Replica: eb89824dbfc84694a12991d4c68818ca, State: Running, Role: LEADER
W20260709 12:11:48.759558 27569 leader_election.cc:343] T 0cb08de943e44277a14f04377108e4b6 P fc0f5cae6c174b09ab72d2b014b05a41 [CANDIDATE]: Term 1 election: Tablet error from VoteRequest() call to peer 3d9c398a35b14e41b8e51aeb64bb55d1 (127.26.211.3:35715): Illegal state: must be running to vote when last-logged opid is not known
I20260709 12:11:48.760274 27801 consensus_queue.cc:237] T aafbfb2565e948a4ad8444d7ac2f1dc0 P eb89824dbfc84694a12991d4c68818ca [LEADER]: Queue going to LEADER mode. State: All replicated index: 0, Majority replicated index: 0, Committed index: 0, Last appended: 0.0, Last appended by leader: 0, Current term: 1, Majority size: 2, State: 0, Mode: LEADER, active raft config: opid_index: -1 OBSOLETE_local: false peers { permanent_uuid: "fc0f5cae6c174b09ab72d2b014b05a41" member_type: VOTER last_known_addr { host: "127.26.211.1" port: 35943 } } peers { permanent_uuid: "eb89824dbfc84694a12991d4c68818ca" member_type: VOTER last_known_addr { host: "127.26.211.2" port: 37769 } } peers { permanent_uuid: "3d9c398a35b14e41b8e51aeb64bb55d1" member_type: VOTER last_known_addr { host: "127.26.211.3" port: 35715 } }
I20260709 12:11:48.765291 27678 raft_consensus.cc:2468] T 0cb08de943e44277a14f04377108e4b6 P eb89824dbfc84694a12991d4c68818ca [term 1 FOLLOWER]: Leader election vote request: Granting yes vote for candidate fc0f5cae6c174b09ab72d2b014b05a41 in term 1.
I20260709 12:11:48.766582 27568 leader_election.cc:304] T 0cb08de943e44277a14f04377108e4b6 P fc0f5cae6c174b09ab72d2b014b05a41 [CANDIDATE]: Term 1 election: Election decided. Result: candidate won. Election summary: received 3 responses out of 3 voters: 2 yes votes; 1 no votes. yes voters: eb89824dbfc84694a12991d4c68818ca, fc0f5cae6c174b09ab72d2b014b05a41; no voters: 3d9c398a35b14e41b8e51aeb64bb55d1
I20260709 12:11:48.767432 27833 raft_consensus.cc:2804] T 0cb08de943e44277a14f04377108e4b6 P fc0f5cae6c174b09ab72d2b014b05a41 [term 1 FOLLOWER]: Leader election won for term 1
I20260709 12:11:48.767951 27833 raft_consensus.cc:697] T 0cb08de943e44277a14f04377108e4b6 P fc0f5cae6c174b09ab72d2b014b05a41 [term 1 LEADER]: Becoming Leader. State: Replica: fc0f5cae6c174b09ab72d2b014b05a41, State: Running, Role: LEADER
I20260709 12:11:48.768405 27602 raft_consensus.cc:2468] T aafbfb2565e948a4ad8444d7ac2f1dc0 P fc0f5cae6c174b09ab72d2b014b05a41 [term 1 FOLLOWER]: Leader election vote request: Granting yes vote for candidate eb89824dbfc84694a12991d4c68818ca in term 1.
I20260709 12:11:48.768896 27833 consensus_queue.cc:237] T 0cb08de943e44277a14f04377108e4b6 P fc0f5cae6c174b09ab72d2b014b05a41 [LEADER]: Queue going to LEADER mode. State: All replicated index: 0, Majority replicated index: 0, Committed index: 0, Last appended: 0.0, Last appended by leader: 0, Current term: 1, Majority size: 2, State: 0, Mode: LEADER, active raft config: opid_index: -1 OBSOLETE_local: false peers { permanent_uuid: "fc0f5cae6c174b09ab72d2b014b05a41" member_type: VOTER last_known_addr { host: "127.26.211.1" port: 35943 } } peers { permanent_uuid: "eb89824dbfc84694a12991d4c68818ca" member_type: VOTER last_known_addr { host: "127.26.211.2" port: 37769 } } peers { permanent_uuid: "3d9c398a35b14e41b8e51aeb64bb55d1" member_type: VOTER last_known_addr { host: "127.26.211.3" port: 35715 } }
I20260709 12:11:48.741360 27797 tablet_bootstrap.cc:654] T 09cba3a5efb44086b4f7046098de6efd P 3d9c398a35b14e41b8e51aeb64bb55d1: Neither blocks nor log segments found. Creating new log.
I20260709 12:11:48.813115 27644 leader_election.cc:304] T a63a9aa29d4244c8b65d0b5b631b7518 P eb89824dbfc84694a12991d4c68818ca [CANDIDATE]: Term 2 pre-election: Election decided. Result: candidate lost. Election summary: received 3 responses out of 3 voters: 1 yes votes; 2 no votes. yes voters: eb89824dbfc84694a12991d4c68818ca; no voters: 3d9c398a35b14e41b8e51aeb64bb55d1, fc0f5cae6c174b09ab72d2b014b05a41
I20260709 12:11:48.814352 27801 raft_consensus.cc:2749] T a63a9aa29d4244c8b65d0b5b631b7518 P eb89824dbfc84694a12991d4c68818ca [term 1 FOLLOWER]: Leader pre-election lost for term 2. Reason: could not achieve majority
I20260709 12:11:48.814987 27796 tablet_bootstrap.cc:492] T f90364077f464b63bfe2b19689745d75 P fc0f5cae6c174b09ab72d2b014b05a41: No bootstrap required, opened a new log
I20260709 12:11:48.816126 27796 ts_tablet_manager.cc:1403] T f90364077f464b63bfe2b19689745d75 P fc0f5cae6c174b09ab72d2b014b05a41: Time spent bootstrapping tablet: real 0.109s	user 0.015s	sys 0.009s
I20260709 12:11:48.816654 27801 raft_consensus.cc:493] T 0cd5e2fb64b44dde9bae11041260c71c P eb89824dbfc84694a12991d4c68818ca [term 0 FOLLOWER]: Starting pre-election (no leader contacted us within the election timeout)
I20260709 12:11:48.817219 27801 raft_consensus.cc:515] T 0cd5e2fb64b44dde9bae11041260c71c P eb89824dbfc84694a12991d4c68818ca [term 0 FOLLOWER]: Starting pre-election with config: opid_index: -1 OBSOLETE_local: false peers { permanent_uuid: "fc0f5cae6c174b09ab72d2b014b05a41" member_type: VOTER last_known_addr { host: "127.26.211.1" port: 35943 } } peers { permanent_uuid: "eb89824dbfc84694a12991d4c68818ca" member_type: VOTER last_known_addr { host: "127.26.211.2" port: 37769 } } peers { permanent_uuid: "3d9c398a35b14e41b8e51aeb64bb55d1" member_type: VOTER last_known_addr { host: "127.26.211.3" port: 35715 } }
I20260709 12:11:48.819572 27801 leader_election.cc:290] T 0cd5e2fb64b44dde9bae11041260c71c P eb89824dbfc84694a12991d4c68818ca [CANDIDATE]: Term 1 pre-election: Requested pre-vote from peers fc0f5cae6c174b09ab72d2b014b05a41 (127.26.211.1:35943), 3d9c398a35b14e41b8e51aeb64bb55d1 (127.26.211.3:35715)
I20260709 12:11:48.819052 27497 catalog_manager.cc:5697] T a63a9aa29d4244c8b65d0b5b631b7518 P fc0f5cae6c174b09ab72d2b014b05a41 reported cstate change: term changed from 0 to 1, leader changed from <none> to fc0f5cae6c174b09ab72d2b014b05a41 (127.26.211.1). New cstate: current_term: 1 leader_uuid: "fc0f5cae6c174b09ab72d2b014b05a41" committed_config { opid_index: -1 OBSOLETE_local: false peers { permanent_uuid: "eb89824dbfc84694a12991d4c68818ca" member_type: VOTER last_known_addr { host: "127.26.211.2" port: 37769 } health_report { overall_health: UNKNOWN } } peers { permanent_uuid: "3d9c398a35b14e41b8e51aeb64bb55d1" member_type: VOTER last_known_addr { host: "127.26.211.3" port: 35715 } health_report { overall_health: UNKNOWN } } peers { permanent_uuid: "fc0f5cae6c174b09ab72d2b014b05a41" member_type: VOTER last_known_addr { host: "127.26.211.1" port: 35943 } health_report { overall_health: HEALTHY } } }
I20260709 12:11:48.820983 27752 tablet_service.cc:1917] Received RequestConsensusVote() RPC: tablet_id: "0cd5e2fb64b44dde9bae11041260c71c" candidate_uuid: "eb89824dbfc84694a12991d4c68818ca" candidate_term: 1 candidate_status { last_received { term: 0 index: 0 } } ignore_live_leader: false dest_uuid: "3d9c398a35b14e41b8e51aeb64bb55d1" is_pre_election: true
I20260709 12:11:48.821585 27752 raft_consensus.cc:2468] T 0cd5e2fb64b44dde9bae11041260c71c P 3d9c398a35b14e41b8e51aeb64bb55d1 [term 0 FOLLOWER]: Leader pre-election vote request: Granting yes vote for candidate eb89824dbfc84694a12991d4c68818ca in term 0.
I20260709 12:11:48.822393 27796 raft_consensus.cc:359] T f90364077f464b63bfe2b19689745d75 P fc0f5cae6c174b09ab72d2b014b05a41 [term 0 FOLLOWER]: Replica starting. Triggering 0 pending ops. Active config: opid_index: -1 OBSOLETE_local: false peers { permanent_uuid: "fc0f5cae6c174b09ab72d2b014b05a41" member_type: VOTER last_known_addr { host: "127.26.211.1" port: 35943 } } peers { permanent_uuid: "eb89824dbfc84694a12991d4c68818ca" member_type: VOTER last_known_addr { host: "127.26.211.2" port: 37769 } } peers { permanent_uuid: "3d9c398a35b14e41b8e51aeb64bb55d1" member_type: VOTER last_known_addr { host: "127.26.211.3" port: 35715 } }
I20260709 12:11:48.823069 27796 raft_consensus.cc:385] T f90364077f464b63bfe2b19689745d75 P fc0f5cae6c174b09ab72d2b014b05a41 [term 0 FOLLOWER]: Consensus starting up: Expiring failure detector timer to make a prompt election more likely
I20260709 12:11:48.823365 27796 raft_consensus.cc:740] T f90364077f464b63bfe2b19689745d75 P fc0f5cae6c174b09ab72d2b014b05a41 [term 0 FOLLOWER]: Becoming Follower/Learner. State: Replica: fc0f5cae6c174b09ab72d2b014b05a41, State: Initialized, Role: FOLLOWER
I20260709 12:11:48.824384 27796 consensus_queue.cc:260] T f90364077f464b63bfe2b19689745d75 P fc0f5cae6c174b09ab72d2b014b05a41 [NON_LEADER]: Queue going to NON_LEADER mode. State: All replicated index: 0, Majority replicated index: 0, Committed index: 0, Last appended: 0.0, Last appended by leader: 0, Current term: 0, Majority size: -1, State: 0, Mode: NON_LEADER, active raft config: opid_index: -1 OBSOLETE_local: false peers { permanent_uuid: "fc0f5cae6c174b09ab72d2b014b05a41" member_type: VOTER last_known_addr { host: "127.26.211.1" port: 35943 } } peers { permanent_uuid: "eb89824dbfc84694a12991d4c68818ca" member_type: VOTER last_known_addr { host: "127.26.211.2" port: 37769 } } peers { permanent_uuid: "3d9c398a35b14e41b8e51aeb64bb55d1" member_type: VOTER last_known_addr { host: "127.26.211.3" port: 35715 } }
I20260709 12:11:48.826272 27796 ts_tablet_manager.cc:1434] T f90364077f464b63bfe2b19689745d75 P fc0f5cae6c174b09ab72d2b014b05a41: Time spent starting tablet: real 0.010s	user 0.005s	sys 0.000s
I20260709 12:11:48.827339 27796 tablet_bootstrap.cc:492] T 09cba3a5efb44086b4f7046098de6efd P fc0f5cae6c174b09ab72d2b014b05a41: Bootstrap starting.
I20260709 12:11:48.830750 27644 leader_election.cc:304] T 0cd5e2fb64b44dde9bae11041260c71c P eb89824dbfc84694a12991d4c68818ca [CANDIDATE]: Term 1 pre-election: Election decided. Result: candidate won. Election summary: received 2 responses out of 3 voters: 2 yes votes; 0 no votes. yes voters: 3d9c398a35b14e41b8e51aeb64bb55d1, eb89824dbfc84694a12991d4c68818ca; no voters: 
I20260709 12:11:48.831533 27603 tablet_service.cc:1917] Received RequestConsensusVote() RPC: tablet_id: "0cd5e2fb64b44dde9bae11041260c71c" candidate_uuid: "eb89824dbfc84694a12991d4c68818ca" candidate_term: 1 candidate_status { last_received { term: 0 index: 0 } } ignore_live_leader: false dest_uuid: "fc0f5cae6c174b09ab72d2b014b05a41" is_pre_election: true
I20260709 12:11:48.832055 27801 raft_consensus.cc:2804] T 0cd5e2fb64b44dde9bae11041260c71c P eb89824dbfc84694a12991d4c68818ca [term 0 FOLLOWER]: Leader pre-election won for term 1
I20260709 12:11:48.832284 27603 raft_consensus.cc:2468] T 0cd5e2fb64b44dde9bae11041260c71c P fc0f5cae6c174b09ab72d2b014b05a41 [term 0 FOLLOWER]: Leader pre-election vote request: Granting yes vote for candidate eb89824dbfc84694a12991d4c68818ca in term 0.
I20260709 12:11:48.832407 27801 raft_consensus.cc:493] T 0cd5e2fb64b44dde9bae11041260c71c P eb89824dbfc84694a12991d4c68818ca [term 0 FOLLOWER]: Starting leader election (no leader contacted us within the election timeout)
I20260709 12:11:48.833618 27801 raft_consensus.cc:3060] T 0cd5e2fb64b44dde9bae11041260c71c P eb89824dbfc84694a12991d4c68818ca [term 0 FOLLOWER]: Advancing to term 1
I20260709 12:11:48.836158 27795 tablet_bootstrap.cc:492] T f90364077f464b63bfe2b19689745d75 P eb89824dbfc84694a12991d4c68818ca: No bootstrap required, opened a new log
I20260709 12:11:48.836602 27795 ts_tablet_manager.cc:1403] T f90364077f464b63bfe2b19689745d75 P eb89824dbfc84694a12991d4c68818ca: Time spent bootstrapping tablet: real 0.133s	user 0.025s	sys 0.008s
I20260709 12:11:48.831532 27498 catalog_manager.cc:5697] T 604bac6a73bd4ce0b38df80d3f8a80ac P eb89824dbfc84694a12991d4c68818ca reported cstate change: term changed from 0 to 1, leader changed from <none> to eb89824dbfc84694a12991d4c68818ca (127.26.211.2). New cstate: current_term: 1 leader_uuid: "eb89824dbfc84694a12991d4c68818ca" committed_config { opid_index: -1 OBSOLETE_local: false peers { permanent_uuid: "fc0f5cae6c174b09ab72d2b014b05a41" member_type: VOTER last_known_addr { host: "127.26.211.1" port: 35943 } health_report { overall_health: UNKNOWN } } peers { permanent_uuid: "eb89824dbfc84694a12991d4c68818ca" member_type: VOTER last_known_addr { host: "127.26.211.2" port: 37769 } health_report { overall_health: HEALTHY } } peers { permanent_uuid: "3d9c398a35b14e41b8e51aeb64bb55d1" member_type: VOTER last_known_addr { host: "127.26.211.3" port: 35715 } health_report { overall_health: UNKNOWN } } }
I20260709 12:11:48.840811 27796 tablet_bootstrap.cc:654] T 09cba3a5efb44086b4f7046098de6efd P fc0f5cae6c174b09ab72d2b014b05a41: Neither blocks nor log segments found. Creating new log.
I20260709 12:11:48.841430 27801 raft_consensus.cc:515] T 0cd5e2fb64b44dde9bae11041260c71c P eb89824dbfc84694a12991d4c68818ca [term 1 FOLLOWER]: Starting leader election with config: opid_index: -1 OBSOLETE_local: false peers { permanent_uuid: "fc0f5cae6c174b09ab72d2b014b05a41" member_type: VOTER last_known_addr { host: "127.26.211.1" port: 35943 } } peers { permanent_uuid: "eb89824dbfc84694a12991d4c68818ca" member_type: VOTER last_known_addr { host: "127.26.211.2" port: 37769 } } peers { permanent_uuid: "3d9c398a35b14e41b8e51aeb64bb55d1" member_type: VOTER last_known_addr { host: "127.26.211.3" port: 35715 } }
I20260709 12:11:48.845381 27603 tablet_service.cc:1917] Received RequestConsensusVote() RPC: tablet_id: "0cd5e2fb64b44dde9bae11041260c71c" candidate_uuid: "eb89824dbfc84694a12991d4c68818ca" candidate_term: 1 candidate_status { last_received { term: 0 index: 0 } } ignore_live_leader: false dest_uuid: "fc0f5cae6c174b09ab72d2b014b05a41"
I20260709 12:11:48.845911 27603 raft_consensus.cc:3060] T 0cd5e2fb64b44dde9bae11041260c71c P fc0f5cae6c174b09ab72d2b014b05a41 [term 0 FOLLOWER]: Advancing to term 1
I20260709 12:11:48.850128 27797 tablet_bootstrap.cc:492] T 09cba3a5efb44086b4f7046098de6efd P 3d9c398a35b14e41b8e51aeb64bb55d1: No bootstrap required, opened a new log
I20260709 12:11:48.850049 27752 tablet_service.cc:1917] Received RequestConsensusVote() RPC: tablet_id: "0cd5e2fb64b44dde9bae11041260c71c" candidate_uuid: "eb89824dbfc84694a12991d4c68818ca" candidate_term: 1 candidate_status { last_received { term: 0 index: 0 } } ignore_live_leader: false dest_uuid: "3d9c398a35b14e41b8e51aeb64bb55d1"
I20260709 12:11:48.850639 27797 ts_tablet_manager.cc:1403] T 09cba3a5efb44086b4f7046098de6efd P 3d9c398a35b14e41b8e51aeb64bb55d1: Time spent bootstrapping tablet: real 0.126s	user 0.016s	sys 0.006s
I20260709 12:11:48.850662 27752 raft_consensus.cc:3060] T 0cd5e2fb64b44dde9bae11041260c71c P 3d9c398a35b14e41b8e51aeb64bb55d1 [term 0 FOLLOWER]: Advancing to term 1
I20260709 12:11:48.849112 27801 leader_election.cc:290] T 0cd5e2fb64b44dde9bae11041260c71c P eb89824dbfc84694a12991d4c68818ca [CANDIDATE]: Term 1 election: Requested vote from peers fc0f5cae6c174b09ab72d2b014b05a41 (127.26.211.1:35943), 3d9c398a35b14e41b8e51aeb64bb55d1 (127.26.211.3:35715)
