I20260709 12:12:16.816749 15767 consensus_queue.cc:260] T 08c3e914f86f48839f654aeec8170bc1 P ba6cace41cb045b486e2593ef71bca6c [NON_LEADER]: Queue going to NON_LEADER mode. State: All replicated index: 0, Majority replicated index: 0, Committed index: 0, Last appended: 0.0, Last appended by leader: 0, Current term: 0, Majority size: -1, State: 0, Mode: NON_LEADER, active raft config: opid_index: -1 OBSOLETE_local: false peers { permanent_uuid: "3c295f9bfc3d4e6c8090a9e3319a96c3" member_type: VOTER last_known_addr { host: "127.14.147.129" port: 43557 } } peers { permanent_uuid: "ba6cace41cb045b486e2593ef71bca6c" member_type: VOTER last_known_addr { host: "127.14.147.130" port: 34427 } } peers { permanent_uuid: "6d5e75a7635646b7b459fb942167105e" member_type: VOTER last_known_addr { host: "127.14.147.131" port: 39801 } }
I20260709 12:12:16.819366 15767 ts_tablet_manager.cc:1434] T 08c3e914f86f48839f654aeec8170bc1 P ba6cace41cb045b486e2593ef71bca6c: Time spent starting tablet: real 0.007s	user 0.007s	sys 0.000s
I20260709 12:12:16.820367 15767 tablet_bootstrap.cc:492] T 72ae38e8c36f49cbbb7835a52b902cba P ba6cace41cb045b486e2593ef71bca6c: Bootstrap starting.
I20260709 12:12:16.822510 15769 ts_tablet_manager.cc:1434] T 5e8e488ca59f4415ac0356445715d1fa P 6d5e75a7635646b7b459fb942167105e: Time spent starting tablet: real 0.012s	user 0.003s	sys 0.007s
I20260709 12:12:16.823798 15769 tablet_bootstrap.cc:492] T d18e4605f6de4870a3b29f756159b9e5 P 6d5e75a7635646b7b459fb942167105e: Bootstrap starting.
I20260709 12:12:16.826594 15767 tablet_bootstrap.cc:654] T 72ae38e8c36f49cbbb7835a52b902cba P ba6cace41cb045b486e2593ef71bca6c: Neither blocks nor log segments found. Creating new log.
I20260709 12:12:16.831722 15769 tablet_bootstrap.cc:654] T d18e4605f6de4870a3b29f756159b9e5 P 6d5e75a7635646b7b459fb942167105e: Neither blocks nor log segments found. Creating new log.
I20260709 12:12:16.838721 15773 raft_consensus.cc:493] T 33cb5cfce986465c9c44c5e0cc3d23d6 P 6d5e75a7635646b7b459fb942167105e [term 0 FOLLOWER]: Starting pre-election (no leader contacted us within the election timeout)
I20260709 12:12:16.839545 15773 raft_consensus.cc:515] T 33cb5cfce986465c9c44c5e0cc3d23d6 P 6d5e75a7635646b7b459fb942167105e [term 0 FOLLOWER]: Starting pre-election with config: opid_index: -1 OBSOLETE_local: false peers { permanent_uuid: "ba6cace41cb045b486e2593ef71bca6c" member_type: VOTER last_known_addr { host: "127.14.147.130" port: 34427 } } peers { permanent_uuid: "3c295f9bfc3d4e6c8090a9e3319a96c3" member_type: VOTER last_known_addr { host: "127.14.147.129" port: 43557 } } peers { permanent_uuid: "6d5e75a7635646b7b459fb942167105e" member_type: VOTER last_known_addr { host: "127.14.147.131" port: 39801 } }
I20260709 12:12:16.845913 15767 tablet_bootstrap.cc:492] T 72ae38e8c36f49cbbb7835a52b902cba P ba6cace41cb045b486e2593ef71bca6c: No bootstrap required, opened a new log
I20260709 12:12:16.846450 15767 ts_tablet_manager.cc:1403] T 72ae38e8c36f49cbbb7835a52b902cba P ba6cace41cb045b486e2593ef71bca6c: Time spent bootstrapping tablet: real 0.026s	user 0.006s	sys 0.011s
I20260709 12:12:16.847405 15768 tablet_bootstrap.cc:492] T d18e4605f6de4870a3b29f756159b9e5 P 3c295f9bfc3d4e6c8090a9e3319a96c3: No bootstrap required, opened a new log
I20260709 12:12:16.847887 15768 ts_tablet_manager.cc:1403] T d18e4605f6de4870a3b29f756159b9e5 P 3c295f9bfc3d4e6c8090a9e3319a96c3: Time spent bootstrapping tablet: real 0.078s	user 0.021s	sys 0.042s
I20260709 12:12:16.849442 15767 raft_consensus.cc:359] T 72ae38e8c36f49cbbb7835a52b902cba P ba6cace41cb045b486e2593ef71bca6c [term 0 FOLLOWER]: Replica starting. Triggering 0 pending ops. Active config: opid_index: -1 OBSOLETE_local: false peers { permanent_uuid: "3c295f9bfc3d4e6c8090a9e3319a96c3" member_type: VOTER last_known_addr { host: "127.14.147.129" port: 43557 } } peers { permanent_uuid: "ba6cace41cb045b486e2593ef71bca6c" member_type: VOTER last_known_addr { host: "127.14.147.130" port: 34427 } } peers { permanent_uuid: "6d5e75a7635646b7b459fb942167105e" member_type: VOTER last_known_addr { host: "127.14.147.131" port: 39801 } }
I20260709 12:12:16.850229 15767 raft_consensus.cc:385] T 72ae38e8c36f49cbbb7835a52b902cba P ba6cace41cb045b486e2593ef71bca6c [term 0 FOLLOWER]: Consensus starting up: Expiring failure detector timer to make a prompt election more likely
I20260709 12:12:16.850594 15767 raft_consensus.cc:740] T 72ae38e8c36f49cbbb7835a52b902cba P ba6cace41cb045b486e2593ef71bca6c [term 0 FOLLOWER]: Becoming Follower/Learner. State: Replica: ba6cace41cb045b486e2593ef71bca6c, State: Initialized, Role: FOLLOWER
I20260709 12:12:16.850675 15768 raft_consensus.cc:359] T d18e4605f6de4870a3b29f756159b9e5 P 3c295f9bfc3d4e6c8090a9e3319a96c3 [term 0 FOLLOWER]: Replica starting. Triggering 0 pending ops. Active config: opid_index: -1 OBSOLETE_local: false peers { permanent_uuid: "3c295f9bfc3d4e6c8090a9e3319a96c3" member_type: VOTER last_known_addr { host: "127.14.147.129" port: 43557 } } peers { permanent_uuid: "ba6cace41cb045b486e2593ef71bca6c" member_type: VOTER last_known_addr { host: "127.14.147.130" port: 34427 } } peers { permanent_uuid: "6d5e75a7635646b7b459fb942167105e" member_type: VOTER last_known_addr { host: "127.14.147.131" port: 39801 } }
I20260709 12:12:16.851507 15767 consensus_queue.cc:260] T 72ae38e8c36f49cbbb7835a52b902cba P ba6cace41cb045b486e2593ef71bca6c [NON_LEADER]: Queue going to NON_LEADER mode. State: All replicated index: 0, Majority replicated index: 0, Committed index: 0, Last appended: 0.0, Last appended by leader: 0, Current term: 0, Majority size: -1, State: 0, Mode: NON_LEADER, active raft config: opid_index: -1 OBSOLETE_local: false peers { permanent_uuid: "3c295f9bfc3d4e6c8090a9e3319a96c3" member_type: VOTER last_known_addr { host: "127.14.147.129" port: 43557 } } peers { permanent_uuid: "ba6cace41cb045b486e2593ef71bca6c" member_type: VOTER last_known_addr { host: "127.14.147.130" port: 34427 } } peers { permanent_uuid: "6d5e75a7635646b7b459fb942167105e" member_type: VOTER last_known_addr { host: "127.14.147.131" port: 39801 } }
I20260709 12:12:16.851389 15768 raft_consensus.cc:385] T d18e4605f6de4870a3b29f756159b9e5 P 3c295f9bfc3d4e6c8090a9e3319a96c3 [term 0 FOLLOWER]: Consensus starting up: Expiring failure detector timer to make a prompt election more likely
I20260709 12:12:16.852615 15768 raft_consensus.cc:740] T d18e4605f6de4870a3b29f756159b9e5 P 3c295f9bfc3d4e6c8090a9e3319a96c3 [term 0 FOLLOWER]: Becoming Follower/Learner. State: Replica: 3c295f9bfc3d4e6c8090a9e3319a96c3, State: Initialized, Role: FOLLOWER
I20260709 12:12:16.851927 15773 leader_election.cc:290] T 33cb5cfce986465c9c44c5e0cc3d23d6 P 6d5e75a7635646b7b459fb942167105e [CANDIDATE]: Term 1 pre-election: Requested pre-vote from peers ba6cace41cb045b486e2593ef71bca6c (127.14.147.130:34427), 3c295f9bfc3d4e6c8090a9e3319a96c3 (127.14.147.129:43557)
I20260709 12:12:16.853431 15773 raft_consensus.cc:493] T 08c3e914f86f48839f654aeec8170bc1 P 6d5e75a7635646b7b459fb942167105e [term 0 FOLLOWER]: Starting pre-election (no leader contacted us within the election timeout)
I20260709 12:12:16.853842 15773 raft_consensus.cc:515] T 08c3e914f86f48839f654aeec8170bc1 P 6d5e75a7635646b7b459fb942167105e [term 0 FOLLOWER]: Starting pre-election with config: opid_index: -1 OBSOLETE_local: false peers { permanent_uuid: "3c295f9bfc3d4e6c8090a9e3319a96c3" member_type: VOTER last_known_addr { host: "127.14.147.129" port: 43557 } } peers { permanent_uuid: "ba6cace41cb045b486e2593ef71bca6c" member_type: VOTER last_known_addr { host: "127.14.147.130" port: 34427 } } peers { permanent_uuid: "6d5e75a7635646b7b459fb942167105e" member_type: VOTER last_known_addr { host: "127.14.147.131" port: 39801 } }
I20260709 12:12:16.855702 15773 leader_election.cc:290] T 08c3e914f86f48839f654aeec8170bc1 P 6d5e75a7635646b7b459fb942167105e [CANDIDATE]: Term 1 pre-election: Requested pre-vote from peers 3c295f9bfc3d4e6c8090a9e3319a96c3 (127.14.147.129:43557), ba6cace41cb045b486e2593ef71bca6c (127.14.147.130:34427)
I20260709 12:12:16.857664 15768 consensus_queue.cc:260] T d18e4605f6de4870a3b29f756159b9e5 P 3c295f9bfc3d4e6c8090a9e3319a96c3 [NON_LEADER]: Queue going to NON_LEADER mode. State: All replicated index: 0, Majority replicated index: 0, Committed index: 0, Last appended: 0.0, Last appended by leader: 0, Current term: 0, Majority size: -1, State: 0, Mode: NON_LEADER, active raft config: opid_index: -1 OBSOLETE_local: false peers { permanent_uuid: "3c295f9bfc3d4e6c8090a9e3319a96c3" member_type: VOTER last_known_addr { host: "127.14.147.129" port: 43557 } } peers { permanent_uuid: "ba6cace41cb045b486e2593ef71bca6c" member_type: VOTER last_known_addr { host: "127.14.147.130" port: 34427 } } peers { permanent_uuid: "6d5e75a7635646b7b459fb942167105e" member_type: VOTER last_known_addr { host: "127.14.147.131" port: 39801 } }
I20260709 12:12:16.859925 15769 tablet_bootstrap.cc:492] T d18e4605f6de4870a3b29f756159b9e5 P 6d5e75a7635646b7b459fb942167105e: No bootstrap required, opened a new log
I20260709 12:12:16.860460 15767 ts_tablet_manager.cc:1434] T 72ae38e8c36f49cbbb7835a52b902cba P ba6cace41cb045b486e2593ef71bca6c: Time spent starting tablet: real 0.014s	user 0.007s	sys 0.000s
I20260709 12:12:16.861119 15653 tablet_service.cc:1917] Received RequestConsensusVote() RPC: tablet_id: "33cb5cfce986465c9c44c5e0cc3d23d6" candidate_uuid: "6d5e75a7635646b7b459fb942167105e" candidate_term: 1 candidate_status { last_received { term: 0 index: 0 } } ignore_live_leader: false dest_uuid: "ba6cace41cb045b486e2593ef71bca6c" is_pre_election: true
I20260709 12:12:16.861480 15768 ts_tablet_manager.cc:1434] T d18e4605f6de4870a3b29f756159b9e5 P 3c295f9bfc3d4e6c8090a9e3319a96c3: Time spent starting tablet: real 0.013s	user 0.004s	sys 0.002s
I20260709 12:12:16.861872 15653 raft_consensus.cc:2468] T 33cb5cfce986465c9c44c5e0cc3d23d6 P ba6cace41cb045b486e2593ef71bca6c [term 0 FOLLOWER]: Leader pre-election vote request: Granting yes vote for candidate 6d5e75a7635646b7b459fb942167105e in term 0.
I20260709 12:12:16.862473 15768 tablet_bootstrap.cc:492] T aa20897ac7fc4cd1b4f0250f0dafa24a P 3c295f9bfc3d4e6c8090a9e3319a96c3: Bootstrap starting.
I20260709 12:12:16.863365 15653 tablet_service.cc:1917] Received RequestConsensusVote() RPC: tablet_id: "08c3e914f86f48839f654aeec8170bc1" candidate_uuid: "6d5e75a7635646b7b459fb942167105e" candidate_term: 1 candidate_status { last_received { term: 0 index: 0 } } ignore_live_leader: false dest_uuid: "ba6cace41cb045b486e2593ef71bca6c" is_pre_election: true
I20260709 12:12:16.863075 15693 leader_election.cc:304] T 33cb5cfce986465c9c44c5e0cc3d23d6 P 6d5e75a7635646b7b459fb942167105e [CANDIDATE]: Term 1 pre-election: Election decided. Result: candidate won. Election summary: received 2 responses out of 3 voters: 2 yes votes; 0 no votes. yes voters: 6d5e75a7635646b7b459fb942167105e, ba6cace41cb045b486e2593ef71bca6c; no voters: 
I20260709 12:12:16.864163 15653 raft_consensus.cc:2468] T 08c3e914f86f48839f654aeec8170bc1 P ba6cace41cb045b486e2593ef71bca6c [term 0 FOLLOWER]: Leader pre-election vote request: Granting yes vote for candidate 6d5e75a7635646b7b459fb942167105e in term 0.
I20260709 12:12:16.864518 15783 raft_consensus.cc:2804] T 33cb5cfce986465c9c44c5e0cc3d23d6 P 6d5e75a7635646b7b459fb942167105e [term 0 FOLLOWER]: Leader pre-election won for term 1
I20260709 12:12:16.864887 15783 raft_consensus.cc:493] T 33cb5cfce986465c9c44c5e0cc3d23d6 P 6d5e75a7635646b7b459fb942167105e [term 0 FOLLOWER]: Starting leader election (no leader contacted us within the election timeout)
I20260709 12:12:16.865177 15783 raft_consensus.cc:3060] T 33cb5cfce986465c9c44c5e0cc3d23d6 P 6d5e75a7635646b7b459fb942167105e [term 0 FOLLOWER]: Advancing to term 1
I20260709 12:12:16.861495 15767 tablet_bootstrap.cc:492] T d18e4605f6de4870a3b29f756159b9e5 P ba6cace41cb045b486e2593ef71bca6c: Bootstrap starting.
I20260709 12:12:16.867923 15769 ts_tablet_manager.cc:1403] T d18e4605f6de4870a3b29f756159b9e5 P 6d5e75a7635646b7b459fb942167105e: Time spent bootstrapping tablet: real 0.044s	user 0.018s	sys 0.004s
I20260709 12:12:16.870774 15769 raft_consensus.cc:359] T d18e4605f6de4870a3b29f756159b9e5 P 6d5e75a7635646b7b459fb942167105e [term 0 FOLLOWER]: Replica starting. Triggering 0 pending ops. Active config: opid_index: -1 OBSOLETE_local: false peers { permanent_uuid: "3c295f9bfc3d4e6c8090a9e3319a96c3" member_type: VOTER last_known_addr { host: "127.14.147.129" port: 43557 } } peers { permanent_uuid: "ba6cace41cb045b486e2593ef71bca6c" member_type: VOTER last_known_addr { host: "127.14.147.130" port: 34427 } } peers { permanent_uuid: "6d5e75a7635646b7b459fb942167105e" member_type: VOTER last_known_addr { host: "127.14.147.131" port: 39801 } }
I20260709 12:12:16.871500 15769 raft_consensus.cc:385] T d18e4605f6de4870a3b29f756159b9e5 P 6d5e75a7635646b7b459fb942167105e [term 0 FOLLOWER]: Consensus starting up: Expiring failure detector timer to make a prompt election more likely
I20260709 12:12:16.871361 15783 raft_consensus.cc:515] T 33cb5cfce986465c9c44c5e0cc3d23d6 P 6d5e75a7635646b7b459fb942167105e [term 1 FOLLOWER]: Starting leader election with config: opid_index: -1 OBSOLETE_local: false peers { permanent_uuid: "ba6cace41cb045b486e2593ef71bca6c" member_type: VOTER last_known_addr { host: "127.14.147.130" port: 34427 } } peers { permanent_uuid: "3c295f9bfc3d4e6c8090a9e3319a96c3" member_type: VOTER last_known_addr { host: "127.14.147.129" port: 43557 } } peers { permanent_uuid: "6d5e75a7635646b7b459fb942167105e" member_type: VOTER last_known_addr { host: "127.14.147.131" port: 39801 } }
I20260709 12:12:16.871887 15769 raft_consensus.cc:740] T d18e4605f6de4870a3b29f756159b9e5 P 6d5e75a7635646b7b459fb942167105e [term 0 FOLLOWER]: Becoming Follower/Learner. State: Replica: 6d5e75a7635646b7b459fb942167105e, State: Initialized, Role: FOLLOWER
I20260709 12:12:16.872853 15693 leader_election.cc:304] T 08c3e914f86f48839f654aeec8170bc1 P 6d5e75a7635646b7b459fb942167105e [CANDIDATE]: Term 1 pre-election: Election decided. Result: candidate won. Election summary: received 2 responses out of 3 voters: 2 yes votes; 0 no votes. yes voters: 6d5e75a7635646b7b459fb942167105e, ba6cace41cb045b486e2593ef71bca6c; no voters: 
I20260709 12:12:16.873447 15783 leader_election.cc:290] T 33cb5cfce986465c9c44c5e0cc3d23d6 P 6d5e75a7635646b7b459fb942167105e [CANDIDATE]: Term 1 election: Requested vote from peers ba6cace41cb045b486e2593ef71bca6c (127.14.147.130:34427), 3c295f9bfc3d4e6c8090a9e3319a96c3 (127.14.147.129:43557)
I20260709 12:12:16.873607 15773 raft_consensus.cc:2804] T 08c3e914f86f48839f654aeec8170bc1 P 6d5e75a7635646b7b459fb942167105e [term 0 FOLLOWER]: Leader pre-election won for term 1
I20260709 12:12:16.874046 15773 raft_consensus.cc:493] T 08c3e914f86f48839f654aeec8170bc1 P 6d5e75a7635646b7b459fb942167105e [term 0 FOLLOWER]: Starting leader election (no leader contacted us within the election timeout)
I20260709 12:12:16.874382 15773 raft_consensus.cc:3060] T 08c3e914f86f48839f654aeec8170bc1 P 6d5e75a7635646b7b459fb942167105e [term 0 FOLLOWER]: Advancing to term 1
I20260709 12:12:16.875332 15768 tablet_bootstrap.cc:654] T aa20897ac7fc4cd1b4f0250f0dafa24a P 3c295f9bfc3d4e6c8090a9e3319a96c3: Neither blocks nor log segments found. Creating new log.
I20260709 12:12:16.880443 15768 tablet_bootstrap.cc:492] T aa20897ac7fc4cd1b4f0250f0dafa24a P 3c295f9bfc3d4e6c8090a9e3319a96c3: No bootstrap required, opened a new log
I20260709 12:12:16.880901 15768 ts_tablet_manager.cc:1403] T aa20897ac7fc4cd1b4f0250f0dafa24a P 3c295f9bfc3d4e6c8090a9e3319a96c3: Time spent bootstrapping tablet: real 0.019s	user 0.008s	sys 0.003s
I20260709 12:12:16.880738 15653 tablet_service.cc:1917] Received RequestConsensusVote() RPC: tablet_id: "33cb5cfce986465c9c44c5e0cc3d23d6" candidate_uuid: "6d5e75a7635646b7b459fb942167105e" candidate_term: 1 candidate_status { last_received { term: 0 index: 0 } } ignore_live_leader: false dest_uuid: "ba6cace41cb045b486e2593ef71bca6c"
I20260709 12:12:16.873731 15767 tablet_bootstrap.cc:654] T d18e4605f6de4870a3b29f756159b9e5 P ba6cace41cb045b486e2593ef71bca6c: Neither blocks nor log segments found. Creating new log.
I20260709 12:12:16.881376 15653 raft_consensus.cc:3060] T 33cb5cfce986465c9c44c5e0cc3d23d6 P ba6cace41cb045b486e2593ef71bca6c [term 0 FOLLOWER]: Advancing to term 1
I20260709 12:12:16.883858 15773 raft_consensus.cc:515] T 08c3e914f86f48839f654aeec8170bc1 P 6d5e75a7635646b7b459fb942167105e [term 1 FOLLOWER]: Starting leader election with config: opid_index: -1 OBSOLETE_local: false peers { permanent_uuid: "3c295f9bfc3d4e6c8090a9e3319a96c3" member_type: VOTER last_known_addr { host: "127.14.147.129" port: 43557 } } peers { permanent_uuid: "ba6cace41cb045b486e2593ef71bca6c" member_type: VOTER last_known_addr { host: "127.14.147.130" port: 34427 } } peers { permanent_uuid: "6d5e75a7635646b7b459fb942167105e" member_type: VOTER last_known_addr { host: "127.14.147.131" port: 39801 } }
I20260709 12:12:16.883795 15768 raft_consensus.cc:359] T aa20897ac7fc4cd1b4f0250f0dafa24a P 3c295f9bfc3d4e6c8090a9e3319a96c3 [term 0 FOLLOWER]: Replica starting. Triggering 0 pending ops. Active config: opid_index: -1 OBSOLETE_local: false peers { permanent_uuid: "3c295f9bfc3d4e6c8090a9e3319a96c3" member_type: VOTER last_known_addr { host: "127.14.147.129" port: 43557 } } peers { permanent_uuid: "ba6cace41cb045b486e2593ef71bca6c" member_type: VOTER last_known_addr { host: "127.14.147.130" port: 34427 } } peers { permanent_uuid: "6d5e75a7635646b7b459fb942167105e" member_type: VOTER last_known_addr { host: "127.14.147.131" port: 39801 } }
I20260709 12:12:16.884603 15768 raft_consensus.cc:385] T aa20897ac7fc4cd1b4f0250f0dafa24a P 3c295f9bfc3d4e6c8090a9e3319a96c3 [term 0 FOLLOWER]: Consensus starting up: Expiring failure detector timer to make a prompt election more likely
I20260709 12:12:16.884210 15769 consensus_queue.cc:260] T d18e4605f6de4870a3b29f756159b9e5 P 6d5e75a7635646b7b459fb942167105e [NON_LEADER]: Queue going to NON_LEADER mode. State: All replicated index: 0, Majority replicated index: 0, Committed index: 0, Last appended: 0.0, Last appended by leader: 0, Current term: 0, Majority size: -1, State: 0, Mode: NON_LEADER, active raft config: opid_index: -1 OBSOLETE_local: false peers { permanent_uuid: "3c295f9bfc3d4e6c8090a9e3319a96c3" member_type: VOTER last_known_addr { host: "127.14.147.129" port: 43557 } } peers { permanent_uuid: "ba6cace41cb045b486e2593ef71bca6c" member_type: VOTER last_known_addr { host: "127.14.147.130" port: 34427 } } peers { permanent_uuid: "6d5e75a7635646b7b459fb942167105e" member_type: VOTER last_known_addr { host: "127.14.147.131" port: 39801 } }
I20260709 12:12:16.884899 15768 raft_consensus.cc:740] T aa20897ac7fc4cd1b4f0250f0dafa24a P 3c295f9bfc3d4e6c8090a9e3319a96c3 [term 0 FOLLOWER]: Becoming Follower/Learner. State: Replica: 3c295f9bfc3d4e6c8090a9e3319a96c3, State: Initialized, Role: FOLLOWER
I20260709 12:12:16.885958 15773 leader_election.cc:290] T 08c3e914f86f48839f654aeec8170bc1 P 6d5e75a7635646b7b459fb942167105e [CANDIDATE]: Term 1 election: Requested vote from peers 3c295f9bfc3d4e6c8090a9e3319a96c3 (127.14.147.129:43557), ba6cace41cb045b486e2593ef71bca6c (127.14.147.130:34427)
I20260709 12:12:16.885754 15768 consensus_queue.cc:260] T aa20897ac7fc4cd1b4f0250f0dafa24a P 3c295f9bfc3d4e6c8090a9e3319a96c3 [NON_LEADER]: Queue going to NON_LEADER mode. State: All replicated index: 0, Majority replicated index: 0, Committed index: 0, Last appended: 0.0, Last appended by leader: 0, Current term: 0, Majority size: -1, State: 0, Mode: NON_LEADER, active raft config: opid_index: -1 OBSOLETE_local: false peers { permanent_uuid: "3c295f9bfc3d4e6c8090a9e3319a96c3" member_type: VOTER last_known_addr { host: "127.14.147.129" port: 43557 } } peers { permanent_uuid: "ba6cace41cb045b486e2593ef71bca6c" member_type: VOTER last_known_addr { host: "127.14.147.130" port: 34427 } } peers { permanent_uuid: "6d5e75a7635646b7b459fb942167105e" member_type: VOTER last_known_addr { host: "127.14.147.131" port: 39801 } }
I20260709 12:12:16.886508 15769 ts_tablet_manager.cc:1434] T d18e4605f6de4870a3b29f756159b9e5 P 6d5e75a7635646b7b459fb942167105e: Time spent starting tablet: real 0.018s	user 0.005s	sys 0.000s
I20260709 12:12:16.887462 15769 tablet_bootstrap.cc:492] T f8a5fbad84cd44a9b42333b4afd6a98f P 6d5e75a7635646b7b459fb942167105e: Bootstrap starting.
I20260709 12:12:16.888037 15652 tablet_service.cc:1917] Received RequestConsensusVote() RPC: tablet_id: "08c3e914f86f48839f654aeec8170bc1" candidate_uuid: "6d5e75a7635646b7b459fb942167105e" candidate_term: 1 candidate_status { last_received { term: 0 index: 0 } } ignore_live_leader: false dest_uuid: "ba6cace41cb045b486e2593ef71bca6c"
I20260709 12:12:16.888630 15652 raft_consensus.cc:3060] T 08c3e914f86f48839f654aeec8170bc1 P ba6cace41cb045b486e2593ef71bca6c [term 0 FOLLOWER]: Advancing to term 1
I20260709 12:12:16.889986 15768 ts_tablet_manager.cc:1434] T aa20897ac7fc4cd1b4f0250f0dafa24a P 3c295f9bfc3d4e6c8090a9e3319a96c3: Time spent starting tablet: real 0.009s	user 0.007s	sys 0.000s
I20260709 12:12:16.890931 15768 tablet_bootstrap.cc:492] T 72ae38e8c36f49cbbb7835a52b902cba P 3c295f9bfc3d4e6c8090a9e3319a96c3: Bootstrap starting.
I20260709 12:12:16.893721 15769 tablet_bootstrap.cc:654] T f8a5fbad84cd44a9b42333b4afd6a98f P 6d5e75a7635646b7b459fb942167105e: Neither blocks nor log segments found. Creating new log.
I20260709 12:12:16.897038 15768 tablet_bootstrap.cc:654] T 72ae38e8c36f49cbbb7835a52b902cba P 3c295f9bfc3d4e6c8090a9e3319a96c3: Neither blocks nor log segments found. Creating new log.
I20260709 12:12:16.902360 15652 raft_consensus.cc:2468] T 08c3e914f86f48839f654aeec8170bc1 P ba6cace41cb045b486e2593ef71bca6c [term 1 FOLLOWER]: Leader election vote request: Granting yes vote for candidate 6d5e75a7635646b7b459fb942167105e in term 1.
I20260709 12:12:16.903174 15578 tablet_service.cc:1917] Received RequestConsensusVote() RPC: tablet_id: "33cb5cfce986465c9c44c5e0cc3d23d6" candidate_uuid: "6d5e75a7635646b7b459fb942167105e" candidate_term: 1 candidate_status { last_received { term: 0 index: 0 } } ignore_live_leader: false dest_uuid: "3c295f9bfc3d4e6c8090a9e3319a96c3" is_pre_election: true
I20260709 12:12:16.904955 15577 tablet_service.cc:1917] Received RequestConsensusVote() RPC: tablet_id: "08c3e914f86f48839f654aeec8170bc1" candidate_uuid: "6d5e75a7635646b7b459fb942167105e" candidate_term: 1 candidate_status { last_received { term: 0 index: 0 } } ignore_live_leader: false dest_uuid: "3c295f9bfc3d4e6c8090a9e3319a96c3" is_pre_election: true
I20260709 12:12:16.906502 15576 tablet_service.cc:1917] Received RequestConsensusVote() RPC: tablet_id: "33cb5cfce986465c9c44c5e0cc3d23d6" candidate_uuid: "6d5e75a7635646b7b459fb942167105e" candidate_term: 1 candidate_status { last_received { term: 0 index: 0 } } ignore_live_leader: false dest_uuid: "3c295f9bfc3d4e6c8090a9e3319a96c3"
I20260709 12:12:16.911680 15693 leader_election.cc:304] T 08c3e914f86f48839f654aeec8170bc1 P 6d5e75a7635646b7b459fb942167105e [CANDIDATE]: Term 1 election: Election decided. Result: candidate won. Election summary: received 2 responses out of 3 voters: 2 yes votes; 0 no votes. yes voters: 6d5e75a7635646b7b459fb942167105e, ba6cace41cb045b486e2593ef71bca6c; no voters: 
I20260709 12:12:16.908388 15575 tablet_service.cc:1917] Received RequestConsensusVote() RPC: tablet_id: "08c3e914f86f48839f654aeec8170bc1" candidate_uuid: "6d5e75a7635646b7b459fb942167105e" candidate_term: 1 candidate_status { last_received { term: 0 index: 0 } } ignore_live_leader: false dest_uuid: "3c295f9bfc3d4e6c8090a9e3319a96c3"
I20260709 12:12:16.912503 15773 raft_consensus.cc:2804] T 08c3e914f86f48839f654aeec8170bc1 P 6d5e75a7635646b7b459fb942167105e [term 1 FOLLOWER]: Leader election won for term 1
I20260709 12:12:16.913020 15773 raft_consensus.cc:697] T 08c3e914f86f48839f654aeec8170bc1 P 6d5e75a7635646b7b459fb942167105e [term 1 LEADER]: Becoming Leader. State: Replica: 6d5e75a7635646b7b459fb942167105e, State: Running, Role: LEADER
I20260709 12:12:16.909046 15653 raft_consensus.cc:2468] T 33cb5cfce986465c9c44c5e0cc3d23d6 P ba6cace41cb045b486e2593ef71bca6c [term 1 FOLLOWER]: Leader election vote request: Granting yes vote for candidate 6d5e75a7635646b7b459fb942167105e in term 1.
W20260709 12:12:16.913878 15693 leader_election.cc:343] T 33cb5cfce986465c9c44c5e0cc3d23d6 P 6d5e75a7635646b7b459fb942167105e [CANDIDATE]: Term 1 pre-election: Tablet error from VoteRequest() call to peer 3c295f9bfc3d4e6c8090a9e3319a96c3 (127.14.147.129:43557): Illegal state: must be running to vote when last-logged opid is not known
I20260709 12:12:16.913898 15773 consensus_queue.cc:237] T 08c3e914f86f48839f654aeec8170bc1 P 6d5e75a7635646b7b459fb942167105e [LEADER]: Queue going to LEADER mode. State: All replicated index: 0, Majority replicated index: 0, Committed index: 0, Last appended: 0.0, Last appended by leader: 0, Current term: 1, Majority size: 2, State: 0, Mode: LEADER, active raft config: opid_index: -1 OBSOLETE_local: false peers { permanent_uuid: "3c295f9bfc3d4e6c8090a9e3319a96c3" member_type: VOTER last_known_addr { host: "127.14.147.129" port: 43557 } } peers { permanent_uuid: "ba6cace41cb045b486e2593ef71bca6c" member_type: VOTER last_known_addr { host: "127.14.147.130" port: 34427 } } peers { permanent_uuid: "6d5e75a7635646b7b459fb942167105e" member_type: VOTER last_known_addr { host: "127.14.147.131" port: 39801 } }
I20260709 12:12:16.913877 15767 tablet_bootstrap.cc:492] T d18e4605f6de4870a3b29f756159b9e5 P ba6cace41cb045b486e2593ef71bca6c: No bootstrap required, opened a new log
I20260709 12:12:16.910266 15768 tablet_bootstrap.cc:492] T 72ae38e8c36f49cbbb7835a52b902cba P 3c295f9bfc3d4e6c8090a9e3319a96c3: No bootstrap required, opened a new log
W20260709 12:12:16.914950 15693 leader_election.cc:343] T 08c3e914f86f48839f654aeec8170bc1 P 6d5e75a7635646b7b459fb942167105e [CANDIDATE]: Term 1 pre-election: Tablet error from VoteRequest() call to peer 3c295f9bfc3d4e6c8090a9e3319a96c3 (127.14.147.129:43557): Illegal state: must be running to vote when last-logged opid is not known
I20260709 12:12:16.910265 15769 tablet_bootstrap.cc:492] T f8a5fbad84cd44a9b42333b4afd6a98f P 6d5e75a7635646b7b459fb942167105e: No bootstrap required, opened a new log
I20260709 12:12:16.915396 15767 ts_tablet_manager.cc:1403] T d18e4605f6de4870a3b29f756159b9e5 P ba6cace41cb045b486e2593ef71bca6c: Time spent bootstrapping tablet: real 0.054s	user 0.006s	sys 0.016s
I20260709 12:12:16.915906 15775 raft_consensus.cc:493] T d18e4605f6de4870a3b29f756159b9e5 P 3c295f9bfc3d4e6c8090a9e3319a96c3 [term 0 FOLLOWER]: Starting pre-election (no leader contacted us within the election timeout)
W20260709 12:12:16.915887 15693 leader_election.cc:343] T 33cb5cfce986465c9c44c5e0cc3d23d6 P 6d5e75a7635646b7b459fb942167105e [CANDIDATE]: Term 1 election: Tablet error from VoteRequest() call to peer 3c295f9bfc3d4e6c8090a9e3319a96c3 (127.14.147.129:43557): Illegal state: must be running to vote when last-logged opid is not known
I20260709 12:12:16.916455 15775 raft_consensus.cc:515] T d18e4605f6de4870a3b29f756159b9e5 P 3c295f9bfc3d4e6c8090a9e3319a96c3 [term 0 FOLLOWER]: Starting pre-election with config: opid_index: -1 OBSOLETE_local: false peers { permanent_uuid: "3c295f9bfc3d4e6c8090a9e3319a96c3" member_type: VOTER last_known_addr { host: "127.14.147.129" port: 43557 } } peers { permanent_uuid: "ba6cace41cb045b486e2593ef71bca6c" member_type: VOTER last_known_addr { host: "127.14.147.130" port: 34427 } } peers { permanent_uuid: "6d5e75a7635646b7b459fb942167105e" member_type: VOTER last_known_addr { host: "127.14.147.131" port: 39801 } }
W20260709 12:12:16.916664 15693 leader_election.cc:343] T 08c3e914f86f48839f654aeec8170bc1 P 6d5e75a7635646b7b459fb942167105e [CANDIDATE]: Term 1 election: Tablet error from VoteRequest() call to peer 3c295f9bfc3d4e6c8090a9e3319a96c3 (127.14.147.129:43557): Illegal state: must be running to vote when last-logged opid is not known
I20260709 12:12:16.917747 15693 leader_election.cc:304] T 33cb5cfce986465c9c44c5e0cc3d23d6 P 6d5e75a7635646b7b459fb942167105e [CANDIDATE]: Term 1 election: Election decided. Result: candidate won. Election summary: received 3 responses out of 3 voters: 2 yes votes; 1 no votes. yes voters: 6d5e75a7635646b7b459fb942167105e, ba6cace41cb045b486e2593ef71bca6c; no voters: 3c295f9bfc3d4e6c8090a9e3319a96c3
I20260709 12:12:16.918713 15783 raft_consensus.cc:2804] T 33cb5cfce986465c9c44c5e0cc3d23d6 P 6d5e75a7635646b7b459fb942167105e [term 1 FOLLOWER]: Leader election won for term 1
I20260709 12:12:16.915889 15769 ts_tablet_manager.cc:1403] T f8a5fbad84cd44a9b42333b4afd6a98f P 6d5e75a7635646b7b459fb942167105e: Time spent bootstrapping tablet: real 0.029s	user 0.009s	sys 0.004s
I20260709 12:12:16.918996 15775 leader_election.cc:290] T d18e4605f6de4870a3b29f756159b9e5 P 3c295f9bfc3d4e6c8090a9e3319a96c3 [CANDIDATE]: Term 1 pre-election: Requested pre-vote from peers ba6cace41cb045b486e2593ef71bca6c (127.14.147.130:34427), 6d5e75a7635646b7b459fb942167105e (127.14.147.131:39801)
I20260709 12:12:16.922338 15769 raft_consensus.cc:359] T f8a5fbad84cd44a9b42333b4afd6a98f P 6d5e75a7635646b7b459fb942167105e [term 0 FOLLOWER]: Replica starting. Triggering 0 pending ops. Active config: opid_index: -1 OBSOLETE_local: false peers { permanent_uuid: "3c295f9bfc3d4e6c8090a9e3319a96c3" member_type: VOTER last_known_addr { host: "127.14.147.129" port: 43557 } } peers { permanent_uuid: "ba6cace41cb045b486e2593ef71bca6c" member_type: VOTER last_known_addr { host: "127.14.147.130" port: 34427 } } peers { permanent_uuid: "6d5e75a7635646b7b459fb942167105e" member_type: VOTER last_known_addr { host: "127.14.147.131" port: 39801 } }
I20260709 12:12:16.918586 15767 raft_consensus.cc:359] T d18e4605f6de4870a3b29f756159b9e5 P ba6cace41cb045b486e2593ef71bca6c [term 0 FOLLOWER]: Replica starting. Triggering 0 pending ops. Active config: opid_index: -1 OBSOLETE_local: false peers { permanent_uuid: "3c295f9bfc3d4e6c8090a9e3319a96c3" member_type: VOTER last_known_addr { host: "127.14.147.129" port: 43557 } } peers { permanent_uuid: "ba6cace41cb045b486e2593ef71bca6c" member_type: VOTER last_known_addr { host: "127.14.147.130" port: 34427 } } peers { permanent_uuid: "6d5e75a7635646b7b459fb942167105e" member_type: VOTER last_known_addr { host: "127.14.147.131" port: 39801 } }
I20260709 12:12:16.924268 15767 raft_consensus.cc:385] T d18e4605f6de4870a3b29f756159b9e5 P ba6cace41cb045b486e2593ef71bca6c [term 0 FOLLOWER]: Consensus starting up: Expiring failure detector timer to make a prompt election more likely
I20260709 12:12:16.923931 15768 ts_tablet_manager.cc:1403] T 72ae38e8c36f49cbbb7835a52b902cba P 3c295f9bfc3d4e6c8090a9e3319a96c3: Time spent bootstrapping tablet: real 0.033s	user 0.009s	sys 0.009s
I20260709 12:12:16.924672 15767 raft_consensus.cc:740] T d18e4605f6de4870a3b29f756159b9e5 P ba6cace41cb045b486e2593ef71bca6c [term 0 FOLLOWER]: Becoming Follower/Learner. State: Replica: ba6cace41cb045b486e2593ef71bca6c, State: Initialized, Role: FOLLOWER
I20260709 12:12:16.925705 15767 consensus_queue.cc:260] T d18e4605f6de4870a3b29f756159b9e5 P ba6cace41cb045b486e2593ef71bca6c [NON_LEADER]: Queue going to NON_LEADER mode. State: All replicated index: 0, Majority replicated index: 0, Committed index: 0, Last appended: 0.0, Last appended by leader: 0, Current term: 0, Majority size: -1, State: 0, Mode: NON_LEADER, active raft config: opid_index: -1 OBSOLETE_local: false peers { permanent_uuid: "3c295f9bfc3d4e6c8090a9e3319a96c3" member_type: VOTER last_known_addr { host: "127.14.147.129" port: 43557 } } peers { permanent_uuid: "ba6cace41cb045b486e2593ef71bca6c" member_type: VOTER last_known_addr { host: "127.14.147.130" port: 34427 } } peers { permanent_uuid: "6d5e75a7635646b7b459fb942167105e" member_type: VOTER last_known_addr { host: "127.14.147.131" port: 39801 } }
I20260709 12:12:16.928233 15767 ts_tablet_manager.cc:1434] T d18e4605f6de4870a3b29f756159b9e5 P ba6cace41cb045b486e2593ef71bca6c: Time spent starting tablet: real 0.012s	user 0.006s	sys 0.001s
I20260709 12:12:16.929162 15767 tablet_bootstrap.cc:492] T 5e8e488ca59f4415ac0356445715d1fa P ba6cace41cb045b486e2593ef71bca6c: Bootstrap starting.
I20260709 12:12:16.923260 15769 raft_consensus.cc:385] T f8a5fbad84cd44a9b42333b4afd6a98f P 6d5e75a7635646b7b459fb942167105e [term 0 FOLLOWER]: Consensus starting up: Expiring failure detector timer to make a prompt election more likely
I20260709 12:12:16.931705 15769 raft_consensus.cc:740] T f8a5fbad84cd44a9b42333b4afd6a98f P 6d5e75a7635646b7b459fb942167105e [term 0 FOLLOWER]: Becoming Follower/Learner. State: Replica: 6d5e75a7635646b7b459fb942167105e, State: Initialized, Role: FOLLOWER
I20260709 12:12:16.932930 15769 consensus_queue.cc:260] T f8a5fbad84cd44a9b42333b4afd6a98f P 6d5e75a7635646b7b459fb942167105e [NON_LEADER]: Queue going to NON_LEADER mode. State: All replicated index: 0, Majority replicated index: 0, Committed index: 0, Last appended: 0.0, Last appended by leader: 0, Current term: 0, Majority size: -1, State: 0, Mode: NON_LEADER, active raft config: opid_index: -1 OBSOLETE_local: false peers { permanent_uuid: "3c295f9bfc3d4e6c8090a9e3319a96c3" member_type: VOTER last_known_addr { host: "127.14.147.129" port: 43557 } } peers { permanent_uuid: "ba6cace41cb045b486e2593ef71bca6c" member_type: VOTER last_known_addr { host: "127.14.147.130" port: 34427 } } peers { permanent_uuid: "6d5e75a7635646b7b459fb942167105e" member_type: VOTER last_known_addr { host: "127.14.147.131" port: 39801 } }
I20260709 12:12:16.934845 15783 raft_consensus.cc:697] T 33cb5cfce986465c9c44c5e0cc3d23d6 P 6d5e75a7635646b7b459fb942167105e [term 1 LEADER]: Becoming Leader. State: Replica: 6d5e75a7635646b7b459fb942167105e, State: Running, Role: LEADER
I20260709 12:12:16.940699 15767 tablet_bootstrap.cc:654] T 5e8e488ca59f4415ac0356445715d1fa P ba6cace41cb045b486e2593ef71bca6c: Neither blocks nor log segments found. Creating new log.
I20260709 12:12:16.940706 15769 ts_tablet_manager.cc:1434] T f8a5fbad84cd44a9b42333b4afd6a98f P 6d5e75a7635646b7b459fb942167105e: Time spent starting tablet: real 0.022s	user 0.006s	sys 0.002s
I20260709 12:12:16.941040 15768 raft_consensus.cc:359] T 72ae38e8c36f49cbbb7835a52b902cba P 3c295f9bfc3d4e6c8090a9e3319a96c3 [term 0 FOLLOWER]: Replica starting. Triggering 0 pending ops. Active config: opid_index: -1 OBSOLETE_local: false peers { permanent_uuid: "3c295f9bfc3d4e6c8090a9e3319a96c3" member_type: VOTER last_known_addr { host: "127.14.147.129" port: 43557 } } peers { permanent_uuid: "ba6cace41cb045b486e2593ef71bca6c" member_type: VOTER last_known_addr { host: "127.14.147.130" port: 34427 } } peers { permanent_uuid: "6d5e75a7635646b7b459fb942167105e" member_type: VOTER last_known_addr { host: "127.14.147.131" port: 39801 } }
I20260709 12:12:16.935827 15783 consensus_queue.cc:237] T 33cb5cfce986465c9c44c5e0cc3d23d6 P 6d5e75a7635646b7b459fb942167105e [LEADER]: Queue going to LEADER mode. State: All replicated index: 0, Majority replicated index: 0, Committed index: 0, Last appended: 0.0, Last appended by leader: 0, Current term: 1, Majority size: 2, State: 0, Mode: LEADER, active raft config: opid_index: -1 OBSOLETE_local: false peers { permanent_uuid: "ba6cace41cb045b486e2593ef71bca6c" member_type: VOTER last_known_addr { host: "127.14.147.130" port: 34427 } } peers { permanent_uuid: "3c295f9bfc3d4e6c8090a9e3319a96c3" member_type: VOTER last_known_addr { host: "127.14.147.129" port: 43557 } } peers { permanent_uuid: "6d5e75a7635646b7b459fb942167105e" member_type: VOTER last_known_addr { host: "127.14.147.131" port: 39801 } }
I20260709 12:12:16.944777 15768 raft_consensus.cc:385] T 72ae38e8c36f49cbbb7835a52b902cba P 3c295f9bfc3d4e6c8090a9e3319a96c3 [term 0 FOLLOWER]: Consensus starting up: Expiring failure detector timer to make a prompt election more likely
I20260709 12:12:16.945135 15768 raft_consensus.cc:740] T 72ae38e8c36f49cbbb7835a52b902cba P 3c295f9bfc3d4e6c8090a9e3319a96c3 [term 0 FOLLOWER]: Becoming Follower/Learner. State: Replica: 3c295f9bfc3d4e6c8090a9e3319a96c3, State: Initialized, Role: FOLLOWER
I20260709 12:12:16.945928 15768 consensus_queue.cc:260] T 72ae38e8c36f49cbbb7835a52b902cba P 3c295f9bfc3d4e6c8090a9e3319a96c3 [NON_LEADER]: Queue going to NON_LEADER mode. State: All replicated index: 0, Majority replicated index: 0, Committed index: 0, Last appended: 0.0, Last appended by leader: 0, Current term: 0, Majority size: -1, State: 0, Mode: NON_LEADER, active raft config: opid_index: -1 OBSOLETE_local: false peers { permanent_uuid: "3c295f9bfc3d4e6c8090a9e3319a96c3" member_type: VOTER last_known_addr { host: "127.14.147.129" port: 43557 } } peers { permanent_uuid: "ba6cace41cb045b486e2593ef71bca6c" member_type: VOTER last_known_addr { host: "127.14.147.130" port: 34427 } } peers { permanent_uuid: "6d5e75a7635646b7b459fb942167105e" member_type: VOTER last_known_addr { host: "127.14.147.131" port: 39801 } }
I20260709 12:12:16.948410 15768 ts_tablet_manager.cc:1434] T 72ae38e8c36f49cbbb7835a52b902cba P 3c295f9bfc3d4e6c8090a9e3319a96c3: Time spent starting tablet: real 0.023s	user 0.005s	sys 0.003s
I20260709 12:12:16.949347 15768 tablet_bootstrap.cc:492] T 5e8e488ca59f4415ac0356445715d1fa P 3c295f9bfc3d4e6c8090a9e3319a96c3: Bootstrap starting.
I20260709 12:12:16.952306 15769 tablet_bootstrap.cc:492] T 72ae38e8c36f49cbbb7835a52b902cba P 6d5e75a7635646b7b459fb942167105e: Bootstrap starting.
I20260709 12:12:16.957087 15768 tablet_bootstrap.cc:654] T 5e8e488ca59f4415ac0356445715d1fa P 3c295f9bfc3d4e6c8090a9e3319a96c3: Neither blocks nor log segments found. Creating new log.
I20260709 12:12:16.965281 15769 tablet_bootstrap.cc:654] T 72ae38e8c36f49cbbb7835a52b902cba P 6d5e75a7635646b7b459fb942167105e: Neither blocks nor log segments found. Creating new log.
I20260709 12:12:16.980082 15727 tablet_service.cc:1917] Received RequestConsensusVote() RPC: tablet_id: "d18e4605f6de4870a3b29f756159b9e5" candidate_uuid: "3c295f9bfc3d4e6c8090a9e3319a96c3" candidate_term: 1 candidate_status { last_received { term: 0 index: 0 } } ignore_live_leader: false dest_uuid: "6d5e75a7635646b7b459fb942167105e" is_pre_election: true
I20260709 12:12:16.980756 15727 raft_consensus.cc:2468] T d18e4605f6de4870a3b29f756159b9e5 P 6d5e75a7635646b7b459fb942167105e [term 0 FOLLOWER]: Leader pre-election vote request: Granting yes vote for candidate 3c295f9bfc3d4e6c8090a9e3319a96c3 in term 0.
I20260709 12:12:16.980957 15792 raft_consensus.cc:493] T f8a5fbad84cd44a9b42333b4afd6a98f P 6d5e75a7635646b7b459fb942167105e [term 0 FOLLOWER]: Starting pre-election (no leader contacted us within the election timeout)
I20260709 12:12:16.981560 15792 raft_consensus.cc:515] T f8a5fbad84cd44a9b42333b4afd6a98f P 6d5e75a7635646b7b459fb942167105e [term 0 FOLLOWER]: Starting pre-election with config: opid_index: -1 OBSOLETE_local: false peers { permanent_uuid: "3c295f9bfc3d4e6c8090a9e3319a96c3" member_type: VOTER last_known_addr { host: "127.14.147.129" port: 43557 } } peers { permanent_uuid: "ba6cace41cb045b486e2593ef71bca6c" member_type: VOTER last_known_addr { host: "127.14.147.130" port: 34427 } } peers { permanent_uuid: "6d5e75a7635646b7b459fb942167105e" member_type: VOTER last_known_addr { host: "127.14.147.131" port: 39801 } }
I20260709 12:12:16.983878 15542 leader_election.cc:304] T d18e4605f6de4870a3b29f756159b9e5 P 3c295f9bfc3d4e6c8090a9e3319a96c3 [CANDIDATE]: Term 1 pre-election: Election decided. Result: candidate won. Election summary: received 2 responses out of 3 voters: 2 yes votes; 0 no votes. yes voters: 3c295f9bfc3d4e6c8090a9e3319a96c3, 6d5e75a7635646b7b459fb942167105e; no voters: 
I20260709 12:12:16.984716 15775 raft_consensus.cc:2804] T d18e4605f6de4870a3b29f756159b9e5 P 3c295f9bfc3d4e6c8090a9e3319a96c3 [term 0 FOLLOWER]: Leader pre-election won for term 1
I20260709 12:12:16.985085 15775 raft_consensus.cc:493] T d18e4605f6de4870a3b29f756159b9e5 P 3c295f9bfc3d4e6c8090a9e3319a96c3 [term 0 FOLLOWER]: Starting leader election (no leader contacted us within the election timeout)
I20260709 12:12:16.980993 15475 catalog_manager.cc:5697] T 08c3e914f86f48839f654aeec8170bc1 P 6d5e75a7635646b7b459fb942167105e reported cstate change: term changed from 0 to 1, leader changed from <none> to 6d5e75a7635646b7b459fb942167105e (127.14.147.131). New cstate: current_term: 1 leader_uuid: "6d5e75a7635646b7b459fb942167105e" committed_config { opid_index: -1 OBSOLETE_local: false peers { permanent_uuid: "3c295f9bfc3d4e6c8090a9e3319a96c3" member_type: VOTER last_known_addr { host: "127.14.147.129" port: 43557 } health_report { overall_health: UNKNOWN } } peers { permanent_uuid: "ba6cace41cb045b486e2593ef71bca6c" member_type: VOTER last_known_addr { host: "127.14.147.130" port: 34427 } health_report { overall_health: UNKNOWN } } peers { permanent_uuid: "6d5e75a7635646b7b459fb942167105e" member_type: VOTER last_known_addr { host: "127.14.147.131" port: 39801 } health_report { overall_health: HEALTHY } } }
I20260709 12:12:16.985412 15775 raft_consensus.cc:3060] T d18e4605f6de4870a3b29f756159b9e5 P 3c295f9bfc3d4e6c8090a9e3319a96c3 [term 0 FOLLOWER]: Advancing to term 1
I20260709 12:12:16.985792 15768 tablet_bootstrap.cc:492] T 5e8e488ca59f4415ac0356445715d1fa P 3c295f9bfc3d4e6c8090a9e3319a96c3: No bootstrap required, opened a new log
I20260709 12:12:16.986104 15769 tablet_bootstrap.cc:492] T 72ae38e8c36f49cbbb7835a52b902cba P 6d5e75a7635646b7b459fb942167105e: No bootstrap required, opened a new log
I20260709 12:12:16.986284 15768 ts_tablet_manager.cc:1403] T 5e8e488ca59f4415ac0356445715d1fa P 3c295f9bfc3d4e6c8090a9e3319a96c3: Time spent bootstrapping tablet: real 0.037s	user 0.012s	sys 0.007s
I20260709 12:12:16.986588 15769 ts_tablet_manager.cc:1403] T 72ae38e8c36f49cbbb7835a52b902cba P 6d5e75a7635646b7b459fb942167105e: Time spent bootstrapping tablet: real 0.035s	user 0.013s	sys 0.004s
I20260709 12:12:16.987023 15767 tablet_bootstrap.cc:492] T 5e8e488ca59f4415ac0356445715d1fa P ba6cace41cb045b486e2593ef71bca6c: No bootstrap required, opened a new log
I20260709 12:12:16.988792 15653 tablet_service.cc:1917] Received RequestConsensusVote() RPC: tablet_id: "d18e4605f6de4870a3b29f756159b9e5" candidate_uuid: "3c295f9bfc3d4e6c8090a9e3319a96c3" candidate_term: 1 candidate_status { last_received { term: 0 index: 0 } } ignore_live_leader: false dest_uuid: "ba6cace41cb045b486e2593ef71bca6c" is_pre_election: true
I20260709 12:12:16.989488 15767 ts_tablet_manager.cc:1403] T 5e8e488ca59f4415ac0356445715d1fa P ba6cace41cb045b486e2593ef71bca6c: Time spent bootstrapping tablet: real 0.061s	user 0.008s	sys 0.010s
I20260709 12:12:16.989408 15653 raft_consensus.cc:2468] T d18e4605f6de4870a3b29f756159b9e5 P ba6cace41cb045b486e2593ef71bca6c [term 0 FOLLOWER]: Leader pre-election vote request: Granting yes vote for candidate 3c295f9bfc3d4e6c8090a9e3319a96c3 in term 0.
I20260709 12:12:16.990752 15774 raft_consensus.cc:493] T aa20897ac7fc4cd1b4f0250f0dafa24a P ba6cace41cb045b486e2593ef71bca6c [term 0 FOLLOWER]: Starting pre-election (no leader contacted us within the election timeout)
I20260709 12:12:16.991181 15774 raft_consensus.cc:515] T aa20897ac7fc4cd1b4f0250f0dafa24a P ba6cace41cb045b486e2593ef71bca6c [term 0 FOLLOWER]: Starting pre-election with config: opid_index: -1 OBSOLETE_local: false peers { permanent_uuid: "3c295f9bfc3d4e6c8090a9e3319a96c3" member_type: VOTER last_known_addr { host: "127.14.147.129" port: 43557 } } peers { permanent_uuid: "ba6cace41cb045b486e2593ef71bca6c" member_type: VOTER last_known_addr { host: "127.14.147.130" port: 34427 } } peers { permanent_uuid: "6d5e75a7635646b7b459fb942167105e" member_type: VOTER last_known_addr { host: "127.14.147.131" port: 39801 } }
I20260709 12:12:16.992449 15775 raft_consensus.cc:515] T d18e4605f6de4870a3b29f756159b9e5 P 3c295f9bfc3d4e6c8090a9e3319a96c3 [term 1 FOLLOWER]: Starting leader election with config: opid_index: -1 OBSOLETE_local: false peers { permanent_uuid: "3c295f9bfc3d4e6c8090a9e3319a96c3" member_type: VOTER last_known_addr { host: "127.14.147.129" port: 43557 } } peers { permanent_uuid: "ba6cace41cb045b486e2593ef71bca6c" member_type: VOTER last_known_addr { host: "127.14.147.130" port: 34427 } } peers { permanent_uuid: "6d5e75a7635646b7b459fb942167105e" member_type: VOTER last_known_addr { host: "127.14.147.131" port: 39801 } }
I20260709 12:12:16.994553 15774 leader_election.cc:290] T aa20897ac7fc4cd1b4f0250f0dafa24a P ba6cace41cb045b486e2593ef71bca6c [CANDIDATE]: Term 1 pre-election: Requested pre-vote from peers 3c295f9bfc3d4e6c8090a9e3319a96c3 (127.14.147.129:43557), 6d5e75a7635646b7b459fb942167105e (127.14.147.131:39801)
I20260709 12:12:16.995301 15769 raft_consensus.cc:359] T 72ae38e8c36f49cbbb7835a52b902cba P 6d5e75a7635646b7b459fb942167105e [term 0 FOLLOWER]: Replica starting. Triggering 0 pending ops. Active config: opid_index: -1 OBSOLETE_local: false peers { permanent_uuid: "3c295f9bfc3d4e6c8090a9e3319a96c3" member_type: VOTER last_known_addr { host: "127.14.147.129" port: 43557 } } peers { permanent_uuid: "ba6cace41cb045b486e2593ef71bca6c" member_type: VOTER last_known_addr { host: "127.14.147.130" port: 34427 } } peers { permanent_uuid: "6d5e75a7635646b7b459fb942167105e" member_type: VOTER last_known_addr { host: "127.14.147.131" port: 39801 } }
I20260709 12:12:16.995528 15575 tablet_service.cc:1917] Received RequestConsensusVote() RPC: tablet_id: "f8a5fbad84cd44a9b42333b4afd6a98f" candidate_uuid: "6d5e75a7635646b7b459fb942167105e" candidate_term: 1 candidate_status { last_received { term: 0 index: 0 } } ignore_live_leader: false dest_uuid: "3c295f9bfc3d4e6c8090a9e3319a96c3" is_pre_election: true
I20260709 12:12:16.996004 15769 raft_consensus.cc:385] T 72ae38e8c36f49cbbb7835a52b902cba P 6d5e75a7635646b7b459fb942167105e [term 0 FOLLOWER]: Consensus starting up: Expiring failure detector timer to make a prompt election more likely
I20260709 12:12:16.996356 15769 raft_consensus.cc:740] T 72ae38e8c36f49cbbb7835a52b902cba P 6d5e75a7635646b7b459fb942167105e [term 0 FOLLOWER]: Becoming Follower/Learner. State: Replica: 6d5e75a7635646b7b459fb942167105e, State: Initialized, Role: FOLLOWER
I20260709 12:12:16.996702 15727 tablet_service.cc:1917] Received RequestConsensusVote() RPC: tablet_id: "d18e4605f6de4870a3b29f756159b9e5" candidate_uuid: "3c295f9bfc3d4e6c8090a9e3319a96c3" candidate_term: 1 candidate_status { last_received { term: 0 index: 0 } } ignore_live_leader: false dest_uuid: "6d5e75a7635646b7b459fb942167105e"
I20260709 12:12:16.997247 15727 raft_consensus.cc:3060] T d18e4605f6de4870a3b29f756159b9e5 P 6d5e75a7635646b7b459fb942167105e [term 0 FOLLOWER]: Advancing to term 1
I20260709 12:12:16.997067 15769 consensus_queue.cc:260] T 72ae38e8c36f49cbbb7835a52b902cba P 6d5e75a7635646b7b459fb942167105e [NON_LEADER]: Queue going to NON_LEADER mode. State: All replicated index: 0, Majority replicated index: 0, Committed index: 0, Last appended: 0.0, Last appended by leader: 0, Current term: 0, Majority size: -1, State: 0, Mode: NON_LEADER, active raft config: opid_index: -1 OBSOLETE_local: false peers { permanent_uuid: "3c295f9bfc3d4e6c8090a9e3319a96c3" member_type: VOTER last_known_addr { host: "127.14.147.129" port: 43557 } } peers { permanent_uuid: "ba6cace41cb045b486e2593ef71bca6c" member_type: VOTER last_known_addr { host: "127.14.147.130" port: 34427 } } peers { permanent_uuid: "6d5e75a7635646b7b459fb942167105e" member_type: VOTER last_known_addr { host: "127.14.147.131" port: 39801 } }
I20260709 12:12:16.995584 15775 leader_election.cc:290] T d18e4605f6de4870a3b29f756159b9e5 P 3c295f9bfc3d4e6c8090a9e3319a96c3 [CANDIDATE]: Term 1 election: Requested vote from peers ba6cace41cb045b486e2593ef71bca6c (127.14.147.130:34427), 6d5e75a7635646b7b459fb942167105e (127.14.147.131:39801)
I20260709 12:12:17.001359 15792 leader_election.cc:290] T f8a5fbad84cd44a9b42333b4afd6a98f P 6d5e75a7635646b7b459fb942167105e [CANDIDATE]: Term 1 pre-election: Requested pre-vote from peers 3c295f9bfc3d4e6c8090a9e3319a96c3 (127.14.147.129:43557), ba6cace41cb045b486e2593ef71bca6c (127.14.147.130:34427)
I20260709 12:12:16.992494 15767 raft_consensus.cc:359] T 5e8e488ca59f4415ac0356445715d1fa P ba6cace41cb045b486e2593ef71bca6c [term 0 FOLLOWER]: Replica starting. Triggering 0 pending ops. Active config: opid_index: -1 OBSOLETE_local: false peers { permanent_uuid: "3c295f9bfc3d4e6c8090a9e3319a96c3" member_type: VOTER last_known_addr { host: "127.14.147.129" port: 43557 } } peers { permanent_uuid: "ba6cace41cb045b486e2593ef71bca6c" member_type: VOTER last_known_addr { host: "127.14.147.130" port: 34427 } } peers { permanent_uuid: "6d5e75a7635646b7b459fb942167105e" member_type: VOTER last_known_addr { host: "127.14.147.131" port: 39801 } }
I20260709 12:12:17.002092 15767 raft_consensus.cc:385] T 5e8e488ca59f4415ac0356445715d1fa P ba6cace41cb045b486e2593ef71bca6c [term 0 FOLLOWER]: Consensus starting up: Expiring failure detector timer to make a prompt election more likely
I20260709 12:12:17.002413 15767 raft_consensus.cc:740] T 5e8e488ca59f4415ac0356445715d1fa P ba6cace41cb045b486e2593ef71bca6c [term 0 FOLLOWER]: Becoming Follower/Learner. State: Replica: ba6cace41cb045b486e2593ef71bca6c, State: Initialized, Role: FOLLOWER
W20260709 12:12:17.003271 15693 leader_election.cc:343] T f8a5fbad84cd44a9b42333b4afd6a98f P 6d5e75a7635646b7b459fb942167105e [CANDIDATE]: Term 1 pre-election: Tablet error from VoteRequest() call to peer 3c295f9bfc3d4e6c8090a9e3319a96c3 (127.14.147.129:43557): Illegal state: must be running to vote when last-logged opid is not known
I20260709 12:12:17.004360 15653 tablet_service.cc:1917] Received RequestConsensusVote() RPC: tablet_id: "d18e4605f6de4870a3b29f756159b9e5" candidate_uuid: "3c295f9bfc3d4e6c8090a9e3319a96c3" candidate_term: 1 candidate_status { last_received { term: 0 index: 0 } } ignore_live_leader: false dest_uuid: "ba6cace41cb045b486e2593ef71bca6c"
I20260709 12:12:17.004906 15653 raft_consensus.cc:3060] T d18e4605f6de4870a3b29f756159b9e5 P ba6cace41cb045b486e2593ef71bca6c [term 0 FOLLOWER]: Advancing to term 1
