I20260709 12:12:50.552765 22015 leader_election.cc:304] T 1d7c29c1420241e6808448d770afd291 P 28344c532b3b4037b0ce4b73bcc2d33a [CANDIDATE]: Term 1 pre-election: Election decided. Result: candidate won. Election summary: received 3 responses out of 3 voters: 2 yes votes; 1 no votes. yes voters: 28344c532b3b4037b0ce4b73bcc2d33a, c5f7f38c3db149b494c97053ef58d33e; no voters: 3636bbf6da934b37a70a6491ef5da328
I20260709 12:12:50.553514 22092 tablet_bootstrap.cc:492] T 0174ac35e02647f09af5d6594e9cc74f P c5f7f38c3db149b494c97053ef58d33e: No bootstrap required, opened a new log
I20260709 12:12:50.553686 22211 raft_consensus.cc:2804] T 1d7c29c1420241e6808448d770afd291 P 28344c532b3b4037b0ce4b73bcc2d33a [term 0 FOLLOWER]: Leader pre-election won for term 1
I20260709 12:12:50.554096 22211 raft_consensus.cc:493] T 1d7c29c1420241e6808448d770afd291 P 28344c532b3b4037b0ce4b73bcc2d33a [term 0 FOLLOWER]: Starting leader election (no leader contacted us within the election timeout)
I20260709 12:12:50.554144 22092 ts_tablet_manager.cc:1403] T 0174ac35e02647f09af5d6594e9cc74f P c5f7f38c3db149b494c97053ef58d33e: Time spent bootstrapping tablet: real 0.055s	user 0.015s	sys 0.006s
I20260709 12:12:50.551285 22088 raft_consensus.cc:359] T a455b6b125f6477681b618e01b0771f2 P 28344c532b3b4037b0ce4b73bcc2d33a [term 0 FOLLOWER]: Replica starting. Triggering 0 pending ops. Active config: opid_index: -1 OBSOLETE_local: false peers { permanent_uuid: "3636bbf6da934b37a70a6491ef5da328" member_type: VOTER last_known_addr { host: "127.20.66.129" port: 34697 } } peers { permanent_uuid: "c5f7f38c3db149b494c97053ef58d33e" member_type: VOTER last_known_addr { host: "127.20.66.130" port: 32923 } } peers { permanent_uuid: "28344c532b3b4037b0ce4b73bcc2d33a" member_type: VOTER last_known_addr { host: "127.20.66.131" port: 42735 } }
I20260709 12:12:50.555981 22211 raft_consensus.cc:3060] T 1d7c29c1420241e6808448d770afd291 P 28344c532b3b4037b0ce4b73bcc2d33a [term 0 FOLLOWER]: Advancing to term 1
I20260709 12:12:50.557166 22089 tablet_bootstrap.cc:492] T 774f812b997b44f69e1308b7418c40cb P 3636bbf6da934b37a70a6491ef5da328: No bootstrap required, opened a new log
I20260709 12:12:50.557641 22089 ts_tablet_manager.cc:1403] T 774f812b997b44f69e1308b7418c40cb P 3636bbf6da934b37a70a6491ef5da328: Time spent bootstrapping tablet: real 0.050s	user 0.014s	sys 0.028s
I20260709 12:12:50.558539 22092 raft_consensus.cc:359] T 0174ac35e02647f09af5d6594e9cc74f P c5f7f38c3db149b494c97053ef58d33e [term 0 FOLLOWER]: Replica starting. Triggering 0 pending ops. Active config: opid_index: -1 OBSOLETE_local: false peers { permanent_uuid: "3636bbf6da934b37a70a6491ef5da328" member_type: VOTER last_known_addr { host: "127.20.66.129" port: 34697 } } peers { permanent_uuid: "c5f7f38c3db149b494c97053ef58d33e" member_type: VOTER last_known_addr { host: "127.20.66.130" port: 32923 } } peers { permanent_uuid: "28344c532b3b4037b0ce4b73bcc2d33a" member_type: VOTER last_known_addr { host: "127.20.66.131" port: 42735 } }
I20260709 12:12:50.559191 22092 raft_consensus.cc:385] T 0174ac35e02647f09af5d6594e9cc74f P c5f7f38c3db149b494c97053ef58d33e [term 0 FOLLOWER]: Consensus starting up: Expiring failure detector timer to make a prompt election more likely
I20260709 12:12:50.559453 22092 raft_consensus.cc:740] T 0174ac35e02647f09af5d6594e9cc74f P c5f7f38c3db149b494c97053ef58d33e [term 0 FOLLOWER]: Becoming Follower/Learner. State: Replica: c5f7f38c3db149b494c97053ef58d33e, State: Initialized, Role: FOLLOWER
I20260709 12:12:50.560091 22092 consensus_queue.cc:260] T 0174ac35e02647f09af5d6594e9cc74f P c5f7f38c3db149b494c97053ef58d33e [NON_LEADER]: Queue going to NON_LEADER mode. State: All replicated index: 0, Majority replicated index: 0, Committed index: 0, Last appended: 0.0, Last appended by leader: 0, Current term: 0, Majority size: -1, State: 0, Mode: NON_LEADER, active raft config: opid_index: -1 OBSOLETE_local: false peers { permanent_uuid: "3636bbf6da934b37a70a6491ef5da328" member_type: VOTER last_known_addr { host: "127.20.66.129" port: 34697 } } peers { permanent_uuid: "c5f7f38c3db149b494c97053ef58d33e" member_type: VOTER last_known_addr { host: "127.20.66.130" port: 32923 } } peers { permanent_uuid: "28344c532b3b4037b0ce4b73bcc2d33a" member_type: VOTER last_known_addr { host: "127.20.66.131" port: 42735 } }
I20260709 12:12:50.555646 22088 raft_consensus.cc:385] T a455b6b125f6477681b618e01b0771f2 P 28344c532b3b4037b0ce4b73bcc2d33a [term 0 FOLLOWER]: Consensus starting up: Expiring failure detector timer to make a prompt election more likely
I20260709 12:12:50.560793 22088 raft_consensus.cc:740] T a455b6b125f6477681b618e01b0771f2 P 28344c532b3b4037b0ce4b73bcc2d33a [term 0 FOLLOWER]: Becoming Follower/Learner. State: Replica: 28344c532b3b4037b0ce4b73bcc2d33a, State: Initialized, Role: FOLLOWER
I20260709 12:12:50.561424 22088 consensus_queue.cc:260] T a455b6b125f6477681b618e01b0771f2 P 28344c532b3b4037b0ce4b73bcc2d33a [NON_LEADER]: Queue going to NON_LEADER mode. State: All replicated index: 0, Majority replicated index: 0, Committed index: 0, Last appended: 0.0, Last appended by leader: 0, Current term: 0, Majority size: -1, State: 0, Mode: NON_LEADER, active raft config: opid_index: -1 OBSOLETE_local: false peers { permanent_uuid: "3636bbf6da934b37a70a6491ef5da328" member_type: VOTER last_known_addr { host: "127.20.66.129" port: 34697 } } peers { permanent_uuid: "c5f7f38c3db149b494c97053ef58d33e" member_type: VOTER last_known_addr { host: "127.20.66.130" port: 32923 } } peers { permanent_uuid: "28344c532b3b4037b0ce4b73bcc2d33a" member_type: VOTER last_known_addr { host: "127.20.66.131" port: 42735 } }
I20260709 12:12:50.562083 22092 ts_tablet_manager.cc:1434] T 0174ac35e02647f09af5d6594e9cc74f P c5f7f38c3db149b494c97053ef58d33e: Time spent starting tablet: real 0.007s	user 0.007s	sys 0.000s
I20260709 12:12:50.563377 22088 ts_tablet_manager.cc:1434] T a455b6b125f6477681b618e01b0771f2 P 28344c532b3b4037b0ce4b73bcc2d33a: Time spent starting tablet: real 0.015s	user 0.005s	sys 0.000s
I20260709 12:12:50.560174 22089 raft_consensus.cc:359] T 774f812b997b44f69e1308b7418c40cb P 3636bbf6da934b37a70a6491ef5da328 [term 0 FOLLOWER]: Replica starting. Triggering 0 pending ops. Active config: opid_index: -1 OBSOLETE_local: false peers { permanent_uuid: "3636bbf6da934b37a70a6491ef5da328" member_type: VOTER last_known_addr { host: "127.20.66.129" port: 34697 } } peers { permanent_uuid: "c5f7f38c3db149b494c97053ef58d33e" member_type: VOTER last_known_addr { host: "127.20.66.130" port: 32923 } } peers { permanent_uuid: "28344c532b3b4037b0ce4b73bcc2d33a" member_type: VOTER last_known_addr { host: "127.20.66.131" port: 42735 } }
I20260709 12:12:50.563781 22089 raft_consensus.cc:385] T 774f812b997b44f69e1308b7418c40cb P 3636bbf6da934b37a70a6491ef5da328 [term 0 FOLLOWER]: Consensus starting up: Expiring failure detector timer to make a prompt election more likely
I20260709 12:12:50.564042 22089 raft_consensus.cc:740] T 774f812b997b44f69e1308b7418c40cb P 3636bbf6da934b37a70a6491ef5da328 [term 0 FOLLOWER]: Becoming Follower/Learner. State: Replica: 3636bbf6da934b37a70a6491ef5da328, State: Initialized, Role: FOLLOWER
I20260709 12:12:50.564550 22092 tablet_bootstrap.cc:492] T cc914029cb024bd08e237efcbdc7734b P c5f7f38c3db149b494c97053ef58d33e: Bootstrap starting.
I20260709 12:12:50.564642 22089 consensus_queue.cc:260] T 774f812b997b44f69e1308b7418c40cb P 3636bbf6da934b37a70a6491ef5da328 [NON_LEADER]: Queue going to NON_LEADER mode. State: All replicated index: 0, Majority replicated index: 0, Committed index: 0, Last appended: 0.0, Last appended by leader: 0, Current term: 0, Majority size: -1, State: 0, Mode: NON_LEADER, active raft config: opid_index: -1 OBSOLETE_local: false peers { permanent_uuid: "3636bbf6da934b37a70a6491ef5da328" member_type: VOTER last_known_addr { host: "127.20.66.129" port: 34697 } } peers { permanent_uuid: "c5f7f38c3db149b494c97053ef58d33e" member_type: VOTER last_known_addr { host: "127.20.66.130" port: 32923 } } peers { permanent_uuid: "28344c532b3b4037b0ce4b73bcc2d33a" member_type: VOTER last_known_addr { host: "127.20.66.131" port: 42735 } }
I20260709 12:12:50.566618 22089 ts_tablet_manager.cc:1434] T 774f812b997b44f69e1308b7418c40cb P 3636bbf6da934b37a70a6491ef5da328: Time spent starting tablet: real 0.009s	user 0.005s	sys 0.000s
I20260709 12:12:50.567497 22088 tablet_bootstrap.cc:492] T 1d22f92132904541a206f5ba991530a7 P 28344c532b3b4037b0ce4b73bcc2d33a: Bootstrap starting.
I20260709 12:12:50.573819 22088 tablet_bootstrap.cc:654] T 1d22f92132904541a206f5ba991530a7 P 28344c532b3b4037b0ce4b73bcc2d33a: Neither blocks nor log segments found. Creating new log.
I20260709 12:12:50.574116 22211 raft_consensus.cc:515] T 1d7c29c1420241e6808448d770afd291 P 28344c532b3b4037b0ce4b73bcc2d33a [term 1 FOLLOWER]: Starting leader election with config: opid_index: -1 OBSOLETE_local: false peers { permanent_uuid: "3636bbf6da934b37a70a6491ef5da328" member_type: VOTER last_known_addr { host: "127.20.66.129" port: 34697 } } peers { permanent_uuid: "c5f7f38c3db149b494c97053ef58d33e" member_type: VOTER last_known_addr { host: "127.20.66.130" port: 32923 } } peers { permanent_uuid: "28344c532b3b4037b0ce4b73bcc2d33a" member_type: VOTER last_known_addr { host: "127.20.66.131" port: 42735 } }
I20260709 12:12:50.577013 22089 tablet_bootstrap.cc:492] T f6ff5443bbcf4154b5581d39fad81170 P 3636bbf6da934b37a70a6491ef5da328: Bootstrap starting.
I20260709 12:12:50.579412 22211 leader_election.cc:290] T 1d7c29c1420241e6808448d770afd291 P 28344c532b3b4037b0ce4b73bcc2d33a [CANDIDATE]: Term 1 election: Requested vote from peers 3636bbf6da934b37a70a6491ef5da328 (127.20.66.129:34697), c5f7f38c3db149b494c97053ef58d33e (127.20.66.130:32923)
I20260709 12:12:50.580602 22173 raft_consensus.cc:493] T 774f812b997b44f69e1308b7418c40cb P 3636bbf6da934b37a70a6491ef5da328 [term 0 FOLLOWER]: Starting pre-election (no leader contacted us within the election timeout)
I20260709 12:12:50.581104 22173 raft_consensus.cc:515] T 774f812b997b44f69e1308b7418c40cb P 3636bbf6da934b37a70a6491ef5da328 [term 0 FOLLOWER]: Starting pre-election with config: opid_index: -1 OBSOLETE_local: false peers { permanent_uuid: "3636bbf6da934b37a70a6491ef5da328" member_type: VOTER last_known_addr { host: "127.20.66.129" port: 34697 } } peers { permanent_uuid: "c5f7f38c3db149b494c97053ef58d33e" member_type: VOTER last_known_addr { host: "127.20.66.130" port: 32923 } } peers { permanent_uuid: "28344c532b3b4037b0ce4b73bcc2d33a" member_type: VOTER last_known_addr { host: "127.20.66.131" port: 42735 } }
I20260709 12:12:50.582553 22089 tablet_bootstrap.cc:654] T f6ff5443bbcf4154b5581d39fad81170 P 3636bbf6da934b37a70a6491ef5da328: Neither blocks nor log segments found. Creating new log.
I20260709 12:12:50.585048 21899 tablet_service.cc:1917] Received RequestConsensusVote() RPC: tablet_id: "1d7c29c1420241e6808448d770afd291" candidate_uuid: "28344c532b3b4037b0ce4b73bcc2d33a" candidate_term: 1 candidate_status { last_received { term: 0 index: 0 } } ignore_live_leader: false dest_uuid: "3636bbf6da934b37a70a6491ef5da328"
I20260709 12:12:50.586566 21974 tablet_service.cc:1917] Received RequestConsensusVote() RPC: tablet_id: "1d7c29c1420241e6808448d770afd291" candidate_uuid: "28344c532b3b4037b0ce4b73bcc2d33a" candidate_term: 1 candidate_status { last_received { term: 0 index: 0 } } ignore_live_leader: false dest_uuid: "c5f7f38c3db149b494c97053ef58d33e"
I20260709 12:12:50.587085 22088 tablet_bootstrap.cc:492] T 1d22f92132904541a206f5ba991530a7 P 28344c532b3b4037b0ce4b73bcc2d33a: No bootstrap required, opened a new log
I20260709 12:12:50.587136 21974 raft_consensus.cc:3060] T 1d7c29c1420241e6808448d770afd291 P c5f7f38c3db149b494c97053ef58d33e [term 0 FOLLOWER]: Advancing to term 1
I20260709 12:12:50.587642 22088 ts_tablet_manager.cc:1403] T 1d22f92132904541a206f5ba991530a7 P 28344c532b3b4037b0ce4b73bcc2d33a: Time spent bootstrapping tablet: real 0.020s	user 0.011s	sys 0.000s
I20260709 12:12:50.590180 22088 raft_consensus.cc:359] T 1d22f92132904541a206f5ba991530a7 P 28344c532b3b4037b0ce4b73bcc2d33a [term 0 FOLLOWER]: Replica starting. Triggering 0 pending ops. Active config: opid_index: -1 OBSOLETE_local: false peers { permanent_uuid: "3636bbf6da934b37a70a6491ef5da328" member_type: VOTER last_known_addr { host: "127.20.66.129" port: 34697 } } peers { permanent_uuid: "c5f7f38c3db149b494c97053ef58d33e" member_type: VOTER last_known_addr { host: "127.20.66.130" port: 32923 } } peers { permanent_uuid: "28344c532b3b4037b0ce4b73bcc2d33a" member_type: VOTER last_known_addr { host: "127.20.66.131" port: 42735 } }
I20260709 12:12:50.590806 22088 raft_consensus.cc:385] T 1d22f92132904541a206f5ba991530a7 P 28344c532b3b4037b0ce4b73bcc2d33a [term 0 FOLLOWER]: Consensus starting up: Expiring failure detector timer to make a prompt election more likely
I20260709 12:12:50.591058 22088 raft_consensus.cc:740] T 1d22f92132904541a206f5ba991530a7 P 28344c532b3b4037b0ce4b73bcc2d33a [term 0 FOLLOWER]: Becoming Follower/Learner. State: Replica: 28344c532b3b4037b0ce4b73bcc2d33a, State: Initialized, Role: FOLLOWER
I20260709 12:12:50.591707 22088 consensus_queue.cc:260] T 1d22f92132904541a206f5ba991530a7 P 28344c532b3b4037b0ce4b73bcc2d33a [NON_LEADER]: Queue going to NON_LEADER mode. State: All replicated index: 0, Majority replicated index: 0, Committed index: 0, Last appended: 0.0, Last appended by leader: 0, Current term: 0, Majority size: -1, State: 0, Mode: NON_LEADER, active raft config: opid_index: -1 OBSOLETE_local: false peers { permanent_uuid: "3636bbf6da934b37a70a6491ef5da328" member_type: VOTER last_known_addr { host: "127.20.66.129" port: 34697 } } peers { permanent_uuid: "c5f7f38c3db149b494c97053ef58d33e" member_type: VOTER last_known_addr { host: "127.20.66.130" port: 32923 } } peers { permanent_uuid: "28344c532b3b4037b0ce4b73bcc2d33a" member_type: VOTER last_known_addr { host: "127.20.66.131" port: 42735 } }
W20260709 12:12:50.593370 22015 leader_election.cc:343] T 1d7c29c1420241e6808448d770afd291 P 28344c532b3b4037b0ce4b73bcc2d33a [CANDIDATE]: Term 1 election: Tablet error from VoteRequest() call to peer 3636bbf6da934b37a70a6491ef5da328 (127.20.66.129:34697): Illegal state: must be running to vote when last-logged opid is not known
W20260709 12:12:50.594920 22015 consensus_peers.cc:597] T 6788bd63e90b491ea50032742b3e2c59 P 28344c532b3b4037b0ce4b73bcc2d33a -> Peer 3636bbf6da934b37a70a6491ef5da328 (127.20.66.129:34697): Couldn't send request to peer 3636bbf6da934b37a70a6491ef5da328. Error code: TABLET_NOT_RUNNING (12). Status: Illegal state: Tablet not RUNNING: INITIALIZED. This is attempt 1: this message will repeat every 5th retry.
I20260709 12:12:50.593662 22088 ts_tablet_manager.cc:1434] T 1d22f92132904541a206f5ba991530a7 P 28344c532b3b4037b0ce4b73bcc2d33a: Time spent starting tablet: real 0.006s	user 0.004s	sys 0.000s
I20260709 12:12:50.598924 22088 tablet_bootstrap.cc:492] T 8639236b6e5045289a693e711cc516bc P 28344c532b3b4037b0ce4b73bcc2d33a: Bootstrap starting.
I20260709 12:12:50.600785 21972 tablet_service.cc:1917] Received RequestConsensusVote() RPC: tablet_id: "774f812b997b44f69e1308b7418c40cb" candidate_uuid: "3636bbf6da934b37a70a6491ef5da328" candidate_term: 1 candidate_status { last_received { term: 0 index: 0 } } ignore_live_leader: false dest_uuid: "c5f7f38c3db149b494c97053ef58d33e" is_pre_election: true
I20260709 12:12:50.604936 22092 tablet_bootstrap.cc:654] T cc914029cb024bd08e237efcbdc7734b P c5f7f38c3db149b494c97053ef58d33e: Neither blocks nor log segments found. Creating new log.
I20260709 12:12:50.609975 22088 tablet_bootstrap.cc:654] T 8639236b6e5045289a693e711cc516bc P 28344c532b3b4037b0ce4b73bcc2d33a: Neither blocks nor log segments found. Creating new log.
I20260709 12:12:50.612007 22173 leader_election.cc:290] T 774f812b997b44f69e1308b7418c40cb P 3636bbf6da934b37a70a6491ef5da328 [CANDIDATE]: Term 1 pre-election: Requested pre-vote from peers c5f7f38c3db149b494c97053ef58d33e (127.20.66.130:32923), 28344c532b3b4037b0ce4b73bcc2d33a (127.20.66.131:42735)
I20260709 12:12:50.613210 22046 tablet_service.cc:1917] Received RequestConsensusVote() RPC: tablet_id: "774f812b997b44f69e1308b7418c40cb" candidate_uuid: "3636bbf6da934b37a70a6491ef5da328" candidate_term: 1 candidate_status { last_received { term: 0 index: 0 } } ignore_live_leader: false dest_uuid: "28344c532b3b4037b0ce4b73bcc2d33a" is_pre_election: true
I20260709 12:12:50.614391 21865 leader_election.cc:304] T 774f812b997b44f69e1308b7418c40cb P 3636bbf6da934b37a70a6491ef5da328 [CANDIDATE]: Term 1 pre-election: Election decided. Result: candidate lost. Election summary: received 3 responses out of 3 voters: 1 yes votes; 2 no votes. yes voters: 3636bbf6da934b37a70a6491ef5da328; no voters: 28344c532b3b4037b0ce4b73bcc2d33a, c5f7f38c3db149b494c97053ef58d33e
I20260709 12:12:50.616837 21974 raft_consensus.cc:2468] T 1d7c29c1420241e6808448d770afd291 P c5f7f38c3db149b494c97053ef58d33e [term 1 FOLLOWER]: Leader election vote request: Granting yes vote for candidate 28344c532b3b4037b0ce4b73bcc2d33a in term 1.
I20260709 12:12:50.617880 22173 raft_consensus.cc:2749] T 774f812b997b44f69e1308b7418c40cb P 3636bbf6da934b37a70a6491ef5da328 [term 0 FOLLOWER]: Leader pre-election lost for term 1. Reason: could not achieve majority
I20260709 12:12:50.618000 22015 leader_election.cc:304] T 1d7c29c1420241e6808448d770afd291 P 28344c532b3b4037b0ce4b73bcc2d33a [CANDIDATE]: Term 1 election: Election decided. Result: candidate won. Election summary: received 3 responses out of 3 voters: 2 yes votes; 1 no votes. yes voters: 28344c532b3b4037b0ce4b73bcc2d33a, c5f7f38c3db149b494c97053ef58d33e; no voters: 3636bbf6da934b37a70a6491ef5da328
I20260709 12:12:50.619233 22211 raft_consensus.cc:2804] T 1d7c29c1420241e6808448d770afd291 P 28344c532b3b4037b0ce4b73bcc2d33a [term 1 FOLLOWER]: Leader election won for term 1
I20260709 12:12:50.619670 22211 raft_consensus.cc:697] T 1d7c29c1420241e6808448d770afd291 P 28344c532b3b4037b0ce4b73bcc2d33a [term 1 LEADER]: Becoming Leader. State: Replica: 28344c532b3b4037b0ce4b73bcc2d33a, State: Running, Role: LEADER
I20260709 12:12:50.620719 22089 tablet_bootstrap.cc:492] T f6ff5443bbcf4154b5581d39fad81170 P 3636bbf6da934b37a70a6491ef5da328: No bootstrap required, opened a new log
I20260709 12:12:50.621133 22089 ts_tablet_manager.cc:1403] T f6ff5443bbcf4154b5581d39fad81170 P 3636bbf6da934b37a70a6491ef5da328: Time spent bootstrapping tablet: real 0.044s	user 0.006s	sys 0.018s
I20260709 12:12:50.620373 22211 consensus_queue.cc:237] T 1d7c29c1420241e6808448d770afd291 P 28344c532b3b4037b0ce4b73bcc2d33a [LEADER]: Queue going to LEADER mode. State: All replicated index: 0, Majority replicated index: 0, Committed index: 0, Last appended: 0.0, Last appended by leader: 0, Current term: 1, Majority size: 2, State: 0, Mode: LEADER, active raft config: opid_index: -1 OBSOLETE_local: false peers { permanent_uuid: "3636bbf6da934b37a70a6491ef5da328" member_type: VOTER last_known_addr { host: "127.20.66.129" port: 34697 } } peers { permanent_uuid: "c5f7f38c3db149b494c97053ef58d33e" member_type: VOTER last_known_addr { host: "127.20.66.130" port: 32923 } } peers { permanent_uuid: "28344c532b3b4037b0ce4b73bcc2d33a" member_type: VOTER last_known_addr { host: "127.20.66.131" port: 42735 } }
I20260709 12:12:50.623625 22089 raft_consensus.cc:359] T f6ff5443bbcf4154b5581d39fad81170 P 3636bbf6da934b37a70a6491ef5da328 [term 0 FOLLOWER]: Replica starting. Triggering 0 pending ops. Active config: opid_index: -1 OBSOLETE_local: false peers { permanent_uuid: "3636bbf6da934b37a70a6491ef5da328" member_type: VOTER last_known_addr { host: "127.20.66.129" port: 34697 } } peers { permanent_uuid: "c5f7f38c3db149b494c97053ef58d33e" member_type: VOTER last_known_addr { host: "127.20.66.130" port: 32923 } } peers { permanent_uuid: "28344c532b3b4037b0ce4b73bcc2d33a" member_type: VOTER last_known_addr { host: "127.20.66.131" port: 42735 } }
I20260709 12:12:50.624258 22089 raft_consensus.cc:385] T f6ff5443bbcf4154b5581d39fad81170 P 3636bbf6da934b37a70a6491ef5da328 [term 0 FOLLOWER]: Consensus starting up: Expiring failure detector timer to make a prompt election more likely
I20260709 12:12:50.624517 22089 raft_consensus.cc:740] T f6ff5443bbcf4154b5581d39fad81170 P 3636bbf6da934b37a70a6491ef5da328 [term 0 FOLLOWER]: Becoming Follower/Learner. State: Replica: 3636bbf6da934b37a70a6491ef5da328, State: Initialized, Role: FOLLOWER
I20260709 12:12:50.625113 22089 consensus_queue.cc:260] T f6ff5443bbcf4154b5581d39fad81170 P 3636bbf6da934b37a70a6491ef5da328 [NON_LEADER]: Queue going to NON_LEADER mode. State: All replicated index: 0, Majority replicated index: 0, Committed index: 0, Last appended: 0.0, Last appended by leader: 0, Current term: 0, Majority size: -1, State: 0, Mode: NON_LEADER, active raft config: opid_index: -1 OBSOLETE_local: false peers { permanent_uuid: "3636bbf6da934b37a70a6491ef5da328" member_type: VOTER last_known_addr { host: "127.20.66.129" port: 34697 } } peers { permanent_uuid: "c5f7f38c3db149b494c97053ef58d33e" member_type: VOTER last_known_addr { host: "127.20.66.130" port: 32923 } } peers { permanent_uuid: "28344c532b3b4037b0ce4b73bcc2d33a" member_type: VOTER last_known_addr { host: "127.20.66.131" port: 42735 } }
I20260709 12:12:50.627050 22089 ts_tablet_manager.cc:1434] T f6ff5443bbcf4154b5581d39fad81170 P 3636bbf6da934b37a70a6491ef5da328: Time spent starting tablet: real 0.006s	user 0.002s	sys 0.002s
I20260709 12:12:50.629732 22089 tablet_bootstrap.cc:492] T 6788bd63e90b491ea50032742b3e2c59 P 3636bbf6da934b37a70a6491ef5da328: Bootstrap starting.
I20260709 12:12:50.635113 22353 raft_consensus.cc:493] T a455b6b125f6477681b618e01b0771f2 P c5f7f38c3db149b494c97053ef58d33e [term 0 FOLLOWER]: Starting pre-election (no leader contacted us within the election timeout)
I20260709 12:12:50.635520 22089 tablet_bootstrap.cc:654] T 6788bd63e90b491ea50032742b3e2c59 P 3636bbf6da934b37a70a6491ef5da328: Neither blocks nor log segments found. Creating new log.
I20260709 12:12:50.638854 21898 raft_consensus.cc:3060] T d150734f19694d779373b37720babc8d P 3636bbf6da934b37a70a6491ef5da328 [term 0 FOLLOWER]: Advancing to term 1
I20260709 12:12:50.640511 22088 tablet_bootstrap.cc:492] T 8639236b6e5045289a693e711cc516bc P 28344c532b3b4037b0ce4b73bcc2d33a: No bootstrap required, opened a new log
I20260709 12:12:50.640924 22088 ts_tablet_manager.cc:1403] T 8639236b6e5045289a693e711cc516bc P 28344c532b3b4037b0ce4b73bcc2d33a: Time spent bootstrapping tablet: real 0.042s	user 0.013s	sys 0.003s
I20260709 12:12:50.643872 22088 raft_consensus.cc:359] T 8639236b6e5045289a693e711cc516bc P 28344c532b3b4037b0ce4b73bcc2d33a [term 0 FOLLOWER]: Replica starting. Triggering 0 pending ops. Active config: opid_index: -1 OBSOLETE_local: false peers { permanent_uuid: "3636bbf6da934b37a70a6491ef5da328" member_type: VOTER last_known_addr { host: "127.20.66.129" port: 34697 } } peers { permanent_uuid: "c5f7f38c3db149b494c97053ef58d33e" member_type: VOTER last_known_addr { host: "127.20.66.130" port: 32923 } } peers { permanent_uuid: "28344c532b3b4037b0ce4b73bcc2d33a" member_type: VOTER last_known_addr { host: "127.20.66.131" port: 42735 } }
I20260709 12:12:50.644533 22088 raft_consensus.cc:385] T 8639236b6e5045289a693e711cc516bc P 28344c532b3b4037b0ce4b73bcc2d33a [term 0 FOLLOWER]: Consensus starting up: Expiring failure detector timer to make a prompt election more likely
I20260709 12:12:50.644821 22088 raft_consensus.cc:740] T 8639236b6e5045289a693e711cc516bc P 28344c532b3b4037b0ce4b73bcc2d33a [term 0 FOLLOWER]: Becoming Follower/Learner. State: Replica: 28344c532b3b4037b0ce4b73bcc2d33a, State: Initialized, Role: FOLLOWER
I20260709 12:12:50.644958 22353 raft_consensus.cc:515] T a455b6b125f6477681b618e01b0771f2 P c5f7f38c3db149b494c97053ef58d33e [term 0 FOLLOWER]: Starting pre-election with config: opid_index: -1 OBSOLETE_local: false peers { permanent_uuid: "3636bbf6da934b37a70a6491ef5da328" member_type: VOTER last_known_addr { host: "127.20.66.129" port: 34697 } } peers { permanent_uuid: "c5f7f38c3db149b494c97053ef58d33e" member_type: VOTER last_known_addr { host: "127.20.66.130" port: 32923 } } peers { permanent_uuid: "28344c532b3b4037b0ce4b73bcc2d33a" member_type: VOTER last_known_addr { host: "127.20.66.131" port: 42735 } }
I20260709 12:12:50.645455 22088 consensus_queue.cc:260] T 8639236b6e5045289a693e711cc516bc P 28344c532b3b4037b0ce4b73bcc2d33a [NON_LEADER]: Queue going to NON_LEADER mode. State: All replicated index: 0, Majority replicated index: 0, Committed index: 0, Last appended: 0.0, Last appended by leader: 0, Current term: 0, Majority size: -1, State: 0, Mode: NON_LEADER, active raft config: opid_index: -1 OBSOLETE_local: false peers { permanent_uuid: "3636bbf6da934b37a70a6491ef5da328" member_type: VOTER last_known_addr { host: "127.20.66.129" port: 34697 } } peers { permanent_uuid: "c5f7f38c3db149b494c97053ef58d33e" member_type: VOTER last_known_addr { host: "127.20.66.130" port: 32923 } } peers { permanent_uuid: "28344c532b3b4037b0ce4b73bcc2d33a" member_type: VOTER last_known_addr { host: "127.20.66.131" port: 42735 } }
I20260709 12:12:50.647200 22092 tablet_bootstrap.cc:492] T cc914029cb024bd08e237efcbdc7734b P c5f7f38c3db149b494c97053ef58d33e: No bootstrap required, opened a new log
I20260709 12:12:50.647310 22353 leader_election.cc:290] T a455b6b125f6477681b618e01b0771f2 P c5f7f38c3db149b494c97053ef58d33e [CANDIDATE]: Term 1 pre-election: Requested pre-vote from peers 3636bbf6da934b37a70a6491ef5da328 (127.20.66.129:34697), 28344c532b3b4037b0ce4b73bcc2d33a (127.20.66.131:42735)
I20260709 12:12:50.647641 22092 ts_tablet_manager.cc:1403] T cc914029cb024bd08e237efcbdc7734b P c5f7f38c3db149b494c97053ef58d33e: Time spent bootstrapping tablet: real 0.083s	user 0.014s	sys 0.004s
I20260709 12:12:50.648070 21899 tablet_service.cc:1917] Received RequestConsensusVote() RPC: tablet_id: "a455b6b125f6477681b618e01b0771f2" candidate_uuid: "c5f7f38c3db149b494c97053ef58d33e" candidate_term: 1 candidate_status { last_received { term: 0 index: 0 } } ignore_live_leader: false dest_uuid: "3636bbf6da934b37a70a6491ef5da328" is_pre_election: true
I20260709 12:12:50.649101 22044 tablet_service.cc:1917] Received RequestConsensusVote() RPC: tablet_id: "a455b6b125f6477681b618e01b0771f2" candidate_uuid: "c5f7f38c3db149b494c97053ef58d33e" candidate_term: 1 candidate_status { last_received { term: 0 index: 0 } } ignore_live_leader: false dest_uuid: "28344c532b3b4037b0ce4b73bcc2d33a" is_pre_election: true
I20260709 12:12:50.647696 22088 ts_tablet_manager.cc:1434] T 8639236b6e5045289a693e711cc516bc P 28344c532b3b4037b0ce4b73bcc2d33a: Time spent starting tablet: real 0.007s	user 0.008s	sys 0.000s
I20260709 12:12:50.649708 22044 raft_consensus.cc:2468] T a455b6b125f6477681b618e01b0771f2 P 28344c532b3b4037b0ce4b73bcc2d33a [term 0 FOLLOWER]: Leader pre-election vote request: Granting yes vote for candidate c5f7f38c3db149b494c97053ef58d33e in term 0.
I20260709 12:12:50.650530 22088 tablet_bootstrap.cc:492] T 5b67e24d65f741d48dffc05de64407b3 P 28344c532b3b4037b0ce4b73bcc2d33a: Bootstrap starting.
I20260709 12:12:50.653373 22089 tablet_bootstrap.cc:492] T 6788bd63e90b491ea50032742b3e2c59 P 3636bbf6da934b37a70a6491ef5da328: No bootstrap required, opened a new log
I20260709 12:12:50.653812 22089 ts_tablet_manager.cc:1403] T 6788bd63e90b491ea50032742b3e2c59 P 3636bbf6da934b37a70a6491ef5da328: Time spent bootstrapping tablet: real 0.024s	user 0.008s	sys 0.000s
W20260709 12:12:50.653822 21941 leader_election.cc:343] T a455b6b125f6477681b618e01b0771f2 P c5f7f38c3db149b494c97053ef58d33e [CANDIDATE]: Term 1 pre-election: Tablet error from VoteRequest() call to peer 3636bbf6da934b37a70a6491ef5da328 (127.20.66.129:34697): Illegal state: must be running to vote when last-logged opid is not known
I20260709 12:12:50.656427 22089 raft_consensus.cc:359] T 6788bd63e90b491ea50032742b3e2c59 P 3636bbf6da934b37a70a6491ef5da328 [term 0 FOLLOWER]: Replica starting. Triggering 0 pending ops. Active config: opid_index: -1 OBSOLETE_local: false peers { permanent_uuid: "3636bbf6da934b37a70a6491ef5da328" member_type: VOTER last_known_addr { host: "127.20.66.129" port: 34697 } } peers { permanent_uuid: "c5f7f38c3db149b494c97053ef58d33e" member_type: VOTER last_known_addr { host: "127.20.66.130" port: 32923 } } peers { permanent_uuid: "28344c532b3b4037b0ce4b73bcc2d33a" member_type: VOTER last_known_addr { host: "127.20.66.131" port: 42735 } }
I20260709 12:12:50.656809 21974 raft_consensus.cc:1275] T 9464ac4bb1ed43fa9a331f4c30f3390d P c5f7f38c3db149b494c97053ef58d33e [term 2 FOLLOWER]: Refusing update from remote peer 28344c532b3b4037b0ce4b73bcc2d33a: Log matching property violated. Preceding OpId in replica: term: 1 index: 1. Preceding OpId from leader: term: 2 index: 2. (index mismatch)
I20260709 12:12:50.657059 22089 raft_consensus.cc:385] T 6788bd63e90b491ea50032742b3e2c59 P 3636bbf6da934b37a70a6491ef5da328 [term 0 FOLLOWER]: Consensus starting up: Expiring failure detector timer to make a prompt election more likely
I20260709 12:12:50.657289 22088 tablet_bootstrap.cc:654] T 5b67e24d65f741d48dffc05de64407b3 P 28344c532b3b4037b0ce4b73bcc2d33a: Neither blocks nor log segments found. Creating new log.
I20260709 12:12:50.657378 22089 raft_consensus.cc:740] T 6788bd63e90b491ea50032742b3e2c59 P 3636bbf6da934b37a70a6491ef5da328 [term 0 FOLLOWER]: Becoming Follower/Learner. State: Replica: 3636bbf6da934b37a70a6491ef5da328, State: Initialized, Role: FOLLOWER
I20260709 12:12:50.658114 22089 consensus_queue.cc:260] T 6788bd63e90b491ea50032742b3e2c59 P 3636bbf6da934b37a70a6491ef5da328 [NON_LEADER]: Queue going to NON_LEADER mode. State: All replicated index: 0, Majority replicated index: 0, Committed index: 0, Last appended: 0.0, Last appended by leader: 0, Current term: 0, Majority size: -1, State: 0, Mode: NON_LEADER, active raft config: opid_index: -1 OBSOLETE_local: false peers { permanent_uuid: "3636bbf6da934b37a70a6491ef5da328" member_type: VOTER last_known_addr { host: "127.20.66.129" port: 34697 } } peers { permanent_uuid: "c5f7f38c3db149b494c97053ef58d33e" member_type: VOTER last_known_addr { host: "127.20.66.130" port: 32923 } } peers { permanent_uuid: "28344c532b3b4037b0ce4b73bcc2d33a" member_type: VOTER last_known_addr { host: "127.20.66.131" port: 42735 } }
I20260709 12:12:50.660333 22089 ts_tablet_manager.cc:1434] T 6788bd63e90b491ea50032742b3e2c59 P 3636bbf6da934b37a70a6491ef5da328: Time spent starting tablet: real 0.006s	user 0.004s	sys 0.004s
I20260709 12:12:50.661633 22089 tablet_bootstrap.cc:492] T d0cdca267d4f48f091d197f80d6d9c3a P 3636bbf6da934b37a70a6491ef5da328: Bootstrap starting.
I20260709 12:12:50.666389 22092 raft_consensus.cc:359] T cc914029cb024bd08e237efcbdc7734b P c5f7f38c3db149b494c97053ef58d33e [term 0 FOLLOWER]: Replica starting. Triggering 0 pending ops. Active config: opid_index: -1 OBSOLETE_local: false peers { permanent_uuid: "3636bbf6da934b37a70a6491ef5da328" member_type: VOTER last_known_addr { host: "127.20.66.129" port: 34697 } } peers { permanent_uuid: "c5f7f38c3db149b494c97053ef58d33e" member_type: VOTER last_known_addr { host: "127.20.66.130" port: 32923 } } peers { permanent_uuid: "28344c532b3b4037b0ce4b73bcc2d33a" member_type: VOTER last_known_addr { host: "127.20.66.131" port: 42735 } }
I20260709 12:12:50.667157 22092 raft_consensus.cc:385] T cc914029cb024bd08e237efcbdc7734b P c5f7f38c3db149b494c97053ef58d33e [term 0 FOLLOWER]: Consensus starting up: Expiring failure detector timer to make a prompt election more likely
I20260709 12:12:50.667457 22092 raft_consensus.cc:740] T cc914029cb024bd08e237efcbdc7734b P c5f7f38c3db149b494c97053ef58d33e [term 0 FOLLOWER]: Becoming Follower/Learner. State: Replica: c5f7f38c3db149b494c97053ef58d33e, State: Initialized, Role: FOLLOWER
I20260709 12:12:50.668115 22092 consensus_queue.cc:260] T cc914029cb024bd08e237efcbdc7734b P c5f7f38c3db149b494c97053ef58d33e [NON_LEADER]: Queue going to NON_LEADER mode. State: All replicated index: 0, Majority replicated index: 0, Committed index: 0, Last appended: 0.0, Last appended by leader: 0, Current term: 0, Majority size: -1, State: 0, Mode: NON_LEADER, active raft config: opid_index: -1 OBSOLETE_local: false peers { permanent_uuid: "3636bbf6da934b37a70a6491ef5da328" member_type: VOTER last_known_addr { host: "127.20.66.129" port: 34697 } } peers { permanent_uuid: "c5f7f38c3db149b494c97053ef58d33e" member_type: VOTER last_known_addr { host: "127.20.66.130" port: 32923 } } peers { permanent_uuid: "28344c532b3b4037b0ce4b73bcc2d33a" member_type: VOTER last_known_addr { host: "127.20.66.131" port: 42735 } }
I20260709 12:12:50.668408 22396 consensus_queue.cc:1048] T 9464ac4bb1ed43fa9a331f4c30f3390d P 28344c532b3b4037b0ce4b73bcc2d33a [LEADER]: Connected to new peer: Peer: permanent_uuid: "c5f7f38c3db149b494c97053ef58d33e" member_type: VOTER last_known_addr { host: "127.20.66.130" port: 32923 }, Status: LMP_MISMATCH, Last received: 0.0, Next index: 2, Last known committed idx: 1, Time since last communication: 0.000s
I20260709 12:12:50.670229 22092 ts_tablet_manager.cc:1434] T cc914029cb024bd08e237efcbdc7734b P c5f7f38c3db149b494c97053ef58d33e: Time spent starting tablet: real 0.022s	user 0.004s	sys 0.000s
I20260709 12:12:50.670346 22088 tablet_bootstrap.cc:492] T 5b67e24d65f741d48dffc05de64407b3 P 28344c532b3b4037b0ce4b73bcc2d33a: No bootstrap required, opened a new log
I20260709 12:12:50.670758 22088 ts_tablet_manager.cc:1403] T 5b67e24d65f741d48dffc05de64407b3 P 28344c532b3b4037b0ce4b73bcc2d33a: Time spent bootstrapping tablet: real 0.020s	user 0.016s	sys 0.000s
I20260709 12:12:50.671141 22092 tablet_bootstrap.cc:492] T d7679be1c7894784929323a5e86932b7 P c5f7f38c3db149b494c97053ef58d33e: Bootstrap starting.
I20260709 12:12:50.673264 22088 raft_consensus.cc:359] T 5b67e24d65f741d48dffc05de64407b3 P 28344c532b3b4037b0ce4b73bcc2d33a [term 0 FOLLOWER]: Replica starting. Triggering 0 pending ops. Active config: opid_index: -1 OBSOLETE_local: false peers { permanent_uuid: "3636bbf6da934b37a70a6491ef5da328" member_type: VOTER last_known_addr { host: "127.20.66.129" port: 34697 } } peers { permanent_uuid: "c5f7f38c3db149b494c97053ef58d33e" member_type: VOTER last_known_addr { host: "127.20.66.130" port: 32923 } } peers { permanent_uuid: "28344c532b3b4037b0ce4b73bcc2d33a" member_type: VOTER last_known_addr { host: "127.20.66.131" port: 42735 } }
I20260709 12:12:50.673931 22088 raft_consensus.cc:385] T 5b67e24d65f741d48dffc05de64407b3 P 28344c532b3b4037b0ce4b73bcc2d33a [term 0 FOLLOWER]: Consensus starting up: Expiring failure detector timer to make a prompt election more likely
I20260709 12:12:50.674216 22088 raft_consensus.cc:740] T 5b67e24d65f741d48dffc05de64407b3 P 28344c532b3b4037b0ce4b73bcc2d33a [term 0 FOLLOWER]: Becoming Follower/Learner. State: Replica: 28344c532b3b4037b0ce4b73bcc2d33a, State: Initialized, Role: FOLLOWER
I20260709 12:12:50.674891 22088 consensus_queue.cc:260] T 5b67e24d65f741d48dffc05de64407b3 P 28344c532b3b4037b0ce4b73bcc2d33a [NON_LEADER]: Queue going to NON_LEADER mode. State: All replicated index: 0, Majority replicated index: 0, Committed index: 0, Last appended: 0.0, Last appended by leader: 0, Current term: 0, Majority size: -1, State: 0, Mode: NON_LEADER, active raft config: opid_index: -1 OBSOLETE_local: false peers { permanent_uuid: "3636bbf6da934b37a70a6491ef5da328" member_type: VOTER last_known_addr { host: "127.20.66.129" port: 34697 } } peers { permanent_uuid: "c5f7f38c3db149b494c97053ef58d33e" member_type: VOTER last_known_addr { host: "127.20.66.130" port: 32923 } } peers { permanent_uuid: "28344c532b3b4037b0ce4b73bcc2d33a" member_type: VOTER last_known_addr { host: "127.20.66.131" port: 42735 } }
I20260709 12:12:50.678002 22088 ts_tablet_manager.cc:1434] T 5b67e24d65f741d48dffc05de64407b3 P 28344c532b3b4037b0ce4b73bcc2d33a: Time spent starting tablet: real 0.007s	user 0.006s	sys 0.000s
I20260709 12:12:50.679159 22092 tablet_bootstrap.cc:654] T d7679be1c7894784929323a5e86932b7 P c5f7f38c3db149b494c97053ef58d33e: Neither blocks nor log segments found. Creating new log.
I20260709 12:12:50.679685 21940 leader_election.cc:304] T a455b6b125f6477681b618e01b0771f2 P c5f7f38c3db149b494c97053ef58d33e [CANDIDATE]: Term 1 pre-election: Election decided. Result: candidate won. Election summary: received 3 responses out of 3 voters: 2 yes votes; 1 no votes. yes voters: 28344c532b3b4037b0ce4b73bcc2d33a, c5f7f38c3db149b494c97053ef58d33e; no voters: 3636bbf6da934b37a70a6491ef5da328
I20260709 12:12:50.680742 22089 tablet_bootstrap.cc:654] T d0cdca267d4f48f091d197f80d6d9c3a P 3636bbf6da934b37a70a6491ef5da328: Neither blocks nor log segments found. Creating new log.
I20260709 12:12:50.683655 22139 raft_consensus.cc:2804] T a455b6b125f6477681b618e01b0771f2 P c5f7f38c3db149b494c97053ef58d33e [term 0 FOLLOWER]: Leader pre-election won for term 1
I20260709 12:12:50.684175 22139 raft_consensus.cc:493] T a455b6b125f6477681b618e01b0771f2 P c5f7f38c3db149b494c97053ef58d33e [term 0 FOLLOWER]: Starting leader election (no leader contacted us within the election timeout)
I20260709 12:12:50.684533 22088 tablet_bootstrap.cc:492] T cc914029cb024bd08e237efcbdc7734b P 28344c532b3b4037b0ce4b73bcc2d33a: Bootstrap starting.
I20260709 12:12:50.684787 22139 raft_consensus.cc:3060] T a455b6b125f6477681b618e01b0771f2 P c5f7f38c3db149b494c97053ef58d33e [term 0 FOLLOWER]: Advancing to term 1
I20260709 12:12:50.690899 22092 tablet_bootstrap.cc:492] T d7679be1c7894784929323a5e86932b7 P c5f7f38c3db149b494c97053ef58d33e: No bootstrap required, opened a new log
I20260709 12:12:50.691402 22092 ts_tablet_manager.cc:1403] T d7679be1c7894784929323a5e86932b7 P c5f7f38c3db149b494c97053ef58d33e: Time spent bootstrapping tablet: real 0.020s	user 0.008s	sys 0.008s
I20260709 12:12:50.694296 22092 raft_consensus.cc:359] T d7679be1c7894784929323a5e86932b7 P c5f7f38c3db149b494c97053ef58d33e [term 0 FOLLOWER]: Replica starting. Triggering 0 pending ops. Active config: opid_index: -1 OBSOLETE_local: false peers { permanent_uuid: "3636bbf6da934b37a70a6491ef5da328" member_type: VOTER last_known_addr { host: "127.20.66.129" port: 34697 } } peers { permanent_uuid: "c5f7f38c3db149b494c97053ef58d33e" member_type: VOTER last_known_addr { host: "127.20.66.130" port: 32923 } } peers { permanent_uuid: "28344c532b3b4037b0ce4b73bcc2d33a" member_type: VOTER last_known_addr { host: "127.20.66.131" port: 42735 } }
I20260709 12:12:50.694947 22092 raft_consensus.cc:385] T d7679be1c7894784929323a5e86932b7 P c5f7f38c3db149b494c97053ef58d33e [term 0 FOLLOWER]: Consensus starting up: Expiring failure detector timer to make a prompt election more likely
I20260709 12:12:50.695202 22092 raft_consensus.cc:740] T d7679be1c7894784929323a5e86932b7 P c5f7f38c3db149b494c97053ef58d33e [term 0 FOLLOWER]: Becoming Follower/Learner. State: Replica: c5f7f38c3db149b494c97053ef58d33e, State: Initialized, Role: FOLLOWER
I20260709 12:12:50.695794 22092 consensus_queue.cc:260] T d7679be1c7894784929323a5e86932b7 P c5f7f38c3db149b494c97053ef58d33e [NON_LEADER]: Queue going to NON_LEADER mode. State: All replicated index: 0, Majority replicated index: 0, Committed index: 0, Last appended: 0.0, Last appended by leader: 0, Current term: 0, Majority size: -1, State: 0, Mode: NON_LEADER, active raft config: opid_index: -1 OBSOLETE_local: false peers { permanent_uuid: "3636bbf6da934b37a70a6491ef5da328" member_type: VOTER last_known_addr { host: "127.20.66.129" port: 34697 } } peers { permanent_uuid: "c5f7f38c3db149b494c97053ef58d33e" member_type: VOTER last_known_addr { host: "127.20.66.130" port: 32923 } } peers { permanent_uuid: "28344c532b3b4037b0ce4b73bcc2d33a" member_type: VOTER last_known_addr { host: "127.20.66.131" port: 42735 } }
I20260709 12:12:50.697683 22092 ts_tablet_manager.cc:1434] T d7679be1c7894784929323a5e86932b7 P c5f7f38c3db149b494c97053ef58d33e: Time spent starting tablet: real 0.006s	user 0.002s	sys 0.001s
I20260709 12:12:50.698616 22092 tablet_bootstrap.cc:492] T 7db69884b1164362818afb2d439ae0b8 P c5f7f38c3db149b494c97053ef58d33e: Bootstrap starting.
I20260709 12:12:50.700976 22088 tablet_bootstrap.cc:654] T cc914029cb024bd08e237efcbdc7734b P 28344c532b3b4037b0ce4b73bcc2d33a: Neither blocks nor log segments found. Creating new log.
I20260709 12:12:50.707125 22092 tablet_bootstrap.cc:654] T 7db69884b1164362818afb2d439ae0b8 P c5f7f38c3db149b494c97053ef58d33e: Neither blocks nor log segments found. Creating new log.
I20260709 12:12:50.714226 22089 tablet_bootstrap.cc:492] T d0cdca267d4f48f091d197f80d6d9c3a P 3636bbf6da934b37a70a6491ef5da328: No bootstrap required, opened a new log
I20260709 12:12:50.714653 22089 ts_tablet_manager.cc:1403] T d0cdca267d4f48f091d197f80d6d9c3a P 3636bbf6da934b37a70a6491ef5da328: Time spent bootstrapping tablet: real 0.053s	user 0.010s	sys 0.003s
I20260709 12:12:50.716125 21899 raft_consensus.cc:1275] T 9464ac4bb1ed43fa9a331f4c30f3390d P 3636bbf6da934b37a70a6491ef5da328 [term 2 FOLLOWER]: Refusing update from remote peer 28344c532b3b4037b0ce4b73bcc2d33a: Log matching property violated. Preceding OpId in replica: term: 0 index: 0. Preceding OpId from leader: term: 2 index: 2. (index mismatch)
I20260709 12:12:50.717336 22089 raft_consensus.cc:359] T d0cdca267d4f48f091d197f80d6d9c3a P 3636bbf6da934b37a70a6491ef5da328 [term 0 FOLLOWER]: Replica starting. Triggering 0 pending ops. Active config: opid_index: -1 OBSOLETE_local: false peers { permanent_uuid: "3636bbf6da934b37a70a6491ef5da328" member_type: VOTER last_known_addr { host: "127.20.66.129" port: 34697 } } peers { permanent_uuid: "c5f7f38c3db149b494c97053ef58d33e" member_type: VOTER last_known_addr { host: "127.20.66.130" port: 32923 } } peers { permanent_uuid: "28344c532b3b4037b0ce4b73bcc2d33a" member_type: VOTER last_known_addr { host: "127.20.66.131" port: 42735 } }
I20260709 12:12:50.718205 22089 raft_consensus.cc:385] T d0cdca267d4f48f091d197f80d6d9c3a P 3636bbf6da934b37a70a6491ef5da328 [term 0 FOLLOWER]: Consensus starting up: Expiring failure detector timer to make a prompt election more likely
I20260709 12:12:50.718537 22089 raft_consensus.cc:740] T d0cdca267d4f48f091d197f80d6d9c3a P 3636bbf6da934b37a70a6491ef5da328 [term 0 FOLLOWER]: Becoming Follower/Learner. State: Replica: 3636bbf6da934b37a70a6491ef5da328, State: Initialized, Role: FOLLOWER
I20260709 12:12:50.719273 22089 consensus_queue.cc:260] T d0cdca267d4f48f091d197f80d6d9c3a P 3636bbf6da934b37a70a6491ef5da328 [NON_LEADER]: Queue going to NON_LEADER mode. State: All replicated index: 0, Majority replicated index: 0, Committed index: 0, Last appended: 0.0, Last appended by leader: 0, Current term: 0, Majority size: -1, State: 0, Mode: NON_LEADER, active raft config: opid_index: -1 OBSOLETE_local: false peers { permanent_uuid: "3636bbf6da934b37a70a6491ef5da328" member_type: VOTER last_known_addr { host: "127.20.66.129" port: 34697 } } peers { permanent_uuid: "c5f7f38c3db149b494c97053ef58d33e" member_type: VOTER last_known_addr { host: "127.20.66.130" port: 32923 } } peers { permanent_uuid: "28344c532b3b4037b0ce4b73bcc2d33a" member_type: VOTER last_known_addr { host: "127.20.66.131" port: 42735 } }
I20260709 12:12:50.720450 22211 consensus_queue.cc:1048] T 9464ac4bb1ed43fa9a331f4c30f3390d P 28344c532b3b4037b0ce4b73bcc2d33a [LEADER]: Connected to new peer: Peer: permanent_uuid: "3636bbf6da934b37a70a6491ef5da328" member_type: VOTER last_known_addr { host: "127.20.66.129" port: 34697 }, Status: LMP_MISMATCH, Last received: 0.0, Next index: 2, Last known committed idx: 0, Time since last communication: 0.000s
I20260709 12:12:50.721429 22089 ts_tablet_manager.cc:1434] T d0cdca267d4f48f091d197f80d6d9c3a P 3636bbf6da934b37a70a6491ef5da328: Time spent starting tablet: real 0.007s	user 0.007s	sys 0.000s
I20260709 12:12:50.721706 22092 tablet_bootstrap.cc:492] T 7db69884b1164362818afb2d439ae0b8 P c5f7f38c3db149b494c97053ef58d33e: No bootstrap required, opened a new log
I20260709 12:12:50.722110 22092 ts_tablet_manager.cc:1403] T 7db69884b1164362818afb2d439ae0b8 P c5f7f38c3db149b494c97053ef58d33e: Time spent bootstrapping tablet: real 0.024s	user 0.004s	sys 0.010s
I20260709 12:12:50.722296 22089 tablet_bootstrap.cc:492] T de157c5deb394e89bedb6a9673b99b92 P 3636bbf6da934b37a70a6491ef5da328: Bootstrap starting.
I20260709 12:12:50.724524 22092 raft_consensus.cc:359] T 7db69884b1164362818afb2d439ae0b8 P c5f7f38c3db149b494c97053ef58d33e [term 0 FOLLOWER]: Replica starting. Triggering 0 pending ops. Active config: opid_index: -1 OBSOLETE_local: false peers { permanent_uuid: "3636bbf6da934b37a70a6491ef5da328" member_type: VOTER last_known_addr { host: "127.20.66.129" port: 34697 } } peers { permanent_uuid: "c5f7f38c3db149b494c97053ef58d33e" member_type: VOTER last_known_addr { host: "127.20.66.130" port: 32923 } } peers { permanent_uuid: "28344c532b3b4037b0ce4b73bcc2d33a" member_type: VOTER last_known_addr { host: "127.20.66.131" port: 42735 } }
I20260709 12:12:50.725112 22092 raft_consensus.cc:385] T 7db69884b1164362818afb2d439ae0b8 P c5f7f38c3db149b494c97053ef58d33e [term 0 FOLLOWER]: Consensus starting up: Expiring failure detector timer to make a prompt election more likely
I20260709 12:12:50.725346 22092 raft_consensus.cc:740] T 7db69884b1164362818afb2d439ae0b8 P c5f7f38c3db149b494c97053ef58d33e [term 0 FOLLOWER]: Becoming Follower/Learner. State: Replica: c5f7f38c3db149b494c97053ef58d33e, State: Initialized, Role: FOLLOWER
I20260709 12:12:50.725864 22092 consensus_queue.cc:260] T 7db69884b1164362818afb2d439ae0b8 P c5f7f38c3db149b494c97053ef58d33e [NON_LEADER]: Queue going to NON_LEADER mode. State: All replicated index: 0, Majority replicated index: 0, Committed index: 0, Last appended: 0.0, Last appended by leader: 0, Current term: 0, Majority size: -1, State: 0, Mode: NON_LEADER, active raft config: opid_index: -1 OBSOLETE_local: false peers { permanent_uuid: "3636bbf6da934b37a70a6491ef5da328" member_type: VOTER last_known_addr { host: "127.20.66.129" port: 34697 } } peers { permanent_uuid: "c5f7f38c3db149b494c97053ef58d33e" member_type: VOTER last_known_addr { host: "127.20.66.130" port: 32923 } } peers { permanent_uuid: "28344c532b3b4037b0ce4b73bcc2d33a" member_type: VOTER last_known_addr { host: "127.20.66.131" port: 42735 } }
I20260709 12:12:50.727226 22092 ts_tablet_manager.cc:1434] T 7db69884b1164362818afb2d439ae0b8 P c5f7f38c3db149b494c97053ef58d33e: Time spent starting tablet: real 0.005s	user 0.003s	sys 0.000s
I20260709 12:12:50.733502 22088 tablet_bootstrap.cc:492] T cc914029cb024bd08e237efcbdc7734b P 28344c532b3b4037b0ce4b73bcc2d33a: No bootstrap required, opened a new log
I20260709 12:12:50.733982 22088 ts_tablet_manager.cc:1403] T cc914029cb024bd08e237efcbdc7734b P 28344c532b3b4037b0ce4b73bcc2d33a: Time spent bootstrapping tablet: real 0.050s	user 0.011s	sys 0.001s
I20260709 12:12:50.736500 22088 raft_consensus.cc:359] T cc914029cb024bd08e237efcbdc7734b P 28344c532b3b4037b0ce4b73bcc2d33a [term 0 FOLLOWER]: Replica starting. Triggering 0 pending ops. Active config: opid_index: -1 OBSOLETE_local: false peers { permanent_uuid: "3636bbf6da934b37a70a6491ef5da328" member_type: VOTER last_known_addr { host: "127.20.66.129" port: 34697 } } peers { permanent_uuid: "c5f7f38c3db149b494c97053ef58d33e" member_type: VOTER last_known_addr { host: "127.20.66.130" port: 32923 } } peers { permanent_uuid: "28344c532b3b4037b0ce4b73bcc2d33a" member_type: VOTER last_known_addr { host: "127.20.66.131" port: 42735 } }
I20260709 12:12:50.737171 22088 raft_consensus.cc:385] T cc914029cb024bd08e237efcbdc7734b P 28344c532b3b4037b0ce4b73bcc2d33a [term 0 FOLLOWER]: Consensus starting up: Expiring failure detector timer to make a prompt election more likely
I20260709 12:12:50.737427 22088 raft_consensus.cc:740] T cc914029cb024bd08e237efcbdc7734b P 28344c532b3b4037b0ce4b73bcc2d33a [term 0 FOLLOWER]: Becoming Follower/Learner. State: Replica: 28344c532b3b4037b0ce4b73bcc2d33a, State: Initialized, Role: FOLLOWER
I20260709 12:12:50.738131 22088 consensus_queue.cc:260] T cc914029cb024bd08e237efcbdc7734b P 28344c532b3b4037b0ce4b73bcc2d33a [NON_LEADER]: Queue going to NON_LEADER mode. State: All replicated index: 0, Majority replicated index: 0, Committed index: 0, Last appended: 0.0, Last appended by leader: 0, Current term: 0, Majority size: -1, State: 0, Mode: NON_LEADER, active raft config: opid_index: -1 OBSOLETE_local: false peers { permanent_uuid: "3636bbf6da934b37a70a6491ef5da328" member_type: VOTER last_known_addr { host: "127.20.66.129" port: 34697 } } peers { permanent_uuid: "c5f7f38c3db149b494c97053ef58d33e" member_type: VOTER last_known_addr { host: "127.20.66.130" port: 32923 } } peers { permanent_uuid: "28344c532b3b4037b0ce4b73bcc2d33a" member_type: VOTER last_known_addr { host: "127.20.66.131" port: 42735 } }
I20260709 12:12:50.743003 22088 ts_tablet_manager.cc:1434] T cc914029cb024bd08e237efcbdc7734b P 28344c532b3b4037b0ce4b73bcc2d33a: Time spent starting tablet: real 0.009s	user 0.007s	sys 0.002s
I20260709 12:12:50.743961 22088 tablet_bootstrap.cc:492] T 7db69884b1164362818afb2d439ae0b8 P 28344c532b3b4037b0ce4b73bcc2d33a: Bootstrap starting.
I20260709 12:12:50.748510 22089 tablet_bootstrap.cc:654] T de157c5deb394e89bedb6a9673b99b92 P 3636bbf6da934b37a70a6491ef5da328: Neither blocks nor log segments found. Creating new log.
I20260709 12:12:50.749511 22088 tablet_bootstrap.cc:654] T 7db69884b1164362818afb2d439ae0b8 P 28344c532b3b4037b0ce4b73bcc2d33a: Neither blocks nor log segments found. Creating new log.
I20260709 12:12:50.757479 22211 raft_consensus.cc:493] T 1d22f92132904541a206f5ba991530a7 P 28344c532b3b4037b0ce4b73bcc2d33a [term 0 FOLLOWER]: Starting pre-election (no leader contacted us within the election timeout)
