I20260709 12:12:14.504782 29830 ts_tablet_manager.cc:1403] T b8add00c38b147b8b26268c04e893bd5 P 221fd228436f4826b5bf870ba1bd3357: Time spent bootstrapping tablet: real 0.025s	user 0.014s	sys 0.002s
I20260709 12:12:14.505957 29827 tablet_bootstrap.cc:654] T 52748b06d44e42a5959c126766748b71 P acda7efdd2484b4a8b0794dad55fbbe9: Neither blocks nor log segments found. Creating new log.
I20260709 12:12:14.507537 29828 ts_tablet_manager.cc:1434] T 93815f0ceac943f9b30d2bca89c0622f P b50abd00965c4377a30b7c5c7fda546e: Time spent starting tablet: real 0.010s	user 0.005s	sys 0.000s
I20260709 12:12:14.507769 29830 raft_consensus.cc:359] T b8add00c38b147b8b26268c04e893bd5 P 221fd228436f4826b5bf870ba1bd3357 [term 0 FOLLOWER]: Replica starting. Triggering 0 pending ops. Active config: opid_index: -1 OBSOLETE_local: false peers { permanent_uuid: "b50abd00965c4377a30b7c5c7fda546e" member_type: VOTER last_known_addr { host: "127.28.82.193" port: 36849 } } peers { permanent_uuid: "221fd228436f4826b5bf870ba1bd3357" member_type: VOTER last_known_addr { host: "127.28.82.194" port: 36989 } } peers { permanent_uuid: "acda7efdd2484b4a8b0794dad55fbbe9" member_type: VOTER last_known_addr { host: "127.28.82.195" port: 37583 } }
I20260709 12:12:14.508535 29828 tablet_bootstrap.cc:492] T 28977486d880465290785ab0ca64ddab P b50abd00965c4377a30b7c5c7fda546e: Bootstrap starting.
I20260709 12:12:14.508500 29830 raft_consensus.cc:385] T b8add00c38b147b8b26268c04e893bd5 P 221fd228436f4826b5bf870ba1bd3357 [term 0 FOLLOWER]: Consensus starting up: Expiring failure detector timer to make a prompt election more likely
I20260709 12:12:14.509313 29830 raft_consensus.cc:740] T b8add00c38b147b8b26268c04e893bd5 P 221fd228436f4826b5bf870ba1bd3357 [term 0 FOLLOWER]: Becoming Follower/Learner. State: Replica: 221fd228436f4826b5bf870ba1bd3357, State: Initialized, Role: FOLLOWER
I20260709 12:12:14.510146 29830 consensus_queue.cc:260] T b8add00c38b147b8b26268c04e893bd5 P 221fd228436f4826b5bf870ba1bd3357 [NON_LEADER]: Queue going to NON_LEADER mode. State: All replicated index: 0, Majority replicated index: 0, Committed index: 0, Last appended: 0.0, Last appended by leader: 0, Current term: 0, Majority size: -1, State: 0, Mode: NON_LEADER, active raft config: opid_index: -1 OBSOLETE_local: false peers { permanent_uuid: "b50abd00965c4377a30b7c5c7fda546e" member_type: VOTER last_known_addr { host: "127.28.82.193" port: 36849 } } peers { permanent_uuid: "221fd228436f4826b5bf870ba1bd3357" member_type: VOTER last_known_addr { host: "127.28.82.194" port: 36989 } } peers { permanent_uuid: "acda7efdd2484b4a8b0794dad55fbbe9" member_type: VOTER last_known_addr { host: "127.28.82.195" port: 37583 } }
I20260709 12:12:14.512480 29830 ts_tablet_manager.cc:1434] T b8add00c38b147b8b26268c04e893bd5 P 221fd228436f4826b5bf870ba1bd3357: Time spent starting tablet: real 0.007s	user 0.008s	sys 0.000s
I20260709 12:12:14.513440 29830 tablet_bootstrap.cc:492] T 1e5769fad424492f976ebbc5b6159e5d P 221fd228436f4826b5bf870ba1bd3357: Bootstrap starting.
I20260709 12:12:14.515671 29828 tablet_bootstrap.cc:654] T 28977486d880465290785ab0ca64ddab P b50abd00965c4377a30b7c5c7fda546e: Neither blocks nor log segments found. Creating new log.
I20260709 12:12:14.521013 29830 tablet_bootstrap.cc:654] T 1e5769fad424492f976ebbc5b6159e5d P 221fd228436f4826b5bf870ba1bd3357: Neither blocks nor log segments found. Creating new log.
I20260709 12:12:14.508780 29857 raft_consensus.cc:515] T 28977486d880465290785ab0ca64ddab P acda7efdd2484b4a8b0794dad55fbbe9 [term 1 FOLLOWER]: Starting leader election with config: opid_index: -1 OBSOLETE_local: false peers { permanent_uuid: "b50abd00965c4377a30b7c5c7fda546e" member_type: VOTER last_known_addr { host: "127.28.82.193" port: 36849 } } peers { permanent_uuid: "221fd228436f4826b5bf870ba1bd3357" member_type: VOTER last_known_addr { host: "127.28.82.194" port: 36989 } } peers { permanent_uuid: "acda7efdd2484b4a8b0794dad55fbbe9" member_type: VOTER last_known_addr { host: "127.28.82.195" port: 37583 } }
I20260709 12:12:14.539579 29827 tablet_bootstrap.cc:492] T 52748b06d44e42a5959c126766748b71 P acda7efdd2484b4a8b0794dad55fbbe9: No bootstrap required, opened a new log
I20260709 12:12:14.540071 29827 ts_tablet_manager.cc:1403] T 52748b06d44e42a5959c126766748b71 P acda7efdd2484b4a8b0794dad55fbbe9: Time spent bootstrapping tablet: real 0.042s	user 0.016s	sys 0.016s
I20260709 12:12:14.540963 29638 tablet_service.cc:1917] Received RequestConsensusVote() RPC: tablet_id: "28977486d880465290785ab0ca64ddab" candidate_uuid: "acda7efdd2484b4a8b0794dad55fbbe9" candidate_term: 1 candidate_status { last_received { term: 0 index: 0 } } ignore_live_leader: false dest_uuid: "b50abd00965c4377a30b7c5c7fda546e"
W20260709 12:12:14.542402 29753 leader_election.cc:343] T 28977486d880465290785ab0ca64ddab P acda7efdd2484b4a8b0794dad55fbbe9 [CANDIDATE]: Term 1 election: Tablet error from VoteRequest() call to peer b50abd00965c4377a30b7c5c7fda546e (127.28.82.193:36849): Illegal state: must be running to vote when last-logged opid is not known
I20260709 12:12:14.542847 29827 raft_consensus.cc:359] T 52748b06d44e42a5959c126766748b71 P acda7efdd2484b4a8b0794dad55fbbe9 [term 0 FOLLOWER]: Replica starting. Triggering 0 pending ops. Active config: opid_index: -1 OBSOLETE_local: false peers { permanent_uuid: "b50abd00965c4377a30b7c5c7fda546e" member_type: VOTER last_known_addr { host: "127.28.82.193" port: 36849 } } peers { permanent_uuid: "221fd228436f4826b5bf870ba1bd3357" member_type: VOTER last_known_addr { host: "127.28.82.194" port: 36989 } } peers { permanent_uuid: "acda7efdd2484b4a8b0794dad55fbbe9" member_type: VOTER last_known_addr { host: "127.28.82.195" port: 37583 } }
I20260709 12:12:14.543536 29827 raft_consensus.cc:385] T 52748b06d44e42a5959c126766748b71 P acda7efdd2484b4a8b0794dad55fbbe9 [term 0 FOLLOWER]: Consensus starting up: Expiring failure detector timer to make a prompt election more likely
I20260709 12:12:14.543875 29857 leader_election.cc:290] T 28977486d880465290785ab0ca64ddab P acda7efdd2484b4a8b0794dad55fbbe9 [CANDIDATE]: Term 1 election: Requested vote from peers b50abd00965c4377a30b7c5c7fda546e (127.28.82.193:36849), 221fd228436f4826b5bf870ba1bd3357 (127.28.82.194:36989)
I20260709 12:12:14.543830 29827 raft_consensus.cc:740] T 52748b06d44e42a5959c126766748b71 P acda7efdd2484b4a8b0794dad55fbbe9 [term 0 FOLLOWER]: Becoming Follower/Learner. State: Replica: acda7efdd2484b4a8b0794dad55fbbe9, State: Initialized, Role: FOLLOWER
I20260709 12:12:14.544752 29713 tablet_service.cc:1917] Received RequestConsensusVote() RPC: tablet_id: "28977486d880465290785ab0ca64ddab" candidate_uuid: "acda7efdd2484b4a8b0794dad55fbbe9" candidate_term: 1 candidate_status { last_received { term: 0 index: 0 } } ignore_live_leader: false dest_uuid: "221fd228436f4826b5bf870ba1bd3357"
I20260709 12:12:14.544909 29827 consensus_queue.cc:260] T 52748b06d44e42a5959c126766748b71 P acda7efdd2484b4a8b0794dad55fbbe9 [NON_LEADER]: Queue going to NON_LEADER mode. State: All replicated index: 0, Majority replicated index: 0, Committed index: 0, Last appended: 0.0, Last appended by leader: 0, Current term: 0, Majority size: -1, State: 0, Mode: NON_LEADER, active raft config: opid_index: -1 OBSOLETE_local: false peers { permanent_uuid: "b50abd00965c4377a30b7c5c7fda546e" member_type: VOTER last_known_addr { host: "127.28.82.193" port: 36849 } } peers { permanent_uuid: "221fd228436f4826b5bf870ba1bd3357" member_type: VOTER last_known_addr { host: "127.28.82.194" port: 36989 } } peers { permanent_uuid: "acda7efdd2484b4a8b0794dad55fbbe9" member_type: VOTER last_known_addr { host: "127.28.82.195" port: 37583 } }
I20260709 12:12:14.545517 29713 raft_consensus.cc:3060] T 28977486d880465290785ab0ca64ddab P 221fd228436f4826b5bf870ba1bd3357 [term 0 FOLLOWER]: Advancing to term 1
I20260709 12:12:14.547307 29827 ts_tablet_manager.cc:1434] T 52748b06d44e42a5959c126766748b71 P acda7efdd2484b4a8b0794dad55fbbe9: Time spent starting tablet: real 0.007s	user 0.002s	sys 0.006s
I20260709 12:12:14.548153 29828 tablet_bootstrap.cc:492] T 28977486d880465290785ab0ca64ddab P b50abd00965c4377a30b7c5c7fda546e: No bootstrap required, opened a new log
I20260709 12:12:14.548210 29827 tablet_bootstrap.cc:492] T b8add00c38b147b8b26268c04e893bd5 P acda7efdd2484b4a8b0794dad55fbbe9: Bootstrap starting.
I20260709 12:12:14.548738 29828 ts_tablet_manager.cc:1403] T 28977486d880465290785ab0ca64ddab P b50abd00965c4377a30b7c5c7fda546e: Time spent bootstrapping tablet: real 0.040s	user 0.024s	sys 0.010s
I20260709 12:12:14.551635 29828 raft_consensus.cc:359] T 28977486d880465290785ab0ca64ddab P b50abd00965c4377a30b7c5c7fda546e [term 0 FOLLOWER]: Replica starting. Triggering 0 pending ops. Active config: opid_index: -1 OBSOLETE_local: false peers { permanent_uuid: "b50abd00965c4377a30b7c5c7fda546e" member_type: VOTER last_known_addr { host: "127.28.82.193" port: 36849 } } peers { permanent_uuid: "221fd228436f4826b5bf870ba1bd3357" member_type: VOTER last_known_addr { host: "127.28.82.194" port: 36989 } } peers { permanent_uuid: "acda7efdd2484b4a8b0794dad55fbbe9" member_type: VOTER last_known_addr { host: "127.28.82.195" port: 37583 } }
I20260709 12:12:14.552289 29828 raft_consensus.cc:385] T 28977486d880465290785ab0ca64ddab P b50abd00965c4377a30b7c5c7fda546e [term 0 FOLLOWER]: Consensus starting up: Expiring failure detector timer to make a prompt election more likely
I20260709 12:12:14.552587 29828 raft_consensus.cc:740] T 28977486d880465290785ab0ca64ddab P b50abd00965c4377a30b7c5c7fda546e [term 0 FOLLOWER]: Becoming Follower/Learner. State: Replica: b50abd00965c4377a30b7c5c7fda546e, State: Initialized, Role: FOLLOWER
I20260709 12:12:14.552614 29713 raft_consensus.cc:2468] T 28977486d880465290785ab0ca64ddab P 221fd228436f4826b5bf870ba1bd3357 [term 1 FOLLOWER]: Leader election vote request: Granting yes vote for candidate acda7efdd2484b4a8b0794dad55fbbe9 in term 1.
I20260709 12:12:14.553527 29828 consensus_queue.cc:260] T 28977486d880465290785ab0ca64ddab P b50abd00965c4377a30b7c5c7fda546e [NON_LEADER]: Queue going to NON_LEADER mode. State: All replicated index: 0, Majority replicated index: 0, Committed index: 0, Last appended: 0.0, Last appended by leader: 0, Current term: 0, Majority size: -1, State: 0, Mode: NON_LEADER, active raft config: opid_index: -1 OBSOLETE_local: false peers { permanent_uuid: "b50abd00965c4377a30b7c5c7fda546e" member_type: VOTER last_known_addr { host: "127.28.82.193" port: 36849 } } peers { permanent_uuid: "221fd228436f4826b5bf870ba1bd3357" member_type: VOTER last_known_addr { host: "127.28.82.194" port: 36989 } } peers { permanent_uuid: "acda7efdd2484b4a8b0794dad55fbbe9" member_type: VOTER last_known_addr { host: "127.28.82.195" port: 37583 } }
I20260709 12:12:14.553711 29751 leader_election.cc:304] T 28977486d880465290785ab0ca64ddab P acda7efdd2484b4a8b0794dad55fbbe9 [CANDIDATE]: Term 1 election: Election decided. Result: candidate won. Election summary: received 3 responses out of 3 voters: 2 yes votes; 1 no votes. yes voters: 221fd228436f4826b5bf870ba1bd3357, acda7efdd2484b4a8b0794dad55fbbe9; no voters: b50abd00965c4377a30b7c5c7fda546e
I20260709 12:12:14.555060 29831 raft_consensus.cc:493] T c323e637d07a415abee844bf1d2f72ab P acda7efdd2484b4a8b0794dad55fbbe9 [term 0 FOLLOWER]: Starting pre-election (no leader contacted us within the election timeout)
I20260709 12:12:14.555164 29857 raft_consensus.cc:2804] T 28977486d880465290785ab0ca64ddab P acda7efdd2484b4a8b0794dad55fbbe9 [term 1 FOLLOWER]: Leader election won for term 1
I20260709 12:12:14.555500 29831 raft_consensus.cc:515] T c323e637d07a415abee844bf1d2f72ab P acda7efdd2484b4a8b0794dad55fbbe9 [term 0 FOLLOWER]: Starting pre-election with config: opid_index: -1 OBSOLETE_local: false peers { permanent_uuid: "b50abd00965c4377a30b7c5c7fda546e" member_type: VOTER last_known_addr { host: "127.28.82.193" port: 36849 } } peers { permanent_uuid: "221fd228436f4826b5bf870ba1bd3357" member_type: VOTER last_known_addr { host: "127.28.82.194" port: 36989 } } peers { permanent_uuid: "acda7efdd2484b4a8b0794dad55fbbe9" member_type: VOTER last_known_addr { host: "127.28.82.195" port: 37583 } }
I20260709 12:12:14.557231 29828 ts_tablet_manager.cc:1434] T 28977486d880465290785ab0ca64ddab P b50abd00965c4377a30b7c5c7fda546e: Time spent starting tablet: real 0.008s	user 0.004s	sys 0.004s
I20260709 12:12:14.558068 29828 tablet_bootstrap.cc:492] T 52748b06d44e42a5959c126766748b71 P b50abd00965c4377a30b7c5c7fda546e: Bootstrap starting.
I20260709 12:12:14.558149 29831 leader_election.cc:290] T c323e637d07a415abee844bf1d2f72ab P acda7efdd2484b4a8b0794dad55fbbe9 [CANDIDATE]: Term 1 pre-election: Requested pre-vote from peers b50abd00965c4377a30b7c5c7fda546e (127.28.82.193:36849), 221fd228436f4826b5bf870ba1bd3357 (127.28.82.194:36989)
I20260709 12:12:14.556438 29827 tablet_bootstrap.cc:654] T b8add00c38b147b8b26268c04e893bd5 P acda7efdd2484b4a8b0794dad55fbbe9: Neither blocks nor log segments found. Creating new log.
I20260709 12:12:14.561880 29638 tablet_service.cc:1917] Received RequestConsensusVote() RPC: tablet_id: "c323e637d07a415abee844bf1d2f72ab" candidate_uuid: "acda7efdd2484b4a8b0794dad55fbbe9" candidate_term: 1 candidate_status { last_received { term: 0 index: 0 } } ignore_live_leader: false dest_uuid: "b50abd00965c4377a30b7c5c7fda546e" is_pre_election: true
I20260709 12:12:14.562875 29828 tablet_bootstrap.cc:654] T 52748b06d44e42a5959c126766748b71 P b50abd00965c4377a30b7c5c7fda546e: Neither blocks nor log segments found. Creating new log.
W20260709 12:12:14.563350 29753 leader_election.cc:343] T c323e637d07a415abee844bf1d2f72ab P acda7efdd2484b4a8b0794dad55fbbe9 [CANDIDATE]: Term 1 pre-election: Tablet error from VoteRequest() call to peer b50abd00965c4377a30b7c5c7fda546e (127.28.82.193:36849): Illegal state: must be running to vote when last-logged opid is not known
I20260709 12:12:14.564206 29830 tablet_bootstrap.cc:492] T 1e5769fad424492f976ebbc5b6159e5d P 221fd228436f4826b5bf870ba1bd3357: No bootstrap required, opened a new log
I20260709 12:12:14.564670 29830 ts_tablet_manager.cc:1403] T 1e5769fad424492f976ebbc5b6159e5d P 221fd228436f4826b5bf870ba1bd3357: Time spent bootstrapping tablet: real 0.051s	user 0.014s	sys 0.017s
I20260709 12:12:14.566783 29848 raft_consensus.cc:493] T 28977486d880465290785ab0ca64ddab P b50abd00965c4377a30b7c5c7fda546e [term 0 FOLLOWER]: Starting pre-election (no leader contacted us within the election timeout)
I20260709 12:12:14.567409 29848 raft_consensus.cc:515] T 28977486d880465290785ab0ca64ddab P b50abd00965c4377a30b7c5c7fda546e [term 0 FOLLOWER]: Starting pre-election with config: opid_index: -1 OBSOLETE_local: false peers { permanent_uuid: "b50abd00965c4377a30b7c5c7fda546e" member_type: VOTER last_known_addr { host: "127.28.82.193" port: 36849 } } peers { permanent_uuid: "221fd228436f4826b5bf870ba1bd3357" member_type: VOTER last_known_addr { host: "127.28.82.194" port: 36989 } } peers { permanent_uuid: "acda7efdd2484b4a8b0794dad55fbbe9" member_type: VOTER last_known_addr { host: "127.28.82.195" port: 37583 } }
I20260709 12:12:14.568770 29830 raft_consensus.cc:359] T 1e5769fad424492f976ebbc5b6159e5d P 221fd228436f4826b5bf870ba1bd3357 [term 0 FOLLOWER]: Replica starting. Triggering 0 pending ops. Active config: opid_index: -1 OBSOLETE_local: false peers { permanent_uuid: "acda7efdd2484b4a8b0794dad55fbbe9" member_type: VOTER last_known_addr { host: "127.28.82.195" port: 37583 } } peers { permanent_uuid: "b50abd00965c4377a30b7c5c7fda546e" member_type: VOTER last_known_addr { host: "127.28.82.193" port: 36849 } } peers { permanent_uuid: "221fd228436f4826b5bf870ba1bd3357" member_type: VOTER last_known_addr { host: "127.28.82.194" port: 36989 } }
I20260709 12:12:14.569801 29830 raft_consensus.cc:385] T 1e5769fad424492f976ebbc5b6159e5d P 221fd228436f4826b5bf870ba1bd3357 [term 0 FOLLOWER]: Consensus starting up: Expiring failure detector timer to make a prompt election more likely
I20260709 12:12:14.570263 29830 raft_consensus.cc:740] T 1e5769fad424492f976ebbc5b6159e5d P 221fd228436f4826b5bf870ba1bd3357 [term 0 FOLLOWER]: Becoming Follower/Learner. State: Replica: 221fd228436f4826b5bf870ba1bd3357, State: Initialized, Role: FOLLOWER
I20260709 12:12:14.571535 29787 tablet_service.cc:1917] Received RequestConsensusVote() RPC: tablet_id: "28977486d880465290785ab0ca64ddab" candidate_uuid: "b50abd00965c4377a30b7c5c7fda546e" candidate_term: 1 candidate_status { last_received { term: 0 index: 0 } } ignore_live_leader: false dest_uuid: "acda7efdd2484b4a8b0794dad55fbbe9" is_pre_election: true
I20260709 12:12:14.571995 29857 raft_consensus.cc:697] T 28977486d880465290785ab0ca64ddab P acda7efdd2484b4a8b0794dad55fbbe9 [term 1 LEADER]: Becoming Leader. State: Replica: acda7efdd2484b4a8b0794dad55fbbe9, State: Running, Role: LEADER
I20260709 12:12:14.573374 29713 tablet_service.cc:1917] Received RequestConsensusVote() RPC: tablet_id: "28977486d880465290785ab0ca64ddab" candidate_uuid: "b50abd00965c4377a30b7c5c7fda546e" candidate_term: 1 candidate_status { last_received { term: 0 index: 0 } } ignore_live_leader: false dest_uuid: "221fd228436f4826b5bf870ba1bd3357" is_pre_election: true
I20260709 12:12:14.572962 29857 consensus_queue.cc:237] T 28977486d880465290785ab0ca64ddab P acda7efdd2484b4a8b0794dad55fbbe9 [LEADER]: Queue going to LEADER mode. State: All replicated index: 0, Majority replicated index: 0, Committed index: 0, Last appended: 0.0, Last appended by leader: 0, Current term: 1, Majority size: 2, State: 0, Mode: LEADER, active raft config: opid_index: -1 OBSOLETE_local: false peers { permanent_uuid: "b50abd00965c4377a30b7c5c7fda546e" member_type: VOTER last_known_addr { host: "127.28.82.193" port: 36849 } } peers { permanent_uuid: "221fd228436f4826b5bf870ba1bd3357" member_type: VOTER last_known_addr { host: "127.28.82.194" port: 36989 } } peers { permanent_uuid: "acda7efdd2484b4a8b0794dad55fbbe9" member_type: VOTER last_known_addr { host: "127.28.82.195" port: 37583 } }
I20260709 12:12:14.574090 29713 raft_consensus.cc:2393] T 28977486d880465290785ab0ca64ddab P 221fd228436f4826b5bf870ba1bd3357 [term 1 FOLLOWER]: Leader pre-election vote request: Denying vote to candidate b50abd00965c4377a30b7c5c7fda546e in current term 1: Already voted for candidate acda7efdd2484b4a8b0794dad55fbbe9 in this term.
I20260709 12:12:14.574074 29712 tablet_service.cc:1917] Received RequestConsensusVote() RPC: tablet_id: "c323e637d07a415abee844bf1d2f72ab" candidate_uuid: "acda7efdd2484b4a8b0794dad55fbbe9" candidate_term: 1 candidate_status { last_received { term: 0 index: 0 } } ignore_live_leader: false dest_uuid: "221fd228436f4826b5bf870ba1bd3357" is_pre_election: true
I20260709 12:12:14.574597 29848 leader_election.cc:290] T 28977486d880465290785ab0ca64ddab P b50abd00965c4377a30b7c5c7fda546e [CANDIDATE]: Term 1 pre-election: Requested pre-vote from peers 221fd228436f4826b5bf870ba1bd3357 (127.28.82.194:36989), acda7efdd2484b4a8b0794dad55fbbe9 (127.28.82.195:37583)
I20260709 12:12:14.575227 29863 raft_consensus.cc:493] T 1e5769fad424492f976ebbc5b6159e5d P acda7efdd2484b4a8b0794dad55fbbe9 [term 0 FOLLOWER]: Starting pre-election (no leader contacted us within the election timeout)
W20260709 12:12:14.575701 29751 leader_election.cc:343] T c323e637d07a415abee844bf1d2f72ab P acda7efdd2484b4a8b0794dad55fbbe9 [CANDIDATE]: Term 1 pre-election: Tablet error from VoteRequest() call to peer 221fd228436f4826b5bf870ba1bd3357 (127.28.82.194:36989): Illegal state: must be running to vote when last-logged opid is not known
I20260709 12:12:14.575688 29863 raft_consensus.cc:515] T 1e5769fad424492f976ebbc5b6159e5d P acda7efdd2484b4a8b0794dad55fbbe9 [term 0 FOLLOWER]: Starting pre-election with config: opid_index: -1 OBSOLETE_local: false peers { permanent_uuid: "acda7efdd2484b4a8b0794dad55fbbe9" member_type: VOTER last_known_addr { host: "127.28.82.195" port: 37583 } } peers { permanent_uuid: "b50abd00965c4377a30b7c5c7fda546e" member_type: VOTER last_known_addr { host: "127.28.82.193" port: 36849 } } peers { permanent_uuid: "221fd228436f4826b5bf870ba1bd3357" member_type: VOTER last_known_addr { host: "127.28.82.194" port: 36989 } }
I20260709 12:12:14.576269 29751 leader_election.cc:304] T c323e637d07a415abee844bf1d2f72ab P acda7efdd2484b4a8b0794dad55fbbe9 [CANDIDATE]: Term 1 pre-election: Election decided. Result: candidate lost. Election summary: received 3 responses out of 3 voters: 1 yes votes; 2 no votes. yes voters: acda7efdd2484b4a8b0794dad55fbbe9; no voters: 221fd228436f4826b5bf870ba1bd3357, b50abd00965c4377a30b7c5c7fda546e
I20260709 12:12:14.576982 29831 raft_consensus.cc:2749] T c323e637d07a415abee844bf1d2f72ab P acda7efdd2484b4a8b0794dad55fbbe9 [term 0 FOLLOWER]: Leader pre-election lost for term 1. Reason: could not achieve majority
I20260709 12:12:14.579205 29828 tablet_bootstrap.cc:492] T 52748b06d44e42a5959c126766748b71 P b50abd00965c4377a30b7c5c7fda546e: No bootstrap required, opened a new log
I20260709 12:12:14.579787 29828 ts_tablet_manager.cc:1403] T 52748b06d44e42a5959c126766748b71 P b50abd00965c4377a30b7c5c7fda546e: Time spent bootstrapping tablet: real 0.022s	user 0.013s	sys 0.003s
I20260709 12:12:14.579771 29837 raft_consensus.cc:493] T 52748b06d44e42a5959c126766748b71 P 221fd228436f4826b5bf870ba1bd3357 [term 0 FOLLOWER]: Starting pre-election (no leader contacted us within the election timeout)
I20260709 12:12:14.580456 29837 raft_consensus.cc:515] T 52748b06d44e42a5959c126766748b71 P 221fd228436f4826b5bf870ba1bd3357 [term 0 FOLLOWER]: Starting pre-election with config: opid_index: -1 OBSOLETE_local: false peers { permanent_uuid: "b50abd00965c4377a30b7c5c7fda546e" member_type: VOTER last_known_addr { host: "127.28.82.193" port: 36849 } } peers { permanent_uuid: "221fd228436f4826b5bf870ba1bd3357" member_type: VOTER last_known_addr { host: "127.28.82.194" port: 36989 } } peers { permanent_uuid: "acda7efdd2484b4a8b0794dad55fbbe9" member_type: VOTER last_known_addr { host: "127.28.82.195" port: 37583 } }
I20260709 12:12:14.581084 29863 leader_election.cc:290] T 1e5769fad424492f976ebbc5b6159e5d P acda7efdd2484b4a8b0794dad55fbbe9 [CANDIDATE]: Term 1 pre-election: Requested pre-vote from peers b50abd00965c4377a30b7c5c7fda546e (127.28.82.193:36849), 221fd228436f4826b5bf870ba1bd3357 (127.28.82.194:36989)
I20260709 12:12:14.582135 29712 tablet_service.cc:1917] Received RequestConsensusVote() RPC: tablet_id: "1e5769fad424492f976ebbc5b6159e5d" candidate_uuid: "acda7efdd2484b4a8b0794dad55fbbe9" candidate_term: 1 candidate_status { last_received { term: 0 index: 0 } } ignore_live_leader: false dest_uuid: "221fd228436f4826b5bf870ba1bd3357" is_pre_election: true
I20260709 12:12:14.583177 29638 tablet_service.cc:1917] Received RequestConsensusVote() RPC: tablet_id: "1e5769fad424492f976ebbc5b6159e5d" candidate_uuid: "acda7efdd2484b4a8b0794dad55fbbe9" candidate_term: 1 candidate_status { last_received { term: 0 index: 0 } } ignore_live_leader: false dest_uuid: "b50abd00965c4377a30b7c5c7fda546e" is_pre_election: true
I20260709 12:12:14.583746 29638 raft_consensus.cc:2468] T 1e5769fad424492f976ebbc5b6159e5d P b50abd00965c4377a30b7c5c7fda546e [term 0 FOLLOWER]: Leader pre-election vote request: Granting yes vote for candidate acda7efdd2484b4a8b0794dad55fbbe9 in term 0.
I20260709 12:12:14.584084 29837 leader_election.cc:290] T 52748b06d44e42a5959c126766748b71 P 221fd228436f4826b5bf870ba1bd3357 [CANDIDATE]: Term 1 pre-election: Requested pre-vote from peers b50abd00965c4377a30b7c5c7fda546e (127.28.82.193:36849), acda7efdd2484b4a8b0794dad55fbbe9 (127.28.82.195:37583)
I20260709 12:12:14.584735 29786 tablet_service.cc:1917] Received RequestConsensusVote() RPC: tablet_id: "52748b06d44e42a5959c126766748b71" candidate_uuid: "221fd228436f4826b5bf870ba1bd3357" candidate_term: 1 candidate_status { last_received { term: 0 index: 0 } } ignore_live_leader: false dest_uuid: "acda7efdd2484b4a8b0794dad55fbbe9" is_pre_election: true
I20260709 12:12:14.584849 29828 raft_consensus.cc:359] T 52748b06d44e42a5959c126766748b71 P b50abd00965c4377a30b7c5c7fda546e [term 0 FOLLOWER]: Replica starting. Triggering 0 pending ops. Active config: opid_index: -1 OBSOLETE_local: false peers { permanent_uuid: "b50abd00965c4377a30b7c5c7fda546e" member_type: VOTER last_known_addr { host: "127.28.82.193" port: 36849 } } peers { permanent_uuid: "221fd228436f4826b5bf870ba1bd3357" member_type: VOTER last_known_addr { host: "127.28.82.194" port: 36989 } } peers { permanent_uuid: "acda7efdd2484b4a8b0794dad55fbbe9" member_type: VOTER last_known_addr { host: "127.28.82.195" port: 37583 } }
I20260709 12:12:14.585418 29786 raft_consensus.cc:2468] T 52748b06d44e42a5959c126766748b71 P acda7efdd2484b4a8b0794dad55fbbe9 [term 0 FOLLOWER]: Leader pre-election vote request: Granting yes vote for candidate 221fd228436f4826b5bf870ba1bd3357 in term 0.
I20260709 12:12:14.585592 29828 raft_consensus.cc:385] T 52748b06d44e42a5959c126766748b71 P b50abd00965c4377a30b7c5c7fda546e [term 0 FOLLOWER]: Consensus starting up: Expiring failure detector timer to make a prompt election more likely
I20260709 12:12:14.585680 29753 leader_election.cc:304] T 1e5769fad424492f976ebbc5b6159e5d P acda7efdd2484b4a8b0794dad55fbbe9 [CANDIDATE]: Term 1 pre-election: Election decided. Result: candidate won. Election summary: received 2 responses out of 3 voters: 2 yes votes; 0 no votes. yes voters: acda7efdd2484b4a8b0794dad55fbbe9, b50abd00965c4377a30b7c5c7fda546e; no voters: 
I20260709 12:12:14.585975 29828 raft_consensus.cc:740] T 52748b06d44e42a5959c126766748b71 P b50abd00965c4377a30b7c5c7fda546e [term 0 FOLLOWER]: Becoming Follower/Learner. State: Replica: b50abd00965c4377a30b7c5c7fda546e, State: Initialized, Role: FOLLOWER
I20260709 12:12:14.586580 29863 raft_consensus.cc:2804] T 1e5769fad424492f976ebbc5b6159e5d P acda7efdd2484b4a8b0794dad55fbbe9 [term 0 FOLLOWER]: Leader pre-election won for term 1
I20260709 12:12:14.571554 29830 consensus_queue.cc:260] T 1e5769fad424492f976ebbc5b6159e5d P 221fd228436f4826b5bf870ba1bd3357 [NON_LEADER]: Queue going to NON_LEADER mode. State: All replicated index: 0, Majority replicated index: 0, Committed index: 0, Last appended: 0.0, Last appended by leader: 0, Current term: 0, Majority size: -1, State: 0, Mode: NON_LEADER, active raft config: opid_index: -1 OBSOLETE_local: false peers { permanent_uuid: "acda7efdd2484b4a8b0794dad55fbbe9" member_type: VOTER last_known_addr { host: "127.28.82.195" port: 37583 } } peers { permanent_uuid: "b50abd00965c4377a30b7c5c7fda546e" member_type: VOTER last_known_addr { host: "127.28.82.193" port: 36849 } } peers { permanent_uuid: "221fd228436f4826b5bf870ba1bd3357" member_type: VOTER last_known_addr { host: "127.28.82.194" port: 36989 } }
I20260709 12:12:14.587044 29863 raft_consensus.cc:493] T 1e5769fad424492f976ebbc5b6159e5d P acda7efdd2484b4a8b0794dad55fbbe9 [term 0 FOLLOWER]: Starting leader election (no leader contacted us within the election timeout)
I20260709 12:12:14.586728 29828 consensus_queue.cc:260] T 52748b06d44e42a5959c126766748b71 P b50abd00965c4377a30b7c5c7fda546e [NON_LEADER]: Queue going to NON_LEADER mode. State: All replicated index: 0, Majority replicated index: 0, Committed index: 0, Last appended: 0.0, Last appended by leader: 0, Current term: 0, Majority size: -1, State: 0, Mode: NON_LEADER, active raft config: opid_index: -1 OBSOLETE_local: false peers { permanent_uuid: "b50abd00965c4377a30b7c5c7fda546e" member_type: VOTER last_known_addr { host: "127.28.82.193" port: 36849 } } peers { permanent_uuid: "221fd228436f4826b5bf870ba1bd3357" member_type: VOTER last_known_addr { host: "127.28.82.194" port: 36989 } } peers { permanent_uuid: "acda7efdd2484b4a8b0794dad55fbbe9" member_type: VOTER last_known_addr { host: "127.28.82.195" port: 37583 } }
I20260709 12:12:14.587471 29827 tablet_bootstrap.cc:492] T b8add00c38b147b8b26268c04e893bd5 P acda7efdd2484b4a8b0794dad55fbbe9: No bootstrap required, opened a new log
I20260709 12:12:14.586504 29676 leader_election.cc:304] T 52748b06d44e42a5959c126766748b71 P 221fd228436f4826b5bf870ba1bd3357 [CANDIDATE]: Term 1 pre-election: Election decided. Result: candidate won. Election summary: received 2 responses out of 3 voters: 2 yes votes; 0 no votes. yes voters: 221fd228436f4826b5bf870ba1bd3357, acda7efdd2484b4a8b0794dad55fbbe9; no voters: 
I20260709 12:12:14.587996 29827 ts_tablet_manager.cc:1403] T b8add00c38b147b8b26268c04e893bd5 P acda7efdd2484b4a8b0794dad55fbbe9: Time spent bootstrapping tablet: real 0.040s	user 0.010s	sys 0.006s
I20260709 12:12:14.588268 29840 raft_consensus.cc:2804] T 52748b06d44e42a5959c126766748b71 P 221fd228436f4826b5bf870ba1bd3357 [term 0 FOLLOWER]: Leader pre-election won for term 1
I20260709 12:12:14.588610 29840 raft_consensus.cc:493] T 52748b06d44e42a5959c126766748b71 P 221fd228436f4826b5bf870ba1bd3357 [term 0 FOLLOWER]: Starting leader election (no leader contacted us within the election timeout)
I20260709 12:12:14.588933 29840 raft_consensus.cc:3060] T 52748b06d44e42a5959c126766748b71 P 221fd228436f4826b5bf870ba1bd3357 [term 0 FOLLOWER]: Advancing to term 1
I20260709 12:12:14.590842 29827 raft_consensus.cc:359] T b8add00c38b147b8b26268c04e893bd5 P acda7efdd2484b4a8b0794dad55fbbe9 [term 0 FOLLOWER]: Replica starting. Triggering 0 pending ops. Active config: opid_index: -1 OBSOLETE_local: false peers { permanent_uuid: "b50abd00965c4377a30b7c5c7fda546e" member_type: VOTER last_known_addr { host: "127.28.82.193" port: 36849 } } peers { permanent_uuid: "221fd228436f4826b5bf870ba1bd3357" member_type: VOTER last_known_addr { host: "127.28.82.194" port: 36989 } } peers { permanent_uuid: "acda7efdd2484b4a8b0794dad55fbbe9" member_type: VOTER last_known_addr { host: "127.28.82.195" port: 37583 } }
I20260709 12:12:14.591307 29828 ts_tablet_manager.cc:1434] T 52748b06d44e42a5959c126766748b71 P b50abd00965c4377a30b7c5c7fda546e: Time spent starting tablet: real 0.011s	user 0.006s	sys 0.000s
I20260709 12:12:14.591550 29827 raft_consensus.cc:385] T b8add00c38b147b8b26268c04e893bd5 P acda7efdd2484b4a8b0794dad55fbbe9 [term 0 FOLLOWER]: Consensus starting up: Expiring failure detector timer to make a prompt election more likely
I20260709 12:12:14.591874 29827 raft_consensus.cc:740] T b8add00c38b147b8b26268c04e893bd5 P acda7efdd2484b4a8b0794dad55fbbe9 [term 0 FOLLOWER]: Becoming Follower/Learner. State: Replica: acda7efdd2484b4a8b0794dad55fbbe9, State: Initialized, Role: FOLLOWER
I20260709 12:12:14.592288 29828 tablet_bootstrap.cc:492] T c323e637d07a415abee844bf1d2f72ab P b50abd00965c4377a30b7c5c7fda546e: Bootstrap starting.
I20260709 12:12:14.592590 29827 consensus_queue.cc:260] T b8add00c38b147b8b26268c04e893bd5 P acda7efdd2484b4a8b0794dad55fbbe9 [NON_LEADER]: Queue going to NON_LEADER mode. State: All replicated index: 0, Majority replicated index: 0, Committed index: 0, Last appended: 0.0, Last appended by leader: 0, Current term: 0, Majority size: -1, State: 0, Mode: NON_LEADER, active raft config: opid_index: -1 OBSOLETE_local: false peers { permanent_uuid: "b50abd00965c4377a30b7c5c7fda546e" member_type: VOTER last_known_addr { host: "127.28.82.193" port: 36849 } } peers { permanent_uuid: "221fd228436f4826b5bf870ba1bd3357" member_type: VOTER last_known_addr { host: "127.28.82.194" port: 36989 } } peers { permanent_uuid: "acda7efdd2484b4a8b0794dad55fbbe9" member_type: VOTER last_known_addr { host: "127.28.82.195" port: 37583 } }
I20260709 12:12:14.587411 29863 raft_consensus.cc:3060] T 1e5769fad424492f976ebbc5b6159e5d P acda7efdd2484b4a8b0794dad55fbbe9 [term 0 FOLLOWER]: Advancing to term 1
I20260709 12:12:14.597914 29827 ts_tablet_manager.cc:1434] T b8add00c38b147b8b26268c04e893bd5 P acda7efdd2484b4a8b0794dad55fbbe9: Time spent starting tablet: real 0.010s	user 0.005s	sys 0.001s
I20260709 12:12:14.598428 29712 raft_consensus.cc:2468] T 1e5769fad424492f976ebbc5b6159e5d P 221fd228436f4826b5bf870ba1bd3357 [term 0 FOLLOWER]: Leader pre-election vote request: Granting yes vote for candidate acda7efdd2484b4a8b0794dad55fbbe9 in term 0.
I20260709 12:12:14.598902 29827 tablet_bootstrap.cc:492] T 4def8968cbba41b6b938e58b5970bb2e P acda7efdd2484b4a8b0794dad55fbbe9: Bootstrap starting.
I20260709 12:12:14.600416 29638 tablet_service.cc:1917] Received RequestConsensusVote() RPC: tablet_id: "52748b06d44e42a5959c126766748b71" candidate_uuid: "221fd228436f4826b5bf870ba1bd3357" candidate_term: 1 candidate_status { last_received { term: 0 index: 0 } } ignore_live_leader: false dest_uuid: "b50abd00965c4377a30b7c5c7fda546e" is_pre_election: true
I20260709 12:12:14.601032 29638 raft_consensus.cc:2468] T 52748b06d44e42a5959c126766748b71 P b50abd00965c4377a30b7c5c7fda546e [term 0 FOLLOWER]: Leader pre-election vote request: Granting yes vote for candidate 221fd228436f4826b5bf870ba1bd3357 in term 0.
I20260709 12:12:14.601207 29830 ts_tablet_manager.cc:1434] T 1e5769fad424492f976ebbc5b6159e5d P 221fd228436f4826b5bf870ba1bd3357: Time spent starting tablet: real 0.036s	user 0.009s	sys 0.001s
I20260709 12:12:14.605224 29828 tablet_bootstrap.cc:654] T c323e637d07a415abee844bf1d2f72ab P b50abd00965c4377a30b7c5c7fda546e: Neither blocks nor log segments found. Creating new log.
I20260709 12:12:14.605459 29827 tablet_bootstrap.cc:654] T 4def8968cbba41b6b938e58b5970bb2e P acda7efdd2484b4a8b0794dad55fbbe9: Neither blocks nor log segments found. Creating new log.
I20260709 12:12:14.607947 29840 raft_consensus.cc:515] T 52748b06d44e42a5959c126766748b71 P 221fd228436f4826b5bf870ba1bd3357 [term 1 FOLLOWER]: Starting leader election with config: opid_index: -1 OBSOLETE_local: false peers { permanent_uuid: "b50abd00965c4377a30b7c5c7fda546e" member_type: VOTER last_known_addr { host: "127.28.82.193" port: 36849 } } peers { permanent_uuid: "221fd228436f4826b5bf870ba1bd3357" member_type: VOTER last_known_addr { host: "127.28.82.194" port: 36989 } } peers { permanent_uuid: "acda7efdd2484b4a8b0794dad55fbbe9" member_type: VOTER last_known_addr { host: "127.28.82.195" port: 37583 } }
I20260709 12:12:14.609664 29830 tablet_bootstrap.cc:492] T 93815f0ceac943f9b30d2bca89c0622f P 221fd228436f4826b5bf870ba1bd3357: Bootstrap starting.
I20260709 12:12:14.611600 29638 tablet_service.cc:1917] Received RequestConsensusVote() RPC: tablet_id: "52748b06d44e42a5959c126766748b71" candidate_uuid: "221fd228436f4826b5bf870ba1bd3357" candidate_term: 1 candidate_status { last_received { term: 0 index: 0 } } ignore_live_leader: false dest_uuid: "b50abd00965c4377a30b7c5c7fda546e"
I20260709 12:12:14.612367 29638 raft_consensus.cc:3060] T 52748b06d44e42a5959c126766748b71 P b50abd00965c4377a30b7c5c7fda546e [term 0 FOLLOWER]: Advancing to term 1
I20260709 12:12:14.618903 29830 tablet_bootstrap.cc:654] T 93815f0ceac943f9b30d2bca89c0622f P 221fd228436f4826b5bf870ba1bd3357: Neither blocks nor log segments found. Creating new log.
I20260709 12:12:14.621421 29786 tablet_service.cc:1917] Received RequestConsensusVote() RPC: tablet_id: "52748b06d44e42a5959c126766748b71" candidate_uuid: "221fd228436f4826b5bf870ba1bd3357" candidate_term: 1 candidate_status { last_received { term: 0 index: 0 } } ignore_live_leader: false dest_uuid: "acda7efdd2484b4a8b0794dad55fbbe9"
I20260709 12:12:14.622263 29786 raft_consensus.cc:3060] T 52748b06d44e42a5959c126766748b71 P acda7efdd2484b4a8b0794dad55fbbe9 [term 0 FOLLOWER]: Advancing to term 1
I20260709 12:12:14.623018 29601 leader_election.cc:304] T 28977486d880465290785ab0ca64ddab P b50abd00965c4377a30b7c5c7fda546e [CANDIDATE]: Term 1 pre-election: Election decided. Result: candidate lost. Election summary: received 3 responses out of 3 voters: 1 yes votes; 2 no votes. yes voters: b50abd00965c4377a30b7c5c7fda546e; no voters: 221fd228436f4826b5bf870ba1bd3357, acda7efdd2484b4a8b0794dad55fbbe9
I20260709 12:12:14.624152 29848 raft_consensus.cc:3060] T 28977486d880465290785ab0ca64ddab P b50abd00965c4377a30b7c5c7fda546e [term 0 FOLLOWER]: Advancing to term 1
I20260709 12:12:14.618283 29863 raft_consensus.cc:515] T 1e5769fad424492f976ebbc5b6159e5d P acda7efdd2484b4a8b0794dad55fbbe9 [term 1 FOLLOWER]: Starting leader election with config: opid_index: -1 OBSOLETE_local: false peers { permanent_uuid: "acda7efdd2484b4a8b0794dad55fbbe9" member_type: VOTER last_known_addr { host: "127.28.82.195" port: 37583 } } peers { permanent_uuid: "b50abd00965c4377a30b7c5c7fda546e" member_type: VOTER last_known_addr { host: "127.28.82.193" port: 36849 } } peers { permanent_uuid: "221fd228436f4826b5bf870ba1bd3357" member_type: VOTER last_known_addr { host: "127.28.82.194" port: 36989 } }
I20260709 12:12:14.633334 29637 tablet_service.cc:1917] Received RequestConsensusVote() RPC: tablet_id: "1e5769fad424492f976ebbc5b6159e5d" candidate_uuid: "acda7efdd2484b4a8b0794dad55fbbe9" candidate_term: 1 candidate_status { last_received { term: 0 index: 0 } } ignore_live_leader: false dest_uuid: "b50abd00965c4377a30b7c5c7fda546e"
I20260709 12:12:14.634248 29637 raft_consensus.cc:3060] T 1e5769fad424492f976ebbc5b6159e5d P b50abd00965c4377a30b7c5c7fda546e [term 0 FOLLOWER]: Advancing to term 1
I20260709 12:12:14.634433 29848 raft_consensus.cc:2749] T 28977486d880465290785ab0ca64ddab P b50abd00965c4377a30b7c5c7fda546e [term 1 FOLLOWER]: Leader pre-election lost for term 1. Reason: could not achieve majority
I20260709 12:12:14.641284 29712 tablet_service.cc:1917] Received RequestConsensusVote() RPC: tablet_id: "1e5769fad424492f976ebbc5b6159e5d" candidate_uuid: "acda7efdd2484b4a8b0794dad55fbbe9" candidate_term: 1 candidate_status { last_received { term: 0 index: 0 } } ignore_live_leader: false dest_uuid: "221fd228436f4826b5bf870ba1bd3357"
I20260709 12:12:14.642092 29712 raft_consensus.cc:3060] T 1e5769fad424492f976ebbc5b6159e5d P 221fd228436f4826b5bf870ba1bd3357 [term 0 FOLLOWER]: Advancing to term 1
I20260709 12:12:14.654413 29840 leader_election.cc:290] T 52748b06d44e42a5959c126766748b71 P 221fd228436f4826b5bf870ba1bd3357 [CANDIDATE]: Term 1 election: Requested vote from peers b50abd00965c4377a30b7c5c7fda546e (127.28.82.193:36849), acda7efdd2484b4a8b0794dad55fbbe9 (127.28.82.195:37583)
I20260709 12:12:14.656982 29786 raft_consensus.cc:2468] T 52748b06d44e42a5959c126766748b71 P acda7efdd2484b4a8b0794dad55fbbe9 [term 1 FOLLOWER]: Leader election vote request: Granting yes vote for candidate 221fd228436f4826b5bf870ba1bd3357 in term 1.
I20260709 12:12:14.661715 29863 leader_election.cc:290] T 1e5769fad424492f976ebbc5b6159e5d P acda7efdd2484b4a8b0794dad55fbbe9 [CANDIDATE]: Term 1 election: Requested vote from peers b50abd00965c4377a30b7c5c7fda546e (127.28.82.193:36849), 221fd228436f4826b5bf870ba1bd3357 (127.28.82.194:36989)
I20260709 12:12:14.665599 29534 catalog_manager.cc:5697] T 28977486d880465290785ab0ca64ddab P acda7efdd2484b4a8b0794dad55fbbe9 reported cstate change: term changed from 0 to 1, leader changed from <none> to acda7efdd2484b4a8b0794dad55fbbe9 (127.28.82.195). New cstate: current_term: 1 leader_uuid: "acda7efdd2484b4a8b0794dad55fbbe9" committed_config { opid_index: -1 OBSOLETE_local: false peers { permanent_uuid: "b50abd00965c4377a30b7c5c7fda546e" member_type: VOTER last_known_addr { host: "127.28.82.193" port: 36849 } health_report { overall_health: UNKNOWN } } peers { permanent_uuid: "221fd228436f4826b5bf870ba1bd3357" member_type: VOTER last_known_addr { host: "127.28.82.194" port: 36989 } health_report { overall_health: UNKNOWN } } peers { permanent_uuid: "acda7efdd2484b4a8b0794dad55fbbe9" member_type: VOTER last_known_addr { host: "127.28.82.195" port: 37583 } health_report { overall_health: HEALTHY } } }
I20260709 12:12:14.673475 29712 raft_consensus.cc:2468] T 1e5769fad424492f976ebbc5b6159e5d P 221fd228436f4826b5bf870ba1bd3357 [term 1 FOLLOWER]: Leader election vote request: Granting yes vote for candidate acda7efdd2484b4a8b0794dad55fbbe9 in term 1.
I20260709 12:12:14.675184 29751 leader_election.cc:304] T 1e5769fad424492f976ebbc5b6159e5d P acda7efdd2484b4a8b0794dad55fbbe9 [CANDIDATE]: Term 1 election: Election decided. Result: candidate won. Election summary: received 2 responses out of 3 voters: 2 yes votes; 0 no votes. yes voters: 221fd228436f4826b5bf870ba1bd3357, acda7efdd2484b4a8b0794dad55fbbe9; no voters: 
I20260709 12:12:14.676312 29863 raft_consensus.cc:2804] T 1e5769fad424492f976ebbc5b6159e5d P acda7efdd2484b4a8b0794dad55fbbe9 [term 1 FOLLOWER]: Leader election won for term 1
I20260709 12:12:14.676887 29863 raft_consensus.cc:697] T 1e5769fad424492f976ebbc5b6159e5d P acda7efdd2484b4a8b0794dad55fbbe9 [term 1 LEADER]: Becoming Leader. State: Replica: acda7efdd2484b4a8b0794dad55fbbe9, State: Running, Role: LEADER
I20260709 12:12:14.679080 29848 raft_consensus.cc:493] T 4def8968cbba41b6b938e58b5970bb2e P b50abd00965c4377a30b7c5c7fda546e [term 0 FOLLOWER]: Starting pre-election (no leader contacted us within the election timeout)
I20260709 12:12:14.679725 29676 leader_election.cc:304] T 52748b06d44e42a5959c126766748b71 P 221fd228436f4826b5bf870ba1bd3357 [CANDIDATE]: Term 1 election: Election decided. Result: candidate won. Election summary: received 2 responses out of 3 voters: 2 yes votes; 0 no votes. yes voters: 221fd228436f4826b5bf870ba1bd3357, acda7efdd2484b4a8b0794dad55fbbe9; no voters: 
I20260709 12:12:14.679738 29848 raft_consensus.cc:515] T 4def8968cbba41b6b938e58b5970bb2e P b50abd00965c4377a30b7c5c7fda546e [term 0 FOLLOWER]: Starting pre-election with config: opid_index: -1 OBSOLETE_local: false peers { permanent_uuid: "b50abd00965c4377a30b7c5c7fda546e" member_type: VOTER last_known_addr { host: "127.28.82.193" port: 36849 } } peers { permanent_uuid: "221fd228436f4826b5bf870ba1bd3357" member_type: VOTER last_known_addr { host: "127.28.82.194" port: 36989 } } peers { permanent_uuid: "acda7efdd2484b4a8b0794dad55fbbe9" member_type: VOTER last_known_addr { host: "127.28.82.195" port: 37583 } }
I20260709 12:12:14.685148 29787 tablet_service.cc:1917] Received RequestConsensusVote() RPC: tablet_id: "4def8968cbba41b6b938e58b5970bb2e" candidate_uuid: "b50abd00965c4377a30b7c5c7fda546e" candidate_term: 1 candidate_status { last_received { term: 0 index: 0 } } ignore_live_leader: false dest_uuid: "acda7efdd2484b4a8b0794dad55fbbe9" is_pre_election: true
W20260709 12:12:14.686908 29601 leader_election.cc:343] T 4def8968cbba41b6b938e58b5970bb2e P b50abd00965c4377a30b7c5c7fda546e [CANDIDATE]: Term 1 pre-election: Tablet error from VoteRequest() call to peer acda7efdd2484b4a8b0794dad55fbbe9 (127.28.82.195:37583): Illegal state: must be running to vote when last-logged opid is not known
I20260709 12:12:14.687614 29848 leader_election.cc:290] T 4def8968cbba41b6b938e58b5970bb2e P b50abd00965c4377a30b7c5c7fda546e [CANDIDATE]: Term 1 pre-election: Requested pre-vote from peers 221fd228436f4826b5bf870ba1bd3357 (127.28.82.194:36989), acda7efdd2484b4a8b0794dad55fbbe9 (127.28.82.195:37583)
I20260709 12:12:14.688330 29840 raft_consensus.cc:2804] T 52748b06d44e42a5959c126766748b71 P 221fd228436f4826b5bf870ba1bd3357 [term 1 FOLLOWER]: Leader election won for term 1
I20260709 12:12:14.689893 29840 raft_consensus.cc:697] T 52748b06d44e42a5959c126766748b71 P 221fd228436f4826b5bf870ba1bd3357 [term 1 LEADER]: Becoming Leader. State: Replica: 221fd228436f4826b5bf870ba1bd3357, State: Running, Role: LEADER
I20260709 12:12:14.695030 29840 consensus_queue.cc:237] T 52748b06d44e42a5959c126766748b71 P 221fd228436f4826b5bf870ba1bd3357 [LEADER]: Queue going to LEADER mode. State: All replicated index: 0, Majority replicated index: 0, Committed index: 0, Last appended: 0.0, Last appended by leader: 0, Current term: 1, Majority size: 2, State: 0, Mode: LEADER, active raft config: opid_index: -1 OBSOLETE_local: false peers { permanent_uuid: "b50abd00965c4377a30b7c5c7fda546e" member_type: VOTER last_known_addr { host: "127.28.82.193" port: 36849 } } peers { permanent_uuid: "221fd228436f4826b5bf870ba1bd3357" member_type: VOTER last_known_addr { host: "127.28.82.194" port: 36989 } } peers { permanent_uuid: "acda7efdd2484b4a8b0794dad55fbbe9" member_type: VOTER last_known_addr { host: "127.28.82.195" port: 37583 } }
I20260709 12:12:14.667635 29637 raft_consensus.cc:2468] T 1e5769fad424492f976ebbc5b6159e5d P b50abd00965c4377a30b7c5c7fda546e [term 1 FOLLOWER]: Leader election vote request: Granting yes vote for candidate acda7efdd2484b4a8b0794dad55fbbe9 in term 1.
I20260709 12:12:14.677979 29863 consensus_queue.cc:237] T 1e5769fad424492f976ebbc5b6159e5d P acda7efdd2484b4a8b0794dad55fbbe9 [LEADER]: Queue going to LEADER mode. State: All replicated index: 0, Majority replicated index: 0, Committed index: 0, Last appended: 0.0, Last appended by leader: 0, Current term: 1, Majority size: 2, State: 0, Mode: LEADER, active raft config: opid_index: -1 OBSOLETE_local: false peers { permanent_uuid: "acda7efdd2484b4a8b0794dad55fbbe9" member_type: VOTER last_known_addr { host: "127.28.82.195" port: 37583 } } peers { permanent_uuid: "b50abd00965c4377a30b7c5c7fda546e" member_type: VOTER last_known_addr { host: "127.28.82.193" port: 36849 } } peers { permanent_uuid: "221fd228436f4826b5bf870ba1bd3357" member_type: VOTER last_known_addr { host: "127.28.82.194" port: 36989 } }
I20260709 12:12:14.704322 29638 raft_consensus.cc:2468] T 52748b06d44e42a5959c126766748b71 P b50abd00965c4377a30b7c5c7fda546e [term 1 FOLLOWER]: Leader election vote request: Granting yes vote for candidate 221fd228436f4826b5bf870ba1bd3357 in term 1.
I20260709 12:12:14.706456 29712 tablet_service.cc:1917] Received RequestConsensusVote() RPC: tablet_id: "4def8968cbba41b6b938e58b5970bb2e" candidate_uuid: "b50abd00965c4377a30b7c5c7fda546e" candidate_term: 1 candidate_status { last_received { term: 0 index: 0 } } ignore_live_leader: false dest_uuid: "221fd228436f4826b5bf870ba1bd3357" is_pre_election: true
W20260709 12:12:14.708191 29602 leader_election.cc:343] T 4def8968cbba41b6b938e58b5970bb2e P b50abd00965c4377a30b7c5c7fda546e [CANDIDATE]: Term 1 pre-election: Tablet error from VoteRequest() call to peer 221fd228436f4826b5bf870ba1bd3357 (127.28.82.194:36989): Illegal state: must be running to vote when last-logged opid is not known
I20260709 12:12:14.708595 29602 leader_election.cc:304] T 4def8968cbba41b6b938e58b5970bb2e P b50abd00965c4377a30b7c5c7fda546e [CANDIDATE]: Term 1 pre-election: Election decided. Result: candidate lost. Election summary: received 3 responses out of 3 voters: 1 yes votes; 2 no votes. yes voters: b50abd00965c4377a30b7c5c7fda546e; no voters: 221fd228436f4826b5bf870ba1bd3357, acda7efdd2484b4a8b0794dad55fbbe9
I20260709 12:12:14.709641 29848 raft_consensus.cc:2749] T 4def8968cbba41b6b938e58b5970bb2e P b50abd00965c4377a30b7c5c7fda546e [term 0 FOLLOWER]: Leader pre-election lost for term 1. Reason: could not achieve majority
I20260709 12:12:14.713326 29830 tablet_bootstrap.cc:492] T 93815f0ceac943f9b30d2bca89c0622f P 221fd228436f4826b5bf870ba1bd3357: No bootstrap required, opened a new log
I20260709 12:12:14.713670 29827 tablet_bootstrap.cc:492] T 4def8968cbba41b6b938e58b5970bb2e P acda7efdd2484b4a8b0794dad55fbbe9: No bootstrap required, opened a new log
I20260709 12:12:14.713805 29830 ts_tablet_manager.cc:1403] T 93815f0ceac943f9b30d2bca89c0622f P 221fd228436f4826b5bf870ba1bd3357: Time spent bootstrapping tablet: real 0.105s	user 0.047s	sys 0.033s
I20260709 12:12:14.714040 29828 tablet_bootstrap.cc:492] T c323e637d07a415abee844bf1d2f72ab P b50abd00965c4377a30b7c5c7fda546e: No bootstrap required, opened a new log
I20260709 12:12:14.714192 29827 ts_tablet_manager.cc:1403] T 4def8968cbba41b6b938e58b5970bb2e P acda7efdd2484b4a8b0794dad55fbbe9: Time spent bootstrapping tablet: real 0.115s	user 0.019s	sys 0.051s
I20260709 12:12:14.714569 29828 ts_tablet_manager.cc:1403] T c323e637d07a415abee844bf1d2f72ab P b50abd00965c4377a30b7c5c7fda546e: Time spent bootstrapping tablet: real 0.122s	user 0.048s	sys 0.060s
I20260709 12:12:14.716056 29534 catalog_manager.cc:5697] T 1e5769fad424492f976ebbc5b6159e5d P acda7efdd2484b4a8b0794dad55fbbe9 reported cstate change: term changed from 0 to 1, leader changed from <none> to acda7efdd2484b4a8b0794dad55fbbe9 (127.28.82.195). New cstate: current_term: 1 leader_uuid: "acda7efdd2484b4a8b0794dad55fbbe9" committed_config { opid_index: -1 OBSOLETE_local: false peers { permanent_uuid: "acda7efdd2484b4a8b0794dad55fbbe9" member_type: VOTER last_known_addr { host: "127.28.82.195" port: 37583 } health_report { overall_health: HEALTHY } } peers { permanent_uuid: "b50abd00965c4377a30b7c5c7fda546e" member_type: VOTER last_known_addr { host: "127.28.82.193" port: 36849 } health_report { overall_health: UNKNOWN } } peers { permanent_uuid: "221fd228436f4826b5bf870ba1bd3357" member_type: VOTER last_known_addr { host: "127.28.82.194" port: 36989 } health_report { overall_health: UNKNOWN } } }
I20260709 12:12:14.716794 29830 raft_consensus.cc:359] T 93815f0ceac943f9b30d2bca89c0622f P 221fd228436f4826b5bf870ba1bd3357 [term 0 FOLLOWER]: Replica starting. Triggering 0 pending ops. Active config: opid_index: -1 OBSOLETE_local: false peers { permanent_uuid: "b50abd00965c4377a30b7c5c7fda546e" member_type: VOTER last_known_addr { host: "127.28.82.193" port: 36849 } } peers { permanent_uuid: "221fd228436f4826b5bf870ba1bd3357" member_type: VOTER last_known_addr { host: "127.28.82.194" port: 36989 } } peers { permanent_uuid: "acda7efdd2484b4a8b0794dad55fbbe9" member_type: VOTER last_known_addr { host: "127.28.82.195" port: 37583 } }
I20260709 12:12:14.716820 29827 raft_consensus.cc:359] T 4def8968cbba41b6b938e58b5970bb2e P acda7efdd2484b4a8b0794dad55fbbe9 [term 0 FOLLOWER]: Replica starting. Triggering 0 pending ops. Active config: opid_index: -1 OBSOLETE_local: false peers { permanent_uuid: "b50abd00965c4377a30b7c5c7fda546e" member_type: VOTER last_known_addr { host: "127.28.82.193" port: 36849 } } peers { permanent_uuid: "221fd228436f4826b5bf870ba1bd3357" member_type: VOTER last_known_addr { host: "127.28.82.194" port: 36989 } } peers { permanent_uuid: "acda7efdd2484b4a8b0794dad55fbbe9" member_type: VOTER last_known_addr { host: "127.28.82.195" port: 37583 } }
I20260709 12:12:14.717598 29830 raft_consensus.cc:385] T 93815f0ceac943f9b30d2bca89c0622f P 221fd228436f4826b5bf870ba1bd3357 [term 0 FOLLOWER]: Consensus starting up: Expiring failure detector timer to make a prompt election more likely
