I20260709 12:12:44.975735 31313 raft_consensus.cc:359] T 517c1ff27dd84bd29930f66a3fa9d33d P 109aa8274cd1405f988bb0aceace5986 [term 0 FOLLOWER]: Replica starting. Triggering 0 pending ops. Active config: opid_index: -1 OBSOLETE_local: false peers { permanent_uuid: "8d53ad202be44bfa8eaf82e6872da105" member_type: VOTER last_known_addr { host: "127.29.65.1" port: 35611 } } peers { permanent_uuid: "d35e1164f1f548e48d63388c492ba527" member_type: VOTER last_known_addr { host: "127.29.65.2" port: 33901 } } peers { permanent_uuid: "109aa8274cd1405f988bb0aceace5986" member_type: VOTER last_known_addr { host: "127.29.65.3" port: 39957 } }
I20260709 12:12:44.976032 31163 leader_election.cc:304] T 4ad048aa442449ea98bfc2c034538501 P d35e1164f1f548e48d63388c492ba527 [CANDIDATE]: Term 1 pre-election: Election decided. Result: candidate won. Election summary: received 2 responses out of 3 voters: 2 yes votes; 0 no votes. yes voters: 8d53ad202be44bfa8eaf82e6872da105, d35e1164f1f548e48d63388c492ba527; no voters: 
I20260709 12:12:44.976392 31313 raft_consensus.cc:385] T 517c1ff27dd84bd29930f66a3fa9d33d P 109aa8274cd1405f988bb0aceace5986 [term 0 FOLLOWER]: Consensus starting up: Expiring failure detector timer to make a prompt election more likely
I20260709 12:12:44.976660 31313 raft_consensus.cc:740] T 517c1ff27dd84bd29930f66a3fa9d33d P 109aa8274cd1405f988bb0aceace5986 [term 0 FOLLOWER]: Becoming Follower/Learner. State: Replica: 109aa8274cd1405f988bb0aceace5986, State: Initialized, Role: FOLLOWER
I20260709 12:12:44.976830 31373 raft_consensus.cc:2804] T 4ad048aa442449ea98bfc2c034538501 P d35e1164f1f548e48d63388c492ba527 [term 0 FOLLOWER]: Leader pre-election won for term 1
I20260709 12:12:44.977195 31373 raft_consensus.cc:493] T 4ad048aa442449ea98bfc2c034538501 P d35e1164f1f548e48d63388c492ba527 [term 0 FOLLOWER]: Starting leader election (no leader contacted us within the election timeout)
I20260709 12:12:44.977576 31373 raft_consensus.cc:3060] T 4ad048aa442449ea98bfc2c034538501 P d35e1164f1f548e48d63388c492ba527 [term 0 FOLLOWER]: Advancing to term 1
I20260709 12:12:44.977923 31313 consensus_queue.cc:260] T 517c1ff27dd84bd29930f66a3fa9d33d P 109aa8274cd1405f988bb0aceace5986 [NON_LEADER]: Queue going to NON_LEADER mode. State: All replicated index: 0, Majority replicated index: 0, Committed index: 0, Last appended: 0.0, Last appended by leader: 0, Current term: 0, Majority size: -1, State: 0, Mode: NON_LEADER, active raft config: opid_index: -1 OBSOLETE_local: false peers { permanent_uuid: "8d53ad202be44bfa8eaf82e6872da105" member_type: VOTER last_known_addr { host: "127.29.65.1" port: 35611 } } peers { permanent_uuid: "d35e1164f1f548e48d63388c492ba527" member_type: VOTER last_known_addr { host: "127.29.65.2" port: 33901 } } peers { permanent_uuid: "109aa8274cd1405f988bb0aceace5986" member_type: VOTER last_known_addr { host: "127.29.65.3" port: 39957 } }
I20260709 12:12:44.980297 31313 ts_tablet_manager.cc:1434] T 517c1ff27dd84bd29930f66a3fa9d33d P 109aa8274cd1405f988bb0aceace5986: Time spent starting tablet: real 0.007s	user 0.006s	sys 0.000s
I20260709 12:12:44.981174 31313 tablet_bootstrap.cc:492] T 7e2c906b1aac4cc5a72c9f1376d24d1a P 109aa8274cd1405f988bb0aceace5986: Bootstrap starting.
I20260709 12:12:44.971926 31390 raft_consensus.cc:2804] T 2b49614f8cbd46fc834e8ba866e1fd72 P 109aa8274cd1405f988bb0aceace5986 [term 1 FOLLOWER]: Leader election won for term 1
I20260709 12:12:44.982479 31390 raft_consensus.cc:697] T 2b49614f8cbd46fc834e8ba866e1fd72 P 109aa8274cd1405f988bb0aceace5986 [term 1 LEADER]: Becoming Leader. State: Replica: 109aa8274cd1405f988bb0aceace5986, State: Running, Role: LEADER
I20260709 12:12:44.983580 31390 consensus_queue.cc:237] T 2b49614f8cbd46fc834e8ba866e1fd72 P 109aa8274cd1405f988bb0aceace5986 [LEADER]: Queue going to LEADER mode. State: All replicated index: 0, Majority replicated index: 0, Committed index: 0, Last appended: 0.0, Last appended by leader: 0, Current term: 1, Majority size: 2, State: 0, Mode: LEADER, active raft config: opid_index: -1 OBSOLETE_local: false peers { permanent_uuid: "8d53ad202be44bfa8eaf82e6872da105" member_type: VOTER last_known_addr { host: "127.29.65.1" port: 35611 } } peers { permanent_uuid: "d35e1164f1f548e48d63388c492ba527" member_type: VOTER last_known_addr { host: "127.29.65.2" port: 33901 } } peers { permanent_uuid: "109aa8274cd1405f988bb0aceace5986" member_type: VOTER last_known_addr { host: "127.29.65.3" port: 39957 } }
I20260709 12:12:44.984395 31373 raft_consensus.cc:515] T 4ad048aa442449ea98bfc2c034538501 P d35e1164f1f548e48d63388c492ba527 [term 1 FOLLOWER]: Starting leader election with config: opid_index: -1 OBSOLETE_local: false peers { permanent_uuid: "8d53ad202be44bfa8eaf82e6872da105" member_type: VOTER last_known_addr { host: "127.29.65.1" port: 35611 } } peers { permanent_uuid: "d35e1164f1f548e48d63388c492ba527" member_type: VOTER last_known_addr { host: "127.29.65.2" port: 33901 } } peers { permanent_uuid: "109aa8274cd1405f988bb0aceace5986" member_type: VOTER last_known_addr { host: "127.29.65.3" port: 39957 } }
I20260709 12:12:44.986951 31313 tablet_bootstrap.cc:654] T 7e2c906b1aac4cc5a72c9f1376d24d1a P 109aa8274cd1405f988bb0aceace5986: Neither blocks nor log segments found. Creating new log.
I20260709 12:12:44.987202 31124 tablet_service.cc:1917] Received RequestConsensusVote() RPC: tablet_id: "4ad048aa442449ea98bfc2c034538501" candidate_uuid: "d35e1164f1f548e48d63388c492ba527" candidate_term: 1 candidate_status { last_received { term: 0 index: 0 } } ignore_live_leader: false dest_uuid: "8d53ad202be44bfa8eaf82e6872da105"
I20260709 12:12:44.987756 31124 raft_consensus.cc:3060] T 4ad048aa442449ea98bfc2c034538501 P 8d53ad202be44bfa8eaf82e6872da105 [term 0 FOLLOWER]: Advancing to term 1
I20260709 12:12:44.991070 31273 tablet_service.cc:1917] Received RequestConsensusVote() RPC: tablet_id: "4ad048aa442449ea98bfc2c034538501" candidate_uuid: "d35e1164f1f548e48d63388c492ba527" candidate_term: 1 candidate_status { last_received { term: 0 index: 0 } } ignore_live_leader: false dest_uuid: "109aa8274cd1405f988bb0aceace5986" is_pre_election: true
I20260709 12:12:44.991916 31273 raft_consensus.cc:2468] T 4ad048aa442449ea98bfc2c034538501 P 109aa8274cd1405f988bb0aceace5986 [term 0 FOLLOWER]: Leader pre-election vote request: Granting yes vote for candidate d35e1164f1f548e48d63388c492ba527 in term 0.
I20260709 12:12:44.955570 31317 leader_election.cc:290] T 2b49614f8cbd46fc834e8ba866e1fd72 P 109aa8274cd1405f988bb0aceace5986 [CANDIDATE]: Term 1 election: Requested vote from peers 8d53ad202be44bfa8eaf82e6872da105 (127.29.65.1:35611), d35e1164f1f548e48d63388c492ba527 (127.29.65.2:33901)
W20260709 12:12:44.959553 31070 auto_rebalancer.cc:288] Could not retrieve cluster info: Service unavailable: Tablet not running
I20260709 12:12:44.967756 31316 tablet_bootstrap.cc:492] T 5ddfb9618b86457e86afdda7a8faea57 P d35e1164f1f548e48d63388c492ba527: Bootstrap starting.
I20260709 12:12:44.998550 31313 tablet_bootstrap.cc:492] T 7e2c906b1aac4cc5a72c9f1376d24d1a P 109aa8274cd1405f988bb0aceace5986: No bootstrap required, opened a new log
I20260709 12:12:44.998997 31313 ts_tablet_manager.cc:1403] T 7e2c906b1aac4cc5a72c9f1376d24d1a P 109aa8274cd1405f988bb0aceace5986: Time spent bootstrapping tablet: real 0.018s	user 0.014s	sys 0.002s
I20260709 12:12:44.999122 31273 tablet_service.cc:1917] Received RequestConsensusVote() RPC: tablet_id: "4ad048aa442449ea98bfc2c034538501" candidate_uuid: "d35e1164f1f548e48d63388c492ba527" candidate_term: 1 candidate_status { last_received { term: 0 index: 0 } } ignore_live_leader: false dest_uuid: "109aa8274cd1405f988bb0aceace5986"
I20260709 12:12:44.999869 31273 raft_consensus.cc:3060] T 4ad048aa442449ea98bfc2c034538501 P 109aa8274cd1405f988bb0aceace5986 [term 0 FOLLOWER]: Advancing to term 1
I20260709 12:12:45.001508 31313 raft_consensus.cc:359] T 7e2c906b1aac4cc5a72c9f1376d24d1a P 109aa8274cd1405f988bb0aceace5986 [term 0 FOLLOWER]: Replica starting. Triggering 0 pending ops. Active config: opid_index: -1 OBSOLETE_local: false peers { permanent_uuid: "8d53ad202be44bfa8eaf82e6872da105" member_type: VOTER last_known_addr { host: "127.29.65.1" port: 35611 } } peers { permanent_uuid: "d35e1164f1f548e48d63388c492ba527" member_type: VOTER last_known_addr { host: "127.29.65.2" port: 33901 } } peers { permanent_uuid: "109aa8274cd1405f988bb0aceace5986" member_type: VOTER last_known_addr { host: "127.29.65.3" port: 39957 } }
I20260709 12:12:45.002184 31313 raft_consensus.cc:385] T 7e2c906b1aac4cc5a72c9f1376d24d1a P 109aa8274cd1405f988bb0aceace5986 [term 0 FOLLOWER]: Consensus starting up: Expiring failure detector timer to make a prompt election more likely
I20260709 12:12:45.002449 31313 raft_consensus.cc:740] T 7e2c906b1aac4cc5a72c9f1376d24d1a P 109aa8274cd1405f988bb0aceace5986 [term 0 FOLLOWER]: Becoming Follower/Learner. State: Replica: 109aa8274cd1405f988bb0aceace5986, State: Initialized, Role: FOLLOWER
I20260709 12:12:45.003342 31313 consensus_queue.cc:260] T 7e2c906b1aac4cc5a72c9f1376d24d1a P 109aa8274cd1405f988bb0aceace5986 [NON_LEADER]: Queue going to NON_LEADER mode. State: All replicated index: 0, Majority replicated index: 0, Committed index: 0, Last appended: 0.0, Last appended by leader: 0, Current term: 0, Majority size: -1, State: 0, Mode: NON_LEADER, active raft config: opid_index: -1 OBSOLETE_local: false peers { permanent_uuid: "8d53ad202be44bfa8eaf82e6872da105" member_type: VOTER last_known_addr { host: "127.29.65.1" port: 35611 } } peers { permanent_uuid: "d35e1164f1f548e48d63388c492ba527" member_type: VOTER last_known_addr { host: "127.29.65.2" port: 33901 } } peers { permanent_uuid: "109aa8274cd1405f988bb0aceace5986" member_type: VOTER last_known_addr { host: "127.29.65.3" port: 39957 } }
I20260709 12:12:45.003701 31124 raft_consensus.cc:2468] T 4ad048aa442449ea98bfc2c034538501 P 8d53ad202be44bfa8eaf82e6872da105 [term 1 FOLLOWER]: Leader election vote request: Granting yes vote for candidate d35e1164f1f548e48d63388c492ba527 in term 1.
I20260709 12:12:45.005609 31313 ts_tablet_manager.cc:1434] T 7e2c906b1aac4cc5a72c9f1376d24d1a P 109aa8274cd1405f988bb0aceace5986: Time spent starting tablet: real 0.006s	user 0.005s	sys 0.000s
I20260709 12:12:45.005466 31163 leader_election.cc:304] T 4ad048aa442449ea98bfc2c034538501 P d35e1164f1f548e48d63388c492ba527 [CANDIDATE]: Term 1 election: Election decided. Result: candidate won. Election summary: received 2 responses out of 3 voters: 2 yes votes; 0 no votes. yes voters: 8d53ad202be44bfa8eaf82e6872da105, d35e1164f1f548e48d63388c492ba527; no voters: 
I20260709 12:12:45.003556 31316 tablet_bootstrap.cc:654] T 5ddfb9618b86457e86afdda7a8faea57 P d35e1164f1f548e48d63388c492ba527: Neither blocks nor log segments found. Creating new log.
I20260709 12:12:45.006716 31320 raft_consensus.cc:2804] T 4ad048aa442449ea98bfc2c034538501 P d35e1164f1f548e48d63388c492ba527 [term 1 FOLLOWER]: Leader election won for term 1
I20260709 12:12:45.006912 31381 consensus_queue.cc:1048] T 50ae84b2e0914b3fb2cf091c0e05abca P 8d53ad202be44bfa8eaf82e6872da105 [LEADER]: Connected to new peer: Peer: permanent_uuid: "d35e1164f1f548e48d63388c492ba527" member_type: VOTER last_known_addr { host: "127.29.65.2" port: 33901 }, Status: LMP_MISMATCH, Last received: 0.0, Next index: 1, Last known committed idx: 0, Time since last communication: 0.001s
I20260709 12:12:45.003777 31373 leader_election.cc:290] T 4ad048aa442449ea98bfc2c034538501 P d35e1164f1f548e48d63388c492ba527 [CANDIDATE]: Term 1 election: Requested vote from peers 8d53ad202be44bfa8eaf82e6872da105 (127.29.65.1:35611), 109aa8274cd1405f988bb0aceace5986 (127.29.65.3:39957)
I20260709 12:12:45.013792 31313 tablet_bootstrap.cc:492] T 07fab0d61b1b4587a959f5907b866f13 P 109aa8274cd1405f988bb0aceace5986: Bootstrap starting.
I20260709 12:12:45.021214 31313 tablet_bootstrap.cc:654] T 07fab0d61b1b4587a959f5907b866f13 P 109aa8274cd1405f988bb0aceace5986: Neither blocks nor log segments found. Creating new log.
I20260709 12:12:45.030133 31373 raft_consensus.cc:493] T efc170621e55462599d0124922d0ecf6 P d35e1164f1f548e48d63388c492ba527 [term 0 FOLLOWER]: Starting pre-election (no leader contacted us within the election timeout)
I20260709 12:12:45.032997 31373 raft_consensus.cc:515] T efc170621e55462599d0124922d0ecf6 P d35e1164f1f548e48d63388c492ba527 [term 0 FOLLOWER]: Starting pre-election with config: opid_index: -1 OBSOLETE_local: false peers { permanent_uuid: "8d53ad202be44bfa8eaf82e6872da105" member_type: VOTER last_known_addr { host: "127.29.65.1" port: 35611 } } peers { permanent_uuid: "d35e1164f1f548e48d63388c492ba527" member_type: VOTER last_known_addr { host: "127.29.65.2" port: 33901 } } peers { permanent_uuid: "109aa8274cd1405f988bb0aceace5986" member_type: VOTER last_known_addr { host: "127.29.65.3" port: 39957 } }
I20260709 12:12:45.027671 31316 tablet_bootstrap.cc:492] T 5ddfb9618b86457e86afdda7a8faea57 P d35e1164f1f548e48d63388c492ba527: No bootstrap required, opened a new log
I20260709 12:12:45.036358 31316 ts_tablet_manager.cc:1403] T 5ddfb9618b86457e86afdda7a8faea57 P d35e1164f1f548e48d63388c492ba527: Time spent bootstrapping tablet: real 0.069s	user 0.017s	sys 0.000s
I20260709 12:12:45.039858 31316 raft_consensus.cc:359] T 5ddfb9618b86457e86afdda7a8faea57 P d35e1164f1f548e48d63388c492ba527 [term 0 FOLLOWER]: Replica starting. Triggering 0 pending ops. Active config: opid_index: -1 OBSOLETE_local: false peers { permanent_uuid: "8d53ad202be44bfa8eaf82e6872da105" member_type: VOTER last_known_addr { host: "127.29.65.1" port: 35611 } } peers { permanent_uuid: "d35e1164f1f548e48d63388c492ba527" member_type: VOTER last_known_addr { host: "127.29.65.2" port: 33901 } } peers { permanent_uuid: "109aa8274cd1405f988bb0aceace5986" member_type: VOTER last_known_addr { host: "127.29.65.3" port: 39957 } }
I20260709 12:12:45.042294 31198 raft_consensus.cc:2468] T 2b49614f8cbd46fc834e8ba866e1fd72 P d35e1164f1f548e48d63388c492ba527 [term 1 FOLLOWER]: Leader election vote request: Granting yes vote for candidate 109aa8274cd1405f988bb0aceace5986 in term 1.
I20260709 12:12:45.045583 31271 tablet_service.cc:1917] Received RequestConsensusVote() RPC: tablet_id: "efc170621e55462599d0124922d0ecf6" candidate_uuid: "d35e1164f1f548e48d63388c492ba527" candidate_term: 1 candidate_status { last_received { term: 0 index: 0 } } ignore_live_leader: false dest_uuid: "109aa8274cd1405f988bb0aceace5986" is_pre_election: true
W20260709 12:12:45.046962 31164 leader_election.cc:343] T efc170621e55462599d0124922d0ecf6 P d35e1164f1f548e48d63388c492ba527 [CANDIDATE]: Term 1 pre-election: Tablet error from VoteRequest() call to peer 109aa8274cd1405f988bb0aceace5986 (127.29.65.3:39957): Illegal state: must be running to vote when last-logged opid is not known
I20260709 12:12:45.047786 31373 leader_election.cc:290] T efc170621e55462599d0124922d0ecf6 P d35e1164f1f548e48d63388c492ba527 [CANDIDATE]: Term 1 pre-election: Requested pre-vote from peers 8d53ad202be44bfa8eaf82e6872da105 (127.29.65.1:35611), 109aa8274cd1405f988bb0aceace5986 (127.29.65.3:39957)
I20260709 12:12:45.040547 31316 raft_consensus.cc:385] T 5ddfb9618b86457e86afdda7a8faea57 P d35e1164f1f548e48d63388c492ba527 [term 0 FOLLOWER]: Consensus starting up: Expiring failure detector timer to make a prompt election more likely
I20260709 12:12:45.048303 31316 raft_consensus.cc:740] T 5ddfb9618b86457e86afdda7a8faea57 P d35e1164f1f548e48d63388c492ba527 [term 0 FOLLOWER]: Becoming Follower/Learner. State: Replica: d35e1164f1f548e48d63388c492ba527, State: Initialized, Role: FOLLOWER
I20260709 12:12:45.049188 31313 tablet_bootstrap.cc:492] T 07fab0d61b1b4587a959f5907b866f13 P 109aa8274cd1405f988bb0aceace5986: No bootstrap required, opened a new log
I20260709 12:12:45.049085 31316 consensus_queue.cc:260] T 5ddfb9618b86457e86afdda7a8faea57 P d35e1164f1f548e48d63388c492ba527 [NON_LEADER]: Queue going to NON_LEADER mode. State: All replicated index: 0, Majority replicated index: 0, Committed index: 0, Last appended: 0.0, Last appended by leader: 0, Current term: 0, Majority size: -1, State: 0, Mode: NON_LEADER, active raft config: opid_index: -1 OBSOLETE_local: false peers { permanent_uuid: "8d53ad202be44bfa8eaf82e6872da105" member_type: VOTER last_known_addr { host: "127.29.65.1" port: 35611 } } peers { permanent_uuid: "d35e1164f1f548e48d63388c492ba527" member_type: VOTER last_known_addr { host: "127.29.65.2" port: 33901 } } peers { permanent_uuid: "109aa8274cd1405f988bb0aceace5986" member_type: VOTER last_known_addr { host: "127.29.65.3" port: 39957 } }
I20260709 12:12:45.050522 31313 ts_tablet_manager.cc:1403] T 07fab0d61b1b4587a959f5907b866f13 P 109aa8274cd1405f988bb0aceace5986: Time spent bootstrapping tablet: real 0.037s	user 0.007s	sys 0.005s
I20260709 12:12:45.043634 31123 tablet_service.cc:1917] Received RequestConsensusVote() RPC: tablet_id: "efc170621e55462599d0124922d0ecf6" candidate_uuid: "d35e1164f1f548e48d63388c492ba527" candidate_term: 1 candidate_status { last_received { term: 0 index: 0 } } ignore_live_leader: false dest_uuid: "8d53ad202be44bfa8eaf82e6872da105" is_pre_election: true
I20260709 12:12:45.051568 31123 raft_consensus.cc:2468] T efc170621e55462599d0124922d0ecf6 P 8d53ad202be44bfa8eaf82e6872da105 [term 0 FOLLOWER]: Leader pre-election vote request: Granting yes vote for candidate d35e1164f1f548e48d63388c492ba527 in term 0.
I20260709 12:12:45.052199 31316 ts_tablet_manager.cc:1434] T 5ddfb9618b86457e86afdda7a8faea57 P d35e1164f1f548e48d63388c492ba527: Time spent starting tablet: real 0.015s	user 0.006s	sys 0.002s
I20260709 12:12:45.053194 31316 tablet_bootstrap.cc:492] T 1f0d9f4965f64003a9e49057ab980ebd P d35e1164f1f548e48d63388c492ba527: Bootstrap starting.
I20260709 12:12:45.053112 31163 leader_election.cc:304] T efc170621e55462599d0124922d0ecf6 P d35e1164f1f548e48d63388c492ba527 [CANDIDATE]: Term 1 pre-election: Election decided. Result: candidate won. Election summary: received 3 responses out of 3 voters: 2 yes votes; 1 no votes. yes voters: 8d53ad202be44bfa8eaf82e6872da105, d35e1164f1f548e48d63388c492ba527; no voters: 109aa8274cd1405f988bb0aceace5986
I20260709 12:12:45.054920 31373 raft_consensus.cc:2804] T efc170621e55462599d0124922d0ecf6 P d35e1164f1f548e48d63388c492ba527 [term 0 FOLLOWER]: Leader pre-election won for term 1
I20260709 12:12:45.055485 31373 raft_consensus.cc:493] T efc170621e55462599d0124922d0ecf6 P d35e1164f1f548e48d63388c492ba527 [term 0 FOLLOWER]: Starting leader election (no leader contacted us within the election timeout)
I20260709 12:12:45.055908 31373 raft_consensus.cc:3060] T efc170621e55462599d0124922d0ecf6 P d35e1164f1f548e48d63388c492ba527 [term 0 FOLLOWER]: Advancing to term 1
I20260709 12:12:45.056649 31313 raft_consensus.cc:359] T 07fab0d61b1b4587a959f5907b866f13 P 109aa8274cd1405f988bb0aceace5986 [term 0 FOLLOWER]: Replica starting. Triggering 0 pending ops. Active config: opid_index: -1 OBSOLETE_local: false peers { permanent_uuid: "8d53ad202be44bfa8eaf82e6872da105" member_type: VOTER last_known_addr { host: "127.29.65.1" port: 35611 } } peers { permanent_uuid: "d35e1164f1f548e48d63388c492ba527" member_type: VOTER last_known_addr { host: "127.29.65.2" port: 33901 } } peers { permanent_uuid: "109aa8274cd1405f988bb0aceace5986" member_type: VOTER last_known_addr { host: "127.29.65.3" port: 39957 } }
I20260709 12:12:45.058393 31313 raft_consensus.cc:385] T 07fab0d61b1b4587a959f5907b866f13 P 109aa8274cd1405f988bb0aceace5986 [term 0 FOLLOWER]: Consensus starting up: Expiring failure detector timer to make a prompt election more likely
I20260709 12:12:45.059131 31313 raft_consensus.cc:740] T 07fab0d61b1b4587a959f5907b866f13 P 109aa8274cd1405f988bb0aceace5986 [term 0 FOLLOWER]: Becoming Follower/Learner. State: Replica: 109aa8274cd1405f988bb0aceace5986, State: Initialized, Role: FOLLOWER
I20260709 12:12:45.060195 31313 consensus_queue.cc:260] T 07fab0d61b1b4587a959f5907b866f13 P 109aa8274cd1405f988bb0aceace5986 [NON_LEADER]: Queue going to NON_LEADER mode. State: All replicated index: 0, Majority replicated index: 0, Committed index: 0, Last appended: 0.0, Last appended by leader: 0, Current term: 0, Majority size: -1, State: 0, Mode: NON_LEADER, active raft config: opid_index: -1 OBSOLETE_local: false peers { permanent_uuid: "8d53ad202be44bfa8eaf82e6872da105" member_type: VOTER last_known_addr { host: "127.29.65.1" port: 35611 } } peers { permanent_uuid: "d35e1164f1f548e48d63388c492ba527" member_type: VOTER last_known_addr { host: "127.29.65.2" port: 33901 } } peers { permanent_uuid: "109aa8274cd1405f988bb0aceace5986" member_type: VOTER last_known_addr { host: "127.29.65.3" port: 39957 } }
I20260709 12:12:45.063884 31313 ts_tablet_manager.cc:1434] T 07fab0d61b1b4587a959f5907b866f13 P 109aa8274cd1405f988bb0aceace5986: Time spent starting tablet: real 0.012s	user 0.005s	sys 0.000s
I20260709 12:12:45.066031 31198 raft_consensus.cc:3060] T 2b5810fd5b0e4527b3e426d0409440a1 P d35e1164f1f548e48d63388c492ba527 [term 0 FOLLOWER]: Advancing to term 1
I20260709 12:12:45.066285 31313 tablet_bootstrap.cc:492] T efc170621e55462599d0124922d0ecf6 P 109aa8274cd1405f988bb0aceace5986: Bootstrap starting.
I20260709 12:12:45.065286 31316 tablet_bootstrap.cc:654] T 1f0d9f4965f64003a9e49057ab980ebd P d35e1164f1f548e48d63388c492ba527: Neither blocks nor log segments found. Creating new log.
I20260709 12:12:45.071058 31373 raft_consensus.cc:515] T efc170621e55462599d0124922d0ecf6 P d35e1164f1f548e48d63388c492ba527 [term 1 FOLLOWER]: Starting leader election with config: opid_index: -1 OBSOLETE_local: false peers { permanent_uuid: "8d53ad202be44bfa8eaf82e6872da105" member_type: VOTER last_known_addr { host: "127.29.65.1" port: 35611 } } peers { permanent_uuid: "d35e1164f1f548e48d63388c492ba527" member_type: VOTER last_known_addr { host: "127.29.65.2" port: 33901 } } peers { permanent_uuid: "109aa8274cd1405f988bb0aceace5986" member_type: VOTER last_known_addr { host: "127.29.65.3" port: 39957 } }
I20260709 12:12:45.074693 31124 tablet_service.cc:1917] Received RequestConsensusVote() RPC: tablet_id: "efc170621e55462599d0124922d0ecf6" candidate_uuid: "d35e1164f1f548e48d63388c492ba527" candidate_term: 1 candidate_status { last_received { term: 0 index: 0 } } ignore_live_leader: false dest_uuid: "8d53ad202be44bfa8eaf82e6872da105"
I20260709 12:12:45.075350 31124 raft_consensus.cc:3060] T efc170621e55462599d0124922d0ecf6 P 8d53ad202be44bfa8eaf82e6872da105 [term 0 FOLLOWER]: Advancing to term 1
I20260709 12:12:45.077811 31314 tablet_bootstrap.cc:492] T 07fab0d61b1b4587a959f5907b866f13 P 8d53ad202be44bfa8eaf82e6872da105: No bootstrap required, opened a new log
I20260709 12:12:45.078310 31314 ts_tablet_manager.cc:1403] T 07fab0d61b1b4587a959f5907b866f13 P 8d53ad202be44bfa8eaf82e6872da105: Time spent bootstrapping tablet: real 0.238s	user 0.062s	sys 0.126s
I20260709 12:12:45.079595 31313 tablet_bootstrap.cc:654] T efc170621e55462599d0124922d0ecf6 P 109aa8274cd1405f988bb0aceace5986: Neither blocks nor log segments found. Creating new log.
I20260709 12:12:45.081312 31314 raft_consensus.cc:359] T 07fab0d61b1b4587a959f5907b866f13 P 8d53ad202be44bfa8eaf82e6872da105 [term 0 FOLLOWER]: Replica starting. Triggering 0 pending ops. Active config: opid_index: -1 OBSOLETE_local: false peers { permanent_uuid: "8d53ad202be44bfa8eaf82e6872da105" member_type: VOTER last_known_addr { host: "127.29.65.1" port: 35611 } } peers { permanent_uuid: "d35e1164f1f548e48d63388c492ba527" member_type: VOTER last_known_addr { host: "127.29.65.2" port: 33901 } } peers { permanent_uuid: "109aa8274cd1405f988bb0aceace5986" member_type: VOTER last_known_addr { host: "127.29.65.3" port: 39957 } }
I20260709 12:12:45.082072 31314 raft_consensus.cc:385] T 07fab0d61b1b4587a959f5907b866f13 P 8d53ad202be44bfa8eaf82e6872da105 [term 0 FOLLOWER]: Consensus starting up: Expiring failure detector timer to make a prompt election more likely
I20260709 12:12:45.082345 31314 raft_consensus.cc:740] T 07fab0d61b1b4587a959f5907b866f13 P 8d53ad202be44bfa8eaf82e6872da105 [term 0 FOLLOWER]: Becoming Follower/Learner. State: Replica: 8d53ad202be44bfa8eaf82e6872da105, State: Initialized, Role: FOLLOWER
I20260709 12:12:45.083129 31314 consensus_queue.cc:260] T 07fab0d61b1b4587a959f5907b866f13 P 8d53ad202be44bfa8eaf82e6872da105 [NON_LEADER]: Queue going to NON_LEADER mode. State: All replicated index: 0, Majority replicated index: 0, Committed index: 0, Last appended: 0.0, Last appended by leader: 0, Current term: 0, Majority size: -1, State: 0, Mode: NON_LEADER, active raft config: opid_index: -1 OBSOLETE_local: false peers { permanent_uuid: "8d53ad202be44bfa8eaf82e6872da105" member_type: VOTER last_known_addr { host: "127.29.65.1" port: 35611 } } peers { permanent_uuid: "d35e1164f1f548e48d63388c492ba527" member_type: VOTER last_known_addr { host: "127.29.65.2" port: 33901 } } peers { permanent_uuid: "109aa8274cd1405f988bb0aceace5986" member_type: VOTER last_known_addr { host: "127.29.65.3" port: 39957 } }
I20260709 12:12:45.088281 31314 ts_tablet_manager.cc:1434] T 07fab0d61b1b4587a959f5907b866f13 P 8d53ad202be44bfa8eaf82e6872da105: Time spent starting tablet: real 0.010s	user 0.005s	sys 0.000s
I20260709 12:12:45.088219 31273 raft_consensus.cc:2468] T 4ad048aa442449ea98bfc2c034538501 P 109aa8274cd1405f988bb0aceace5986 [term 1 FOLLOWER]: Leader election vote request: Granting yes vote for candidate d35e1164f1f548e48d63388c492ba527 in term 1.
I20260709 12:12:45.089334 31314 tablet_bootstrap.cc:492] T 877edca02ade45868b1cafb0bf0fffea P 8d53ad202be44bfa8eaf82e6872da105: Bootstrap starting.
I20260709 12:12:45.091017 31415 raft_consensus.cc:493] T 630048ce421f41d997420f8614e882e8 P d35e1164f1f548e48d63388c492ba527 [term 0 FOLLOWER]: Starting pre-election (no leader contacted us within the election timeout)
I20260709 12:12:45.091542 31415 raft_consensus.cc:515] T 630048ce421f41d997420f8614e882e8 P d35e1164f1f548e48d63388c492ba527 [term 0 FOLLOWER]: Starting pre-election with config: opid_index: -1 OBSOLETE_local: false peers { permanent_uuid: "8d53ad202be44bfa8eaf82e6872da105" member_type: VOTER last_known_addr { host: "127.29.65.1" port: 35611 } } peers { permanent_uuid: "d35e1164f1f548e48d63388c492ba527" member_type: VOTER last_known_addr { host: "127.29.65.2" port: 33901 } } peers { permanent_uuid: "109aa8274cd1405f988bb0aceace5986" member_type: VOTER last_known_addr { host: "127.29.65.3" port: 39957 } }
I20260709 12:12:45.096652 31124 raft_consensus.cc:2468] T efc170621e55462599d0124922d0ecf6 P 8d53ad202be44bfa8eaf82e6872da105 [term 1 FOLLOWER]: Leader election vote request: Granting yes vote for candidate d35e1164f1f548e48d63388c492ba527 in term 1.
I20260709 12:12:45.097445 31314 tablet_bootstrap.cc:654] T 877edca02ade45868b1cafb0bf0fffea P 8d53ad202be44bfa8eaf82e6872da105: Neither blocks nor log segments found. Creating new log.
I20260709 12:12:45.097939 31163 leader_election.cc:304] T efc170621e55462599d0124922d0ecf6 P d35e1164f1f548e48d63388c492ba527 [CANDIDATE]: Term 1 election: Election decided. Result: candidate won. Election summary: received 2 responses out of 3 voters: 2 yes votes; 0 no votes. yes voters: 8d53ad202be44bfa8eaf82e6872da105, d35e1164f1f548e48d63388c492ba527; no voters: 
I20260709 12:12:45.096923 31390 consensus_queue.cc:1048] T 690a67a6e9034a32a3d5b689d29a3a23 P 109aa8274cd1405f988bb0aceace5986 [LEADER]: Connected to new peer: Peer: permanent_uuid: "d35e1164f1f548e48d63388c492ba527" member_type: VOTER last_known_addr { host: "127.29.65.2" port: 33901 }, Status: LMP_MISMATCH, Last received: 0.0, Next index: 1, Last known committed idx: 0, Time since last communication: 0.007s
I20260709 12:12:45.106182 31021 catalog_manager.cc:5697] T 2b49614f8cbd46fc834e8ba866e1fd72 P 109aa8274cd1405f988bb0aceace5986 reported cstate change: term changed from 0 to 1, leader changed from <none> to 109aa8274cd1405f988bb0aceace5986 (127.29.65.3). New cstate: current_term: 1 leader_uuid: "109aa8274cd1405f988bb0aceace5986" committed_config { opid_index: -1 OBSOLETE_local: false peers { permanent_uuid: "8d53ad202be44bfa8eaf82e6872da105" member_type: VOTER last_known_addr { host: "127.29.65.1" port: 35611 } health_report { overall_health: UNKNOWN } } peers { permanent_uuid: "d35e1164f1f548e48d63388c492ba527" member_type: VOTER last_known_addr { host: "127.29.65.2" port: 33901 } health_report { overall_health: UNKNOWN } } peers { permanent_uuid: "109aa8274cd1405f988bb0aceace5986" member_type: VOTER last_known_addr { host: "127.29.65.3" port: 39957 } health_report { overall_health: HEALTHY } } }
I20260709 12:12:45.108410 31342 consensus_queue.cc:1048] T 2b5810fd5b0e4527b3e426d0409440a1 P 8d53ad202be44bfa8eaf82e6872da105 [LEADER]: Connected to new peer: Peer: permanent_uuid: "d35e1164f1f548e48d63388c492ba527" member_type: VOTER last_known_addr { host: "127.29.65.2" port: 33901 }, Status: LMP_MISMATCH, Last received: 0.0, Next index: 1, Last known committed idx: 0, Time since last communication: 0.000s
I20260709 12:12:45.109965 31420 raft_consensus.cc:493] T 2b5810fd5b0e4527b3e426d0409440a1 P d35e1164f1f548e48d63388c492ba527 [term 1 FOLLOWER]: Starting pre-election (no leader contacted us within the election timeout)
I20260709 12:12:45.111260 31420 raft_consensus.cc:515] T 2b5810fd5b0e4527b3e426d0409440a1 P d35e1164f1f548e48d63388c492ba527 [term 1 FOLLOWER]: Starting pre-election with config: opid_index: -1 OBSOLETE_local: false peers { permanent_uuid: "8d53ad202be44bfa8eaf82e6872da105" member_type: VOTER last_known_addr { host: "127.29.65.1" port: 35611 } } peers { permanent_uuid: "d35e1164f1f548e48d63388c492ba527" member_type: VOTER last_known_addr { host: "127.29.65.2" port: 33901 } } peers { permanent_uuid: "109aa8274cd1405f988bb0aceace5986" member_type: VOTER last_known_addr { host: "127.29.65.3" port: 39957 } }
I20260709 12:12:45.112064 31313 tablet_bootstrap.cc:492] T efc170621e55462599d0124922d0ecf6 P 109aa8274cd1405f988bb0aceace5986: No bootstrap required, opened a new log
I20260709 12:12:45.112556 31313 ts_tablet_manager.cc:1403] T efc170621e55462599d0124922d0ecf6 P 109aa8274cd1405f988bb0aceace5986: Time spent bootstrapping tablet: real 0.046s	user 0.009s	sys 0.002s
I20260709 12:12:45.115147 31313 raft_consensus.cc:359] T efc170621e55462599d0124922d0ecf6 P 109aa8274cd1405f988bb0aceace5986 [term 0 FOLLOWER]: Replica starting. Triggering 0 pending ops. Active config: opid_index: -1 OBSOLETE_local: false peers { permanent_uuid: "8d53ad202be44bfa8eaf82e6872da105" member_type: VOTER last_known_addr { host: "127.29.65.1" port: 35611 } } peers { permanent_uuid: "d35e1164f1f548e48d63388c492ba527" member_type: VOTER last_known_addr { host: "127.29.65.2" port: 33901 } } peers { permanent_uuid: "109aa8274cd1405f988bb0aceace5986" member_type: VOTER last_known_addr { host: "127.29.65.3" port: 39957 } }
I20260709 12:12:45.115773 31313 raft_consensus.cc:385] T efc170621e55462599d0124922d0ecf6 P 109aa8274cd1405f988bb0aceace5986 [term 0 FOLLOWER]: Consensus starting up: Expiring failure detector timer to make a prompt election more likely
I20260709 12:12:45.115499 31273 tablet_service.cc:1917] Received RequestConsensusVote() RPC: tablet_id: "2b5810fd5b0e4527b3e426d0409440a1" candidate_uuid: "d35e1164f1f548e48d63388c492ba527" candidate_term: 2 candidate_status { last_received { term: 0 index: 0 } } ignore_live_leader: false dest_uuid: "109aa8274cd1405f988bb0aceace5986" is_pre_election: true
I20260709 12:12:45.117025 31273 raft_consensus.cc:2468] T 2b5810fd5b0e4527b3e426d0409440a1 P 109aa8274cd1405f988bb0aceace5986 [term 1 FOLLOWER]: Leader pre-election vote request: Granting yes vote for candidate d35e1164f1f548e48d63388c492ba527 in term 1.
I20260709 12:12:45.118125 31164 leader_election.cc:304] T 2b5810fd5b0e4527b3e426d0409440a1 P d35e1164f1f548e48d63388c492ba527 [CANDIDATE]: Term 2 pre-election: Election decided. Result: candidate won. Election summary: received 2 responses out of 3 voters: 2 yes votes; 0 no votes. yes voters: 109aa8274cd1405f988bb0aceace5986, d35e1164f1f548e48d63388c492ba527; no voters: 
I20260709 12:12:45.119007 31415 leader_election.cc:290] T 630048ce421f41d997420f8614e882e8 P d35e1164f1f548e48d63388c492ba527 [CANDIDATE]: Term 1 pre-election: Requested pre-vote from peers 8d53ad202be44bfa8eaf82e6872da105 (127.29.65.1:35611), 109aa8274cd1405f988bb0aceace5986 (127.29.65.3:39957)
I20260709 12:12:45.119581 31415 raft_consensus.cc:2804] T efc170621e55462599d0124922d0ecf6 P d35e1164f1f548e48d63388c492ba527 [term 1 FOLLOWER]: Leader election won for term 1
I20260709 12:12:45.119997 31415 raft_consensus.cc:697] T efc170621e55462599d0124922d0ecf6 P d35e1164f1f548e48d63388c492ba527 [term 1 LEADER]: Becoming Leader. State: Replica: d35e1164f1f548e48d63388c492ba527, State: Running, Role: LEADER
I20260709 12:12:45.121342 31415 consensus_queue.cc:237] T efc170621e55462599d0124922d0ecf6 P d35e1164f1f548e48d63388c492ba527 [LEADER]: Queue going to LEADER mode. State: All replicated index: 0, Majority replicated index: 0, Committed index: 0, Last appended: 0.0, Last appended by leader: 0, Current term: 1, Majority size: 2, State: 0, Mode: LEADER, active raft config: opid_index: -1 OBSOLETE_local: false peers { permanent_uuid: "8d53ad202be44bfa8eaf82e6872da105" member_type: VOTER last_known_addr { host: "127.29.65.1" port: 35611 } } peers { permanent_uuid: "d35e1164f1f548e48d63388c492ba527" member_type: VOTER last_known_addr { host: "127.29.65.2" port: 33901 } } peers { permanent_uuid: "109aa8274cd1405f988bb0aceace5986" member_type: VOTER last_known_addr { host: "127.29.65.3" port: 39957 } }
I20260709 12:12:45.123988 31373 leader_election.cc:290] T efc170621e55462599d0124922d0ecf6 P d35e1164f1f548e48d63388c492ba527 [CANDIDATE]: Term 1 election: Requested vote from peers 8d53ad202be44bfa8eaf82e6872da105 (127.29.65.1:35611), 109aa8274cd1405f988bb0aceace5986 (127.29.65.3:39957)
I20260709 12:12:45.124420 31316 tablet_bootstrap.cc:492] T 1f0d9f4965f64003a9e49057ab980ebd P d35e1164f1f548e48d63388c492ba527: No bootstrap required, opened a new log
I20260709 12:12:45.124838 31316 ts_tablet_manager.cc:1403] T 1f0d9f4965f64003a9e49057ab980ebd P d35e1164f1f548e48d63388c492ba527: Time spent bootstrapping tablet: real 0.072s	user 0.011s	sys 0.004s
I20260709 12:12:45.125064 31420 leader_election.cc:290] T 2b5810fd5b0e4527b3e426d0409440a1 P d35e1164f1f548e48d63388c492ba527 [CANDIDATE]: Term 2 pre-election: Requested pre-vote from peers 8d53ad202be44bfa8eaf82e6872da105 (127.29.65.1:35611), 109aa8274cd1405f988bb0aceace5986 (127.29.65.3:39957)
I20260709 12:12:45.127432 31316 raft_consensus.cc:359] T 1f0d9f4965f64003a9e49057ab980ebd P d35e1164f1f548e48d63388c492ba527 [term 0 FOLLOWER]: Replica starting. Triggering 0 pending ops. Active config: opid_index: -1 OBSOLETE_local: false peers { permanent_uuid: "8d53ad202be44bfa8eaf82e6872da105" member_type: VOTER last_known_addr { host: "127.29.65.1" port: 35611 } } peers { permanent_uuid: "d35e1164f1f548e48d63388c492ba527" member_type: VOTER last_known_addr { host: "127.29.65.2" port: 33901 } } peers { permanent_uuid: "109aa8274cd1405f988bb0aceace5986" member_type: VOTER last_known_addr { host: "127.29.65.3" port: 39957 } }
I20260709 12:12:45.128070 31316 raft_consensus.cc:385] T 1f0d9f4965f64003a9e49057ab980ebd P d35e1164f1f548e48d63388c492ba527 [term 0 FOLLOWER]: Consensus starting up: Expiring failure detector timer to make a prompt election more likely
I20260709 12:12:45.128330 31316 raft_consensus.cc:740] T 1f0d9f4965f64003a9e49057ab980ebd P d35e1164f1f548e48d63388c492ba527 [term 0 FOLLOWER]: Becoming Follower/Learner. State: Replica: d35e1164f1f548e48d63388c492ba527, State: Initialized, Role: FOLLOWER
I20260709 12:12:45.132115 31316 consensus_queue.cc:260] T 1f0d9f4965f64003a9e49057ab980ebd P d35e1164f1f548e48d63388c492ba527 [NON_LEADER]: Queue going to NON_LEADER mode. State: All replicated index: 0, Majority replicated index: 0, Committed index: 0, Last appended: 0.0, Last appended by leader: 0, Current term: 0, Majority size: -1, State: 0, Mode: NON_LEADER, active raft config: opid_index: -1 OBSOLETE_local: false peers { permanent_uuid: "8d53ad202be44bfa8eaf82e6872da105" member_type: VOTER last_known_addr { host: "127.29.65.1" port: 35611 } } peers { permanent_uuid: "d35e1164f1f548e48d63388c492ba527" member_type: VOTER last_known_addr { host: "127.29.65.2" port: 33901 } } peers { permanent_uuid: "109aa8274cd1405f988bb0aceace5986" member_type: VOTER last_known_addr { host: "127.29.65.3" port: 39957 } }
I20260709 12:12:45.132831 31320 raft_consensus.cc:697] T 4ad048aa442449ea98bfc2c034538501 P d35e1164f1f548e48d63388c492ba527 [term 1 LEADER]: Becoming Leader. State: Replica: d35e1164f1f548e48d63388c492ba527, State: Running, Role: LEADER
I20260709 12:12:45.133728 31320 consensus_queue.cc:237] T 4ad048aa442449ea98bfc2c034538501 P d35e1164f1f548e48d63388c492ba527 [LEADER]: Queue going to LEADER mode. State: All replicated index: 0, Majority replicated index: 0, Committed index: 0, Last appended: 0.0, Last appended by leader: 0, Current term: 1, Majority size: 2, State: 0, Mode: LEADER, active raft config: opid_index: -1 OBSOLETE_local: false peers { permanent_uuid: "8d53ad202be44bfa8eaf82e6872da105" member_type: VOTER last_known_addr { host: "127.29.65.1" port: 35611 } } peers { permanent_uuid: "d35e1164f1f548e48d63388c492ba527" member_type: VOTER last_known_addr { host: "127.29.65.2" port: 33901 } } peers { permanent_uuid: "109aa8274cd1405f988bb0aceace5986" member_type: VOTER last_known_addr { host: "127.29.65.3" port: 39957 } }
I20260709 12:12:45.134174 31316 ts_tablet_manager.cc:1434] T 1f0d9f4965f64003a9e49057ab980ebd P d35e1164f1f548e48d63388c492ba527: Time spent starting tablet: real 0.009s	user 0.006s	sys 0.001s
I20260709 12:12:45.134642 31342 consensus_queue.cc:1048] T caa9ba94289f4d988b16c338d52c90d2 P 8d53ad202be44bfa8eaf82e6872da105 [LEADER]: Connected to new peer: Peer: permanent_uuid: "d35e1164f1f548e48d63388c492ba527" member_type: VOTER last_known_addr { host: "127.29.65.2" port: 33901 }, Status: LMP_MISMATCH, Last received: 0.0, Next index: 1, Last known committed idx: 0, Time since last communication: 0.001s
I20260709 12:12:45.140413 31273 tablet_service.cc:1917] Received RequestConsensusVote() RPC: tablet_id: "630048ce421f41d997420f8614e882e8" candidate_uuid: "d35e1164f1f548e48d63388c492ba527" candidate_term: 1 candidate_status { last_received { term: 0 index: 0 } } ignore_live_leader: false dest_uuid: "109aa8274cd1405f988bb0aceace5986" is_pre_election: true
I20260709 12:12:45.141129 31316 tablet_bootstrap.cc:492] T 517c1ff27dd84bd29930f66a3fa9d33d P d35e1164f1f548e48d63388c492ba527: Bootstrap starting.
I20260709 12:12:45.135624 31313 raft_consensus.cc:740] T efc170621e55462599d0124922d0ecf6 P 109aa8274cd1405f988bb0aceace5986 [term 0 FOLLOWER]: Becoming Follower/Learner. State: Replica: 109aa8274cd1405f988bb0aceace5986, State: Initialized, Role: FOLLOWER
I20260709 12:12:45.141549 31324 raft_consensus.cc:493] T 07fab0d61b1b4587a959f5907b866f13 P 8d53ad202be44bfa8eaf82e6872da105 [term 0 FOLLOWER]: Starting pre-election (no leader contacted us within the election timeout)
I20260709 12:12:45.142064 31324 raft_consensus.cc:515] T 07fab0d61b1b4587a959f5907b866f13 P 8d53ad202be44bfa8eaf82e6872da105 [term 0 FOLLOWER]: Starting pre-election with config: opid_index: -1 OBSOLETE_local: false peers { permanent_uuid: "8d53ad202be44bfa8eaf82e6872da105" member_type: VOTER last_known_addr { host: "127.29.65.1" port: 35611 } } peers { permanent_uuid: "d35e1164f1f548e48d63388c492ba527" member_type: VOTER last_known_addr { host: "127.29.65.2" port: 33901 } } peers { permanent_uuid: "109aa8274cd1405f988bb0aceace5986" member_type: VOTER last_known_addr { host: "127.29.65.3" port: 39957 } }
I20260709 12:12:45.142230 31313 consensus_queue.cc:260] T efc170621e55462599d0124922d0ecf6 P 109aa8274cd1405f988bb0aceace5986 [NON_LEADER]: Queue going to NON_LEADER mode. State: All replicated index: 0, Majority replicated index: 0, Committed index: 0, Last appended: 0.0, Last appended by leader: 0, Current term: 0, Majority size: -1, State: 0, Mode: NON_LEADER, active raft config: opid_index: -1 OBSOLETE_local: false peers { permanent_uuid: "8d53ad202be44bfa8eaf82e6872da105" member_type: VOTER last_known_addr { host: "127.29.65.1" port: 35611 } } peers { permanent_uuid: "d35e1164f1f548e48d63388c492ba527" member_type: VOTER last_known_addr { host: "127.29.65.2" port: 33901 } } peers { permanent_uuid: "109aa8274cd1405f988bb0aceace5986" member_type: VOTER last_known_addr { host: "127.29.65.3" port: 39957 } }
I20260709 12:12:45.144120 31324 leader_election.cc:290] T 07fab0d61b1b4587a959f5907b866f13 P 8d53ad202be44bfa8eaf82e6872da105 [CANDIDATE]: Term 1 pre-election: Requested pre-vote from peers d35e1164f1f548e48d63388c492ba527 (127.29.65.2:33901), 109aa8274cd1405f988bb0aceace5986 (127.29.65.3:39957)
I20260709 12:12:45.144778 31273 tablet_service.cc:1917] Received RequestConsensusVote() RPC: tablet_id: "efc170621e55462599d0124922d0ecf6" candidate_uuid: "d35e1164f1f548e48d63388c492ba527" candidate_term: 1 candidate_status { last_received { term: 0 index: 0 } } ignore_live_leader: false dest_uuid: "109aa8274cd1405f988bb0aceace5986"
I20260709 12:12:45.146000 31272 tablet_service.cc:1917] Received RequestConsensusVote() RPC: tablet_id: "07fab0d61b1b4587a959f5907b866f13" candidate_uuid: "8d53ad202be44bfa8eaf82e6872da105" candidate_term: 1 candidate_status { last_received { term: 0 index: 0 } } ignore_live_leader: false dest_uuid: "109aa8274cd1405f988bb0aceace5986" is_pre_election: true
I20260709 12:12:45.146695 31272 raft_consensus.cc:2468] T 07fab0d61b1b4587a959f5907b866f13 P 109aa8274cd1405f988bb0aceace5986 [term 0 FOLLOWER]: Leader pre-election vote request: Granting yes vote for candidate 8d53ad202be44bfa8eaf82e6872da105 in term 0.
I20260709 12:12:45.146865 31199 tablet_service.cc:1917] Received RequestConsensusVote() RPC: tablet_id: "07fab0d61b1b4587a959f5907b866f13" candidate_uuid: "8d53ad202be44bfa8eaf82e6872da105" candidate_term: 1 candidate_status { last_received { term: 0 index: 0 } } ignore_live_leader: false dest_uuid: "d35e1164f1f548e48d63388c492ba527" is_pre_election: true
I20260709 12:12:45.147810 31273 raft_consensus.cc:3060] T efc170621e55462599d0124922d0ecf6 P 109aa8274cd1405f988bb0aceace5986 [term 0 FOLLOWER]: Advancing to term 1
W20260709 12:12:45.148710 31089 leader_election.cc:343] T 07fab0d61b1b4587a959f5907b866f13 P 8d53ad202be44bfa8eaf82e6872da105 [CANDIDATE]: Term 1 pre-election: Tablet error from VoteRequest() call to peer d35e1164f1f548e48d63388c492ba527 (127.29.65.2:33901): Illegal state: must be running to vote when last-logged opid is not known
I20260709 12:12:45.149523 31089 leader_election.cc:304] T 07fab0d61b1b4587a959f5907b866f13 P 8d53ad202be44bfa8eaf82e6872da105 [CANDIDATE]: Term 1 pre-election: Election decided. Result: candidate won. Election summary: received 3 responses out of 3 voters: 2 yes votes; 1 no votes. yes voters: 109aa8274cd1405f988bb0aceace5986, 8d53ad202be44bfa8eaf82e6872da105; no voters: d35e1164f1f548e48d63388c492ba527
I20260709 12:12:45.150893 31324 raft_consensus.cc:2804] T 07fab0d61b1b4587a959f5907b866f13 P 8d53ad202be44bfa8eaf82e6872da105 [term 0 FOLLOWER]: Leader pre-election won for term 1
I20260709 12:12:45.151283 31324 raft_consensus.cc:493] T 07fab0d61b1b4587a959f5907b866f13 P 8d53ad202be44bfa8eaf82e6872da105 [term 0 FOLLOWER]: Starting leader election (no leader contacted us within the election timeout)
I20260709 12:12:45.151623 31324 raft_consensus.cc:3060] T 07fab0d61b1b4587a959f5907b866f13 P 8d53ad202be44bfa8eaf82e6872da105 [term 0 FOLLOWER]: Advancing to term 1
W20260709 12:12:45.154826 31164 leader_election.cc:343] T 630048ce421f41d997420f8614e882e8 P d35e1164f1f548e48d63388c492ba527 [CANDIDATE]: Term 1 pre-election: Tablet error from VoteRequest() call to peer 109aa8274cd1405f988bb0aceace5986 (127.29.65.3:39957): Illegal state: must be running to vote when last-logged opid is not known
I20260709 12:12:45.158893 31316 tablet_bootstrap.cc:654] T 517c1ff27dd84bd29930f66a3fa9d33d P d35e1164f1f548e48d63388c492ba527: Neither blocks nor log segments found. Creating new log.
I20260709 12:12:45.159111 31342 consensus_queue.cc:1048] T 7e48191645554a93be886fb00d833808 P 8d53ad202be44bfa8eaf82e6872da105 [LEADER]: Connected to new peer: Peer: permanent_uuid: "109aa8274cd1405f988bb0aceace5986" member_type: VOTER last_known_addr { host: "127.29.65.3" port: 39957 }, Status: LMP_MISMATCH, Last received: 0.0, Next index: 1, Last known committed idx: 0, Time since last communication: 0.001s
W20260709 12:12:45.167778 31163 outbound_call.cc:321] RPC callback for RPC call kudu.consensus.ConsensusService.RequestConsensusVote -> {remote=127.29.65.1:35611, user_credentials={real_user=slave}} blocked reactor thread for 69916.4us
I20260709 12:12:45.169379 31313 ts_tablet_manager.cc:1434] T efc170621e55462599d0124922d0ecf6 P 109aa8274cd1405f988bb0aceace5986: Time spent starting tablet: real 0.057s	user 0.009s	sys 0.000s
I20260709 12:12:45.169282 31342 consensus_queue.cc:1048] T caa9ba94289f4d988b16c338d52c90d2 P 8d53ad202be44bfa8eaf82e6872da105 [LEADER]: Connected to new peer: Peer: permanent_uuid: "109aa8274cd1405f988bb0aceace5986" member_type: VOTER last_known_addr { host: "127.29.65.3" port: 39957 }, Status: LMP_MISMATCH, Last received: 0.0, Next index: 1, Last known committed idx: 0, Time since last communication: 0.000s
I20260709 12:12:45.169497 31124 tablet_service.cc:1917] Received RequestConsensusVote() RPC: tablet_id: "2b5810fd5b0e4527b3e426d0409440a1" candidate_uuid: "d35e1164f1f548e48d63388c492ba527" candidate_term: 2 candidate_status { last_received { term: 0 index: 0 } } ignore_live_leader: false dest_uuid: "8d53ad202be44bfa8eaf82e6872da105" is_pre_election: true
I20260709 12:12:45.170306 31313 tablet_bootstrap.cc:492] T e5ae102130cc45ef9b0a9976a3c35d9e P 109aa8274cd1405f988bb0aceace5986: Bootstrap starting.
I20260709 12:12:45.176034 31124 tablet_service.cc:1917] Received RequestConsensusVote() RPC: tablet_id: "630048ce421f41d997420f8614e882e8" candidate_uuid: "d35e1164f1f548e48d63388c492ba527" candidate_term: 1 candidate_status { last_received { term: 0 index: 0 } } ignore_live_leader: false dest_uuid: "8d53ad202be44bfa8eaf82e6872da105" is_pre_election: true
I20260709 12:12:45.187057 31425 raft_consensus.cc:493] T 1f0d9f4965f64003a9e49057ab980ebd P d35e1164f1f548e48d63388c492ba527 [term 0 FOLLOWER]: Starting pre-election (no leader contacted us within the election timeout)
I20260709 12:12:45.187567 31425 raft_consensus.cc:515] T 1f0d9f4965f64003a9e49057ab980ebd P d35e1164f1f548e48d63388c492ba527 [term 0 FOLLOWER]: Starting pre-election with config: opid_index: -1 OBSOLETE_local: false peers { permanent_uuid: "8d53ad202be44bfa8eaf82e6872da105" member_type: VOTER last_known_addr { host: "127.29.65.1" port: 35611 } } peers { permanent_uuid: "d35e1164f1f548e48d63388c492ba527" member_type: VOTER last_known_addr { host: "127.29.65.2" port: 33901 } } peers { permanent_uuid: "109aa8274cd1405f988bb0aceace5986" member_type: VOTER last_known_addr { host: "127.29.65.3" port: 39957 } }
I20260709 12:12:45.191869 31273 raft_consensus.cc:2468] T efc170621e55462599d0124922d0ecf6 P 109aa8274cd1405f988bb0aceace5986 [term 1 FOLLOWER]: Leader election vote request: Granting yes vote for candidate d35e1164f1f548e48d63388c492ba527 in term 1.
I20260709 12:12:45.199321 31317 consensus_queue.cc:1048] T 690a67a6e9034a32a3d5b689d29a3a23 P 109aa8274cd1405f988bb0aceace5986 [LEADER]: Connected to new peer: Peer: permanent_uuid: "8d53ad202be44bfa8eaf82e6872da105" member_type: VOTER last_known_addr { host: "127.29.65.1" port: 35611 }, Status: LMP_MISMATCH, Last received: 0.0, Next index: 1, Last known committed idx: 0, Time since last communication: 0.000s
I20260709 12:12:45.210337 31313 tablet_bootstrap.cc:654] T e5ae102130cc45ef9b0a9976a3c35d9e P 109aa8274cd1405f988bb0aceace5986: Neither blocks nor log segments found. Creating new log.
I20260709 12:12:45.212235 31342 consensus_queue.cc:1048] T 7e48191645554a93be886fb00d833808 P 8d53ad202be44bfa8eaf82e6872da105 [LEADER]: Connected to new peer: Peer: permanent_uuid: "d35e1164f1f548e48d63388c492ba527" member_type: VOTER last_known_addr { host: "127.29.65.2" port: 33901 }, Status: LMP_MISMATCH, Last received: 0.0, Next index: 1, Last known committed idx: 0, Time since last communication: 0.000s
W20260709 12:12:45.217841 31163 leader_election.cc:343] T 630048ce421f41d997420f8614e882e8 P d35e1164f1f548e48d63388c492ba527 [CANDIDATE]: Term 1 pre-election: Tablet error from VoteRequest() call to peer 8d53ad202be44bfa8eaf82e6872da105 (127.29.65.1:35611): Illegal state: must be running to vote when last-logged opid is not known
I20260709 12:12:45.218315 31163 leader_election.cc:304] T 630048ce421f41d997420f8614e882e8 P d35e1164f1f548e48d63388c492ba527 [CANDIDATE]: Term 1 pre-election: Election decided. Result: candidate lost. Election summary: received 3 responses out of 3 voters: 1 yes votes; 2 no votes. yes voters: d35e1164f1f548e48d63388c492ba527; no voters: 109aa8274cd1405f988bb0aceace5986, 8d53ad202be44bfa8eaf82e6872da105
I20260709 12:12:45.173955 31324 raft_consensus.cc:515] T 07fab0d61b1b4587a959f5907b866f13 P 8d53ad202be44bfa8eaf82e6872da105 [term 1 FOLLOWER]: Starting leader election with config: opid_index: -1 OBSOLETE_local: false peers { permanent_uuid: "8d53ad202be44bfa8eaf82e6872da105" member_type: VOTER last_known_addr { host: "127.29.65.1" port: 35611 } } peers { permanent_uuid: "d35e1164f1f548e48d63388c492ba527" member_type: VOTER last_known_addr { host: "127.29.65.2" port: 33901 } } peers { permanent_uuid: "109aa8274cd1405f988bb0aceace5986" member_type: VOTER last_known_addr { host: "127.29.65.3" port: 39957 } }
I20260709 12:12:45.224087 31324 leader_election.cc:290] T 07fab0d61b1b4587a959f5907b866f13 P 8d53ad202be44bfa8eaf82e6872da105 [CANDIDATE]: Term 1 election: Requested vote from peers d35e1164f1f548e48d63388c492ba527 (127.29.65.2:33901), 109aa8274cd1405f988bb0aceace5986 (127.29.65.3:39957)
