I20260709 12:12:46.951380 18782 consensus_queue.cc:260] T fc03f408be6640dc835945a4e120a93a P 8de528ed598f4da1baac4cf3b9f7b05d [NON_LEADER]: Queue going to NON_LEADER mode. State: All replicated index: 0, Majority replicated index: 0, Committed index: 0, Last appended: 0.0, Last appended by leader: 0, Current term: 0, Majority size: -1, State: 0, Mode: NON_LEADER, active raft config: opid_index: -1 OBSOLETE_local: false peers { permanent_uuid: "8832ec550e18401c904ae2b11f272e33" member_type: VOTER last_known_addr { host: "127.17.7.65" port: 40677 } } peers { permanent_uuid: "8de528ed598f4da1baac4cf3b9f7b05d" member_type: VOTER last_known_addr { host: "127.17.7.66" port: 36375 } } peers { permanent_uuid: "05a92a1f09f04cf298a08c1284856282" member_type: VOTER last_known_addr { host: "127.17.7.67" port: 43607 } }
I20260709 12:12:46.953893 18781 tablet_bootstrap.cc:654] T 0320732b86934b90a96820f705b359a2 P 8832ec550e18401c904ae2b11f272e33: Neither blocks nor log segments found. Creating new log.
I20260709 12:12:46.950913 18662 raft_consensus.cc:2468] T 13b5f423571841ac86574d76116fa159 P 8de528ed598f4da1baac4cf3b9f7b05d [term 1 FOLLOWER]: Leader election vote request: Granting yes vote for candidate 05a92a1f09f04cf298a08c1284856282 in term 1.
I20260709 12:12:46.957007 18782 ts_tablet_manager.cc:1434] T fc03f408be6640dc835945a4e120a93a P 8de528ed598f4da1baac4cf3b9f7b05d: Time spent starting tablet: real 0.016s	user 0.006s	sys 0.000s
I20260709 12:12:46.957866 18782 tablet_bootstrap.cc:492] T e00a277e2eaa441b9c4b51275e08b0cf P 8de528ed598f4da1baac4cf3b9f7b05d: Bootstrap starting.
I20260709 12:12:46.962639 18488 catalog_manager.cc:5697] T 13b5f423571841ac86574d76116fa159 P 05a92a1f09f04cf298a08c1284856282 reported cstate change: term changed from 0 to 1, leader changed from <none> to 05a92a1f09f04cf298a08c1284856282 (127.17.7.67). New cstate: current_term: 1 leader_uuid: "05a92a1f09f04cf298a08c1284856282" committed_config { opid_index: -1 OBSOLETE_local: false peers { permanent_uuid: "8832ec550e18401c904ae2b11f272e33" member_type: VOTER last_known_addr { host: "127.17.7.65" port: 40677 } health_report { overall_health: UNKNOWN } } peers { permanent_uuid: "8de528ed598f4da1baac4cf3b9f7b05d" member_type: VOTER last_known_addr { host: "127.17.7.66" port: 36375 } health_report { overall_health: UNKNOWN } } peers { permanent_uuid: "05a92a1f09f04cf298a08c1284856282" member_type: VOTER last_known_addr { host: "127.17.7.67" port: 43607 } health_report { overall_health: HEALTHY } } }
I20260709 12:12:46.965466 18783 tablet_bootstrap.cc:492] T a4af62290e5d4296bddf968b8146f5d2 P 05a92a1f09f04cf298a08c1284856282: No bootstrap required, opened a new log
I20260709 12:12:46.965873 18783 ts_tablet_manager.cc:1403] T a4af62290e5d4296bddf968b8146f5d2 P 05a92a1f09f04cf298a08c1284856282: Time spent bootstrapping tablet: real 0.040s	user 0.007s	sys 0.003s
I20260709 12:12:46.971797 18782 tablet_bootstrap.cc:654] T e00a277e2eaa441b9c4b51275e08b0cf P 8de528ed598f4da1baac4cf3b9f7b05d: Neither blocks nor log segments found. Creating new log.
I20260709 12:12:46.974403 18975 raft_consensus.cc:493] T 75e8ae91c2004dfab16c170f06e99dee P 8de528ed598f4da1baac4cf3b9f7b05d [term 0 FOLLOWER]: Starting pre-election (no leader contacted us within the election timeout)
I20260709 12:12:46.974695 18783 raft_consensus.cc:359] T a4af62290e5d4296bddf968b8146f5d2 P 05a92a1f09f04cf298a08c1284856282 [term 0 FOLLOWER]: Replica starting. Triggering 0 pending ops. Active config: opid_index: -1 OBSOLETE_local: false peers { permanent_uuid: "8832ec550e18401c904ae2b11f272e33" member_type: VOTER last_known_addr { host: "127.17.7.65" port: 40677 } } peers { permanent_uuid: "8de528ed598f4da1baac4cf3b9f7b05d" member_type: VOTER last_known_addr { host: "127.17.7.66" port: 36375 } } peers { permanent_uuid: "05a92a1f09f04cf298a08c1284856282" member_type: VOTER last_known_addr { host: "127.17.7.67" port: 43607 } }
I20260709 12:12:46.974891 18975 raft_consensus.cc:515] T 75e8ae91c2004dfab16c170f06e99dee P 8de528ed598f4da1baac4cf3b9f7b05d [term 0 FOLLOWER]: Starting pre-election with config: opid_index: -1 OBSOLETE_local: false peers { permanent_uuid: "8832ec550e18401c904ae2b11f272e33" member_type: VOTER last_known_addr { host: "127.17.7.65" port: 40677 } } peers { permanent_uuid: "8de528ed598f4da1baac4cf3b9f7b05d" member_type: VOTER last_known_addr { host: "127.17.7.66" port: 36375 } } peers { permanent_uuid: "05a92a1f09f04cf298a08c1284856282" member_type: VOTER last_known_addr { host: "127.17.7.67" port: 43607 } }
I20260709 12:12:46.975458 18783 raft_consensus.cc:385] T a4af62290e5d4296bddf968b8146f5d2 P 05a92a1f09f04cf298a08c1284856282 [term 0 FOLLOWER]: Consensus starting up: Expiring failure detector timer to make a prompt election more likely
I20260709 12:12:46.975868 18783 raft_consensus.cc:740] T a4af62290e5d4296bddf968b8146f5d2 P 05a92a1f09f04cf298a08c1284856282 [term 0 FOLLOWER]: Becoming Follower/Learner. State: Replica: 05a92a1f09f04cf298a08c1284856282, State: Initialized, Role: FOLLOWER
I20260709 12:12:46.975363 18961 raft_consensus.cc:493] T cf767cb328f34084a3ee69d26b965d4e P 8832ec550e18401c904ae2b11f272e33 [term 0 FOLLOWER]: Starting pre-election (no leader contacted us within the election timeout)
I20260709 12:12:46.976501 18783 consensus_queue.cc:260] T a4af62290e5d4296bddf968b8146f5d2 P 05a92a1f09f04cf298a08c1284856282 [NON_LEADER]: Queue going to NON_LEADER mode. State: All replicated index: 0, Majority replicated index: 0, Committed index: 0, Last appended: 0.0, Last appended by leader: 0, Current term: 0, Majority size: -1, State: 0, Mode: NON_LEADER, active raft config: opid_index: -1 OBSOLETE_local: false peers { permanent_uuid: "8832ec550e18401c904ae2b11f272e33" member_type: VOTER last_known_addr { host: "127.17.7.65" port: 40677 } } peers { permanent_uuid: "8de528ed598f4da1baac4cf3b9f7b05d" member_type: VOTER last_known_addr { host: "127.17.7.66" port: 36375 } } peers { permanent_uuid: "05a92a1f09f04cf298a08c1284856282" member_type: VOTER last_known_addr { host: "127.17.7.67" port: 43607 } }
I20260709 12:12:46.976923 18975 leader_election.cc:290] T 75e8ae91c2004dfab16c170f06e99dee P 8de528ed598f4da1baac4cf3b9f7b05d [CANDIDATE]: Term 1 pre-election: Requested pre-vote from peers 8832ec550e18401c904ae2b11f272e33 (127.17.7.65:40677), 05a92a1f09f04cf298a08c1284856282 (127.17.7.67:43607)
I20260709 12:12:46.977195 18961 raft_consensus.cc:515] T cf767cb328f34084a3ee69d26b965d4e P 8832ec550e18401c904ae2b11f272e33 [term 0 FOLLOWER]: Starting pre-election with config: opid_index: -1 OBSOLETE_local: false peers { permanent_uuid: "8832ec550e18401c904ae2b11f272e33" member_type: VOTER last_known_addr { host: "127.17.7.65" port: 40677 } } peers { permanent_uuid: "8de528ed598f4da1baac4cf3b9f7b05d" member_type: VOTER last_known_addr { host: "127.17.7.66" port: 36375 } } peers { permanent_uuid: "05a92a1f09f04cf298a08c1284856282" member_type: VOTER last_known_addr { host: "127.17.7.67" port: 43607 } }
I20260709 12:12:46.978525 18783 ts_tablet_manager.cc:1434] T a4af62290e5d4296bddf968b8146f5d2 P 05a92a1f09f04cf298a08c1284856282: Time spent starting tablet: real 0.012s	user 0.005s	sys 0.001s
I20260709 12:12:46.979081 18739 tablet_service.cc:1917] Received RequestConsensusVote() RPC: tablet_id: "75e8ae91c2004dfab16c170f06e99dee" candidate_uuid: "8de528ed598f4da1baac4cf3b9f7b05d" candidate_term: 1 candidate_status { last_received { term: 0 index: 0 } } ignore_live_leader: false dest_uuid: "05a92a1f09f04cf298a08c1284856282" is_pre_election: true
I20260709 12:12:46.979247 18961 leader_election.cc:290] T cf767cb328f34084a3ee69d26b965d4e P 8832ec550e18401c904ae2b11f272e33 [CANDIDATE]: Term 1 pre-election: Requested pre-vote from peers 8de528ed598f4da1baac4cf3b9f7b05d (127.17.7.66:36375), 05a92a1f09f04cf298a08c1284856282 (127.17.7.67:43607)
W20260709 12:12:46.980708 18632 leader_election.cc:343] T 75e8ae91c2004dfab16c170f06e99dee P 8de528ed598f4da1baac4cf3b9f7b05d [CANDIDATE]: Term 1 pre-election: Tablet error from VoteRequest() call to peer 05a92a1f09f04cf298a08c1284856282 (127.17.7.67:43607): Illegal state: must be running to vote when last-logged opid is not known
I20260709 12:12:46.981786 18662 tablet_service.cc:1917] Received RequestConsensusVote() RPC: tablet_id: "cf767cb328f34084a3ee69d26b965d4e" candidate_uuid: "8832ec550e18401c904ae2b11f272e33" candidate_term: 1 candidate_status { last_received { term: 0 index: 0 } } ignore_live_leader: false dest_uuid: "8de528ed598f4da1baac4cf3b9f7b05d" is_pre_election: true
I20260709 12:12:46.982867 18589 tablet_service.cc:1917] Received RequestConsensusVote() RPC: tablet_id: "75e8ae91c2004dfab16c170f06e99dee" candidate_uuid: "8de528ed598f4da1baac4cf3b9f7b05d" candidate_term: 1 candidate_status { last_received { term: 0 index: 0 } } ignore_live_leader: false dest_uuid: "8832ec550e18401c904ae2b11f272e33" is_pre_election: true
W20260709 12:12:46.984369 18629 leader_election.cc:343] T 75e8ae91c2004dfab16c170f06e99dee P 8de528ed598f4da1baac4cf3b9f7b05d [CANDIDATE]: Term 1 pre-election: Tablet error from VoteRequest() call to peer 8832ec550e18401c904ae2b11f272e33 (127.17.7.65:40677): Illegal state: must be running to vote when last-logged opid is not known
I20260709 12:12:46.979362 18783 tablet_bootstrap.cc:492] T fcfd75297d194a5dac0e2cd2037ca2ed P 05a92a1f09f04cf298a08c1284856282: Bootstrap starting.
I20260709 12:12:46.984791 18629 leader_election.cc:304] T 75e8ae91c2004dfab16c170f06e99dee P 8de528ed598f4da1baac4cf3b9f7b05d [CANDIDATE]: Term 1 pre-election: Election decided. Result: candidate lost. Election summary: received 3 responses out of 3 voters: 1 yes votes; 2 no votes. yes voters: 8de528ed598f4da1baac4cf3b9f7b05d; no voters: 05a92a1f09f04cf298a08c1284856282, 8832ec550e18401c904ae2b11f272e33
I20260709 12:12:46.985008 18781 tablet_bootstrap.cc:492] T 0320732b86934b90a96820f705b359a2 P 8832ec550e18401c904ae2b11f272e33: No bootstrap required, opened a new log
I20260709 12:12:46.985467 18781 ts_tablet_manager.cc:1403] T 0320732b86934b90a96820f705b359a2 P 8832ec550e18401c904ae2b11f272e33: Time spent bootstrapping tablet: real 0.048s	user 0.018s	sys 0.012s
I20260709 12:12:46.985549 18739 tablet_service.cc:1917] Received RequestConsensusVote() RPC: tablet_id: "cf767cb328f34084a3ee69d26b965d4e" candidate_uuid: "8832ec550e18401c904ae2b11f272e33" candidate_term: 1 candidate_status { last_received { term: 0 index: 0 } } ignore_live_leader: false dest_uuid: "05a92a1f09f04cf298a08c1284856282" is_pre_election: true
W20260709 12:12:46.986654 18557 leader_election.cc:343] T cf767cb328f34084a3ee69d26b965d4e P 8832ec550e18401c904ae2b11f272e33 [CANDIDATE]: Term 1 pre-election: Tablet error from VoteRequest() call to peer 05a92a1f09f04cf298a08c1284856282 (127.17.7.67:43607): Illegal state: must be running to vote when last-logged opid is not known
W20260709 12:12:46.987151 18554 leader_election.cc:343] T cf767cb328f34084a3ee69d26b965d4e P 8832ec550e18401c904ae2b11f272e33 [CANDIDATE]: Term 1 pre-election: Tablet error from VoteRequest() call to peer 8de528ed598f4da1baac4cf3b9f7b05d (127.17.7.66:36375): Illegal state: must be running to vote when last-logged opid is not known
I20260709 12:12:46.987547 18554 leader_election.cc:304] T cf767cb328f34084a3ee69d26b965d4e P 8832ec550e18401c904ae2b11f272e33 [CANDIDATE]: Term 1 pre-election: Election decided. Result: candidate lost. Election summary: received 3 responses out of 3 voters: 1 yes votes; 2 no votes. yes voters: 8832ec550e18401c904ae2b11f272e33; no voters: 05a92a1f09f04cf298a08c1284856282, 8de528ed598f4da1baac4cf3b9f7b05d
I20260709 12:12:46.991753 18783 tablet_bootstrap.cc:654] T fcfd75297d194a5dac0e2cd2037ca2ed P 05a92a1f09f04cf298a08c1284856282: Neither blocks nor log segments found. Creating new log.
I20260709 12:12:46.993619 18961 raft_consensus.cc:2749] T cf767cb328f34084a3ee69d26b965d4e P 8832ec550e18401c904ae2b11f272e33 [term 0 FOLLOWER]: Leader pre-election lost for term 1. Reason: could not achieve majority
I20260709 12:12:46.995389 18781 raft_consensus.cc:359] T 0320732b86934b90a96820f705b359a2 P 8832ec550e18401c904ae2b11f272e33 [term 0 FOLLOWER]: Replica starting. Triggering 0 pending ops. Active config: opid_index: -1 OBSOLETE_local: false peers { permanent_uuid: "8832ec550e18401c904ae2b11f272e33" member_type: VOTER last_known_addr { host: "127.17.7.65" port: 40677 } } peers { permanent_uuid: "8de528ed598f4da1baac4cf3b9f7b05d" member_type: VOTER last_known_addr { host: "127.17.7.66" port: 36375 } } peers { permanent_uuid: "05a92a1f09f04cf298a08c1284856282" member_type: VOTER last_known_addr { host: "127.17.7.67" port: 43607 } }
I20260709 12:12:46.996078 18781 raft_consensus.cc:385] T 0320732b86934b90a96820f705b359a2 P 8832ec550e18401c904ae2b11f272e33 [term 0 FOLLOWER]: Consensus starting up: Expiring failure detector timer to make a prompt election more likely
I20260709 12:12:46.996378 18781 raft_consensus.cc:740] T 0320732b86934b90a96820f705b359a2 P 8832ec550e18401c904ae2b11f272e33 [term 0 FOLLOWER]: Becoming Follower/Learner. State: Replica: 8832ec550e18401c904ae2b11f272e33, State: Initialized, Role: FOLLOWER
I20260709 12:12:46.999293 18781 consensus_queue.cc:260] T 0320732b86934b90a96820f705b359a2 P 8832ec550e18401c904ae2b11f272e33 [NON_LEADER]: Queue going to NON_LEADER mode. State: All replicated index: 0, Majority replicated index: 0, Committed index: 0, Last appended: 0.0, Last appended by leader: 0, Current term: 0, Majority size: -1, State: 0, Mode: NON_LEADER, active raft config: opid_index: -1 OBSOLETE_local: false peers { permanent_uuid: "8832ec550e18401c904ae2b11f272e33" member_type: VOTER last_known_addr { host: "127.17.7.65" port: 40677 } } peers { permanent_uuid: "8de528ed598f4da1baac4cf3b9f7b05d" member_type: VOTER last_known_addr { host: "127.17.7.66" port: 36375 } } peers { permanent_uuid: "05a92a1f09f04cf298a08c1284856282" member_type: VOTER last_known_addr { host: "127.17.7.67" port: 43607 } }
I20260709 12:12:47.000875 18781 ts_tablet_manager.cc:1434] T 0320732b86934b90a96820f705b359a2 P 8832ec550e18401c904ae2b11f272e33: Time spent starting tablet: real 0.015s	user 0.007s	sys 0.000s
I20260709 12:12:47.003146 18973 raft_consensus.cc:2749] T 75e8ae91c2004dfab16c170f06e99dee P 8de528ed598f4da1baac4cf3b9f7b05d [term 0 FOLLOWER]: Leader pre-election lost for term 1. Reason: could not achieve majority
I20260709 12:12:47.003293 18850 consensus_queue.cc:1048] T 3c04fe05205044a9a2c9c7b79c312875 P 05a92a1f09f04cf298a08c1284856282 [LEADER]: Connected to new peer: Peer: permanent_uuid: "8de528ed598f4da1baac4cf3b9f7b05d" member_type: VOTER last_known_addr { host: "127.17.7.66" port: 36375 }, Status: LMP_MISMATCH, Last received: 0.0, Next index: 1, Last known committed idx: 0, Time since last communication: 0.000s
I20260709 12:12:47.007121 18782 tablet_bootstrap.cc:492] T e00a277e2eaa441b9c4b51275e08b0cf P 8de528ed598f4da1baac4cf3b9f7b05d: No bootstrap required, opened a new log
I20260709 12:12:47.008025 18782 ts_tablet_manager.cc:1403] T e00a277e2eaa441b9c4b51275e08b0cf P 8de528ed598f4da1baac4cf3b9f7b05d: Time spent bootstrapping tablet: real 0.050s	user 0.018s	sys 0.000s
I20260709 12:12:47.010838 18782 raft_consensus.cc:359] T e00a277e2eaa441b9c4b51275e08b0cf P 8de528ed598f4da1baac4cf3b9f7b05d [term 0 FOLLOWER]: Replica starting. Triggering 0 pending ops. Active config: opid_index: -1 OBSOLETE_local: false peers { permanent_uuid: "8832ec550e18401c904ae2b11f272e33" member_type: VOTER last_known_addr { host: "127.17.7.65" port: 40677 } } peers { permanent_uuid: "8de528ed598f4da1baac4cf3b9f7b05d" member_type: VOTER last_known_addr { host: "127.17.7.66" port: 36375 } } peers { permanent_uuid: "05a92a1f09f04cf298a08c1284856282" member_type: VOTER last_known_addr { host: "127.17.7.67" port: 43607 } }
I20260709 12:12:47.011500 18782 raft_consensus.cc:385] T e00a277e2eaa441b9c4b51275e08b0cf P 8de528ed598f4da1baac4cf3b9f7b05d [term 0 FOLLOWER]: Consensus starting up: Expiring failure detector timer to make a prompt election more likely
I20260709 12:12:47.011773 18782 raft_consensus.cc:740] T e00a277e2eaa441b9c4b51275e08b0cf P 8de528ed598f4da1baac4cf3b9f7b05d [term 0 FOLLOWER]: Becoming Follower/Learner. State: Replica: 8de528ed598f4da1baac4cf3b9f7b05d, State: Initialized, Role: FOLLOWER
I20260709 12:12:47.012414 18782 consensus_queue.cc:260] T e00a277e2eaa441b9c4b51275e08b0cf P 8de528ed598f4da1baac4cf3b9f7b05d [NON_LEADER]: Queue going to NON_LEADER mode. State: All replicated index: 0, Majority replicated index: 0, Committed index: 0, Last appended: 0.0, Last appended by leader: 0, Current term: 0, Majority size: -1, State: 0, Mode: NON_LEADER, active raft config: opid_index: -1 OBSOLETE_local: false peers { permanent_uuid: "8832ec550e18401c904ae2b11f272e33" member_type: VOTER last_known_addr { host: "127.17.7.65" port: 40677 } } peers { permanent_uuid: "8de528ed598f4da1baac4cf3b9f7b05d" member_type: VOTER last_known_addr { host: "127.17.7.66" port: 36375 } } peers { permanent_uuid: "05a92a1f09f04cf298a08c1284856282" member_type: VOTER last_known_addr { host: "127.17.7.67" port: 43607 } }
I20260709 12:12:47.014442 18782 ts_tablet_manager.cc:1434] T e00a277e2eaa441b9c4b51275e08b0cf P 8de528ed598f4da1baac4cf3b9f7b05d: Time spent starting tablet: real 0.006s	user 0.004s	sys 0.000s
I20260709 12:12:47.015355 18782 tablet_bootstrap.cc:492] T 901e7774580245cc95fa5198b89a2afc P 8de528ed598f4da1baac4cf3b9f7b05d: Bootstrap starting.
I20260709 12:12:47.017935 18781 tablet_bootstrap.cc:492] T 1f396a6da19d47c5bc63090a429066d7 P 8832ec550e18401c904ae2b11f272e33: Bootstrap starting.
I20260709 12:12:47.023634 18781 tablet_bootstrap.cc:654] T 1f396a6da19d47c5bc63090a429066d7 P 8832ec550e18401c904ae2b11f272e33: Neither blocks nor log segments found. Creating new log.
I20260709 12:12:47.031561 18782 tablet_bootstrap.cc:654] T 901e7774580245cc95fa5198b89a2afc P 8de528ed598f4da1baac4cf3b9f7b05d: Neither blocks nor log segments found. Creating new log.
I20260709 12:12:47.036219 18973 consensus_queue.cc:1048] T 5059dd3fd63741dd9d67114df24f61e8 P 8de528ed598f4da1baac4cf3b9f7b05d [LEADER]: Connected to new peer: Peer: permanent_uuid: "8832ec550e18401c904ae2b11f272e33" member_type: VOTER last_known_addr { host: "127.17.7.65" port: 40677 }, Status: LMP_MISMATCH, Last received: 0.0, Next index: 1, Last known committed idx: 0, Time since last communication: 0.001s
I20260709 12:12:47.040655 18964 raft_consensus.cc:493] T 0320732b86934b90a96820f705b359a2 P 8832ec550e18401c904ae2b11f272e33 [term 0 FOLLOWER]: Starting pre-election (no leader contacted us within the election timeout)
I20260709 12:12:47.041234 18964 raft_consensus.cc:515] T 0320732b86934b90a96820f705b359a2 P 8832ec550e18401c904ae2b11f272e33 [term 0 FOLLOWER]: Starting pre-election with config: opid_index: -1 OBSOLETE_local: false peers { permanent_uuid: "8832ec550e18401c904ae2b11f272e33" member_type: VOTER last_known_addr { host: "127.17.7.65" port: 40677 } } peers { permanent_uuid: "8de528ed598f4da1baac4cf3b9f7b05d" member_type: VOTER last_known_addr { host: "127.17.7.66" port: 36375 } } peers { permanent_uuid: "05a92a1f09f04cf298a08c1284856282" member_type: VOTER last_known_addr { host: "127.17.7.67" port: 43607 } }
I20260709 12:12:47.044422 18964 leader_election.cc:290] T 0320732b86934b90a96820f705b359a2 P 8832ec550e18401c904ae2b11f272e33 [CANDIDATE]: Term 1 pre-election: Requested pre-vote from peers 8de528ed598f4da1baac4cf3b9f7b05d (127.17.7.66:36375), 05a92a1f09f04cf298a08c1284856282 (127.17.7.67:43607)
I20260709 12:12:47.045584 18739 tablet_service.cc:1917] Received RequestConsensusVote() RPC: tablet_id: "0320732b86934b90a96820f705b359a2" candidate_uuid: "8832ec550e18401c904ae2b11f272e33" candidate_term: 1 candidate_status { last_received { term: 0 index: 0 } } ignore_live_leader: false dest_uuid: "05a92a1f09f04cf298a08c1284856282" is_pre_election: true
I20260709 12:12:47.046332 18739 raft_consensus.cc:2468] T 0320732b86934b90a96820f705b359a2 P 05a92a1f09f04cf298a08c1284856282 [term 0 FOLLOWER]: Leader pre-election vote request: Granting yes vote for candidate 8832ec550e18401c904ae2b11f272e33 in term 0.
I20260709 12:12:47.048076 18557 leader_election.cc:304] T 0320732b86934b90a96820f705b359a2 P 8832ec550e18401c904ae2b11f272e33 [CANDIDATE]: Term 1 pre-election: Election decided. Result: candidate won. Election summary: received 2 responses out of 3 voters: 2 yes votes; 0 no votes. yes voters: 05a92a1f09f04cf298a08c1284856282, 8832ec550e18401c904ae2b11f272e33; no voters: 
I20260709 12:12:47.049638 18833 raft_consensus.cc:2804] T 0320732b86934b90a96820f705b359a2 P 8832ec550e18401c904ae2b11f272e33 [term 0 FOLLOWER]: Leader pre-election won for term 1
I20260709 12:12:47.050010 18833 raft_consensus.cc:493] T 0320732b86934b90a96820f705b359a2 P 8832ec550e18401c904ae2b11f272e33 [term 0 FOLLOWER]: Starting leader election (no leader contacted us within the election timeout)
I20260709 12:12:47.050343 18833 raft_consensus.cc:3060] T 0320732b86934b90a96820f705b359a2 P 8832ec550e18401c904ae2b11f272e33 [term 0 FOLLOWER]: Advancing to term 1
I20260709 12:12:47.056950 18664 tablet_service.cc:1917] Received RequestConsensusVote() RPC: tablet_id: "0320732b86934b90a96820f705b359a2" candidate_uuid: "8832ec550e18401c904ae2b11f272e33" candidate_term: 1 candidate_status { last_received { term: 0 index: 0 } } ignore_live_leader: false dest_uuid: "8de528ed598f4da1baac4cf3b9f7b05d" is_pre_election: true
I20260709 12:12:47.057636 18664 raft_consensus.cc:2468] T 0320732b86934b90a96820f705b359a2 P 8de528ed598f4da1baac4cf3b9f7b05d [term 0 FOLLOWER]: Leader pre-election vote request: Granting yes vote for candidate 8832ec550e18401c904ae2b11f272e33 in term 0.
I20260709 12:12:47.059042 18783 tablet_bootstrap.cc:492] T fcfd75297d194a5dac0e2cd2037ca2ed P 05a92a1f09f04cf298a08c1284856282: No bootstrap required, opened a new log
I20260709 12:12:47.059491 18783 ts_tablet_manager.cc:1403] T fcfd75297d194a5dac0e2cd2037ca2ed P 05a92a1f09f04cf298a08c1284856282: Time spent bootstrapping tablet: real 0.080s	user 0.019s	sys 0.034s
I20260709 12:12:47.063007 18783 raft_consensus.cc:359] T fcfd75297d194a5dac0e2cd2037ca2ed P 05a92a1f09f04cf298a08c1284856282 [term 0 FOLLOWER]: Replica starting. Triggering 0 pending ops. Active config: opid_index: -1 OBSOLETE_local: false peers { permanent_uuid: "8832ec550e18401c904ae2b11f272e33" member_type: VOTER last_known_addr { host: "127.17.7.65" port: 40677 } } peers { permanent_uuid: "8de528ed598f4da1baac4cf3b9f7b05d" member_type: VOTER last_known_addr { host: "127.17.7.66" port: 36375 } } peers { permanent_uuid: "05a92a1f09f04cf298a08c1284856282" member_type: VOTER last_known_addr { host: "127.17.7.67" port: 43607 } }
I20260709 12:12:47.063630 18783 raft_consensus.cc:385] T fcfd75297d194a5dac0e2cd2037ca2ed P 05a92a1f09f04cf298a08c1284856282 [term 0 FOLLOWER]: Consensus starting up: Expiring failure detector timer to make a prompt election more likely
I20260709 12:12:47.063875 18783 raft_consensus.cc:740] T fcfd75297d194a5dac0e2cd2037ca2ed P 05a92a1f09f04cf298a08c1284856282 [term 0 FOLLOWER]: Becoming Follower/Learner. State: Replica: 05a92a1f09f04cf298a08c1284856282, State: Initialized, Role: FOLLOWER
I20260709 12:12:47.065443 18783 consensus_queue.cc:260] T fcfd75297d194a5dac0e2cd2037ca2ed P 05a92a1f09f04cf298a08c1284856282 [NON_LEADER]: Queue going to NON_LEADER mode. State: All replicated index: 0, Majority replicated index: 0, Committed index: 0, Last appended: 0.0, Last appended by leader: 0, Current term: 0, Majority size: -1, State: 0, Mode: NON_LEADER, active raft config: opid_index: -1 OBSOLETE_local: false peers { permanent_uuid: "8832ec550e18401c904ae2b11f272e33" member_type: VOTER last_known_addr { host: "127.17.7.65" port: 40677 } } peers { permanent_uuid: "8de528ed598f4da1baac4cf3b9f7b05d" member_type: VOTER last_known_addr { host: "127.17.7.66" port: 36375 } } peers { permanent_uuid: "05a92a1f09f04cf298a08c1284856282" member_type: VOTER last_known_addr { host: "127.17.7.67" port: 43607 } }
I20260709 12:12:47.066293 18781 tablet_bootstrap.cc:492] T 1f396a6da19d47c5bc63090a429066d7 P 8832ec550e18401c904ae2b11f272e33: No bootstrap required, opened a new log
I20260709 12:12:47.066695 18781 ts_tablet_manager.cc:1403] T 1f396a6da19d47c5bc63090a429066d7 P 8832ec550e18401c904ae2b11f272e33: Time spent bootstrapping tablet: real 0.049s	user 0.016s	sys 0.004s
I20260709 12:12:47.066823 18783 ts_tablet_manager.cc:1434] T fcfd75297d194a5dac0e2cd2037ca2ed P 05a92a1f09f04cf298a08c1284856282: Time spent starting tablet: real 0.007s	user 0.005s	sys 0.001s
I20260709 12:12:47.067698 18783 tablet_bootstrap.cc:492] T e30f8c473ca4434cb6ec73b667936fa5 P 05a92a1f09f04cf298a08c1284856282: Bootstrap starting.
I20260709 12:12:47.068660 18781 raft_consensus.cc:359] T 1f396a6da19d47c5bc63090a429066d7 P 8832ec550e18401c904ae2b11f272e33 [term 0 FOLLOWER]: Replica starting. Triggering 0 pending ops. Active config: opid_index: -1 OBSOLETE_local: false peers { permanent_uuid: "8832ec550e18401c904ae2b11f272e33" member_type: VOTER last_known_addr { host: "127.17.7.65" port: 40677 } } peers { permanent_uuid: "8de528ed598f4da1baac4cf3b9f7b05d" member_type: VOTER last_known_addr { host: "127.17.7.66" port: 36375 } } peers { permanent_uuid: "05a92a1f09f04cf298a08c1284856282" member_type: VOTER last_known_addr { host: "127.17.7.67" port: 43607 } }
I20260709 12:12:47.069291 18781 raft_consensus.cc:385] T 1f396a6da19d47c5bc63090a429066d7 P 8832ec550e18401c904ae2b11f272e33 [term 0 FOLLOWER]: Consensus starting up: Expiring failure detector timer to make a prompt election more likely
I20260709 12:12:47.069542 18781 raft_consensus.cc:740] T 1f396a6da19d47c5bc63090a429066d7 P 8832ec550e18401c904ae2b11f272e33 [term 0 FOLLOWER]: Becoming Follower/Learner. State: Replica: 8832ec550e18401c904ae2b11f272e33, State: Initialized, Role: FOLLOWER
I20260709 12:12:47.070320 18782 tablet_bootstrap.cc:492] T 901e7774580245cc95fa5198b89a2afc P 8de528ed598f4da1baac4cf3b9f7b05d: No bootstrap required, opened a new log
I20260709 12:12:47.070766 18782 ts_tablet_manager.cc:1403] T 901e7774580245cc95fa5198b89a2afc P 8de528ed598f4da1baac4cf3b9f7b05d: Time spent bootstrapping tablet: real 0.056s	user 0.014s	sys 0.004s
I20260709 12:12:47.070150 18781 consensus_queue.cc:260] T 1f396a6da19d47c5bc63090a429066d7 P 8832ec550e18401c904ae2b11f272e33 [NON_LEADER]: Queue going to NON_LEADER mode. State: All replicated index: 0, Majority replicated index: 0, Committed index: 0, Last appended: 0.0, Last appended by leader: 0, Current term: 0, Majority size: -1, State: 0, Mode: NON_LEADER, active raft config: opid_index: -1 OBSOLETE_local: false peers { permanent_uuid: "8832ec550e18401c904ae2b11f272e33" member_type: VOTER last_known_addr { host: "127.17.7.65" port: 40677 } } peers { permanent_uuid: "8de528ed598f4da1baac4cf3b9f7b05d" member_type: VOTER last_known_addr { host: "127.17.7.66" port: 36375 } } peers { permanent_uuid: "05a92a1f09f04cf298a08c1284856282" member_type: VOTER last_known_addr { host: "127.17.7.67" port: 43607 } }
I20260709 12:12:47.073076 18782 raft_consensus.cc:359] T 901e7774580245cc95fa5198b89a2afc P 8de528ed598f4da1baac4cf3b9f7b05d [term 0 FOLLOWER]: Replica starting. Triggering 0 pending ops. Active config: opid_index: -1 OBSOLETE_local: false peers { permanent_uuid: "8832ec550e18401c904ae2b11f272e33" member_type: VOTER last_known_addr { host: "127.17.7.65" port: 40677 } } peers { permanent_uuid: "8de528ed598f4da1baac4cf3b9f7b05d" member_type: VOTER last_known_addr { host: "127.17.7.66" port: 36375 } } peers { permanent_uuid: "05a92a1f09f04cf298a08c1284856282" member_type: VOTER last_known_addr { host: "127.17.7.67" port: 43607 } }
I20260709 12:12:47.073676 18782 raft_consensus.cc:385] T 901e7774580245cc95fa5198b89a2afc P 8de528ed598f4da1baac4cf3b9f7b05d [term 0 FOLLOWER]: Consensus starting up: Expiring failure detector timer to make a prompt election more likely
I20260709 12:12:47.073954 18782 raft_consensus.cc:740] T 901e7774580245cc95fa5198b89a2afc P 8de528ed598f4da1baac4cf3b9f7b05d [term 0 FOLLOWER]: Becoming Follower/Learner. State: Replica: 8de528ed598f4da1baac4cf3b9f7b05d, State: Initialized, Role: FOLLOWER
I20260709 12:12:47.074517 18781 ts_tablet_manager.cc:1434] T 1f396a6da19d47c5bc63090a429066d7 P 8832ec550e18401c904ae2b11f272e33: Time spent starting tablet: real 0.008s	user 0.005s	sys 0.001s
I20260709 12:12:47.075346 18833 raft_consensus.cc:515] T 0320732b86934b90a96820f705b359a2 P 8832ec550e18401c904ae2b11f272e33 [term 1 FOLLOWER]: Starting leader election with config: opid_index: -1 OBSOLETE_local: false peers { permanent_uuid: "8832ec550e18401c904ae2b11f272e33" member_type: VOTER last_known_addr { host: "127.17.7.65" port: 40677 } } peers { permanent_uuid: "8de528ed598f4da1baac4cf3b9f7b05d" member_type: VOTER last_known_addr { host: "127.17.7.66" port: 36375 } } peers { permanent_uuid: "05a92a1f09f04cf298a08c1284856282" member_type: VOTER last_known_addr { host: "127.17.7.67" port: 43607 } }
I20260709 12:12:47.076514 18782 consensus_queue.cc:260] T 901e7774580245cc95fa5198b89a2afc P 8de528ed598f4da1baac4cf3b9f7b05d [NON_LEADER]: Queue going to NON_LEADER mode. State: All replicated index: 0, Majority replicated index: 0, Committed index: 0, Last appended: 0.0, Last appended by leader: 0, Current term: 0, Majority size: -1, State: 0, Mode: NON_LEADER, active raft config: opid_index: -1 OBSOLETE_local: false peers { permanent_uuid: "8832ec550e18401c904ae2b11f272e33" member_type: VOTER last_known_addr { host: "127.17.7.65" port: 40677 } } peers { permanent_uuid: "8de528ed598f4da1baac4cf3b9f7b05d" member_type: VOTER last_known_addr { host: "127.17.7.66" port: 36375 } } peers { permanent_uuid: "05a92a1f09f04cf298a08c1284856282" member_type: VOTER last_known_addr { host: "127.17.7.67" port: 43607 } }
I20260709 12:12:47.076268 18781 tablet_bootstrap.cc:492] T a4af62290e5d4296bddf968b8146f5d2 P 8832ec550e18401c904ae2b11f272e33: Bootstrap starting.
I20260709 12:12:47.078646 18833 leader_election.cc:290] T 0320732b86934b90a96820f705b359a2 P 8832ec550e18401c904ae2b11f272e33 [CANDIDATE]: Term 1 election: Requested vote from peers 8de528ed598f4da1baac4cf3b9f7b05d (127.17.7.66:36375), 05a92a1f09f04cf298a08c1284856282 (127.17.7.67:43607)
I20260709 12:12:47.081447 18783 tablet_bootstrap.cc:654] T e30f8c473ca4434cb6ec73b667936fa5 P 05a92a1f09f04cf298a08c1284856282: Neither blocks nor log segments found. Creating new log.
I20260709 12:12:47.084431 18739 tablet_service.cc:1917] Received RequestConsensusVote() RPC: tablet_id: "0320732b86934b90a96820f705b359a2" candidate_uuid: "8832ec550e18401c904ae2b11f272e33" candidate_term: 1 candidate_status { last_received { term: 0 index: 0 } } ignore_live_leader: false dest_uuid: "05a92a1f09f04cf298a08c1284856282"
I20260709 12:12:47.084959 18739 raft_consensus.cc:3060] T 0320732b86934b90a96820f705b359a2 P 05a92a1f09f04cf298a08c1284856282 [term 0 FOLLOWER]: Advancing to term 1
I20260709 12:12:47.087345 18664 tablet_service.cc:1917] Received RequestConsensusVote() RPC: tablet_id: "0320732b86934b90a96820f705b359a2" candidate_uuid: "8832ec550e18401c904ae2b11f272e33" candidate_term: 1 candidate_status { last_received { term: 0 index: 0 } } ignore_live_leader: false dest_uuid: "8de528ed598f4da1baac4cf3b9f7b05d"
I20260709 12:12:47.087891 18664 raft_consensus.cc:3060] T 0320732b86934b90a96820f705b359a2 P 8de528ed598f4da1baac4cf3b9f7b05d [term 0 FOLLOWER]: Advancing to term 1
I20260709 12:12:47.111204 18664 raft_consensus.cc:2468] T 0320732b86934b90a96820f705b359a2 P 8de528ed598f4da1baac4cf3b9f7b05d [term 1 FOLLOWER]: Leader election vote request: Granting yes vote for candidate 8832ec550e18401c904ae2b11f272e33 in term 1.
I20260709 12:12:47.112466 18554 leader_election.cc:304] T 0320732b86934b90a96820f705b359a2 P 8832ec550e18401c904ae2b11f272e33 [CANDIDATE]: Term 1 election: Election decided. Result: candidate won. Election summary: received 2 responses out of 3 voters: 2 yes votes; 0 no votes. yes voters: 8832ec550e18401c904ae2b11f272e33, 8de528ed598f4da1baac4cf3b9f7b05d; no voters: 
I20260709 12:12:47.113296 18833 raft_consensus.cc:2804] T 0320732b86934b90a96820f705b359a2 P 8832ec550e18401c904ae2b11f272e33 [term 1 FOLLOWER]: Leader election won for term 1
I20260709 12:12:47.113763 18833 raft_consensus.cc:697] T 0320732b86934b90a96820f705b359a2 P 8832ec550e18401c904ae2b11f272e33 [term 1 LEADER]: Becoming Leader. State: Replica: 8832ec550e18401c904ae2b11f272e33, State: Running, Role: LEADER
I20260709 12:12:47.114547 18833 consensus_queue.cc:237] T 0320732b86934b90a96820f705b359a2 P 8832ec550e18401c904ae2b11f272e33 [LEADER]: Queue going to LEADER mode. State: All replicated index: 0, Majority replicated index: 0, Committed index: 0, Last appended: 0.0, Last appended by leader: 0, Current term: 1, Majority size: 2, State: 0, Mode: LEADER, active raft config: opid_index: -1 OBSOLETE_local: false peers { permanent_uuid: "8832ec550e18401c904ae2b11f272e33" member_type: VOTER last_known_addr { host: "127.17.7.65" port: 40677 } } peers { permanent_uuid: "8de528ed598f4da1baac4cf3b9f7b05d" member_type: VOTER last_known_addr { host: "127.17.7.66" port: 36375 } } peers { permanent_uuid: "05a92a1f09f04cf298a08c1284856282" member_type: VOTER last_known_addr { host: "127.17.7.67" port: 43607 } }
I20260709 12:12:47.114951 18739 raft_consensus.cc:2468] T 0320732b86934b90a96820f705b359a2 P 05a92a1f09f04cf298a08c1284856282 [term 1 FOLLOWER]: Leader election vote request: Granting yes vote for candidate 8832ec550e18401c904ae2b11f272e33 in term 1.
I20260709 12:12:47.108027 18781 tablet_bootstrap.cc:654] T a4af62290e5d4296bddf968b8146f5d2 P 8832ec550e18401c904ae2b11f272e33: Neither blocks nor log segments found. Creating new log.
I20260709 12:12:47.116979 18782 ts_tablet_manager.cc:1434] T 901e7774580245cc95fa5198b89a2afc P 8de528ed598f4da1baac4cf3b9f7b05d: Time spent starting tablet: real 0.046s	user 0.005s	sys 0.001s
I20260709 12:12:47.123870 18782 tablet_bootstrap.cc:492] T fcfd75297d194a5dac0e2cd2037ca2ed P 8de528ed598f4da1baac4cf3b9f7b05d: Bootstrap starting.
I20260709 12:12:47.130379 18782 tablet_bootstrap.cc:654] T fcfd75297d194a5dac0e2cd2037ca2ed P 8de528ed598f4da1baac4cf3b9f7b05d: Neither blocks nor log segments found. Creating new log.
I20260709 12:12:47.133342 18845 consensus_queue.cc:1048] T 1e44ea5554c344869323218641ee0e9c P 8de528ed598f4da1baac4cf3b9f7b05d [LEADER]: Connected to new peer: Peer: permanent_uuid: "8832ec550e18401c904ae2b11f272e33" member_type: VOTER last_known_addr { host: "127.17.7.65" port: 40677 }, Status: LMP_MISMATCH, Last received: 0.0, Next index: 1, Last known committed idx: 0, Time since last communication: 0.000s
I20260709 12:12:47.137632 18964 raft_consensus.cc:493] T ef486af6210f49d9adc538e35535390f P 8832ec550e18401c904ae2b11f272e33 [term 0 FOLLOWER]: Starting pre-election (no leader contacted us within the election timeout)
I20260709 12:12:47.138089 18964 raft_consensus.cc:515] T ef486af6210f49d9adc538e35535390f P 8832ec550e18401c904ae2b11f272e33 [term 0 FOLLOWER]: Starting pre-election with config: opid_index: -1 OBSOLETE_local: false peers { permanent_uuid: "8832ec550e18401c904ae2b11f272e33" member_type: VOTER last_known_addr { host: "127.17.7.65" port: 40677 } } peers { permanent_uuid: "8de528ed598f4da1baac4cf3b9f7b05d" member_type: VOTER last_known_addr { host: "127.17.7.66" port: 36375 } } peers { permanent_uuid: "05a92a1f09f04cf298a08c1284856282" member_type: VOTER last_known_addr { host: "127.17.7.67" port: 43607 } }
I20260709 12:12:47.138916 19028 consensus_queue.cc:1048] T 5059dd3fd63741dd9d67114df24f61e8 P 8de528ed598f4da1baac4cf3b9f7b05d [LEADER]: Connected to new peer: Peer: permanent_uuid: "05a92a1f09f04cf298a08c1284856282" member_type: VOTER last_known_addr { host: "127.17.7.67" port: 43607 }, Status: LMP_MISMATCH, Last received: 0.0, Next index: 1, Last known committed idx: 0, Time since last communication: 0.000s
I20260709 12:12:47.140761 18964 leader_election.cc:290] T ef486af6210f49d9adc538e35535390f P 8832ec550e18401c904ae2b11f272e33 [CANDIDATE]: Term 1 pre-election: Requested pre-vote from peers 8de528ed598f4da1baac4cf3b9f7b05d (127.17.7.66:36375), 05a92a1f09f04cf298a08c1284856282 (127.17.7.67:43607)
I20260709 12:12:47.141606 18735 tablet_service.cc:1917] Received RequestConsensusVote() RPC: tablet_id: "ef486af6210f49d9adc538e35535390f" candidate_uuid: "8832ec550e18401c904ae2b11f272e33" candidate_term: 1 candidate_status { last_received { term: 0 index: 0 } } ignore_live_leader: false dest_uuid: "05a92a1f09f04cf298a08c1284856282" is_pre_election: true
I20260709 12:12:47.142242 18735 raft_consensus.cc:2468] T ef486af6210f49d9adc538e35535390f P 05a92a1f09f04cf298a08c1284856282 [term 0 FOLLOWER]: Leader pre-election vote request: Granting yes vote for candidate 8832ec550e18401c904ae2b11f272e33 in term 0.
I20260709 12:12:47.142485 18588 raft_consensus.cc:3060] T 1bae913106e34a4488456dc014927834 P 8832ec550e18401c904ae2b11f272e33 [term 0 FOLLOWER]: Advancing to term 1
I20260709 12:12:47.149096 18557 leader_election.cc:304] T ef486af6210f49d9adc538e35535390f P 8832ec550e18401c904ae2b11f272e33 [CANDIDATE]: Term 1 pre-election: Election decided. Result: candidate won. Election summary: received 2 responses out of 3 voters: 2 yes votes; 0 no votes. yes voters: 05a92a1f09f04cf298a08c1284856282, 8832ec550e18401c904ae2b11f272e33; no voters: 
I20260709 12:12:47.149230 18664 tablet_service.cc:1917] Received RequestConsensusVote() RPC: tablet_id: "ef486af6210f49d9adc538e35535390f" candidate_uuid: "8832ec550e18401c904ae2b11f272e33" candidate_term: 1 candidate_status { last_received { term: 0 index: 0 } } ignore_live_leader: false dest_uuid: "8de528ed598f4da1baac4cf3b9f7b05d" is_pre_election: true
I20260709 12:12:47.149816 18664 raft_consensus.cc:2468] T ef486af6210f49d9adc538e35535390f P 8de528ed598f4da1baac4cf3b9f7b05d [term 0 FOLLOWER]: Leader pre-election vote request: Granting yes vote for candidate 8832ec550e18401c904ae2b11f272e33 in term 0.
I20260709 12:12:47.150113 18961 raft_consensus.cc:2804] T ef486af6210f49d9adc538e35535390f P 8832ec550e18401c904ae2b11f272e33 [term 0 FOLLOWER]: Leader pre-election won for term 1
I20260709 12:12:47.150458 18961 raft_consensus.cc:493] T ef486af6210f49d9adc538e35535390f P 8832ec550e18401c904ae2b11f272e33 [term 0 FOLLOWER]: Starting leader election (no leader contacted us within the election timeout)
I20260709 12:12:47.150766 18961 raft_consensus.cc:3060] T ef486af6210f49d9adc538e35535390f P 8832ec550e18401c904ae2b11f272e33 [term 0 FOLLOWER]: Advancing to term 1
I20260709 12:12:47.151356 19028 raft_consensus.cc:493] T a4af62290e5d4296bddf968b8146f5d2 P 8de528ed598f4da1baac4cf3b9f7b05d [term 0 FOLLOWER]: Starting pre-election (no leader contacted us within the election timeout)
I20260709 12:12:47.151822 19028 raft_consensus.cc:515] T a4af62290e5d4296bddf968b8146f5d2 P 8de528ed598f4da1baac4cf3b9f7b05d [term 0 FOLLOWER]: Starting pre-election with config: opid_index: -1 OBSOLETE_local: false peers { permanent_uuid: "8832ec550e18401c904ae2b11f272e33" member_type: VOTER last_known_addr { host: "127.17.7.65" port: 40677 } } peers { permanent_uuid: "8de528ed598f4da1baac4cf3b9f7b05d" member_type: VOTER last_known_addr { host: "127.17.7.66" port: 36375 } } peers { permanent_uuid: "05a92a1f09f04cf298a08c1284856282" member_type: VOTER last_known_addr { host: "127.17.7.67" port: 43607 } }
I20260709 12:12:47.159754 18591 tablet_service.cc:1917] Received RequestConsensusVote() RPC: tablet_id: "a4af62290e5d4296bddf968b8146f5d2" candidate_uuid: "8de528ed598f4da1baac4cf3b9f7b05d" candidate_term: 1 candidate_status { last_received { term: 0 index: 0 } } ignore_live_leader: false dest_uuid: "8832ec550e18401c904ae2b11f272e33" is_pre_election: true
W20260709 12:12:47.160952 18629 leader_election.cc:343] T a4af62290e5d4296bddf968b8146f5d2 P 8de528ed598f4da1baac4cf3b9f7b05d [CANDIDATE]: Term 1 pre-election: Tablet error from VoteRequest() call to peer 8832ec550e18401c904ae2b11f272e33 (127.17.7.65:40677): Illegal state: must be running to vote when last-logged opid is not known
I20260709 12:12:47.161762 18845 consensus_queue.cc:1048] T 1bae913106e34a4488456dc014927834 P 8de528ed598f4da1baac4cf3b9f7b05d [LEADER]: Connected to new peer: Peer: permanent_uuid: "8832ec550e18401c904ae2b11f272e33" member_type: VOTER last_known_addr { host: "127.17.7.65" port: 40677 }, Status: LMP_MISMATCH, Last received: 0.0, Next index: 1, Last known committed idx: 0, Time since last communication: 0.000s
I20260709 12:12:47.162344 18975 consensus_queue.cc:1048] T 1bae913106e34a4488456dc014927834 P 8de528ed598f4da1baac4cf3b9f7b05d [LEADER]: Connected to new peer: Peer: permanent_uuid: "05a92a1f09f04cf298a08c1284856282" member_type: VOTER last_known_addr { host: "127.17.7.67" port: 43607 }, Status: LMP_MISMATCH, Last received: 0.0, Next index: 1, Last known committed idx: 0, Time since last communication: 0.000s
I20260709 12:12:47.164893 19028 leader_election.cc:290] T a4af62290e5d4296bddf968b8146f5d2 P 8de528ed598f4da1baac4cf3b9f7b05d [CANDIDATE]: Term 1 pre-election: Requested pre-vote from peers 8832ec550e18401c904ae2b11f272e33 (127.17.7.65:40677), 05a92a1f09f04cf298a08c1284856282 (127.17.7.67:43607)
I20260709 12:12:47.168154 18783 tablet_bootstrap.cc:492] T e30f8c473ca4434cb6ec73b667936fa5 P 05a92a1f09f04cf298a08c1284856282: No bootstrap required, opened a new log
I20260709 12:12:47.168802 18783 ts_tablet_manager.cc:1403] T e30f8c473ca4434cb6ec73b667936fa5 P 05a92a1f09f04cf298a08c1284856282: Time spent bootstrapping tablet: real 0.101s	user 0.031s	sys 0.045s
I20260709 12:12:47.170962 18739 tablet_service.cc:1917] Received RequestConsensusVote() RPC: tablet_id: "a4af62290e5d4296bddf968b8146f5d2" candidate_uuid: "8de528ed598f4da1baac4cf3b9f7b05d" candidate_term: 1 candidate_status { last_received { term: 0 index: 0 } } ignore_live_leader: false dest_uuid: "05a92a1f09f04cf298a08c1284856282" is_pre_election: true
I20260709 12:12:47.171557 18739 raft_consensus.cc:2468] T a4af62290e5d4296bddf968b8146f5d2 P 05a92a1f09f04cf298a08c1284856282 [term 0 FOLLOWER]: Leader pre-election vote request: Granting yes vote for candidate 8de528ed598f4da1baac4cf3b9f7b05d in term 0.
I20260709 12:12:47.171361 18783 raft_consensus.cc:359] T e30f8c473ca4434cb6ec73b667936fa5 P 05a92a1f09f04cf298a08c1284856282 [term 0 FOLLOWER]: Replica starting. Triggering 0 pending ops. Active config: opid_index: -1 OBSOLETE_local: false peers { permanent_uuid: "8832ec550e18401c904ae2b11f272e33" member_type: VOTER last_known_addr { host: "127.17.7.65" port: 40677 } } peers { permanent_uuid: "8de528ed598f4da1baac4cf3b9f7b05d" member_type: VOTER last_known_addr { host: "127.17.7.66" port: 36375 } } peers { permanent_uuid: "05a92a1f09f04cf298a08c1284856282" member_type: VOTER last_known_addr { host: "127.17.7.67" port: 43607 } }
I20260709 12:12:47.172053 18783 raft_consensus.cc:385] T e30f8c473ca4434cb6ec73b667936fa5 P 05a92a1f09f04cf298a08c1284856282 [term 0 FOLLOWER]: Consensus starting up: Expiring failure detector timer to make a prompt election more likely
I20260709 12:12:47.172360 18783 raft_consensus.cc:740] T e30f8c473ca4434cb6ec73b667936fa5 P 05a92a1f09f04cf298a08c1284856282 [term 0 FOLLOWER]: Becoming Follower/Learner. State: Replica: 05a92a1f09f04cf298a08c1284856282, State: Initialized, Role: FOLLOWER
I20260709 12:12:47.173136 18632 leader_election.cc:304] T a4af62290e5d4296bddf968b8146f5d2 P 8de528ed598f4da1baac4cf3b9f7b05d [CANDIDATE]: Term 1 pre-election: Election decided. Result: candidate won. Election summary: received 3 responses out of 3 voters: 2 yes votes; 1 no votes. yes voters: 05a92a1f09f04cf298a08c1284856282, 8de528ed598f4da1baac4cf3b9f7b05d; no voters: 8832ec550e18401c904ae2b11f272e33
I20260709 12:12:47.172837 18489 catalog_manager.cc:5697] T 0320732b86934b90a96820f705b359a2 P 8832ec550e18401c904ae2b11f272e33 reported cstate change: term changed from 0 to 1, leader changed from <none> to 8832ec550e18401c904ae2b11f272e33 (127.17.7.65). New cstate: current_term: 1 leader_uuid: "8832ec550e18401c904ae2b11f272e33" committed_config { opid_index: -1 OBSOLETE_local: false peers { permanent_uuid: "8832ec550e18401c904ae2b11f272e33" member_type: VOTER last_known_addr { host: "127.17.7.65" port: 40677 } health_report { overall_health: HEALTHY } } peers { permanent_uuid: "8de528ed598f4da1baac4cf3b9f7b05d" member_type: VOTER last_known_addr { host: "127.17.7.66" port: 36375 } health_report { overall_health: UNKNOWN } } peers { permanent_uuid: "05a92a1f09f04cf298a08c1284856282" member_type: VOTER last_known_addr { host: "127.17.7.67" port: 43607 } health_report { overall_health: UNKNOWN } } }
I20260709 12:12:47.173077 18783 consensus_queue.cc:260] T e30f8c473ca4434cb6ec73b667936fa5 P 05a92a1f09f04cf298a08c1284856282 [NON_LEADER]: Queue going to NON_LEADER mode. State: All replicated index: 0, Majority replicated index: 0, Committed index: 0, Last appended: 0.0, Last appended by leader: 0, Current term: 0, Majority size: -1, State: 0, Mode: NON_LEADER, active raft config: opid_index: -1 OBSOLETE_local: false peers { permanent_uuid: "8832ec550e18401c904ae2b11f272e33" member_type: VOTER last_known_addr { host: "127.17.7.65" port: 40677 } } peers { permanent_uuid: "8de528ed598f4da1baac4cf3b9f7b05d" member_type: VOTER last_known_addr { host: "127.17.7.66" port: 36375 } } peers { permanent_uuid: "05a92a1f09f04cf298a08c1284856282" member_type: VOTER last_known_addr { host: "127.17.7.67" port: 43607 } }
I20260709 12:12:47.174155 18845 consensus_queue.cc:1048] T 1e44ea5554c344869323218641ee0e9c P 8de528ed598f4da1baac4cf3b9f7b05d [LEADER]: Connected to new peer: Peer: permanent_uuid: "05a92a1f09f04cf298a08c1284856282" member_type: VOTER last_known_addr { host: "127.17.7.67" port: 43607 }, Status: LMP_MISMATCH, Last received: 0.0, Next index: 1, Last known committed idx: 0, Time since last communication: 0.001s
I20260709 12:12:47.175498 18783 ts_tablet_manager.cc:1434] T e30f8c473ca4434cb6ec73b667936fa5 P 05a92a1f09f04cf298a08c1284856282: Time spent starting tablet: real 0.006s	user 0.005s	sys 0.000s
I20260709 12:12:47.176445 18783 tablet_bootstrap.cc:492] T cf767cb328f34084a3ee69d26b965d4e P 05a92a1f09f04cf298a08c1284856282: Bootstrap starting.
I20260709 12:12:47.175531 18845 raft_consensus.cc:2804] T a4af62290e5d4296bddf968b8146f5d2 P 8de528ed598f4da1baac4cf3b9f7b05d [term 0 FOLLOWER]: Leader pre-election won for term 1
I20260709 12:12:47.177451 18845 raft_consensus.cc:493] T a4af62290e5d4296bddf968b8146f5d2 P 8de528ed598f4da1baac4cf3b9f7b05d [term 0 FOLLOWER]: Starting leader election (no leader contacted us within the election timeout)
I20260709 12:12:47.177750 18845 raft_consensus.cc:3060] T a4af62290e5d4296bddf968b8146f5d2 P 8de528ed598f4da1baac4cf3b9f7b05d [term 0 FOLLOWER]: Advancing to term 1
I20260709 12:12:47.181856 18783 tablet_bootstrap.cc:654] T cf767cb328f34084a3ee69d26b965d4e P 05a92a1f09f04cf298a08c1284856282: Neither blocks nor log segments found. Creating new log.
I20260709 12:12:47.160969 18961 raft_consensus.cc:515] T ef486af6210f49d9adc538e35535390f P 8832ec550e18401c904ae2b11f272e33 [term 1 FOLLOWER]: Starting leader election with config: opid_index: -1 OBSOLETE_local: false peers { permanent_uuid: "8832ec550e18401c904ae2b11f272e33" member_type: VOTER last_known_addr { host: "127.17.7.65" port: 40677 } } peers { permanent_uuid: "8de528ed598f4da1baac4cf3b9f7b05d" member_type: VOTER last_known_addr { host: "127.17.7.66" port: 36375 } } peers { permanent_uuid: "05a92a1f09f04cf298a08c1284856282" member_type: VOTER last_known_addr { host: "127.17.7.67" port: 43607 } }
I20260709 12:12:47.187983 18739 tablet_service.cc:1917] Received RequestConsensusVote() RPC: tablet_id: "ef486af6210f49d9adc538e35535390f" candidate_uuid: "8832ec550e18401c904ae2b11f272e33" candidate_term: 1 candidate_status { last_received { term: 0 index: 0 } } ignore_live_leader: false dest_uuid: "05a92a1f09f04cf298a08c1284856282"
I20260709 12:12:47.188555 18739 raft_consensus.cc:3060] T ef486af6210f49d9adc538e35535390f P 05a92a1f09f04cf298a08c1284856282 [term 0 FOLLOWER]: Advancing to term 1
I20260709 12:12:47.191535 18664 tablet_service.cc:1917] Received RequestConsensusVote() RPC: tablet_id: "ef486af6210f49d9adc538e35535390f" candidate_uuid: "8832ec550e18401c904ae2b11f272e33" candidate_term: 1 candidate_status { last_received { term: 0 index: 0 } } ignore_live_leader: false dest_uuid: "8de528ed598f4da1baac4cf3b9f7b05d"
I20260709 12:12:47.192230 18664 raft_consensus.cc:3060] T ef486af6210f49d9adc538e35535390f P 8de528ed598f4da1baac4cf3b9f7b05d [term 0 FOLLOWER]: Advancing to term 1
I20260709 12:12:47.197422 18781 tablet_bootstrap.cc:492] T a4af62290e5d4296bddf968b8146f5d2 P 8832ec550e18401c904ae2b11f272e33: No bootstrap required, opened a new log
I20260709 12:12:47.199666 18664 raft_consensus.cc:2468] T ef486af6210f49d9adc538e35535390f P 8de528ed598f4da1baac4cf3b9f7b05d [term 1 FOLLOWER]: Leader election vote request: Granting yes vote for candidate 8832ec550e18401c904ae2b11f272e33 in term 1.
I20260709 12:12:47.197871 18781 ts_tablet_manager.cc:1403] T a4af62290e5d4296bddf968b8146f5d2 P 8832ec550e18401c904ae2b11f272e33: Time spent bootstrapping tablet: real 0.123s	user 0.020s	sys 0.012s
I20260709 12:12:47.262830 18554 leader_election.cc:304] T ef486af6210f49d9adc538e35535390f P 8832ec550e18401c904ae2b11f272e33 [CANDIDATE]: Term 1 election: Election decided. Result: candidate won. Election summary: received 2 responses out of 3 voters: 2 yes votes; 0 no votes. yes voters: 8832ec550e18401c904ae2b11f272e33, 8de528ed598f4da1baac4cf3b9f7b05d; no voters: 
I20260709 12:12:47.263532 18964 raft_consensus.cc:2804] T ef486af6210f49d9adc538e35535390f P 8832ec550e18401c904ae2b11f272e33 [term 1 FOLLOWER]: Leader election won for term 1
