I20260709 12:12:43.264768 20467 tablet_service.cc:1511] Processing CreateTablet for tablet e649c583900048468b497ccc736c10ed (DEFAULT_TABLE table=test-workload [id=990c5752422b4a59a3a3f8d2fa911029]), partition=RANGE (key) PARTITION 1710707269 <= VALUES < 1747105296
I20260709 12:12:43.257921 20560 tablet_service.cc:1917] Received RequestConsensusVote() RPC: tablet_id: "a87bf93705d04815a78bf45c22393eab" candidate_uuid: "747b5b81b8f544339c41e03396c9f2ee" candidate_term: 1 candidate_status { last_received { term: 0 index: 0 } } ignore_live_leader: false dest_uuid: "b1c760b33bf646e39f2f0a9eacbbdd2f" is_pre_election: true
I20260709 12:12:43.259282 20486 tablet_service.cc:1917] Received RequestConsensusVote() RPC: tablet_id: "a87bf93705d04815a78bf45c22393eab" candidate_uuid: "747b5b81b8f544339c41e03396c9f2ee" candidate_term: 1 candidate_status { last_received { term: 0 index: 0 } } ignore_live_leader: false dest_uuid: "3b892c11e5c349b9aabadfbbb1e7a5f0" is_pre_election: true
I20260709 12:12:43.266332 20467 data_dirs.cc:400] Could only allocate 1 dirs of requested 3 for tablet e649c583900048468b497ccc736c10ed. 1 dirs total, 0 dirs full, 0 dirs failed
I20260709 12:12:43.267753 20542 tablet_service.cc:1511] Processing CreateTablet for tablet b41e13dda04b47e38a30e55c5cec2814 (DEFAULT_TABLE table=test-workload [id=990c5752422b4a59a3a3f8d2fa911029]), partition=RANGE (key) PARTITION 1637911215 <= VALUES < 1674309242
I20260709 12:12:43.268831 20542 data_dirs.cc:400] Could only allocate 1 dirs of requested 3 for tablet b41e13dda04b47e38a30e55c5cec2814. 1 dirs total, 0 dirs full, 0 dirs failed
I20260709 12:12:43.268748 20676 ts_tablet_manager.cc:1434] T 2e7a94960dcc4514b222717c41cb9d73 P 3b892c11e5c349b9aabadfbbb1e7a5f0: Time spent starting tablet: real 0.073s	user 0.007s	sys 0.000s
I20260709 12:12:43.270206 20676 tablet_bootstrap.cc:492] T 6c3556a329e941c0bf7d87f3bc868960 P 3b892c11e5c349b9aabadfbbb1e7a5f0: Bootstrap starting.
I20260709 12:12:43.273109 20449 leader_election.cc:304] T 581b204b78bf4e318a9463d6a8a9c7fc P 3b892c11e5c349b9aabadfbbb1e7a5f0 [CANDIDATE]: Term 1 pre-election: Election decided. Result: candidate won. Election summary: received 3 responses out of 3 voters: 2 yes votes; 1 no votes. yes voters: 3b892c11e5c349b9aabadfbbb1e7a5f0, b1c760b33bf646e39f2f0a9eacbbdd2f; no voters: 747b5b81b8f544339c41e03396c9f2ee
I20260709 12:12:43.274155 20682 raft_consensus.cc:2804] T 581b204b78bf4e318a9463d6a8a9c7fc P 3b892c11e5c349b9aabadfbbb1e7a5f0 [term 0 FOLLOWER]: Leader pre-election won for term 1
I20260709 12:12:43.274495 20682 raft_consensus.cc:493] T 581b204b78bf4e318a9463d6a8a9c7fc P 3b892c11e5c349b9aabadfbbb1e7a5f0 [term 0 FOLLOWER]: Starting leader election (no leader contacted us within the election timeout)
I20260709 12:12:43.274798 20682 raft_consensus.cc:3060] T 581b204b78bf4e318a9463d6a8a9c7fc P 3b892c11e5c349b9aabadfbbb1e7a5f0 [term 0 FOLLOWER]: Advancing to term 1
I20260709 12:12:43.280056 20676 tablet_bootstrap.cc:654] T 6c3556a329e941c0bf7d87f3bc868960 P 3b892c11e5c349b9aabadfbbb1e7a5f0: Neither blocks nor log segments found. Creating new log.
I20260709 12:12:43.284687 20635 tablet_service.cc:1917] Received RequestConsensusVote() RPC: tablet_id: "d873ae9eb1464654be1327e8277357d7" candidate_uuid: "b1c760b33bf646e39f2f0a9eacbbdd2f" candidate_term: 1 candidate_status { last_received { term: 0 index: 0 } } ignore_live_leader: false dest_uuid: "747b5b81b8f544339c41e03396c9f2ee" is_pre_election: true
I20260709 12:12:43.285324 20635 raft_consensus.cc:2468] T d873ae9eb1464654be1327e8277357d7 P 747b5b81b8f544339c41e03396c9f2ee [term 0 FOLLOWER]: Leader pre-election vote request: Granting yes vote for candidate b1c760b33bf646e39f2f0a9eacbbdd2f in term 0.
W20260709 12:12:43.284688 20601 leader_election.cc:343] T a87bf93705d04815a78bf45c22393eab P 747b5b81b8f544339c41e03396c9f2ee [CANDIDATE]: Term 1 pre-election: Tablet error from VoteRequest() call to peer 3b892c11e5c349b9aabadfbbb1e7a5f0 (127.18.220.193:34439): Illegal state: must be running to vote when last-logged opid is not known
I20260709 12:12:43.295473 20542 tablet_service.cc:1511] Processing CreateTablet for tablet ba5f61c3296049c993292a8387209545 (DEFAULT_TABLE table=test-workload [id=990c5752422b4a59a3a3f8d2fa911029]), partition=RANGE (key) PARTITION 1674309242 <= VALUES < 1710707269
I20260709 12:12:43.296595 20542 data_dirs.cc:400] Could only allocate 1 dirs of requested 3 for tablet ba5f61c3296049c993292a8387209545. 1 dirs total, 0 dirs full, 0 dirs failed
I20260709 12:12:43.295835 20525 leader_election.cc:304] T d873ae9eb1464654be1327e8277357d7 P b1c760b33bf646e39f2f0a9eacbbdd2f [CANDIDATE]: Term 1 pre-election: Election decided. Result: candidate won. Election summary: received 3 responses out of 3 voters: 2 yes votes; 1 no votes. yes voters: 747b5b81b8f544339c41e03396c9f2ee, b1c760b33bf646e39f2f0a9eacbbdd2f; no voters: 3b892c11e5c349b9aabadfbbb1e7a5f0
I20260709 12:12:43.298274 20677 tablet_bootstrap.cc:492] T 2e7a94960dcc4514b222717c41cb9d73 P b1c760b33bf646e39f2f0a9eacbbdd2f: No bootstrap required, opened a new log
I20260709 12:12:43.298734 20675 tablet_bootstrap.cc:492] T 5eb9208212b3490cb3164d56d0e6d918 P 747b5b81b8f544339c41e03396c9f2ee: No bootstrap required, opened a new log
I20260709 12:12:43.296185 20472 tablet_service.cc:1511] Processing CreateTablet for tablet b0661cc3ea564fa3ab15756fd6c3463b (DEFAULT_TABLE table=test-workload [id=990c5752422b4a59a3a3f8d2fa911029]), partition=RANGE (key) PARTITION 1747105296 <= VALUES < 1783503323
I20260709 12:12:43.298877 20681 raft_consensus.cc:2804] T d873ae9eb1464654be1327e8277357d7 P b1c760b33bf646e39f2f0a9eacbbdd2f [term 0 FOLLOWER]: Leader pre-election won for term 1
I20260709 12:12:43.299209 20675 ts_tablet_manager.cc:1403] T 5eb9208212b3490cb3164d56d0e6d918 P 747b5b81b8f544339c41e03396c9f2ee: Time spent bootstrapping tablet: real 0.093s	user 0.006s	sys 0.012s
I20260709 12:12:43.299314 20681 raft_consensus.cc:493] T d873ae9eb1464654be1327e8277357d7 P b1c760b33bf646e39f2f0a9eacbbdd2f [term 0 FOLLOWER]: Starting leader election (no leader contacted us within the election timeout)
I20260709 12:12:43.299672 20681 raft_consensus.cc:3060] T d873ae9eb1464654be1327e8277357d7 P b1c760b33bf646e39f2f0a9eacbbdd2f [term 0 FOLLOWER]: Advancing to term 1
I20260709 12:12:43.301748 20675 raft_consensus.cc:359] T 5eb9208212b3490cb3164d56d0e6d918 P 747b5b81b8f544339c41e03396c9f2ee [term 0 FOLLOWER]: Replica starting. Triggering 0 pending ops. Active config: opid_index: -1 OBSOLETE_local: false peers { permanent_uuid: "3b892c11e5c349b9aabadfbbb1e7a5f0" member_type: VOTER last_known_addr { host: "127.18.220.193" port: 34439 } } peers { permanent_uuid: "b1c760b33bf646e39f2f0a9eacbbdd2f" member_type: VOTER last_known_addr { host: "127.18.220.194" port: 38693 } } peers { permanent_uuid: "747b5b81b8f544339c41e03396c9f2ee" member_type: VOTER last_known_addr { host: "127.18.220.195" port: 44989 } }
I20260709 12:12:43.302414 20675 raft_consensus.cc:385] T 5eb9208212b3490cb3164d56d0e6d918 P 747b5b81b8f544339c41e03396c9f2ee [term 0 FOLLOWER]: Consensus starting up: Expiring failure detector timer to make a prompt election more likely
I20260709 12:12:43.302670 20675 raft_consensus.cc:740] T 5eb9208212b3490cb3164d56d0e6d918 P 747b5b81b8f544339c41e03396c9f2ee [term 0 FOLLOWER]: Becoming Follower/Learner. State: Replica: 747b5b81b8f544339c41e03396c9f2ee, State: Initialized, Role: FOLLOWER
I20260709 12:12:43.303191 20682 raft_consensus.cc:515] T 581b204b78bf4e318a9463d6a8a9c7fc P 3b892c11e5c349b9aabadfbbb1e7a5f0 [term 1 FOLLOWER]: Starting leader election with config: opid_index: -1 OBSOLETE_local: false peers { permanent_uuid: "747b5b81b8f544339c41e03396c9f2ee" member_type: VOTER last_known_addr { host: "127.18.220.195" port: 44989 } } peers { permanent_uuid: "3b892c11e5c349b9aabadfbbb1e7a5f0" member_type: VOTER last_known_addr { host: "127.18.220.193" port: 34439 } } peers { permanent_uuid: "b1c760b33bf646e39f2f0a9eacbbdd2f" member_type: VOTER last_known_addr { host: "127.18.220.194" port: 38693 } }
I20260709 12:12:43.306198 20681 raft_consensus.cc:515] T d873ae9eb1464654be1327e8277357d7 P b1c760b33bf646e39f2f0a9eacbbdd2f [term 1 FOLLOWER]: Starting leader election with config: opid_index: -1 OBSOLETE_local: false peers { permanent_uuid: "3b892c11e5c349b9aabadfbbb1e7a5f0" member_type: VOTER last_known_addr { host: "127.18.220.193" port: 34439 } } peers { permanent_uuid: "b1c760b33bf646e39f2f0a9eacbbdd2f" member_type: VOTER last_known_addr { host: "127.18.220.194" port: 38693 } } peers { permanent_uuid: "747b5b81b8f544339c41e03396c9f2ee" member_type: VOTER last_known_addr { host: "127.18.220.195" port: 44989 } }
I20260709 12:12:43.308445 20681 leader_election.cc:290] T d873ae9eb1464654be1327e8277357d7 P b1c760b33bf646e39f2f0a9eacbbdd2f [CANDIDATE]: Term 1 election: Requested vote from peers 3b892c11e5c349b9aabadfbbb1e7a5f0 (127.18.220.193:34439), 747b5b81b8f544339c41e03396c9f2ee (127.18.220.195:44989)
I20260709 12:12:43.309398 20472 data_dirs.cc:400] Could only allocate 1 dirs of requested 3 for tablet b0661cc3ea564fa3ab15756fd6c3463b. 1 dirs total, 0 dirs full, 0 dirs failed
I20260709 12:12:43.309933 20675 consensus_queue.cc:260] T 5eb9208212b3490cb3164d56d0e6d918 P 747b5b81b8f544339c41e03396c9f2ee [NON_LEADER]: Queue going to NON_LEADER mode. State: All replicated index: 0, Majority replicated index: 0, Committed index: 0, Last appended: 0.0, Last appended by leader: 0, Current term: 0, Majority size: -1, State: 0, Mode: NON_LEADER, active raft config: opid_index: -1 OBSOLETE_local: false peers { permanent_uuid: "3b892c11e5c349b9aabadfbbb1e7a5f0" member_type: VOTER last_known_addr { host: "127.18.220.193" port: 34439 } } peers { permanent_uuid: "b1c760b33bf646e39f2f0a9eacbbdd2f" member_type: VOTER last_known_addr { host: "127.18.220.194" port: 38693 } } peers { permanent_uuid: "747b5b81b8f544339c41e03396c9f2ee" member_type: VOTER last_known_addr { host: "127.18.220.195" port: 44989 } }
I20260709 12:12:43.311867 20675 ts_tablet_manager.cc:1434] T 5eb9208212b3490cb3164d56d0e6d918 P 747b5b81b8f544339c41e03396c9f2ee: Time spent starting tablet: real 0.012s	user 0.004s	sys 0.001s
I20260709 12:12:43.312309 20486 tablet_service.cc:1917] Received RequestConsensusVote() RPC: tablet_id: "d873ae9eb1464654be1327e8277357d7" candidate_uuid: "b1c760b33bf646e39f2f0a9eacbbdd2f" candidate_term: 1 candidate_status { last_received { term: 0 index: 0 } } ignore_live_leader: false dest_uuid: "3b892c11e5c349b9aabadfbbb1e7a5f0"
I20260709 12:12:43.313001 20675 tablet_bootstrap.cc:492] T 581b204b78bf4e318a9463d6a8a9c7fc P 747b5b81b8f544339c41e03396c9f2ee: Bootstrap starting.
I20260709 12:12:43.298707 20677 ts_tablet_manager.cc:1403] T 2e7a94960dcc4514b222717c41cb9d73 P b1c760b33bf646e39f2f0a9eacbbdd2f: Time spent bootstrapping tablet: real 0.116s	user 0.010s	sys 0.007s
W20260709 12:12:43.314463 20527 leader_election.cc:343] T d873ae9eb1464654be1327e8277357d7 P b1c760b33bf646e39f2f0a9eacbbdd2f [CANDIDATE]: Term 1 election: Tablet error from VoteRequest() call to peer 3b892c11e5c349b9aabadfbbb1e7a5f0 (127.18.220.193:34439): Illegal state: must be running to vote when last-logged opid is not known
W20260709 12:12:43.315325 20598 leader_election.cc:343] T a87bf93705d04815a78bf45c22393eab P 747b5b81b8f544339c41e03396c9f2ee [CANDIDATE]: Term 1 pre-election: Tablet error from VoteRequest() call to peer b1c760b33bf646e39f2f0a9eacbbdd2f (127.18.220.194:38693): Illegal state: must be running to vote when last-logged opid is not known
I20260709 12:12:43.315477 20470 tablet_service.cc:1511] Processing CreateTablet for tablet d1a3ed3a9a354cb681de85e4f8b819ca (DEFAULT_TABLE table=test-workload [id=990c5752422b4a59a3a3f8d2fa911029]), partition=RANGE (key) PARTITION 1783503323 <= VALUES < 1819901350
I20260709 12:12:43.315762 20598 leader_election.cc:304] T a87bf93705d04815a78bf45c22393eab P 747b5b81b8f544339c41e03396c9f2ee [CANDIDATE]: Term 1 pre-election: Election decided. Result: candidate lost. Election summary: received 3 responses out of 3 voters: 1 yes votes; 2 no votes. yes voters: 747b5b81b8f544339c41e03396c9f2ee; no voters: 3b892c11e5c349b9aabadfbbb1e7a5f0, b1c760b33bf646e39f2f0a9eacbbdd2f
I20260709 12:12:43.316088 20616 tablet_service.cc:1511] Processing CreateTablet for tablet e649c583900048468b497ccc736c10ed (DEFAULT_TABLE table=test-workload [id=990c5752422b4a59a3a3f8d2fa911029]), partition=RANGE (key) PARTITION 1710707269 <= VALUES < 1747105296
I20260709 12:12:43.316668 20470 data_dirs.cc:400] Could only allocate 1 dirs of requested 3 for tablet d1a3ed3a9a354cb681de85e4f8b819ca. 1 dirs total, 0 dirs full, 0 dirs failed
I20260709 12:12:43.317253 20616 data_dirs.cc:400] Could only allocate 1 dirs of requested 3 for tablet e649c583900048468b497ccc736c10ed. 1 dirs total, 0 dirs full, 0 dirs failed
I20260709 12:12:43.317406 20635 tablet_service.cc:1917] Received RequestConsensusVote() RPC: tablet_id: "d873ae9eb1464654be1327e8277357d7" candidate_uuid: "b1c760b33bf646e39f2f0a9eacbbdd2f" candidate_term: 1 candidate_status { last_received { term: 0 index: 0 } } ignore_live_leader: false dest_uuid: "747b5b81b8f544339c41e03396c9f2ee"
I20260709 12:12:43.317957 20635 raft_consensus.cc:3060] T d873ae9eb1464654be1327e8277357d7 P 747b5b81b8f544339c41e03396c9f2ee [term 0 FOLLOWER]: Advancing to term 1
I20260709 12:12:43.319465 20704 raft_consensus.cc:2749] T a87bf93705d04815a78bf45c22393eab P 747b5b81b8f544339c41e03396c9f2ee [term 0 FOLLOWER]: Leader pre-election lost for term 1. Reason: could not achieve majority
I20260709 12:12:43.320785 20625 tablet_service.cc:1511] Processing CreateTablet for tablet b0661cc3ea564fa3ab15756fd6c3463b (DEFAULT_TABLE table=test-workload [id=990c5752422b4a59a3a3f8d2fa911029]), partition=RANGE (key) PARTITION 1747105296 <= VALUES < 1783503323
I20260709 12:12:43.321585 20560 tablet_service.cc:1917] Received RequestConsensusVote() RPC: tablet_id: "e36775c69bf545e8913c6cc9fe527cd9" candidate_uuid: "3b892c11e5c349b9aabadfbbb1e7a5f0" candidate_term: 1 candidate_status { last_received { term: 0 index: 0 } } ignore_live_leader: false dest_uuid: "b1c760b33bf646e39f2f0a9eacbbdd2f" is_pre_election: true
I20260709 12:12:43.321794 20625 data_dirs.cc:400] Could only allocate 1 dirs of requested 3 for tablet b0661cc3ea564fa3ab15756fd6c3463b. 1 dirs total, 0 dirs full, 0 dirs failed
W20260709 12:12:43.323411 20449 leader_election.cc:343] T e36775c69bf545e8913c6cc9fe527cd9 P 3b892c11e5c349b9aabadfbbb1e7a5f0 [CANDIDATE]: Term 1 pre-election: Tablet error from VoteRequest() call to peer b1c760b33bf646e39f2f0a9eacbbdd2f (127.18.220.194:38693): Illegal state: must be running to vote when last-logged opid is not known
I20260709 12:12:43.323691 20549 tablet_service.cc:1511] Processing CreateTablet for tablet b0661cc3ea564fa3ab15756fd6c3463b (DEFAULT_TABLE table=test-workload [id=990c5752422b4a59a3a3f8d2fa911029]), partition=RANGE (key) PARTITION 1747105296 <= VALUES < 1783503323
I20260709 12:12:43.324767 20549 data_dirs.cc:400] Could only allocate 1 dirs of requested 3 for tablet b0661cc3ea564fa3ab15756fd6c3463b. 1 dirs total, 0 dirs full, 0 dirs failed
I20260709 12:12:43.325060 20449 leader_election.cc:304] T e36775c69bf545e8913c6cc9fe527cd9 P 3b892c11e5c349b9aabadfbbb1e7a5f0 [CANDIDATE]: Term 1 pre-election: Election decided. Result: candidate lost. Election summary: received 3 responses out of 3 voters: 1 yes votes; 2 no votes. yes voters: 3b892c11e5c349b9aabadfbbb1e7a5f0; no voters: 747b5b81b8f544339c41e03396c9f2ee, b1c760b33bf646e39f2f0a9eacbbdd2f
I20260709 12:12:43.325989 20635 raft_consensus.cc:2468] T d873ae9eb1464654be1327e8277357d7 P 747b5b81b8f544339c41e03396c9f2ee [term 1 FOLLOWER]: Leader election vote request: Granting yes vote for candidate b1c760b33bf646e39f2f0a9eacbbdd2f in term 1.
I20260709 12:12:43.326907 20525 leader_election.cc:304] T d873ae9eb1464654be1327e8277357d7 P b1c760b33bf646e39f2f0a9eacbbdd2f [CANDIDATE]: Term 1 election: Election decided. Result: candidate won. Election summary: received 3 responses out of 3 voters: 2 yes votes; 1 no votes. yes voters: 747b5b81b8f544339c41e03396c9f2ee, b1c760b33bf646e39f2f0a9eacbbdd2f; no voters: 3b892c11e5c349b9aabadfbbb1e7a5f0
I20260709 12:12:43.327695 20681 raft_consensus.cc:2804] T d873ae9eb1464654be1327e8277357d7 P b1c760b33bf646e39f2f0a9eacbbdd2f [term 1 FOLLOWER]: Leader election won for term 1
I20260709 12:12:43.328104 20686 raft_consensus.cc:2749] T e36775c69bf545e8913c6cc9fe527cd9 P 3b892c11e5c349b9aabadfbbb1e7a5f0 [term 0 FOLLOWER]: Leader pre-election lost for term 1. Reason: could not achieve majority
I20260709 12:12:43.328836 20681 raft_consensus.cc:697] T d873ae9eb1464654be1327e8277357d7 P b1c760b33bf646e39f2f0a9eacbbdd2f [term 1 LEADER]: Becoming Leader. State: Replica: b1c760b33bf646e39f2f0a9eacbbdd2f, State: Running, Role: LEADER
I20260709 12:12:43.329643 20681 consensus_queue.cc:237] T d873ae9eb1464654be1327e8277357d7 P b1c760b33bf646e39f2f0a9eacbbdd2f [LEADER]: Queue going to LEADER mode. State: All replicated index: 0, Majority replicated index: 0, Committed index: 0, Last appended: 0.0, Last appended by leader: 0, Current term: 1, Majority size: 2, State: 0, Mode: LEADER, active raft config: opid_index: -1 OBSOLETE_local: false peers { permanent_uuid: "3b892c11e5c349b9aabadfbbb1e7a5f0" member_type: VOTER last_known_addr { host: "127.18.220.193" port: 34439 } } peers { permanent_uuid: "b1c760b33bf646e39f2f0a9eacbbdd2f" member_type: VOTER last_known_addr { host: "127.18.220.194" port: 38693 } } peers { permanent_uuid: "747b5b81b8f544339c41e03396c9f2ee" member_type: VOTER last_known_addr { host: "127.18.220.195" port: 44989 } }
I20260709 12:12:43.333418 20675 tablet_bootstrap.cc:654] T 581b204b78bf4e318a9463d6a8a9c7fc P 747b5b81b8f544339c41e03396c9f2ee: Neither blocks nor log segments found. Creating new log.
I20260709 12:12:43.336413 20542 tablet_service.cc:1511] Processing CreateTablet for tablet e649c583900048468b497ccc736c10ed (DEFAULT_TABLE table=test-workload [id=990c5752422b4a59a3a3f8d2fa911029]), partition=RANGE (key) PARTITION 1710707269 <= VALUES < 1747105296
I20260709 12:12:43.339202 20542 data_dirs.cc:400] Could only allocate 1 dirs of requested 3 for tablet e649c583900048468b497ccc736c10ed. 1 dirs total, 0 dirs full, 0 dirs failed
I20260709 12:12:43.344998 20617 tablet_service.cc:1511] Processing CreateTablet for tablet d1a3ed3a9a354cb681de85e4f8b819ca (DEFAULT_TABLE table=test-workload [id=990c5752422b4a59a3a3f8d2fa911029]), partition=RANGE (key) PARTITION 1783503323 <= VALUES < 1819901350
I20260709 12:12:43.346231 20617 data_dirs.cc:400] Could only allocate 1 dirs of requested 3 for tablet d1a3ed3a9a354cb681de85e4f8b819ca. 1 dirs total, 0 dirs full, 0 dirs failed
I20260709 12:12:43.354359 20549 tablet_service.cc:1511] Processing CreateTablet for tablet d1a3ed3a9a354cb681de85e4f8b819ca (DEFAULT_TABLE table=test-workload [id=990c5752422b4a59a3a3f8d2fa911029]), partition=RANGE (key) PARTITION 1783503323 <= VALUES < 1819901350
I20260709 12:12:43.354594 20473 tablet_service.cc:1511] Processing CreateTablet for tablet 1b6e224f13d14d049b152762693a7663 (DEFAULT_TABLE table=test-workload [id=990c5752422b4a59a3a3f8d2fa911029]), partition=RANGE (key) PARTITION 1819901350 <= VALUES < 1856299377
I20260709 12:12:43.355505 20549 data_dirs.cc:400] Could only allocate 1 dirs of requested 3 for tablet d1a3ed3a9a354cb681de85e4f8b819ca. 1 dirs total, 0 dirs full, 0 dirs failed
I20260709 12:12:43.369532 20682 leader_election.cc:290] T 581b204b78bf4e318a9463d6a8a9c7fc P 3b892c11e5c349b9aabadfbbb1e7a5f0 [CANDIDATE]: Term 1 election: Requested vote from peers 747b5b81b8f544339c41e03396c9f2ee (127.18.220.195:44989), b1c760b33bf646e39f2f0a9eacbbdd2f (127.18.220.194:38693)
I20260709 12:12:43.376956 20623 tablet_service.cc:1511] Processing CreateTablet for tablet ba5f61c3296049c993292a8387209545 (DEFAULT_TABLE table=test-workload [id=990c5752422b4a59a3a3f8d2fa911029]), partition=RANGE (key) PARTITION 1674309242 <= VALUES < 1710707269
I20260709 12:12:43.378013 20550 tablet_service.cc:1511] Processing CreateTablet for tablet 1b6e224f13d14d049b152762693a7663 (DEFAULT_TABLE table=test-workload [id=990c5752422b4a59a3a3f8d2fa911029]), partition=RANGE (key) PARTITION 1819901350 <= VALUES < 1856299377
I20260709 12:12:43.378655 20617 tablet_service.cc:1511] Processing CreateTablet for tablet 1b6e224f13d14d049b152762693a7663 (DEFAULT_TABLE table=test-workload [id=990c5752422b4a59a3a3f8d2fa911029]), partition=RANGE (key) PARTITION 1819901350 <= VALUES < 1856299377
I20260709 12:12:43.379683 20473 data_dirs.cc:400] Could only allocate 1 dirs of requested 3 for tablet 1b6e224f13d14d049b152762693a7663. 1 dirs total, 0 dirs full, 0 dirs failed
I20260709 12:12:43.380010 20550 data_dirs.cc:400] Could only allocate 1 dirs of requested 3 for tablet 1b6e224f13d14d049b152762693a7663. 1 dirs total, 0 dirs full, 0 dirs failed
I20260709 12:12:43.384663 20677 raft_consensus.cc:359] T 2e7a94960dcc4514b222717c41cb9d73 P b1c760b33bf646e39f2f0a9eacbbdd2f [term 0 FOLLOWER]: Replica starting. Triggering 0 pending ops. Active config: opid_index: -1 OBSOLETE_local: false peers { permanent_uuid: "3b892c11e5c349b9aabadfbbb1e7a5f0" member_type: VOTER last_known_addr { host: "127.18.220.193" port: 34439 } } peers { permanent_uuid: "b1c760b33bf646e39f2f0a9eacbbdd2f" member_type: VOTER last_known_addr { host: "127.18.220.194" port: 38693 } } peers { permanent_uuid: "747b5b81b8f544339c41e03396c9f2ee" member_type: VOTER last_known_addr { host: "127.18.220.195" port: 44989 } }
I20260709 12:12:43.385183 20635 tablet_service.cc:1917] Received RequestConsensusVote() RPC: tablet_id: "581b204b78bf4e318a9463d6a8a9c7fc" candidate_uuid: "3b892c11e5c349b9aabadfbbb1e7a5f0" candidate_term: 1 candidate_status { last_received { term: 0 index: 0 } } ignore_live_leader: false dest_uuid: "747b5b81b8f544339c41e03396c9f2ee"
I20260709 12:12:43.385383 20677 raft_consensus.cc:385] T 2e7a94960dcc4514b222717c41cb9d73 P b1c760b33bf646e39f2f0a9eacbbdd2f [term 0 FOLLOWER]: Consensus starting up: Expiring failure detector timer to make a prompt election more likely
I20260709 12:12:43.385696 20677 raft_consensus.cc:740] T 2e7a94960dcc4514b222717c41cb9d73 P b1c760b33bf646e39f2f0a9eacbbdd2f [term 0 FOLLOWER]: Becoming Follower/Learner. State: Replica: b1c760b33bf646e39f2f0a9eacbbdd2f, State: Initialized, Role: FOLLOWER
I20260709 12:12:43.371421 20560 tablet_service.cc:1917] Received RequestConsensusVote() RPC: tablet_id: "581b204b78bf4e318a9463d6a8a9c7fc" candidate_uuid: "3b892c11e5c349b9aabadfbbb1e7a5f0" candidate_term: 1 candidate_status { last_received { term: 0 index: 0 } } ignore_live_leader: false dest_uuid: "b1c760b33bf646e39f2f0a9eacbbdd2f"
I20260709 12:12:43.386375 20677 consensus_queue.cc:260] T 2e7a94960dcc4514b222717c41cb9d73 P b1c760b33bf646e39f2f0a9eacbbdd2f [NON_LEADER]: Queue going to NON_LEADER mode. State: All replicated index: 0, Majority replicated index: 0, Committed index: 0, Last appended: 0.0, Last appended by leader: 0, Current term: 0, Majority size: -1, State: 0, Mode: NON_LEADER, active raft config: opid_index: -1 OBSOLETE_local: false peers { permanent_uuid: "3b892c11e5c349b9aabadfbbb1e7a5f0" member_type: VOTER last_known_addr { host: "127.18.220.193" port: 34439 } } peers { permanent_uuid: "b1c760b33bf646e39f2f0a9eacbbdd2f" member_type: VOTER last_known_addr { host: "127.18.220.194" port: 38693 } } peers { permanent_uuid: "747b5b81b8f544339c41e03396c9f2ee" member_type: VOTER last_known_addr { host: "127.18.220.195" port: 44989 } }
I20260709 12:12:43.387045 20560 raft_consensus.cc:3060] T 581b204b78bf4e318a9463d6a8a9c7fc P b1c760b33bf646e39f2f0a9eacbbdd2f [term 0 FOLLOWER]: Advancing to term 1
I20260709 12:12:43.388633 20707 raft_consensus.cc:493] T 12db93a8cd0f4ea59c2bcf88cf430963 P b1c760b33bf646e39f2f0a9eacbbdd2f [term 0 FOLLOWER]: Starting pre-election (no leader contacted us within the election timeout)
I20260709 12:12:43.389073 20707 raft_consensus.cc:515] T 12db93a8cd0f4ea59c2bcf88cf430963 P b1c760b33bf646e39f2f0a9eacbbdd2f [term 0 FOLLOWER]: Starting pre-election with config: opid_index: -1 OBSOLETE_local: false peers { permanent_uuid: "3b892c11e5c349b9aabadfbbb1e7a5f0" member_type: VOTER last_known_addr { host: "127.18.220.193" port: 34439 } } peers { permanent_uuid: "b1c760b33bf646e39f2f0a9eacbbdd2f" member_type: VOTER last_known_addr { host: "127.18.220.194" port: 38693 } } peers { permanent_uuid: "747b5b81b8f544339c41e03396c9f2ee" member_type: VOTER last_known_addr { host: "127.18.220.195" port: 44989 } }
I20260709 12:12:43.392328 20382 catalog_manager.cc:5697] T d873ae9eb1464654be1327e8277357d7 P b1c760b33bf646e39f2f0a9eacbbdd2f reported cstate change: term changed from 0 to 1, leader changed from <none> to b1c760b33bf646e39f2f0a9eacbbdd2f (127.18.220.194). New cstate: current_term: 1 leader_uuid: "b1c760b33bf646e39f2f0a9eacbbdd2f" committed_config { opid_index: -1 OBSOLETE_local: false peers { permanent_uuid: "3b892c11e5c349b9aabadfbbb1e7a5f0" member_type: VOTER last_known_addr { host: "127.18.220.193" port: 34439 } health_report { overall_health: UNKNOWN } } peers { permanent_uuid: "b1c760b33bf646e39f2f0a9eacbbdd2f" member_type: VOTER last_known_addr { host: "127.18.220.194" port: 38693 } health_report { overall_health: HEALTHY } } peers { permanent_uuid: "747b5b81b8f544339c41e03396c9f2ee" member_type: VOTER last_known_addr { host: "127.18.220.195" port: 44989 } health_report { overall_health: UNKNOWN } } }
I20260709 12:12:43.393184 20486 tablet_service.cc:1917] Received RequestConsensusVote() RPC: tablet_id: "12db93a8cd0f4ea59c2bcf88cf430963" candidate_uuid: "b1c760b33bf646e39f2f0a9eacbbdd2f" candidate_term: 1 candidate_status { last_received { term: 0 index: 0 } } ignore_live_leader: false dest_uuid: "3b892c11e5c349b9aabadfbbb1e7a5f0" is_pre_election: true
I20260709 12:12:43.393946 20560 raft_consensus.cc:2468] T 581b204b78bf4e318a9463d6a8a9c7fc P b1c760b33bf646e39f2f0a9eacbbdd2f [term 1 FOLLOWER]: Leader election vote request: Granting yes vote for candidate 3b892c11e5c349b9aabadfbbb1e7a5f0 in term 1.
I20260709 12:12:43.395035 20449 leader_election.cc:304] T 581b204b78bf4e318a9463d6a8a9c7fc P 3b892c11e5c349b9aabadfbbb1e7a5f0 [CANDIDATE]: Term 1 election: Election decided. Result: candidate won. Election summary: received 2 responses out of 3 voters: 2 yes votes; 0 no votes. yes voters: 3b892c11e5c349b9aabadfbbb1e7a5f0, b1c760b33bf646e39f2f0a9eacbbdd2f; no voters: 
W20260709 12:12:43.395826 20450 leader_election.cc:343] T 581b204b78bf4e318a9463d6a8a9c7fc P 3b892c11e5c349b9aabadfbbb1e7a5f0 [CANDIDATE]: Term 1 election: Tablet error from VoteRequest() call to peer 747b5b81b8f544339c41e03396c9f2ee (127.18.220.195:44989): Illegal state: must be running to vote when last-logged opid is not known
I20260709 12:12:43.396600 20677 ts_tablet_manager.cc:1434] T 2e7a94960dcc4514b222717c41cb9d73 P b1c760b33bf646e39f2f0a9eacbbdd2f: Time spent starting tablet: real 0.066s	user 0.005s	sys 0.002s
I20260709 12:12:43.396715 20682 raft_consensus.cc:2804] T 581b204b78bf4e318a9463d6a8a9c7fc P 3b892c11e5c349b9aabadfbbb1e7a5f0 [term 1 FOLLOWER]: Leader election won for term 1
I20260709 12:12:43.397169 20682 raft_consensus.cc:697] T 581b204b78bf4e318a9463d6a8a9c7fc P 3b892c11e5c349b9aabadfbbb1e7a5f0 [term 1 LEADER]: Becoming Leader. State: Replica: 3b892c11e5c349b9aabadfbbb1e7a5f0, State: Running, Role: LEADER
I20260709 12:12:43.397588 20677 tablet_bootstrap.cc:492] T 5eb9208212b3490cb3164d56d0e6d918 P b1c760b33bf646e39f2f0a9eacbbdd2f: Bootstrap starting.
I20260709 12:12:43.397929 20682 consensus_queue.cc:237] T 581b204b78bf4e318a9463d6a8a9c7fc P 3b892c11e5c349b9aabadfbbb1e7a5f0 [LEADER]: Queue going to LEADER mode. State: All replicated index: 0, Majority replicated index: 0, Committed index: 0, Last appended: 0.0, Last appended by leader: 0, Current term: 1, Majority size: 2, State: 0, Mode: LEADER, active raft config: opid_index: -1 OBSOLETE_local: false peers { permanent_uuid: "747b5b81b8f544339c41e03396c9f2ee" member_type: VOTER last_known_addr { host: "127.18.220.195" port: 44989 } } peers { permanent_uuid: "3b892c11e5c349b9aabadfbbb1e7a5f0" member_type: VOTER last_known_addr { host: "127.18.220.193" port: 34439 } } peers { permanent_uuid: "b1c760b33bf646e39f2f0a9eacbbdd2f" member_type: VOTER last_known_addr { host: "127.18.220.194" port: 38693 } }
I20260709 12:12:43.393874 20486 raft_consensus.cc:2393] T 12db93a8cd0f4ea59c2bcf88cf430963 P 3b892c11e5c349b9aabadfbbb1e7a5f0 [term 1 FOLLOWER]: Leader pre-election vote request: Denying vote to candidate b1c760b33bf646e39f2f0a9eacbbdd2f in current term 1: Already voted for candidate 747b5b81b8f544339c41e03396c9f2ee in this term.
I20260709 12:12:43.400924 20617 data_dirs.cc:400] Could only allocate 1 dirs of requested 3 for tablet 1b6e224f13d14d049b152762693a7663. 1 dirs total, 0 dirs full, 0 dirs failed
I20260709 12:12:43.395854 20707 leader_election.cc:290] T 12db93a8cd0f4ea59c2bcf88cf430963 P b1c760b33bf646e39f2f0a9eacbbdd2f [CANDIDATE]: Term 1 pre-election: Requested pre-vote from peers 3b892c11e5c349b9aabadfbbb1e7a5f0 (127.18.220.193:34439), 747b5b81b8f544339c41e03396c9f2ee (127.18.220.195:44989)
I20260709 12:12:43.408174 20549 tablet_service.cc:1511] Processing CreateTablet for tablet 2608d78d24394d52ba5b98538d4b880f (DEFAULT_TABLE table=test-workload [id=990c5752422b4a59a3a3f8d2fa911029]), partition=RANGE (key) PARTITION 1856299377 <= VALUES < 1892697404
I20260709 12:12:43.409273 20549 data_dirs.cc:400] Could only allocate 1 dirs of requested 3 for tablet 2608d78d24394d52ba5b98538d4b880f. 1 dirs total, 0 dirs full, 0 dirs failed
I20260709 12:12:43.412732 20633 tablet_service.cc:1917] Received RequestConsensusVote() RPC: tablet_id: "12db93a8cd0f4ea59c2bcf88cf430963" candidate_uuid: "b1c760b33bf646e39f2f0a9eacbbdd2f" candidate_term: 1 candidate_status { last_received { term: 0 index: 0 } } ignore_live_leader: false dest_uuid: "747b5b81b8f544339c41e03396c9f2ee" is_pre_election: true
I20260709 12:12:43.413120 20675 tablet_bootstrap.cc:492] T 581b204b78bf4e318a9463d6a8a9c7fc P 747b5b81b8f544339c41e03396c9f2ee: No bootstrap required, opened a new log
I20260709 12:12:43.413566 20675 ts_tablet_manager.cc:1403] T 581b204b78bf4e318a9463d6a8a9c7fc P 747b5b81b8f544339c41e03396c9f2ee: Time spent bootstrapping tablet: real 0.101s	user 0.010s	sys 0.015s
I20260709 12:12:43.413892 20381 catalog_manager.cc:5697] T 581b204b78bf4e318a9463d6a8a9c7fc P 3b892c11e5c349b9aabadfbbb1e7a5f0 reported cstate change: term changed from 0 to 1, leader changed from <none> to 3b892c11e5c349b9aabadfbbb1e7a5f0 (127.18.220.193). New cstate: current_term: 1 leader_uuid: "3b892c11e5c349b9aabadfbbb1e7a5f0" committed_config { opid_index: -1 OBSOLETE_local: false peers { permanent_uuid: "747b5b81b8f544339c41e03396c9f2ee" member_type: VOTER last_known_addr { host: "127.18.220.195" port: 44989 } health_report { overall_health: UNKNOWN } } peers { permanent_uuid: "3b892c11e5c349b9aabadfbbb1e7a5f0" member_type: VOTER last_known_addr { host: "127.18.220.193" port: 34439 } health_report { overall_health: HEALTHY } } peers { permanent_uuid: "b1c760b33bf646e39f2f0a9eacbbdd2f" member_type: VOTER last_known_addr { host: "127.18.220.194" port: 38693 } health_report { overall_health: UNKNOWN } } }
I20260709 12:12:43.419050 20707 consensus_queue.cc:1048] T 97b3883939574ebbb263dee00d9bef2b P b1c760b33bf646e39f2f0a9eacbbdd2f [LEADER]: Connected to new peer: Peer: permanent_uuid: "747b5b81b8f544339c41e03396c9f2ee" member_type: VOTER last_known_addr { host: "127.18.220.195" port: 44989 }, Status: LMP_MISMATCH, Last received: 0.0, Next index: 1, Last known committed idx: 0, Time since last communication: 0.000s
I20260709 12:12:43.419466 20623 data_dirs.cc:400] Could only allocate 1 dirs of requested 3 for tablet ba5f61c3296049c993292a8387209545. 1 dirs total, 0 dirs full, 0 dirs failed
I20260709 12:12:43.421056 20550 tablet_service.cc:1511] Processing CreateTablet for tablet b71658feeed14e98beb33f5b3dd50401 (DEFAULT_TABLE table=test-workload [id=990c5752422b4a59a3a3f8d2fa911029]), partition=RANGE (key) PARTITION 1892697404 <= VALUES < 1929095431
I20260709 12:12:43.421870 20527 leader_election.cc:304] T 12db93a8cd0f4ea59c2bcf88cf430963 P b1c760b33bf646e39f2f0a9eacbbdd2f [CANDIDATE]: Term 1 pre-election: Election decided. Result: candidate lost. Election summary: received 3 responses out of 3 voters: 1 yes votes; 2 no votes. yes voters: b1c760b33bf646e39f2f0a9eacbbdd2f; no voters: 3b892c11e5c349b9aabadfbbb1e7a5f0, 747b5b81b8f544339c41e03396c9f2ee
I20260709 12:12:43.423775 20677 tablet_bootstrap.cc:654] T 5eb9208212b3490cb3164d56d0e6d918 P b1c760b33bf646e39f2f0a9eacbbdd2f: Neither blocks nor log segments found. Creating new log.
I20260709 12:12:43.439092 20472 tablet_service.cc:1511] Processing CreateTablet for tablet acf8b5f7b925468ba931ceb3eb2c43b4 (DEFAULT_TABLE table=test-workload [id=990c5752422b4a59a3a3f8d2fa911029]), partition=RANGE (key) PARTITION 1929095431 <= VALUES < 1965493458
I20260709 12:12:43.440232 20472 data_dirs.cc:400] Could only allocate 1 dirs of requested 3 for tablet acf8b5f7b925468ba931ceb3eb2c43b4. 1 dirs total, 0 dirs full, 0 dirs failed
I20260709 12:12:43.440079 20542 tablet_service.cc:1511] Processing CreateTablet for tablet acf8b5f7b925468ba931ceb3eb2c43b4 (DEFAULT_TABLE table=test-workload [id=990c5752422b4a59a3a3f8d2fa911029]), partition=RANGE (key) PARTITION 1929095431 <= VALUES < 1965493458
I20260709 12:12:43.424335 20707 raft_consensus.cc:3060] T 12db93a8cd0f4ea59c2bcf88cf430963 P b1c760b33bf646e39f2f0a9eacbbdd2f [term 0 FOLLOWER]: Advancing to term 1
I20260709 12:12:43.425074 20704 consensus_queue.cc:1048] T 12db93a8cd0f4ea59c2bcf88cf430963 P 747b5b81b8f544339c41e03396c9f2ee [LEADER]: Connected to new peer: Peer: permanent_uuid: "3b892c11e5c349b9aabadfbbb1e7a5f0" member_type: VOTER last_known_addr { host: "127.18.220.193" port: 34439 }, Status: LMP_MISMATCH, Last received: 0.0, Next index: 1, Last known committed idx: 0, Time since last communication: 0.000s
I20260709 12:12:43.425921 20550 data_dirs.cc:400] Could only allocate 1 dirs of requested 3 for tablet b71658feeed14e98beb33f5b3dd50401. 1 dirs total, 0 dirs full, 0 dirs failed
I20260709 12:12:43.446727 20549 tablet_service.cc:1511] Processing CreateTablet for tablet 68c5d149e9ee4575995673689fbe3065 (DEFAULT_TABLE table=test-workload [id=990c5752422b4a59a3a3f8d2fa911029]), partition=RANGE (key) PARTITION 1965493458 <= VALUES < 2001891485
I20260709 12:12:43.448249 20549 data_dirs.cc:400] Could only allocate 1 dirs of requested 3 for tablet 68c5d149e9ee4575995673689fbe3065. 1 dirs total, 0 dirs full, 0 dirs failed
I20260709 12:12:43.429880 20625 tablet_service.cc:1511] Processing CreateTablet for tablet 2608d78d24394d52ba5b98538d4b880f (DEFAULT_TABLE table=test-workload [id=990c5752422b4a59a3a3f8d2fa911029]), partition=RANGE (key) PARTITION 1856299377 <= VALUES < 1892697404
I20260709 12:12:43.448917 20621 tablet_service.cc:1511] Processing CreateTablet for tablet 68c5d149e9ee4575995673689fbe3065 (DEFAULT_TABLE table=test-workload [id=990c5752422b4a59a3a3f8d2fa911029]), partition=RANGE (key) PARTITION 1965493458 <= VALUES < 2001891485
I20260709 12:12:43.449846 20625 data_dirs.cc:400] Could only allocate 1 dirs of requested 3 for tablet 2608d78d24394d52ba5b98538d4b880f. 1 dirs total, 0 dirs full, 0 dirs failed
W20260709 12:12:43.450558 20449 consensus_peers.cc:597] T 82bc7cff4f524921ade704f17a52305f P 3b892c11e5c349b9aabadfbbb1e7a5f0 -> Peer b1c760b33bf646e39f2f0a9eacbbdd2f (127.18.220.194:38693): Couldn't send request to peer b1c760b33bf646e39f2f0a9eacbbdd2f. Error code: TABLET_NOT_RUNNING (12). Status: Illegal state: Tablet not RUNNING: INITIALIZED. This is attempt 1: this message will repeat every 5th retry.
I20260709 12:12:43.451294 20621 data_dirs.cc:400] Could only allocate 1 dirs of requested 3 for tablet 68c5d149e9ee4575995673689fbe3065. 1 dirs total, 0 dirs full, 0 dirs failed
I20260709 12:12:43.453840 20475 tablet_service.cc:1511] Processing CreateTablet for tablet 68c5d149e9ee4575995673689fbe3065 (DEFAULT_TABLE table=test-workload [id=990c5752422b4a59a3a3f8d2fa911029]), partition=RANGE (key) PARTITION 1965493458 <= VALUES < 2001891485
I20260709 12:12:43.433003 20467 tablet_service.cc:1511] Processing CreateTablet for tablet b71658feeed14e98beb33f5b3dd50401 (DEFAULT_TABLE table=test-workload [id=990c5752422b4a59a3a3f8d2fa911029]), partition=RANGE (key) PARTITION 1892697404 <= VALUES < 1929095431
I20260709 12:12:43.435293 20675 raft_consensus.cc:359] T 581b204b78bf4e318a9463d6a8a9c7fc P 747b5b81b8f544339c41e03396c9f2ee [term 0 FOLLOWER]: Replica starting. Triggering 0 pending ops. Active config: opid_index: -1 OBSOLETE_local: false peers { permanent_uuid: "747b5b81b8f544339c41e03396c9f2ee" member_type: VOTER last_known_addr { host: "127.18.220.195" port: 44989 } } peers { permanent_uuid: "3b892c11e5c349b9aabadfbbb1e7a5f0" member_type: VOTER last_known_addr { host: "127.18.220.193" port: 34439 } } peers { permanent_uuid: "b1c760b33bf646e39f2f0a9eacbbdd2f" member_type: VOTER last_known_addr { host: "127.18.220.194" port: 38693 } }
I20260709 12:12:43.454767 20675 raft_consensus.cc:385] T 581b204b78bf4e318a9463d6a8a9c7fc P 747b5b81b8f544339c41e03396c9f2ee [term 0 FOLLOWER]: Consensus starting up: Expiring failure detector timer to make a prompt election more likely
I20260709 12:12:43.454984 20475 data_dirs.cc:400] Could only allocate 1 dirs of requested 3 for tablet 68c5d149e9ee4575995673689fbe3065. 1 dirs total, 0 dirs full, 0 dirs failed
I20260709 12:12:43.455037 20675 raft_consensus.cc:740] T 581b204b78bf4e318a9463d6a8a9c7fc P 747b5b81b8f544339c41e03396c9f2ee [term 0 FOLLOWER]: Becoming Follower/Learner. State: Replica: 747b5b81b8f544339c41e03396c9f2ee, State: Initialized, Role: FOLLOWER
I20260709 12:12:43.455941 20675 consensus_queue.cc:260] T 581b204b78bf4e318a9463d6a8a9c7fc P 747b5b81b8f544339c41e03396c9f2ee [NON_LEADER]: Queue going to NON_LEADER mode. State: All replicated index: 0, Majority replicated index: 0, Committed index: 0, Last appended: 0.0, Last appended by leader: 0, Current term: 0, Majority size: -1, State: 0, Mode: NON_LEADER, active raft config: opid_index: -1 OBSOLETE_local: false peers { permanent_uuid: "747b5b81b8f544339c41e03396c9f2ee" member_type: VOTER last_known_addr { host: "127.18.220.195" port: 44989 } } peers { permanent_uuid: "3b892c11e5c349b9aabadfbbb1e7a5f0" member_type: VOTER last_known_addr { host: "127.18.220.193" port: 34439 } } peers { permanent_uuid: "b1c760b33bf646e39f2f0a9eacbbdd2f" member_type: VOTER last_known_addr { host: "127.18.220.194" port: 38693 } }
W20260709 12:12:43.457350 20431 auto_rebalancer.cc:288] Could not retrieve cluster info: Service unavailable: Tablet not running
I20260709 12:12:43.448418 20620 tablet_service.cc:1511] Processing CreateTablet for tablet acf8b5f7b925468ba931ceb3eb2c43b4 (DEFAULT_TABLE table=test-workload [id=990c5752422b4a59a3a3f8d2fa911029]), partition=RANGE (key) PARTITION 1929095431 <= VALUES < 1965493458
I20260709 12:12:43.458288 20620 data_dirs.cc:400] Could only allocate 1 dirs of requested 3 for tablet acf8b5f7b925468ba931ceb3eb2c43b4. 1 dirs total, 0 dirs full, 0 dirs failed
I20260709 12:12:43.460680 20675 ts_tablet_manager.cc:1434] T 581b204b78bf4e318a9463d6a8a9c7fc P 747b5b81b8f544339c41e03396c9f2ee: Time spent starting tablet: real 0.047s	user 0.004s	sys 0.004s
I20260709 12:12:43.460485 20474 tablet_service.cc:1511] Processing CreateTablet for tablet fbdeb50a498041818180a820d657b207 (DEFAULT_TABLE table=test-workload [id=990c5752422b4a59a3a3f8d2fa911029]), partition=RANGE (key) PARTITION 2001891485 <= VALUES < 2038289512
I20260709 12:12:43.462154 20548 tablet_service.cc:1511] Processing CreateTablet for tablet fbdeb50a498041818180a820d657b207 (DEFAULT_TABLE table=test-workload [id=990c5752422b4a59a3a3f8d2fa911029]), partition=RANGE (key) PARTITION 2001891485 <= VALUES < 2038289512
I20260709 12:12:43.429682 20470 tablet_service.cc:1511] Processing CreateTablet for tablet 2608d78d24394d52ba5b98538d4b880f (DEFAULT_TABLE table=test-workload [id=990c5752422b4a59a3a3f8d2fa911029]), partition=RANGE (key) PARTITION 1856299377 <= VALUES < 1892697404
I20260709 12:12:43.463886 20675 tablet_bootstrap.cc:492] T e36775c69bf545e8913c6cc9fe527cd9 P 747b5b81b8f544339c41e03396c9f2ee: Bootstrap starting.
I20260709 12:12:43.464424 20548 data_dirs.cc:400] Could only allocate 1 dirs of requested 3 for tablet fbdeb50a498041818180a820d657b207. 1 dirs total, 0 dirs full, 0 dirs failed
I20260709 12:12:43.472970 20542 data_dirs.cc:400] Could only allocate 1 dirs of requested 3 for tablet acf8b5f7b925468ba931ceb3eb2c43b4. 1 dirs total, 0 dirs full, 0 dirs failed
I20260709 12:12:43.465703 20619 tablet_service.cc:1511] Processing CreateTablet for tablet fbdeb50a498041818180a820d657b207 (DEFAULT_TABLE table=test-workload [id=990c5752422b4a59a3a3f8d2fa911029]), partition=RANGE (key) PARTITION 2001891485 <= VALUES < 2038289512
I20260709 12:12:43.473371 20617 tablet_service.cc:1511] Processing CreateTablet for tablet d30c10e8638b45359fc5ffb7223adb5f (DEFAULT_TABLE table=test-workload [id=990c5752422b4a59a3a3f8d2fa911029]), partition=RANGE (key) PARTITION 2038289512 <= VALUES < 2074687539
I20260709 12:12:43.467679 20468 tablet_service.cc:1511] Processing CreateTablet for tablet d30c10e8638b45359fc5ffb7223adb5f (DEFAULT_TABLE table=test-workload [id=990c5752422b4a59a3a3f8d2fa911029]), partition=RANGE (key) PARTITION 2038289512 <= VALUES < 2074687539
I20260709 12:12:43.473997 20619 data_dirs.cc:400] Could only allocate 1 dirs of requested 3 for tablet fbdeb50a498041818180a820d657b207. 1 dirs total, 0 dirs full, 0 dirs failed
I20260709 12:12:43.474578 20617 data_dirs.cc:400] Could only allocate 1 dirs of requested 3 for tablet d30c10e8638b45359fc5ffb7223adb5f. 1 dirs total, 0 dirs full, 0 dirs failed
I20260709 12:12:43.474695 20474 data_dirs.cc:400] Could only allocate 1 dirs of requested 3 for tablet fbdeb50a498041818180a820d657b207. 1 dirs total, 0 dirs full, 0 dirs failed
I20260709 12:12:43.476800 20468 data_dirs.cc:400] Could only allocate 1 dirs of requested 3 for tablet d30c10e8638b45359fc5ffb7223adb5f. 1 dirs total, 0 dirs full, 0 dirs failed
I20260709 12:12:43.478431 20676 tablet_bootstrap.cc:492] T 6c3556a329e941c0bf7d87f3bc868960 P 3b892c11e5c349b9aabadfbbb1e7a5f0: No bootstrap required, opened a new log
I20260709 12:12:43.480891 20467 data_dirs.cc:400] Could only allocate 1 dirs of requested 3 for tablet b71658feeed14e98beb33f5b3dd50401. 1 dirs total, 0 dirs full, 0 dirs failed
I20260709 12:12:43.457369 20616 tablet_service.cc:1511] Processing CreateTablet for tablet b71658feeed14e98beb33f5b3dd50401 (DEFAULT_TABLE table=test-workload [id=990c5752422b4a59a3a3f8d2fa911029]), partition=RANGE (key) PARTITION 1892697404 <= VALUES < 1929095431
I20260709 12:12:43.483314 20470 data_dirs.cc:400] Could only allocate 1 dirs of requested 3 for tablet 2608d78d24394d52ba5b98538d4b880f. 1 dirs total, 0 dirs full, 0 dirs failed
I20260709 12:12:43.483469 20682 consensus_queue.cc:1048] T 82bc7cff4f524921ade704f17a52305f P 3b892c11e5c349b9aabadfbbb1e7a5f0 [LEADER]: Connected to new peer: Peer: permanent_uuid: "747b5b81b8f544339c41e03396c9f2ee" member_type: VOTER last_known_addr { host: "127.18.220.195" port: 44989 }, Status: LMP_MISMATCH, Last received: 0.0, Next index: 1, Last known committed idx: 0, Time since last communication: 0.000s
I20260709 12:12:43.471345 20543 tablet_service.cc:1511] Processing CreateTablet for tablet d30c10e8638b45359fc5ffb7223adb5f (DEFAULT_TABLE table=test-workload [id=990c5752422b4a59a3a3f8d2fa911029]), partition=RANGE (key) PARTITION 2038289512 <= VALUES < 2074687539
I20260709 12:12:43.486162 20471 tablet_service.cc:1511] Processing CreateTablet for tablet 384451e7d1e54548a7648ece22f2ae96 (DEFAULT_TABLE table=test-workload [id=990c5752422b4a59a3a3f8d2fa911029]), partition=RANGE (key) PARTITION 2074687539 <= VALUES < 2111085566
I20260709 12:12:43.487036 20681 consensus_queue.cc:1048] T 97b3883939574ebbb263dee00d9bef2b P b1c760b33bf646e39f2f0a9eacbbdd2f [LEADER]: Connected to new peer: Peer: permanent_uuid: "3b892c11e5c349b9aabadfbbb1e7a5f0" member_type: VOTER last_known_addr { host: "127.18.220.193" port: 34439 }, Status: LMP_MISMATCH, Last received: 0.0, Next index: 1, Last known committed idx: 0, Time since last communication: 0.000s
I20260709 12:12:43.489459 20547 tablet_service.cc:1511] Processing CreateTablet for tablet 384451e7d1e54548a7648ece22f2ae96 (DEFAULT_TABLE table=test-workload [id=990c5752422b4a59a3a3f8d2fa911029]), partition=RANGE (key) PARTITION 2074687539 <= VALUES < 2111085566
I20260709 12:12:43.491349 20622 tablet_service.cc:1511] Processing CreateTablet for tablet 384451e7d1e54548a7648ece22f2ae96 (DEFAULT_TABLE table=test-workload [id=990c5752422b4a59a3a3f8d2fa911029]), partition=RANGE (key) PARTITION 2074687539 <= VALUES < 2111085566
I20260709 12:12:43.470078 20707 raft_consensus.cc:2749] T 12db93a8cd0f4ea59c2bcf88cf430963 P b1c760b33bf646e39f2f0a9eacbbdd2f [term 1 FOLLOWER]: Leader pre-election lost for term 1. Reason: could not achieve majority
I20260709 12:12:43.492734 20476 tablet_service.cc:1511] Processing CreateTablet for tablet 1fe0d7e49b2f47e39482d43d05da75bc (DEFAULT_TABLE table=test-workload [id=990c5752422b4a59a3a3f8d2fa911029]), partition=RANGE (key) PARTITION 2111085566 <= VALUES
I20260709 12:12:43.499377 20471 data_dirs.cc:400] Could only allocate 1 dirs of requested 3 for tablet 384451e7d1e54548a7648ece22f2ae96. 1 dirs total, 0 dirs full, 0 dirs failed
I20260709 12:12:43.494666 20546 tablet_service.cc:1511] Processing CreateTablet for tablet 1fe0d7e49b2f47e39482d43d05da75bc (DEFAULT_TABLE table=test-workload [id=990c5752422b4a59a3a3f8d2fa911029]), partition=RANGE (key) PARTITION 2111085566 <= VALUES
I20260709 12:12:43.500154 20547 data_dirs.cc:400] Could only allocate 1 dirs of requested 3 for tablet 384451e7d1e54548a7648ece22f2ae96. 1 dirs total, 0 dirs full, 0 dirs failed
I20260709 12:12:43.494938 20676 ts_tablet_manager.cc:1403] T 6c3556a329e941c0bf7d87f3bc868960 P 3b892c11e5c349b9aabadfbbb1e7a5f0: Time spent bootstrapping tablet: real 0.209s	user 0.014s	sys 0.002s
I20260709 12:12:43.483320 20616 data_dirs.cc:400] Could only allocate 1 dirs of requested 3 for tablet b71658feeed14e98beb33f5b3dd50401. 1 dirs total, 0 dirs full, 0 dirs failed
I20260709 12:12:43.515833 20677 tablet_bootstrap.cc:492] T 5eb9208212b3490cb3164d56d0e6d918 P b1c760b33bf646e39f2f0a9eacbbdd2f: No bootstrap required, opened a new log
I20260709 12:12:43.516981 20543 data_dirs.cc:400] Could only allocate 1 dirs of requested 3 for tablet d30c10e8638b45359fc5ffb7223adb5f. 1 dirs total, 0 dirs full, 0 dirs failed
I20260709 12:12:43.521052 20677 ts_tablet_manager.cc:1403] T 5eb9208212b3490cb3164d56d0e6d918 P b1c760b33bf646e39f2f0a9eacbbdd2f: Time spent bootstrapping tablet: real 0.124s	user 0.010s	sys 0.000s
I20260709 12:12:43.522228 20676 raft_consensus.cc:359] T 6c3556a329e941c0bf7d87f3bc868960 P 3b892c11e5c349b9aabadfbbb1e7a5f0 [term 0 FOLLOWER]: Replica starting. Triggering 0 pending ops. Active config: opid_index: -1 OBSOLETE_local: false peers { permanent_uuid: "3b892c11e5c349b9aabadfbbb1e7a5f0" member_type: VOTER last_known_addr { host: "127.18.220.193" port: 34439 } } peers { permanent_uuid: "b1c760b33bf646e39f2f0a9eacbbdd2f" member_type: VOTER last_known_addr { host: "127.18.220.194" port: 38693 } } peers { permanent_uuid: "747b5b81b8f544339c41e03396c9f2ee" member_type: VOTER last_known_addr { host: "127.18.220.195" port: 44989 } }
I20260709 12:12:43.528348 20617 tablet_service.cc:1511] Processing CreateTablet for tablet 1fe0d7e49b2f47e39482d43d05da75bc (DEFAULT_TABLE table=test-workload [id=990c5752422b4a59a3a3f8d2fa911029]), partition=RANGE (key) PARTITION 2111085566 <= VALUES
I20260709 12:12:43.533929 20622 data_dirs.cc:400] Could only allocate 1 dirs of requested 3 for tablet 384451e7d1e54548a7648ece22f2ae96. 1 dirs total, 0 dirs full, 0 dirs failed
I20260709 12:12:43.535461 20546 data_dirs.cc:400] Could only allocate 1 dirs of requested 3 for tablet 1fe0d7e49b2f47e39482d43d05da75bc. 1 dirs total, 0 dirs full, 0 dirs failed
I20260709 12:12:43.541796 20676 raft_consensus.cc:385] T 6c3556a329e941c0bf7d87f3bc868960 P 3b892c11e5c349b9aabadfbbb1e7a5f0 [term 0 FOLLOWER]: Consensus starting up: Expiring failure detector timer to make a prompt election more likely
I20260709 12:12:43.548575 20676 raft_consensus.cc:740] T 6c3556a329e941c0bf7d87f3bc868960 P 3b892c11e5c349b9aabadfbbb1e7a5f0 [term 0 FOLLOWER]: Becoming Follower/Learner. State: Replica: 3b892c11e5c349b9aabadfbbb1e7a5f0, State: Initialized, Role: FOLLOWER
I20260709 12:12:43.548866 20476 data_dirs.cc:400] Could only allocate 1 dirs of requested 3 for tablet 1fe0d7e49b2f47e39482d43d05da75bc. 1 dirs total, 0 dirs full, 0 dirs failed
I20260709 12:12:43.549346 20676 consensus_queue.cc:260] T 6c3556a329e941c0bf7d87f3bc868960 P 3b892c11e5c349b9aabadfbbb1e7a5f0 [NON_LEADER]: Queue going to NON_LEADER mode. State: All replicated index: 0, Majority replicated index: 0, Committed index: 0, Last appended: 0.0, Last appended by leader: 0, Current term: 0, Majority size: -1, State: 0, Mode: NON_LEADER, active raft config: opid_index: -1 OBSOLETE_local: false peers { permanent_uuid: "3b892c11e5c349b9aabadfbbb1e7a5f0" member_type: VOTER last_known_addr { host: "127.18.220.193" port: 34439 } } peers { permanent_uuid: "b1c760b33bf646e39f2f0a9eacbbdd2f" member_type: VOTER last_known_addr { host: "127.18.220.194" port: 38693 } } peers { permanent_uuid: "747b5b81b8f544339c41e03396c9f2ee" member_type: VOTER last_known_addr { host: "127.18.220.195" port: 44989 } }
I20260709 12:12:43.551551 20676 ts_tablet_manager.cc:1434] T 6c3556a329e941c0bf7d87f3bc868960 P 3b892c11e5c349b9aabadfbbb1e7a5f0: Time spent starting tablet: real 0.036s	user 0.002s	sys 0.001s
