I20260709 12:12:49.441643 24861 consensus_queue.cc:260] T 74a845f3172a4d399f490a9df8fc5d6e P 7ab69499fc044a1ebee1c982a103b232 [NON_LEADER]: Queue going to NON_LEADER mode. State: All replicated index: 0, Majority replicated index: 0, Committed index: 0, Last appended: 0.0, Last appended by leader: 0, Current term: 0, Majority size: -1, State: 0, Mode: NON_LEADER, active raft config: opid_index: -1 OBSOLETE_local: false peers { permanent_uuid: "0867064ffd2c49a988b388452fbb5d5a" member_type: VOTER last_known_addr { host: "127.22.243.129" port: 42849 } } peers { permanent_uuid: "7ab69499fc044a1ebee1c982a103b232" member_type: VOTER last_known_addr { host: "127.22.243.130" port: 38633 } } peers { permanent_uuid: "02c12ae5787f4301a18aaced3e7630b9" member_type: VOTER last_known_addr { host: "127.22.243.131" port: 46773 } }
I20260709 12:12:49.443012 24865 tablet_bootstrap.cc:492] T 5edbf82676064b6aa6cae6cce94a7596 P 02c12ae5787f4301a18aaced3e7630b9: No bootstrap required, opened a new log
I20260709 12:12:49.443250 24861 ts_tablet_manager.cc:1434] T 74a845f3172a4d399f490a9df8fc5d6e P 7ab69499fc044a1ebee1c982a103b232: Time spent starting tablet: real 0.014s	user 0.004s	sys 0.000s
I20260709 12:12:49.443404 24865 ts_tablet_manager.cc:1403] T 5edbf82676064b6aa6cae6cce94a7596 P 02c12ae5787f4301a18aaced3e7630b9: Time spent bootstrapping tablet: real 0.140s	user 0.021s	sys 0.003s
I20260709 12:12:49.444015 24861 tablet_bootstrap.cc:492] T 8c568ba5f9154203897f4759fd716d28 P 7ab69499fc044a1ebee1c982a103b232: Bootstrap starting.
I20260709 12:12:49.445401 24865 raft_consensus.cc:359] T 5edbf82676064b6aa6cae6cce94a7596 P 02c12ae5787f4301a18aaced3e7630b9 [term 0 FOLLOWER]: Replica starting. Triggering 0 pending ops. Active config: opid_index: -1 OBSOLETE_local: false peers { permanent_uuid: "0867064ffd2c49a988b388452fbb5d5a" member_type: VOTER last_known_addr { host: "127.22.243.129" port: 42849 } } peers { permanent_uuid: "7ab69499fc044a1ebee1c982a103b232" member_type: VOTER last_known_addr { host: "127.22.243.130" port: 38633 } } peers { permanent_uuid: "02c12ae5787f4301a18aaced3e7630b9" member_type: VOTER last_known_addr { host: "127.22.243.131" port: 46773 } }
I20260709 12:12:49.445900 24865 raft_consensus.cc:385] T 5edbf82676064b6aa6cae6cce94a7596 P 02c12ae5787f4301a18aaced3e7630b9 [term 0 FOLLOWER]: Consensus starting up: Expiring failure detector timer to make a prompt election more likely
I20260709 12:12:49.446108 24865 raft_consensus.cc:740] T 5edbf82676064b6aa6cae6cce94a7596 P 02c12ae5787f4301a18aaced3e7630b9 [term 0 FOLLOWER]: Becoming Follower/Learner. State: Replica: 02c12ae5787f4301a18aaced3e7630b9, State: Initialized, Role: FOLLOWER
I20260709 12:12:49.447115 24865 consensus_queue.cc:260] T 5edbf82676064b6aa6cae6cce94a7596 P 02c12ae5787f4301a18aaced3e7630b9 [NON_LEADER]: Queue going to NON_LEADER mode. State: All replicated index: 0, Majority replicated index: 0, Committed index: 0, Last appended: 0.0, Last appended by leader: 0, Current term: 0, Majority size: -1, State: 0, Mode: NON_LEADER, active raft config: opid_index: -1 OBSOLETE_local: false peers { permanent_uuid: "0867064ffd2c49a988b388452fbb5d5a" member_type: VOTER last_known_addr { host: "127.22.243.129" port: 42849 } } peers { permanent_uuid: "7ab69499fc044a1ebee1c982a103b232" member_type: VOTER last_known_addr { host: "127.22.243.130" port: 38633 } } peers { permanent_uuid: "02c12ae5787f4301a18aaced3e7630b9" member_type: VOTER last_known_addr { host: "127.22.243.131" port: 46773 } }
I20260709 12:12:49.448305 24862 ts_tablet_manager.cc:1434] T 1f3c0adcca9042838fc973846343be4b P 0867064ffd2c49a988b388452fbb5d5a: Time spent starting tablet: real 0.073s	user 0.002s	sys 0.005s
I20260709 12:12:49.448751 24865 ts_tablet_manager.cc:1434] T 5edbf82676064b6aa6cae6cce94a7596 P 02c12ae5787f4301a18aaced3e7630b9: Time spent starting tablet: real 0.005s	user 0.005s	sys 0.000s
I20260709 12:12:49.449170 24862 tablet_bootstrap.cc:492] T 7b682b41e714463481c8bb690e9296d3 P 0867064ffd2c49a988b388452fbb5d5a: Bootstrap starting.
I20260709 12:12:49.449520 24865 tablet_bootstrap.cc:492] T 74a845f3172a4d399f490a9df8fc5d6e P 02c12ae5787f4301a18aaced3e7630b9: Bootstrap starting.
I20260709 12:12:49.449772 24861 tablet_bootstrap.cc:654] T 8c568ba5f9154203897f4759fd716d28 P 7ab69499fc044a1ebee1c982a103b232: Neither blocks nor log segments found. Creating new log.
I20260709 12:12:49.455406 24861 tablet_bootstrap.cc:492] T 8c568ba5f9154203897f4759fd716d28 P 7ab69499fc044a1ebee1c982a103b232: No bootstrap required, opened a new log
I20260709 12:12:49.455881 24861 ts_tablet_manager.cc:1403] T 8c568ba5f9154203897f4759fd716d28 P 7ab69499fc044a1ebee1c982a103b232: Time spent bootstrapping tablet: real 0.012s	user 0.010s	sys 0.000s
I20260709 12:12:49.456981 24862 tablet_bootstrap.cc:654] T 7b682b41e714463481c8bb690e9296d3 P 0867064ffd2c49a988b388452fbb5d5a: Neither blocks nor log segments found. Creating new log.
I20260709 12:12:49.458758 24861 raft_consensus.cc:359] T 8c568ba5f9154203897f4759fd716d28 P 7ab69499fc044a1ebee1c982a103b232 [term 0 FOLLOWER]: Replica starting. Triggering 0 pending ops. Active config: opid_index: -1 OBSOLETE_local: false peers { permanent_uuid: "0867064ffd2c49a988b388452fbb5d5a" member_type: VOTER last_known_addr { host: "127.22.243.129" port: 42849 } } peers { permanent_uuid: "7ab69499fc044a1ebee1c982a103b232" member_type: VOTER last_known_addr { host: "127.22.243.130" port: 38633 } } peers { permanent_uuid: "02c12ae5787f4301a18aaced3e7630b9" member_type: VOTER last_known_addr { host: "127.22.243.131" port: 46773 } }
I20260709 12:12:49.459547 24861 raft_consensus.cc:385] T 8c568ba5f9154203897f4759fd716d28 P 7ab69499fc044a1ebee1c982a103b232 [term 0 FOLLOWER]: Consensus starting up: Expiring failure detector timer to make a prompt election more likely
I20260709 12:12:49.459966 24861 raft_consensus.cc:740] T 8c568ba5f9154203897f4759fd716d28 P 7ab69499fc044a1ebee1c982a103b232 [term 0 FOLLOWER]: Becoming Follower/Learner. State: Replica: 7ab69499fc044a1ebee1c982a103b232, State: Initialized, Role: FOLLOWER
I20260709 12:12:49.460830 24861 consensus_queue.cc:260] T 8c568ba5f9154203897f4759fd716d28 P 7ab69499fc044a1ebee1c982a103b232 [NON_LEADER]: Queue going to NON_LEADER mode. State: All replicated index: 0, Majority replicated index: 0, Committed index: 0, Last appended: 0.0, Last appended by leader: 0, Current term: 0, Majority size: -1, State: 0, Mode: NON_LEADER, active raft config: opid_index: -1 OBSOLETE_local: false peers { permanent_uuid: "0867064ffd2c49a988b388452fbb5d5a" member_type: VOTER last_known_addr { host: "127.22.243.129" port: 42849 } } peers { permanent_uuid: "7ab69499fc044a1ebee1c982a103b232" member_type: VOTER last_known_addr { host: "127.22.243.130" port: 38633 } } peers { permanent_uuid: "02c12ae5787f4301a18aaced3e7630b9" member_type: VOTER last_known_addr { host: "127.22.243.131" port: 46773 } }
I20260709 12:12:49.462898 24861 ts_tablet_manager.cc:1434] T 8c568ba5f9154203897f4759fd716d28 P 7ab69499fc044a1ebee1c982a103b232: Time spent starting tablet: real 0.007s	user 0.005s	sys 0.000s
I20260709 12:12:49.463341 24865 tablet_bootstrap.cc:654] T 74a845f3172a4d399f490a9df8fc5d6e P 02c12ae5787f4301a18aaced3e7630b9: Neither blocks nor log segments found. Creating new log.
I20260709 12:12:49.463564 24902 raft_consensus.cc:493] T 90c110b53f0f46dcb026d20f3077259f P 02c12ae5787f4301a18aaced3e7630b9 [term 0 FOLLOWER]: Starting pre-election (no leader contacted us within the election timeout)
I20260709 12:12:49.464001 24902 raft_consensus.cc:515] T 90c110b53f0f46dcb026d20f3077259f P 02c12ae5787f4301a18aaced3e7630b9 [term 0 FOLLOWER]: Starting pre-election with config: opid_index: -1 OBSOLETE_local: false peers { permanent_uuid: "0867064ffd2c49a988b388452fbb5d5a" member_type: VOTER last_known_addr { host: "127.22.243.129" port: 42849 } } peers { permanent_uuid: "7ab69499fc044a1ebee1c982a103b232" member_type: VOTER last_known_addr { host: "127.22.243.130" port: 38633 } } peers { permanent_uuid: "02c12ae5787f4301a18aaced3e7630b9" member_type: VOTER last_known_addr { host: "127.22.243.131" port: 46773 } }
I20260709 12:12:49.466873 24673 tablet_service.cc:1917] Received RequestConsensusVote() RPC: tablet_id: "90c110b53f0f46dcb026d20f3077259f" candidate_uuid: "02c12ae5787f4301a18aaced3e7630b9" candidate_term: 1 candidate_status { last_received { term: 0 index: 0 } } ignore_live_leader: false dest_uuid: "0867064ffd2c49a988b388452fbb5d5a" is_pre_election: true
W20260709 12:12:49.468246 24788 leader_election.cc:343] T 90c110b53f0f46dcb026d20f3077259f P 02c12ae5787f4301a18aaced3e7630b9 [CANDIDATE]: Term 1 pre-election: Tablet error from VoteRequest() call to peer 0867064ffd2c49a988b388452fbb5d5a (127.22.243.129:42849): Illegal state: must be running to vote when last-logged opid is not known
I20260709 12:12:49.469807 24902 leader_election.cc:290] T 90c110b53f0f46dcb026d20f3077259f P 02c12ae5787f4301a18aaced3e7630b9 [CANDIDATE]: Term 1 pre-election: Requested pre-vote from peers 0867064ffd2c49a988b388452fbb5d5a (127.22.243.129:42849), 7ab69499fc044a1ebee1c982a103b232 (127.22.243.130:38633)
I20260709 12:12:49.470224 24748 tablet_service.cc:1917] Received RequestConsensusVote() RPC: tablet_id: "90c110b53f0f46dcb026d20f3077259f" candidate_uuid: "02c12ae5787f4301a18aaced3e7630b9" candidate_term: 1 candidate_status { last_received { term: 0 index: 0 } } ignore_live_leader: false dest_uuid: "7ab69499fc044a1ebee1c982a103b232" is_pre_election: true
I20260709 12:12:49.470813 24748 raft_consensus.cc:2468] T 90c110b53f0f46dcb026d20f3077259f P 7ab69499fc044a1ebee1c982a103b232 [term 0 FOLLOWER]: Leader pre-election vote request: Granting yes vote for candidate 02c12ae5787f4301a18aaced3e7630b9 in term 0.
I20260709 12:12:49.472038 24861 tablet_bootstrap.cc:492] T a03e610e166c4dfbbd955c06103e58c0 P 7ab69499fc044a1ebee1c982a103b232: Bootstrap starting.
I20260709 12:12:49.471879 24787 leader_election.cc:304] T 90c110b53f0f46dcb026d20f3077259f P 02c12ae5787f4301a18aaced3e7630b9 [CANDIDATE]: Term 1 pre-election: Election decided. Result: candidate won. Election summary: received 3 responses out of 3 voters: 2 yes votes; 1 no votes. yes voters: 02c12ae5787f4301a18aaced3e7630b9, 7ab69499fc044a1ebee1c982a103b232; no voters: 0867064ffd2c49a988b388452fbb5d5a
I20260709 12:12:49.475441 25084 raft_consensus.cc:2804] T 90c110b53f0f46dcb026d20f3077259f P 02c12ae5787f4301a18aaced3e7630b9 [term 0 FOLLOWER]: Leader pre-election won for term 1
I20260709 12:12:49.475921 25084 raft_consensus.cc:493] T 90c110b53f0f46dcb026d20f3077259f P 02c12ae5787f4301a18aaced3e7630b9 [term 0 FOLLOWER]: Starting leader election (no leader contacted us within the election timeout)
I20260709 12:12:49.476356 25084 raft_consensus.cc:3060] T 90c110b53f0f46dcb026d20f3077259f P 02c12ae5787f4301a18aaced3e7630b9 [term 0 FOLLOWER]: Advancing to term 1
I20260709 12:12:49.479265 24865 tablet_bootstrap.cc:492] T 74a845f3172a4d399f490a9df8fc5d6e P 02c12ae5787f4301a18aaced3e7630b9: No bootstrap required, opened a new log
I20260709 12:12:49.479688 24865 ts_tablet_manager.cc:1403] T 74a845f3172a4d399f490a9df8fc5d6e P 02c12ae5787f4301a18aaced3e7630b9: Time spent bootstrapping tablet: real 0.030s	user 0.007s	sys 0.001s
I20260709 12:12:49.484799 24570 catalog_manager.cc:5697] T f881b3fdc0154a779e749dfa6fba9262 P 02c12ae5787f4301a18aaced3e7630b9 reported cstate change: term changed from 0 to 1, leader changed from <none> to 02c12ae5787f4301a18aaced3e7630b9 (127.22.243.131). New cstate: current_term: 1 leader_uuid: "02c12ae5787f4301a18aaced3e7630b9" committed_config { opid_index: -1 OBSOLETE_local: false peers { permanent_uuid: "0867064ffd2c49a988b388452fbb5d5a" member_type: VOTER last_known_addr { host: "127.22.243.129" port: 42849 } health_report { overall_health: UNKNOWN } } peers { permanent_uuid: "7ab69499fc044a1ebee1c982a103b232" member_type: VOTER last_known_addr { host: "127.22.243.130" port: 38633 } health_report { overall_health: UNKNOWN } } peers { permanent_uuid: "02c12ae5787f4301a18aaced3e7630b9" member_type: VOTER last_known_addr { host: "127.22.243.131" port: 46773 } health_report { overall_health: HEALTHY } } }
I20260709 12:12:49.485982 25084 raft_consensus.cc:515] T 90c110b53f0f46dcb026d20f3077259f P 02c12ae5787f4301a18aaced3e7630b9 [term 1 FOLLOWER]: Starting leader election with config: opid_index: -1 OBSOLETE_local: false peers { permanent_uuid: "0867064ffd2c49a988b388452fbb5d5a" member_type: VOTER last_known_addr { host: "127.22.243.129" port: 42849 } } peers { permanent_uuid: "7ab69499fc044a1ebee1c982a103b232" member_type: VOTER last_known_addr { host: "127.22.243.130" port: 38633 } } peers { permanent_uuid: "02c12ae5787f4301a18aaced3e7630b9" member_type: VOTER last_known_addr { host: "127.22.243.131" port: 46773 } }
I20260709 12:12:49.489601 24865 raft_consensus.cc:359] T 74a845f3172a4d399f490a9df8fc5d6e P 02c12ae5787f4301a18aaced3e7630b9 [term 0 FOLLOWER]: Replica starting. Triggering 0 pending ops. Active config: opid_index: -1 OBSOLETE_local: false peers { permanent_uuid: "0867064ffd2c49a988b388452fbb5d5a" member_type: VOTER last_known_addr { host: "127.22.243.129" port: 42849 } } peers { permanent_uuid: "7ab69499fc044a1ebee1c982a103b232" member_type: VOTER last_known_addr { host: "127.22.243.130" port: 38633 } } peers { permanent_uuid: "02c12ae5787f4301a18aaced3e7630b9" member_type: VOTER last_known_addr { host: "127.22.243.131" port: 46773 } }
I20260709 12:12:49.490221 24865 raft_consensus.cc:385] T 74a845f3172a4d399f490a9df8fc5d6e P 02c12ae5787f4301a18aaced3e7630b9 [term 0 FOLLOWER]: Consensus starting up: Expiring failure detector timer to make a prompt election more likely
I20260709 12:12:49.490470 24865 raft_consensus.cc:740] T 74a845f3172a4d399f490a9df8fc5d6e P 02c12ae5787f4301a18aaced3e7630b9 [term 0 FOLLOWER]: Becoming Follower/Learner. State: Replica: 02c12ae5787f4301a18aaced3e7630b9, State: Initialized, Role: FOLLOWER
I20260709 12:12:49.491086 24865 consensus_queue.cc:260] T 74a845f3172a4d399f490a9df8fc5d6e P 02c12ae5787f4301a18aaced3e7630b9 [NON_LEADER]: Queue going to NON_LEADER mode. State: All replicated index: 0, Majority replicated index: 0, Committed index: 0, Last appended: 0.0, Last appended by leader: 0, Current term: 0, Majority size: -1, State: 0, Mode: NON_LEADER, active raft config: opid_index: -1 OBSOLETE_local: false peers { permanent_uuid: "0867064ffd2c49a988b388452fbb5d5a" member_type: VOTER last_known_addr { host: "127.22.243.129" port: 42849 } } peers { permanent_uuid: "7ab69499fc044a1ebee1c982a103b232" member_type: VOTER last_known_addr { host: "127.22.243.130" port: 38633 } } peers { permanent_uuid: "02c12ae5787f4301a18aaced3e7630b9" member_type: VOTER last_known_addr { host: "127.22.243.131" port: 46773 } }
I20260709 12:12:49.491441 24673 tablet_service.cc:1917] Received RequestConsensusVote() RPC: tablet_id: "90c110b53f0f46dcb026d20f3077259f" candidate_uuid: "02c12ae5787f4301a18aaced3e7630b9" candidate_term: 1 candidate_status { last_received { term: 0 index: 0 } } ignore_live_leader: false dest_uuid: "0867064ffd2c49a988b388452fbb5d5a"
W20260709 12:12:49.492978 24788 leader_election.cc:343] T 90c110b53f0f46dcb026d20f3077259f P 02c12ae5787f4301a18aaced3e7630b9 [CANDIDATE]: Term 1 election: Tablet error from VoteRequest() call to peer 0867064ffd2c49a988b388452fbb5d5a (127.22.243.129:42849): Illegal state: must be running to vote when last-logged opid is not known
I20260709 12:12:49.498281 24748 tablet_service.cc:1917] Received RequestConsensusVote() RPC: tablet_id: "90c110b53f0f46dcb026d20f3077259f" candidate_uuid: "02c12ae5787f4301a18aaced3e7630b9" candidate_term: 1 candidate_status { last_received { term: 0 index: 0 } } ignore_live_leader: false dest_uuid: "7ab69499fc044a1ebee1c982a103b232"
I20260709 12:12:49.498993 24748 raft_consensus.cc:3060] T 90c110b53f0f46dcb026d20f3077259f P 7ab69499fc044a1ebee1c982a103b232 [term 0 FOLLOWER]: Advancing to term 1
I20260709 12:12:49.502526 24865 ts_tablet_manager.cc:1434] T 74a845f3172a4d399f490a9df8fc5d6e P 02c12ae5787f4301a18aaced3e7630b9: Time spent starting tablet: real 0.023s	user 0.007s	sys 0.000s
I20260709 12:12:49.503415 24865 tablet_bootstrap.cc:492] T 5fc443a6bfd846469aefb6651ac6a2ab P 02c12ae5787f4301a18aaced3e7630b9: Bootstrap starting.
I20260709 12:12:49.506107 24861 tablet_bootstrap.cc:654] T a03e610e166c4dfbbd955c06103e58c0 P 7ab69499fc044a1ebee1c982a103b232: Neither blocks nor log segments found. Creating new log.
I20260709 12:12:49.508865 24865 tablet_bootstrap.cc:654] T 5fc443a6bfd846469aefb6651ac6a2ab P 02c12ae5787f4301a18aaced3e7630b9: Neither blocks nor log segments found. Creating new log.
I20260709 12:12:49.516692 24748 raft_consensus.cc:2468] T 90c110b53f0f46dcb026d20f3077259f P 7ab69499fc044a1ebee1c982a103b232 [term 1 FOLLOWER]: Leader election vote request: Granting yes vote for candidate 02c12ae5787f4301a18aaced3e7630b9 in term 1.
I20260709 12:12:49.518086 24787 leader_election.cc:304] T 90c110b53f0f46dcb026d20f3077259f P 02c12ae5787f4301a18aaced3e7630b9 [CANDIDATE]: Term 1 election: Election decided. Result: candidate won. Election summary: received 3 responses out of 3 voters: 2 yes votes; 1 no votes. yes voters: 02c12ae5787f4301a18aaced3e7630b9, 7ab69499fc044a1ebee1c982a103b232; no voters: 0867064ffd2c49a988b388452fbb5d5a
I20260709 12:12:49.519095 24902 raft_consensus.cc:2804] T 90c110b53f0f46dcb026d20f3077259f P 02c12ae5787f4301a18aaced3e7630b9 [term 1 FOLLOWER]: Leader election won for term 1
I20260709 12:12:49.519886 24902 raft_consensus.cc:697] T 90c110b53f0f46dcb026d20f3077259f P 02c12ae5787f4301a18aaced3e7630b9 [term 1 LEADER]: Becoming Leader. State: Replica: 02c12ae5787f4301a18aaced3e7630b9, State: Running, Role: LEADER
I20260709 12:12:49.520813 25084 leader_election.cc:290] T 90c110b53f0f46dcb026d20f3077259f P 02c12ae5787f4301a18aaced3e7630b9 [CANDIDATE]: Term 1 election: Requested vote from peers 0867064ffd2c49a988b388452fbb5d5a (127.22.243.129:42849), 7ab69499fc044a1ebee1c982a103b232 (127.22.243.130:38633)
I20260709 12:12:49.520879 24902 consensus_queue.cc:237] T 90c110b53f0f46dcb026d20f3077259f P 02c12ae5787f4301a18aaced3e7630b9 [LEADER]: Queue going to LEADER mode. State: All replicated index: 0, Majority replicated index: 0, Committed index: 0, Last appended: 0.0, Last appended by leader: 0, Current term: 1, Majority size: 2, State: 0, Mode: LEADER, active raft config: opid_index: -1 OBSOLETE_local: false peers { permanent_uuid: "0867064ffd2c49a988b388452fbb5d5a" member_type: VOTER last_known_addr { host: "127.22.243.129" port: 42849 } } peers { permanent_uuid: "7ab69499fc044a1ebee1c982a103b232" member_type: VOTER last_known_addr { host: "127.22.243.130" port: 38633 } } peers { permanent_uuid: "02c12ae5787f4301a18aaced3e7630b9" member_type: VOTER last_known_addr { host: "127.22.243.131" port: 46773 } }
I20260709 12:12:49.524219 24861 tablet_bootstrap.cc:492] T a03e610e166c4dfbbd955c06103e58c0 P 7ab69499fc044a1ebee1c982a103b232: No bootstrap required, opened a new log
I20260709 12:12:49.524776 24861 ts_tablet_manager.cc:1403] T a03e610e166c4dfbbd955c06103e58c0 P 7ab69499fc044a1ebee1c982a103b232: Time spent bootstrapping tablet: real 0.054s	user 0.011s	sys 0.000s
I20260709 12:12:49.528817 24861 raft_consensus.cc:359] T a03e610e166c4dfbbd955c06103e58c0 P 7ab69499fc044a1ebee1c982a103b232 [term 0 FOLLOWER]: Replica starting. Triggering 0 pending ops. Active config: opid_index: -1 OBSOLETE_local: false peers { permanent_uuid: "0867064ffd2c49a988b388452fbb5d5a" member_type: VOTER last_known_addr { host: "127.22.243.129" port: 42849 } } peers { permanent_uuid: "7ab69499fc044a1ebee1c982a103b232" member_type: VOTER last_known_addr { host: "127.22.243.130" port: 38633 } } peers { permanent_uuid: "02c12ae5787f4301a18aaced3e7630b9" member_type: VOTER last_known_addr { host: "127.22.243.131" port: 46773 } }
I20260709 12:12:49.529640 24861 raft_consensus.cc:385] T a03e610e166c4dfbbd955c06103e58c0 P 7ab69499fc044a1ebee1c982a103b232 [term 0 FOLLOWER]: Consensus starting up: Expiring failure detector timer to make a prompt election more likely
I20260709 12:12:49.529971 24861 raft_consensus.cc:740] T a03e610e166c4dfbbd955c06103e58c0 P 7ab69499fc044a1ebee1c982a103b232 [term 0 FOLLOWER]: Becoming Follower/Learner. State: Replica: 7ab69499fc044a1ebee1c982a103b232, State: Initialized, Role: FOLLOWER
I20260709 12:12:49.531440 24862 tablet_bootstrap.cc:492] T 7b682b41e714463481c8bb690e9296d3 P 0867064ffd2c49a988b388452fbb5d5a: No bootstrap required, opened a new log
I20260709 12:12:49.531960 24862 ts_tablet_manager.cc:1403] T 7b682b41e714463481c8bb690e9296d3 P 0867064ffd2c49a988b388452fbb5d5a: Time spent bootstrapping tablet: real 0.083s	user 0.030s	sys 0.026s
I20260709 12:12:49.532102 24861 consensus_queue.cc:260] T a03e610e166c4dfbbd955c06103e58c0 P 7ab69499fc044a1ebee1c982a103b232 [NON_LEADER]: Queue going to NON_LEADER mode. State: All replicated index: 0, Majority replicated index: 0, Committed index: 0, Last appended: 0.0, Last appended by leader: 0, Current term: 0, Majority size: -1, State: 0, Mode: NON_LEADER, active raft config: opid_index: -1 OBSOLETE_local: false peers { permanent_uuid: "0867064ffd2c49a988b388452fbb5d5a" member_type: VOTER last_known_addr { host: "127.22.243.129" port: 42849 } } peers { permanent_uuid: "7ab69499fc044a1ebee1c982a103b232" member_type: VOTER last_known_addr { host: "127.22.243.130" port: 38633 } } peers { permanent_uuid: "02c12ae5787f4301a18aaced3e7630b9" member_type: VOTER last_known_addr { host: "127.22.243.131" port: 46773 } }
I20260709 12:12:49.533258 24865 tablet_bootstrap.cc:492] T 5fc443a6bfd846469aefb6651ac6a2ab P 02c12ae5787f4301a18aaced3e7630b9: No bootstrap required, opened a new log
I20260709 12:12:49.533682 24865 ts_tablet_manager.cc:1403] T 5fc443a6bfd846469aefb6651ac6a2ab P 02c12ae5787f4301a18aaced3e7630b9: Time spent bootstrapping tablet: real 0.030s	user 0.010s	sys 0.006s
I20260709 12:12:49.534209 24861 ts_tablet_manager.cc:1434] T a03e610e166c4dfbbd955c06103e58c0 P 7ab69499fc044a1ebee1c982a103b232: Time spent starting tablet: real 0.009s	user 0.008s	sys 0.000s
I20260709 12:12:49.534916 24862 raft_consensus.cc:359] T 7b682b41e714463481c8bb690e9296d3 P 0867064ffd2c49a988b388452fbb5d5a [term 0 FOLLOWER]: Replica starting. Triggering 0 pending ops. Active config: opid_index: -1 OBSOLETE_local: false peers { permanent_uuid: "0867064ffd2c49a988b388452fbb5d5a" member_type: VOTER last_known_addr { host: "127.22.243.129" port: 42849 } } peers { permanent_uuid: "7ab69499fc044a1ebee1c982a103b232" member_type: VOTER last_known_addr { host: "127.22.243.130" port: 38633 } } peers { permanent_uuid: "02c12ae5787f4301a18aaced3e7630b9" member_type: VOTER last_known_addr { host: "127.22.243.131" port: 46773 } }
I20260709 12:12:49.535336 24861 tablet_bootstrap.cc:492] T f7e4d32469a04d7ea77b484ffb37a2f7 P 7ab69499fc044a1ebee1c982a103b232: Bootstrap starting.
I20260709 12:12:49.536094 24865 raft_consensus.cc:359] T 5fc443a6bfd846469aefb6651ac6a2ab P 02c12ae5787f4301a18aaced3e7630b9 [term 0 FOLLOWER]: Replica starting. Triggering 0 pending ops. Active config: opid_index: -1 OBSOLETE_local: false peers { permanent_uuid: "0867064ffd2c49a988b388452fbb5d5a" member_type: VOTER last_known_addr { host: "127.22.243.129" port: 42849 } } peers { permanent_uuid: "7ab69499fc044a1ebee1c982a103b232" member_type: VOTER last_known_addr { host: "127.22.243.130" port: 38633 } } peers { permanent_uuid: "02c12ae5787f4301a18aaced3e7630b9" member_type: VOTER last_known_addr { host: "127.22.243.131" port: 46773 } }
I20260709 12:12:49.536715 24865 raft_consensus.cc:385] T 5fc443a6bfd846469aefb6651ac6a2ab P 02c12ae5787f4301a18aaced3e7630b9 [term 0 FOLLOWER]: Consensus starting up: Expiring failure detector timer to make a prompt election more likely
I20260709 12:12:49.536964 24865 raft_consensus.cc:740] T 5fc443a6bfd846469aefb6651ac6a2ab P 02c12ae5787f4301a18aaced3e7630b9 [term 0 FOLLOWER]: Becoming Follower/Learner. State: Replica: 02c12ae5787f4301a18aaced3e7630b9, State: Initialized, Role: FOLLOWER
I20260709 12:12:49.538008 24902 raft_consensus.cc:493] T 8c568ba5f9154203897f4759fd716d28 P 02c12ae5787f4301a18aaced3e7630b9 [term 0 FOLLOWER]: Starting pre-election (no leader contacted us within the election timeout)
I20260709 12:12:49.538455 24902 raft_consensus.cc:515] T 8c568ba5f9154203897f4759fd716d28 P 02c12ae5787f4301a18aaced3e7630b9 [term 0 FOLLOWER]: Starting pre-election with config: opid_index: -1 OBSOLETE_local: false peers { permanent_uuid: "0867064ffd2c49a988b388452fbb5d5a" member_type: VOTER last_known_addr { host: "127.22.243.129" port: 42849 } } peers { permanent_uuid: "7ab69499fc044a1ebee1c982a103b232" member_type: VOTER last_known_addr { host: "127.22.243.130" port: 38633 } } peers { permanent_uuid: "02c12ae5787f4301a18aaced3e7630b9" member_type: VOTER last_known_addr { host: "127.22.243.131" port: 46773 } }
I20260709 12:12:49.540972 24673 tablet_service.cc:1917] Received RequestConsensusVote() RPC: tablet_id: "8c568ba5f9154203897f4759fd716d28" candidate_uuid: "02c12ae5787f4301a18aaced3e7630b9" candidate_term: 1 candidate_status { last_received { term: 0 index: 0 } } ignore_live_leader: false dest_uuid: "0867064ffd2c49a988b388452fbb5d5a" is_pre_election: true
I20260709 12:12:49.541438 24862 raft_consensus.cc:385] T 7b682b41e714463481c8bb690e9296d3 P 0867064ffd2c49a988b388452fbb5d5a [term 0 FOLLOWER]: Consensus starting up: Expiring failure detector timer to make a prompt election more likely
I20260709 12:12:49.544267 24862 raft_consensus.cc:740] T 7b682b41e714463481c8bb690e9296d3 P 0867064ffd2c49a988b388452fbb5d5a [term 0 FOLLOWER]: Becoming Follower/Learner. State: Replica: 0867064ffd2c49a988b388452fbb5d5a, State: Initialized, Role: FOLLOWER
W20260709 12:12:49.542191 24788 leader_election.cc:343] T 8c568ba5f9154203897f4759fd716d28 P 02c12ae5787f4301a18aaced3e7630b9 [CANDIDATE]: Term 1 pre-election: Tablet error from VoteRequest() call to peer 0867064ffd2c49a988b388452fbb5d5a (127.22.243.129:42849): Illegal state: must be running to vote when last-logged opid is not known
I20260709 12:12:49.542447 24902 leader_election.cc:290] T 8c568ba5f9154203897f4759fd716d28 P 02c12ae5787f4301a18aaced3e7630b9 [CANDIDATE]: Term 1 pre-election: Requested pre-vote from peers 0867064ffd2c49a988b388452fbb5d5a (127.22.243.129:42849), 7ab69499fc044a1ebee1c982a103b232 (127.22.243.130:38633)
I20260709 12:12:49.543480 24748 tablet_service.cc:1917] Received RequestConsensusVote() RPC: tablet_id: "8c568ba5f9154203897f4759fd716d28" candidate_uuid: "02c12ae5787f4301a18aaced3e7630b9" candidate_term: 1 candidate_status { last_received { term: 0 index: 0 } } ignore_live_leader: false dest_uuid: "7ab69499fc044a1ebee1c982a103b232" is_pre_election: true
I20260709 12:12:49.546073 24748 raft_consensus.cc:2468] T 8c568ba5f9154203897f4759fd716d28 P 7ab69499fc044a1ebee1c982a103b232 [term 0 FOLLOWER]: Leader pre-election vote request: Granting yes vote for candidate 02c12ae5787f4301a18aaced3e7630b9 in term 0.
I20260709 12:12:49.545001 24862 consensus_queue.cc:260] T 7b682b41e714463481c8bb690e9296d3 P 0867064ffd2c49a988b388452fbb5d5a [NON_LEADER]: Queue going to NON_LEADER mode. State: All replicated index: 0, Majority replicated index: 0, Committed index: 0, Last appended: 0.0, Last appended by leader: 0, Current term: 0, Majority size: -1, State: 0, Mode: NON_LEADER, active raft config: opid_index: -1 OBSOLETE_local: false peers { permanent_uuid: "0867064ffd2c49a988b388452fbb5d5a" member_type: VOTER last_known_addr { host: "127.22.243.129" port: 42849 } } peers { permanent_uuid: "7ab69499fc044a1ebee1c982a103b232" member_type: VOTER last_known_addr { host: "127.22.243.130" port: 38633 } } peers { permanent_uuid: "02c12ae5787f4301a18aaced3e7630b9" member_type: VOTER last_known_addr { host: "127.22.243.131" port: 46773 } }
I20260709 12:12:49.548152 24787 leader_election.cc:304] T 8c568ba5f9154203897f4759fd716d28 P 02c12ae5787f4301a18aaced3e7630b9 [CANDIDATE]: Term 1 pre-election: Election decided. Result: candidate won. Election summary: received 3 responses out of 3 voters: 2 yes votes; 1 no votes. yes voters: 02c12ae5787f4301a18aaced3e7630b9, 7ab69499fc044a1ebee1c982a103b232; no voters: 0867064ffd2c49a988b388452fbb5d5a
I20260709 12:12:49.537590 24865 consensus_queue.cc:260] T 5fc443a6bfd846469aefb6651ac6a2ab P 02c12ae5787f4301a18aaced3e7630b9 [NON_LEADER]: Queue going to NON_LEADER mode. State: All replicated index: 0, Majority replicated index: 0, Committed index: 0, Last appended: 0.0, Last appended by leader: 0, Current term: 0, Majority size: -1, State: 0, Mode: NON_LEADER, active raft config: opid_index: -1 OBSOLETE_local: false peers { permanent_uuid: "0867064ffd2c49a988b388452fbb5d5a" member_type: VOTER last_known_addr { host: "127.22.243.129" port: 42849 } } peers { permanent_uuid: "7ab69499fc044a1ebee1c982a103b232" member_type: VOTER last_known_addr { host: "127.22.243.130" port: 38633 } } peers { permanent_uuid: "02c12ae5787f4301a18aaced3e7630b9" member_type: VOTER last_known_addr { host: "127.22.243.131" port: 46773 } }
I20260709 12:12:49.547376 24861 tablet_bootstrap.cc:654] T f7e4d32469a04d7ea77b484ffb37a2f7 P 7ab69499fc044a1ebee1c982a103b232: Neither blocks nor log segments found. Creating new log.
I20260709 12:12:49.549919 25088 raft_consensus.cc:2804] T 8c568ba5f9154203897f4759fd716d28 P 02c12ae5787f4301a18aaced3e7630b9 [term 0 FOLLOWER]: Leader pre-election won for term 1
I20260709 12:12:49.550324 24862 ts_tablet_manager.cc:1434] T 7b682b41e714463481c8bb690e9296d3 P 0867064ffd2c49a988b388452fbb5d5a: Time spent starting tablet: real 0.018s	user 0.006s	sys 0.000s
I20260709 12:12:49.550282 25088 raft_consensus.cc:493] T 8c568ba5f9154203897f4759fd716d28 P 02c12ae5787f4301a18aaced3e7630b9 [term 0 FOLLOWER]: Starting leader election (no leader contacted us within the election timeout)
I20260709 12:12:49.551558 25088 raft_consensus.cc:3060] T 8c568ba5f9154203897f4759fd716d28 P 02c12ae5787f4301a18aaced3e7630b9 [term 0 FOLLOWER]: Advancing to term 1
I20260709 12:12:49.553526 24862 tablet_bootstrap.cc:492] T 5fc443a6bfd846469aefb6651ac6a2ab P 0867064ffd2c49a988b388452fbb5d5a: Bootstrap starting.
I20260709 12:12:49.558061 25088 raft_consensus.cc:515] T 8c568ba5f9154203897f4759fd716d28 P 02c12ae5787f4301a18aaced3e7630b9 [term 1 FOLLOWER]: Starting leader election with config: opid_index: -1 OBSOLETE_local: false peers { permanent_uuid: "0867064ffd2c49a988b388452fbb5d5a" member_type: VOTER last_known_addr { host: "127.22.243.129" port: 42849 } } peers { permanent_uuid: "7ab69499fc044a1ebee1c982a103b232" member_type: VOTER last_known_addr { host: "127.22.243.130" port: 38633 } } peers { permanent_uuid: "02c12ae5787f4301a18aaced3e7630b9" member_type: VOTER last_known_addr { host: "127.22.243.131" port: 46773 } }
I20260709 12:12:49.560854 24673 tablet_service.cc:1917] Received RequestConsensusVote() RPC: tablet_id: "8c568ba5f9154203897f4759fd716d28" candidate_uuid: "02c12ae5787f4301a18aaced3e7630b9" candidate_term: 1 candidate_status { last_received { term: 0 index: 0 } } ignore_live_leader: false dest_uuid: "0867064ffd2c49a988b388452fbb5d5a"
I20260709 12:12:49.560856 24862 tablet_bootstrap.cc:654] T 5fc443a6bfd846469aefb6651ac6a2ab P 0867064ffd2c49a988b388452fbb5d5a: Neither blocks nor log segments found. Creating new log.
W20260709 12:12:49.562623 24788 leader_election.cc:343] T 8c568ba5f9154203897f4759fd716d28 P 02c12ae5787f4301a18aaced3e7630b9 [CANDIDATE]: Term 1 election: Tablet error from VoteRequest() call to peer 0867064ffd2c49a988b388452fbb5d5a (127.22.243.129:42849): Illegal state: must be running to vote when last-logged opid is not known
I20260709 12:12:49.564345 24865 ts_tablet_manager.cc:1434] T 5fc443a6bfd846469aefb6651ac6a2ab P 02c12ae5787f4301a18aaced3e7630b9: Time spent starting tablet: real 0.030s	user 0.006s	sys 0.000s
I20260709 12:12:49.564939 24748 tablet_service.cc:1917] Received RequestConsensusVote() RPC: tablet_id: "8c568ba5f9154203897f4759fd716d28" candidate_uuid: "02c12ae5787f4301a18aaced3e7630b9" candidate_term: 1 candidate_status { last_received { term: 0 index: 0 } } ignore_live_leader: false dest_uuid: "7ab69499fc044a1ebee1c982a103b232"
I20260709 12:12:49.565451 24748 raft_consensus.cc:3060] T 8c568ba5f9154203897f4759fd716d28 P 7ab69499fc044a1ebee1c982a103b232 [term 0 FOLLOWER]: Advancing to term 1
I20260709 12:12:49.565557 25088 leader_election.cc:290] T 8c568ba5f9154203897f4759fd716d28 P 02c12ae5787f4301a18aaced3e7630b9 [CANDIDATE]: Term 1 election: Requested vote from peers 0867064ffd2c49a988b388452fbb5d5a (127.22.243.129:42849), 7ab69499fc044a1ebee1c982a103b232 (127.22.243.130:38633)
I20260709 12:12:49.572935 24862 tablet_bootstrap.cc:492] T 5fc443a6bfd846469aefb6651ac6a2ab P 0867064ffd2c49a988b388452fbb5d5a: No bootstrap required, opened a new log
I20260709 12:12:49.573454 24862 ts_tablet_manager.cc:1403] T 5fc443a6bfd846469aefb6651ac6a2ab P 0867064ffd2c49a988b388452fbb5d5a: Time spent bootstrapping tablet: real 0.020s	user 0.006s	sys 0.006s
I20260709 12:12:49.575727 24861 tablet_bootstrap.cc:492] T f7e4d32469a04d7ea77b484ffb37a2f7 P 7ab69499fc044a1ebee1c982a103b232: No bootstrap required, opened a new log
I20260709 12:12:49.576354 24861 ts_tablet_manager.cc:1403] T f7e4d32469a04d7ea77b484ffb37a2f7 P 7ab69499fc044a1ebee1c982a103b232: Time spent bootstrapping tablet: real 0.041s	user 0.014s	sys 0.004s
I20260709 12:12:49.576043 24862 raft_consensus.cc:359] T 5fc443a6bfd846469aefb6651ac6a2ab P 0867064ffd2c49a988b388452fbb5d5a [term 0 FOLLOWER]: Replica starting. Triggering 0 pending ops. Active config: opid_index: -1 OBSOLETE_local: false peers { permanent_uuid: "0867064ffd2c49a988b388452fbb5d5a" member_type: VOTER last_known_addr { host: "127.22.243.129" port: 42849 } } peers { permanent_uuid: "7ab69499fc044a1ebee1c982a103b232" member_type: VOTER last_known_addr { host: "127.22.243.130" port: 38633 } } peers { permanent_uuid: "02c12ae5787f4301a18aaced3e7630b9" member_type: VOTER last_known_addr { host: "127.22.243.131" port: 46773 } }
I20260709 12:12:49.576788 24862 raft_consensus.cc:385] T 5fc443a6bfd846469aefb6651ac6a2ab P 0867064ffd2c49a988b388452fbb5d5a [term 0 FOLLOWER]: Consensus starting up: Expiring failure detector timer to make a prompt election more likely
I20260709 12:12:49.577167 24862 raft_consensus.cc:740] T 5fc443a6bfd846469aefb6651ac6a2ab P 0867064ffd2c49a988b388452fbb5d5a [term 0 FOLLOWER]: Becoming Follower/Learner. State: Replica: 0867064ffd2c49a988b388452fbb5d5a, State: Initialized, Role: FOLLOWER
I20260709 12:12:49.577914 24862 consensus_queue.cc:260] T 5fc443a6bfd846469aefb6651ac6a2ab P 0867064ffd2c49a988b388452fbb5d5a [NON_LEADER]: Queue going to NON_LEADER mode. State: All replicated index: 0, Majority replicated index: 0, Committed index: 0, Last appended: 0.0, Last appended by leader: 0, Current term: 0, Majority size: -1, State: 0, Mode: NON_LEADER, active raft config: opid_index: -1 OBSOLETE_local: false peers { permanent_uuid: "0867064ffd2c49a988b388452fbb5d5a" member_type: VOTER last_known_addr { host: "127.22.243.129" port: 42849 } } peers { permanent_uuid: "7ab69499fc044a1ebee1c982a103b232" member_type: VOTER last_known_addr { host: "127.22.243.130" port: 38633 } } peers { permanent_uuid: "02c12ae5787f4301a18aaced3e7630b9" member_type: VOTER last_known_addr { host: "127.22.243.131" port: 46773 } }
I20260709 12:12:49.578917 24861 raft_consensus.cc:359] T f7e4d32469a04d7ea77b484ffb37a2f7 P 7ab69499fc044a1ebee1c982a103b232 [term 0 FOLLOWER]: Replica starting. Triggering 0 pending ops. Active config: opid_index: -1 OBSOLETE_local: false peers { permanent_uuid: "0867064ffd2c49a988b388452fbb5d5a" member_type: VOTER last_known_addr { host: "127.22.243.129" port: 42849 } } peers { permanent_uuid: "7ab69499fc044a1ebee1c982a103b232" member_type: VOTER last_known_addr { host: "127.22.243.130" port: 38633 } } peers { permanent_uuid: "02c12ae5787f4301a18aaced3e7630b9" member_type: VOTER last_known_addr { host: "127.22.243.131" port: 46773 } }
I20260709 12:12:49.579526 24861 raft_consensus.cc:385] T f7e4d32469a04d7ea77b484ffb37a2f7 P 7ab69499fc044a1ebee1c982a103b232 [term 0 FOLLOWER]: Consensus starting up: Expiring failure detector timer to make a prompt election more likely
I20260709 12:12:49.579699 24862 ts_tablet_manager.cc:1434] T 5fc443a6bfd846469aefb6651ac6a2ab P 0867064ffd2c49a988b388452fbb5d5a: Time spent starting tablet: real 0.006s	user 0.005s	sys 0.001s
I20260709 12:12:49.579798 24861 raft_consensus.cc:740] T f7e4d32469a04d7ea77b484ffb37a2f7 P 7ab69499fc044a1ebee1c982a103b232 [term 0 FOLLOWER]: Becoming Follower/Learner. State: Replica: 7ab69499fc044a1ebee1c982a103b232, State: Initialized, Role: FOLLOWER
I20260709 12:12:49.580531 24861 consensus_queue.cc:260] T f7e4d32469a04d7ea77b484ffb37a2f7 P 7ab69499fc044a1ebee1c982a103b232 [NON_LEADER]: Queue going to NON_LEADER mode. State: All replicated index: 0, Majority replicated index: 0, Committed index: 0, Last appended: 0.0, Last appended by leader: 0, Current term: 0, Majority size: -1, State: 0, Mode: NON_LEADER, active raft config: opid_index: -1 OBSOLETE_local: false peers { permanent_uuid: "0867064ffd2c49a988b388452fbb5d5a" member_type: VOTER last_known_addr { host: "127.22.243.129" port: 42849 } } peers { permanent_uuid: "7ab69499fc044a1ebee1c982a103b232" member_type: VOTER last_known_addr { host: "127.22.243.130" port: 38633 } } peers { permanent_uuid: "02c12ae5787f4301a18aaced3e7630b9" member_type: VOTER last_known_addr { host: "127.22.243.131" port: 46773 } }
I20260709 12:12:49.581832 24862 tablet_bootstrap.cc:492] T 90c110b53f0f46dcb026d20f3077259f P 0867064ffd2c49a988b388452fbb5d5a: Bootstrap starting.
I20260709 12:12:49.582537 24861 ts_tablet_manager.cc:1434] T f7e4d32469a04d7ea77b484ffb37a2f7 P 7ab69499fc044a1ebee1c982a103b232: Time spent starting tablet: real 0.006s	user 0.005s	sys 0.000s
I20260709 12:12:49.583356 24861 tablet_bootstrap.cc:492] T 5fc443a6bfd846469aefb6651ac6a2ab P 7ab69499fc044a1ebee1c982a103b232: Bootstrap starting.
I20260709 12:12:49.584115 24748 raft_consensus.cc:2468] T 8c568ba5f9154203897f4759fd716d28 P 7ab69499fc044a1ebee1c982a103b232 [term 1 FOLLOWER]: Leader election vote request: Granting yes vote for candidate 02c12ae5787f4301a18aaced3e7630b9 in term 1.
I20260709 12:12:49.585058 24787 leader_election.cc:304] T 8c568ba5f9154203897f4759fd716d28 P 02c12ae5787f4301a18aaced3e7630b9 [CANDIDATE]: Term 1 election: Election decided. Result: candidate won. Election summary: received 3 responses out of 3 voters: 2 yes votes; 1 no votes. yes voters: 02c12ae5787f4301a18aaced3e7630b9, 7ab69499fc044a1ebee1c982a103b232; no voters: 0867064ffd2c49a988b388452fbb5d5a
I20260709 12:12:49.586061 24902 raft_consensus.cc:2804] T 8c568ba5f9154203897f4759fd716d28 P 02c12ae5787f4301a18aaced3e7630b9 [term 1 FOLLOWER]: Leader election won for term 1
I20260709 12:12:49.588444 24862 tablet_bootstrap.cc:654] T 90c110b53f0f46dcb026d20f3077259f P 0867064ffd2c49a988b388452fbb5d5a: Neither blocks nor log segments found. Creating new log.
I20260709 12:12:49.588974 24861 tablet_bootstrap.cc:654] T 5fc443a6bfd846469aefb6651ac6a2ab P 7ab69499fc044a1ebee1c982a103b232: Neither blocks nor log segments found. Creating new log.
I20260709 12:12:49.597304 24902 raft_consensus.cc:697] T 8c568ba5f9154203897f4759fd716d28 P 02c12ae5787f4301a18aaced3e7630b9 [term 1 LEADER]: Becoming Leader. State: Replica: 02c12ae5787f4301a18aaced3e7630b9, State: Running, Role: LEADER
I20260709 12:12:49.598141 24902 consensus_queue.cc:237] T 8c568ba5f9154203897f4759fd716d28 P 02c12ae5787f4301a18aaced3e7630b9 [LEADER]: Queue going to LEADER mode. State: All replicated index: 0, Majority replicated index: 0, Committed index: 0, Last appended: 0.0, Last appended by leader: 0, Current term: 1, Majority size: 2, State: 0, Mode: LEADER, active raft config: opid_index: -1 OBSOLETE_local: false peers { permanent_uuid: "0867064ffd2c49a988b388452fbb5d5a" member_type: VOTER last_known_addr { host: "127.22.243.129" port: 42849 } } peers { permanent_uuid: "7ab69499fc044a1ebee1c982a103b232" member_type: VOTER last_known_addr { host: "127.22.243.130" port: 38633 } } peers { permanent_uuid: "02c12ae5787f4301a18aaced3e7630b9" member_type: VOTER last_known_addr { host: "127.22.243.131" port: 46773 } }
I20260709 12:12:49.565461 24865 tablet_bootstrap.cc:492] T 4780f50ad5064404bb85092a61609994 P 02c12ae5787f4301a18aaced3e7630b9: Bootstrap starting.
I20260709 12:12:49.616102 25092 raft_consensus.cc:493] T a03e610e166c4dfbbd955c06103e58c0 P 7ab69499fc044a1ebee1c982a103b232 [term 0 FOLLOWER]: Starting pre-election (no leader contacted us within the election timeout)
I20260709 12:12:49.616570 25092 raft_consensus.cc:515] T a03e610e166c4dfbbd955c06103e58c0 P 7ab69499fc044a1ebee1c982a103b232 [term 0 FOLLOWER]: Starting pre-election with config: opid_index: -1 OBSOLETE_local: false peers { permanent_uuid: "0867064ffd2c49a988b388452fbb5d5a" member_type: VOTER last_known_addr { host: "127.22.243.129" port: 42849 } } peers { permanent_uuid: "7ab69499fc044a1ebee1c982a103b232" member_type: VOTER last_known_addr { host: "127.22.243.130" port: 38633 } } peers { permanent_uuid: "02c12ae5787f4301a18aaced3e7630b9" member_type: VOTER last_known_addr { host: "127.22.243.131" port: 46773 } }
I20260709 12:12:49.618986 25092 leader_election.cc:290] T a03e610e166c4dfbbd955c06103e58c0 P 7ab69499fc044a1ebee1c982a103b232 [CANDIDATE]: Term 1 pre-election: Requested pre-vote from peers 0867064ffd2c49a988b388452fbb5d5a (127.22.243.129:42849), 02c12ae5787f4301a18aaced3e7630b9 (127.22.243.131:46773)
I20260709 12:12:49.619975 24815 tablet_service.cc:1917] Received RequestConsensusVote() RPC: tablet_id: "a03e610e166c4dfbbd955c06103e58c0" candidate_uuid: "7ab69499fc044a1ebee1c982a103b232" candidate_term: 1 candidate_status { last_received { term: 0 index: 0 } } ignore_live_leader: false dest_uuid: "02c12ae5787f4301a18aaced3e7630b9" is_pre_election: true
I20260709 12:12:49.621912 24667 tablet_service.cc:1917] Received RequestConsensusVote() RPC: tablet_id: "a03e610e166c4dfbbd955c06103e58c0" candidate_uuid: "7ab69499fc044a1ebee1c982a103b232" candidate_term: 1 candidate_status { last_received { term: 0 index: 0 } } ignore_live_leader: false dest_uuid: "0867064ffd2c49a988b388452fbb5d5a" is_pre_election: true
I20260709 12:12:49.625276 24861 tablet_bootstrap.cc:492] T 5fc443a6bfd846469aefb6651ac6a2ab P 7ab69499fc044a1ebee1c982a103b232: No bootstrap required, opened a new log
I20260709 12:12:49.625687 24861 ts_tablet_manager.cc:1403] T 5fc443a6bfd846469aefb6651ac6a2ab P 7ab69499fc044a1ebee1c982a103b232: Time spent bootstrapping tablet: real 0.043s	user 0.015s	sys 0.004s
W20260709 12:12:49.627516 24714 leader_election.cc:343] T a03e610e166c4dfbbd955c06103e58c0 P 7ab69499fc044a1ebee1c982a103b232 [CANDIDATE]: Term 1 pre-election: Tablet error from VoteRequest() call to peer 02c12ae5787f4301a18aaced3e7630b9 (127.22.243.131:46773): Illegal state: must be running to vote when last-logged opid is not known
W20260709 12:12:49.630139 24714 leader_election.cc:343] T a03e610e166c4dfbbd955c06103e58c0 P 7ab69499fc044a1ebee1c982a103b232 [CANDIDATE]: Term 1 pre-election: Tablet error from VoteRequest() call to peer 0867064ffd2c49a988b388452fbb5d5a (127.22.243.129:42849): Illegal state: must be running to vote when last-logged opid is not known
I20260709 12:12:49.630405 24862 tablet_bootstrap.cc:492] T 90c110b53f0f46dcb026d20f3077259f P 0867064ffd2c49a988b388452fbb5d5a: No bootstrap required, opened a new log
I20260709 12:12:49.630558 24714 leader_election.cc:304] T a03e610e166c4dfbbd955c06103e58c0 P 7ab69499fc044a1ebee1c982a103b232 [CANDIDATE]: Term 1 pre-election: Election decided. Result: candidate lost. Election summary: received 3 responses out of 3 voters: 1 yes votes; 2 no votes. yes voters: 7ab69499fc044a1ebee1c982a103b232; no voters: 02c12ae5787f4301a18aaced3e7630b9, 0867064ffd2c49a988b388452fbb5d5a
I20260709 12:12:49.630981 24862 ts_tablet_manager.cc:1403] T 90c110b53f0f46dcb026d20f3077259f P 0867064ffd2c49a988b388452fbb5d5a: Time spent bootstrapping tablet: real 0.049s	user 0.005s	sys 0.021s
I20260709 12:12:49.633363 24568 catalog_manager.cc:5697] T 1f3c0adcca9042838fc973846343be4b P 02c12ae5787f4301a18aaced3e7630b9 reported cstate change: term changed from 0 to 1, leader changed from <none> to 02c12ae5787f4301a18aaced3e7630b9 (127.22.243.131). New cstate: current_term: 1 leader_uuid: "02c12ae5787f4301a18aaced3e7630b9" committed_config { opid_index: -1 OBSOLETE_local: false peers { permanent_uuid: "0867064ffd2c49a988b388452fbb5d5a" member_type: VOTER last_known_addr { host: "127.22.243.129" port: 42849 } health_report { overall_health: UNKNOWN } } peers { permanent_uuid: "7ab69499fc044a1ebee1c982a103b232" member_type: VOTER last_known_addr { host: "127.22.243.130" port: 38633 } health_report { overall_health: UNKNOWN } } peers { permanent_uuid: "02c12ae5787f4301a18aaced3e7630b9" member_type: VOTER last_known_addr { host: "127.22.243.131" port: 46773 } health_report { overall_health: HEALTHY } } }
I20260709 12:12:49.634589 25092 raft_consensus.cc:2749] T a03e610e166c4dfbbd955c06103e58c0 P 7ab69499fc044a1ebee1c982a103b232 [term 0 FOLLOWER]: Leader pre-election lost for term 1. Reason: could not achieve majority
I20260709 12:12:49.635331 24568 catalog_manager.cc:5697] T 90c110b53f0f46dcb026d20f3077259f P 02c12ae5787f4301a18aaced3e7630b9 reported cstate change: term changed from 0 to 1, leader changed from <none> to 02c12ae5787f4301a18aaced3e7630b9 (127.22.243.131). New cstate: current_term: 1 leader_uuid: "02c12ae5787f4301a18aaced3e7630b9" committed_config { opid_index: -1 OBSOLETE_local: false peers { permanent_uuid: "0867064ffd2c49a988b388452fbb5d5a" member_type: VOTER last_known_addr { host: "127.22.243.129" port: 42849 } health_report { overall_health: UNKNOWN } } peers { permanent_uuid: "7ab69499fc044a1ebee1c982a103b232" member_type: VOTER last_known_addr { host: "127.22.243.130" port: 38633 } health_report { overall_health: UNKNOWN } } peers { permanent_uuid: "02c12ae5787f4301a18aaced3e7630b9" member_type: VOTER last_known_addr { host: "127.22.243.131" port: 46773 } health_report { overall_health: HEALTHY } } }
I20260709 12:12:49.635339 24861 raft_consensus.cc:359] T 5fc443a6bfd846469aefb6651ac6a2ab P 7ab69499fc044a1ebee1c982a103b232 [term 0 FOLLOWER]: Replica starting. Triggering 0 pending ops. Active config: opid_index: -1 OBSOLETE_local: false peers { permanent_uuid: "0867064ffd2c49a988b388452fbb5d5a" member_type: VOTER last_known_addr { host: "127.22.243.129" port: 42849 } } peers { permanent_uuid: "7ab69499fc044a1ebee1c982a103b232" member_type: VOTER last_known_addr { host: "127.22.243.130" port: 38633 } } peers { permanent_uuid: "02c12ae5787f4301a18aaced3e7630b9" member_type: VOTER last_known_addr { host: "127.22.243.131" port: 46773 } }
I20260709 12:12:49.637075 24861 raft_consensus.cc:385] T 5fc443a6bfd846469aefb6651ac6a2ab P 7ab69499fc044a1ebee1c982a103b232 [term 0 FOLLOWER]: Consensus starting up: Expiring failure detector timer to make a prompt election more likely
I20260709 12:12:49.637427 24861 raft_consensus.cc:740] T 5fc443a6bfd846469aefb6651ac6a2ab P 7ab69499fc044a1ebee1c982a103b232 [term 0 FOLLOWER]: Becoming Follower/Learner. State: Replica: 7ab69499fc044a1ebee1c982a103b232, State: Initialized, Role: FOLLOWER
I20260709 12:12:49.638072 24861 consensus_queue.cc:260] T 5fc443a6bfd846469aefb6651ac6a2ab P 7ab69499fc044a1ebee1c982a103b232 [NON_LEADER]: Queue going to NON_LEADER mode. State: All replicated index: 0, Majority replicated index: 0, Committed index: 0, Last appended: 0.0, Last appended by leader: 0, Current term: 0, Majority size: -1, State: 0, Mode: NON_LEADER, active raft config: opid_index: -1 OBSOLETE_local: false peers { permanent_uuid: "0867064ffd2c49a988b388452fbb5d5a" member_type: VOTER last_known_addr { host: "127.22.243.129" port: 42849 } } peers { permanent_uuid: "7ab69499fc044a1ebee1c982a103b232" member_type: VOTER last_known_addr { host: "127.22.243.130" port: 38633 } } peers { permanent_uuid: "02c12ae5787f4301a18aaced3e7630b9" member_type: VOTER last_known_addr { host: "127.22.243.131" port: 46773 } }
I20260709 12:12:49.639998 24862 raft_consensus.cc:359] T 90c110b53f0f46dcb026d20f3077259f P 0867064ffd2c49a988b388452fbb5d5a [term 0 FOLLOWER]: Replica starting. Triggering 0 pending ops. Active config: opid_index: -1 OBSOLETE_local: false peers { permanent_uuid: "0867064ffd2c49a988b388452fbb5d5a" member_type: VOTER last_known_addr { host: "127.22.243.129" port: 42849 } } peers { permanent_uuid: "7ab69499fc044a1ebee1c982a103b232" member_type: VOTER last_known_addr { host: "127.22.243.130" port: 38633 } } peers { permanent_uuid: "02c12ae5787f4301a18aaced3e7630b9" member_type: VOTER last_known_addr { host: "127.22.243.131" port: 46773 } }
I20260709 12:12:49.640340 24861 ts_tablet_manager.cc:1434] T 5fc443a6bfd846469aefb6651ac6a2ab P 7ab69499fc044a1ebee1c982a103b232: Time spent starting tablet: real 0.014s	user 0.006s	sys 0.000s
I20260709 12:12:49.640646 24862 raft_consensus.cc:385] T 90c110b53f0f46dcb026d20f3077259f P 0867064ffd2c49a988b388452fbb5d5a [term 0 FOLLOWER]: Consensus starting up: Expiring failure detector timer to make a prompt election more likely
I20260709 12:12:49.640918 24862 raft_consensus.cc:740] T 90c110b53f0f46dcb026d20f3077259f P 0867064ffd2c49a988b388452fbb5d5a [term 0 FOLLOWER]: Becoming Follower/Learner. State: Replica: 0867064ffd2c49a988b388452fbb5d5a, State: Initialized, Role: FOLLOWER
I20260709 12:12:49.641482 24861 tablet_bootstrap.cc:492] T ee18af0af7ef45dc903d44f16fb63661 P 7ab69499fc044a1ebee1c982a103b232: Bootstrap starting.
I20260709 12:12:49.643282 24865 tablet_bootstrap.cc:654] T 4780f50ad5064404bb85092a61609994 P 02c12ae5787f4301a18aaced3e7630b9: Neither blocks nor log segments found. Creating new log.
I20260709 12:12:49.647640 24861 tablet_bootstrap.cc:654] T ee18af0af7ef45dc903d44f16fb63661 P 7ab69499fc044a1ebee1c982a103b232: Neither blocks nor log segments found. Creating new log.
