I20260709 12:12:11.493651  9903 tablet_service.cc:1917] Received RequestConsensusVote() RPC: tablet_id: "c1edcbf09ec0423ab4a2a8b65258cd47" candidate_uuid: "db8a083187594ebea6aba2228f5c708c" candidate_term: 1 candidate_status { last_received { term: 0 index: 0 } } ignore_live_leader: false dest_uuid: "5476682aa6df49318ad57a4b96fadc0f"
I20260709 12:12:11.494621  9903 raft_consensus.cc:3060] T c1edcbf09ec0423ab4a2a8b65258cd47 P 5476682aa6df49318ad57a4b96fadc0f [term 0 FOLLOWER]: Advancing to term 1
I20260709 12:12:11.503458  9903 raft_consensus.cc:2468] T c1edcbf09ec0423ab4a2a8b65258cd47 P 5476682aa6df49318ad57a4b96fadc0f [term 1 FOLLOWER]: Leader election vote request: Granting yes vote for candidate db8a083187594ebea6aba2228f5c708c in term 1.
I20260709 12:12:11.505306 10018 leader_election.cc:304] T c1edcbf09ec0423ab4a2a8b65258cd47 P db8a083187594ebea6aba2228f5c708c [CANDIDATE]: Term 1 election: Election decided. Result: candidate won. Election summary: received 2 responses out of 3 voters: 2 yes votes; 0 no votes. yes voters: 5476682aa6df49318ad57a4b96fadc0f, db8a083187594ebea6aba2228f5c708c; no voters: 
I20260709 12:12:11.506191 10138 raft_consensus.cc:2804] T c1edcbf09ec0423ab4a2a8b65258cd47 P db8a083187594ebea6aba2228f5c708c [term 1 FOLLOWER]: Leader election won for term 1
I20260709 12:12:11.506659  9977 tablet_service.cc:1917] Received RequestConsensusVote() RPC: tablet_id: "c1edcbf09ec0423ab4a2a8b65258cd47" candidate_uuid: "db8a083187594ebea6aba2228f5c708c" candidate_term: 1 candidate_status { last_received { term: 0 index: 0 } } ignore_live_leader: false dest_uuid: "a29bfb024a334b11ad8b33d0ca7e2c45"
I20260709 12:12:11.506903 10138 raft_consensus.cc:697] T c1edcbf09ec0423ab4a2a8b65258cd47 P db8a083187594ebea6aba2228f5c708c [term 1 LEADER]: Becoming Leader. State: Replica: db8a083187594ebea6aba2228f5c708c, State: Running, Role: LEADER
I20260709 12:12:11.507267  9977 raft_consensus.cc:3060] T c1edcbf09ec0423ab4a2a8b65258cd47 P a29bfb024a334b11ad8b33d0ca7e2c45 [term 0 FOLLOWER]: Advancing to term 1
I20260709 12:12:11.507817 10138 consensus_queue.cc:237] T c1edcbf09ec0423ab4a2a8b65258cd47 P db8a083187594ebea6aba2228f5c708c [LEADER]: Queue going to LEADER mode. State: All replicated index: 0, Majority replicated index: 0, Committed index: 0, Last appended: 0.0, Last appended by leader: 0, Current term: 1, Majority size: 2, State: 0, Mode: LEADER, active raft config: opid_index: -1 OBSOLETE_local: false peers { permanent_uuid: "5476682aa6df49318ad57a4b96fadc0f" member_type: VOTER last_known_addr { host: "127.9.11.193" port: 34063 } } peers { permanent_uuid: "a29bfb024a334b11ad8b33d0ca7e2c45" member_type: VOTER last_known_addr { host: "127.9.11.194" port: 39425 } } peers { permanent_uuid: "db8a083187594ebea6aba2228f5c708c" member_type: VOTER last_known_addr { host: "127.9.11.195" port: 41661 } }
I20260709 12:12:11.514501  9977 raft_consensus.cc:2468] T c1edcbf09ec0423ab4a2a8b65258cd47 P a29bfb024a334b11ad8b33d0ca7e2c45 [term 1 FOLLOWER]: Leader election vote request: Granting yes vote for candidate db8a083187594ebea6aba2228f5c708c in term 1.
I20260709 12:12:11.516819  9800 catalog_manager.cc:5697] T c1edcbf09ec0423ab4a2a8b65258cd47 P db8a083187594ebea6aba2228f5c708c reported cstate change: term changed from 0 to 1, leader changed from <none> to db8a083187594ebea6aba2228f5c708c (127.9.11.195). New cstate: current_term: 1 leader_uuid: "db8a083187594ebea6aba2228f5c708c" committed_config { opid_index: -1 OBSOLETE_local: false peers { permanent_uuid: "5476682aa6df49318ad57a4b96fadc0f" member_type: VOTER last_known_addr { host: "127.9.11.193" port: 34063 } health_report { overall_health: UNKNOWN } } peers { permanent_uuid: "a29bfb024a334b11ad8b33d0ca7e2c45" member_type: VOTER last_known_addr { host: "127.9.11.194" port: 39425 } health_report { overall_health: UNKNOWN } } peers { permanent_uuid: "db8a083187594ebea6aba2228f5c708c" member_type: VOTER last_known_addr { host: "127.9.11.195" port: 41661 } health_report { overall_health: HEALTHY } } }
I20260709 12:12:11.539422 10052 tablet_service.cc:2072] Received LeaderStepDown RPC: tablet_id: "0b3af156a59f4c71a30dca422d34a8e8"
dest_uuid: "db8a083187594ebea6aba2228f5c708c"
mode: GRACEFUL
new_leader_uuid: "5476682aa6df49318ad57a4b96fadc0f"
 from {username='slave'} at 127.0.0.1:35150
I20260709 12:12:11.539985 10052 raft_consensus.cc:606] T 0b3af156a59f4c71a30dca422d34a8e8 P db8a083187594ebea6aba2228f5c708c [term 1 LEADER]: Received request to transfer leadership to TS 5476682aa6df49318ad57a4b96fadc0f
I20260709 12:12:11.545071 10052 tablet_service.cc:2072] Received LeaderStepDown RPC: tablet_id: "b32d7035e4a3456a98fea3ec72159624"
dest_uuid: "db8a083187594ebea6aba2228f5c708c"
mode: GRACEFUL
new_leader_uuid: "5476682aa6df49318ad57a4b96fadc0f"
 from {username='slave'} at 127.0.0.1:35150
I20260709 12:12:11.545547 10052 raft_consensus.cc:606] T b32d7035e4a3456a98fea3ec72159624 P db8a083187594ebea6aba2228f5c708c [term 1 LEADER]: Received request to transfer leadership to TS 5476682aa6df49318ad57a4b96fadc0f
I20260709 12:12:11.550323 10052 tablet_service.cc:2072] Received LeaderStepDown RPC: tablet_id: "6acf3dfb00f64ea39b921f989ca64bd0"
dest_uuid: "db8a083187594ebea6aba2228f5c708c"
mode: GRACEFUL
new_leader_uuid: "5476682aa6df49318ad57a4b96fadc0f"
 from {username='slave'} at 127.0.0.1:35150
I20260709 12:12:11.550860 10052 raft_consensus.cc:606] T 6acf3dfb00f64ea39b921f989ca64bd0 P db8a083187594ebea6aba2228f5c708c [term 1 LEADER]: Received request to transfer leadership to TS 5476682aa6df49318ad57a4b96fadc0f
I20260709 12:12:11.555423 10052 tablet_service.cc:2072] Received LeaderStepDown RPC: tablet_id: "e69e2341e22041d4bbd16cd6440102ec"
dest_uuid: "db8a083187594ebea6aba2228f5c708c"
mode: GRACEFUL
new_leader_uuid: "5476682aa6df49318ad57a4b96fadc0f"
 from {username='slave'} at 127.0.0.1:35150
I20260709 12:12:11.555436 10124 raft_consensus.cc:493] T a55751f2048044f2acbd682c2442f945 P 5476682aa6df49318ad57a4b96fadc0f [term 0 FOLLOWER]: Starting pre-election (no leader contacted us within the election timeout)
I20260709 12:12:11.555960 10052 raft_consensus.cc:606] T e69e2341e22041d4bbd16cd6440102ec P db8a083187594ebea6aba2228f5c708c [term 1 LEADER]: Received request to transfer leadership to TS 5476682aa6df49318ad57a4b96fadc0f
I20260709 12:12:11.556041 10124 raft_consensus.cc:515] T a55751f2048044f2acbd682c2442f945 P 5476682aa6df49318ad57a4b96fadc0f [term 0 FOLLOWER]: Starting pre-election with config: opid_index: -1 OBSOLETE_local: false peers { permanent_uuid: "5476682aa6df49318ad57a4b96fadc0f" member_type: VOTER last_known_addr { host: "127.9.11.193" port: 34063 } } peers { permanent_uuid: "a29bfb024a334b11ad8b33d0ca7e2c45" member_type: VOTER last_known_addr { host: "127.9.11.194" port: 39425 } } peers { permanent_uuid: "db8a083187594ebea6aba2228f5c708c" member_type: VOTER last_known_addr { host: "127.9.11.195" port: 41661 } }
I20260709 12:12:11.558084 10124 leader_election.cc:290] T a55751f2048044f2acbd682c2442f945 P 5476682aa6df49318ad57a4b96fadc0f [CANDIDATE]: Term 1 pre-election: Requested pre-vote from peers a29bfb024a334b11ad8b33d0ca7e2c45 (127.9.11.194:39425), db8a083187594ebea6aba2228f5c708c (127.9.11.195:41661)
I20260709 12:12:11.559173  9977 tablet_service.cc:1917] Received RequestConsensusVote() RPC: tablet_id: "a55751f2048044f2acbd682c2442f945" candidate_uuid: "5476682aa6df49318ad57a4b96fadc0f" candidate_term: 1 candidate_status { last_received { term: 0 index: 0 } } ignore_live_leader: false dest_uuid: "a29bfb024a334b11ad8b33d0ca7e2c45" is_pre_election: true
I20260709 12:12:11.560114  9977 raft_consensus.cc:2393] T a55751f2048044f2acbd682c2442f945 P a29bfb024a334b11ad8b33d0ca7e2c45 [term 1 FOLLOWER]: Leader pre-election vote request: Denying vote to candidate 5476682aa6df49318ad57a4b96fadc0f in current term 1: Already voted for candidate db8a083187594ebea6aba2228f5c708c in this term.
I20260709 12:12:11.559128 10052 tablet_service.cc:1917] Received RequestConsensusVote() RPC: tablet_id: "a55751f2048044f2acbd682c2442f945" candidate_uuid: "5476682aa6df49318ad57a4b96fadc0f" candidate_term: 1 candidate_status { last_received { term: 0 index: 0 } } ignore_live_leader: false dest_uuid: "db8a083187594ebea6aba2228f5c708c" is_pre_election: true
I20260709 12:12:11.560665 10140 consensus_queue.cc:1048] T 2ae052b08a00467eb8eb43d41906532e P a29bfb024a334b11ad8b33d0ca7e2c45 [LEADER]: Connected to new peer: Peer: permanent_uuid: "5476682aa6df49318ad57a4b96fadc0f" member_type: VOTER last_known_addr { host: "127.9.11.193" port: 34063 }, Status: LMP_MISMATCH, Last received: 0.0, Next index: 1, Last known committed idx: 0, Time since last communication: 0.000s
I20260709 12:12:11.561697  9867 leader_election.cc:304] T a55751f2048044f2acbd682c2442f945 P 5476682aa6df49318ad57a4b96fadc0f [CANDIDATE]: Term 1 pre-election: Election decided. Result: candidate lost. Election summary: received 3 responses out of 3 voters: 1 yes votes; 2 no votes. yes voters: 5476682aa6df49318ad57a4b96fadc0f; no voters: a29bfb024a334b11ad8b33d0ca7e2c45, db8a083187594ebea6aba2228f5c708c
I20260709 12:12:11.562530 10124 raft_consensus.cc:3060] T a55751f2048044f2acbd682c2442f945 P 5476682aa6df49318ad57a4b96fadc0f [term 0 FOLLOWER]: Advancing to term 1
I20260709 12:12:11.563117 10052 tablet_service.cc:2072] Received LeaderStepDown RPC: tablet_id: "c1edcbf09ec0423ab4a2a8b65258cd47"
dest_uuid: "db8a083187594ebea6aba2228f5c708c"
mode: GRACEFUL
new_leader_uuid: "5476682aa6df49318ad57a4b96fadc0f"
 from {username='slave'} at 127.0.0.1:35150
I20260709 12:12:11.563650 10052 raft_consensus.cc:606] T c1edcbf09ec0423ab4a2a8b65258cd47 P db8a083187594ebea6aba2228f5c708c [term 1 LEADER]: Received request to transfer leadership to TS 5476682aa6df49318ad57a4b96fadc0f
I20260709 12:12:11.572239 10143 consensus_queue.cc:1048] T 2ae052b08a00467eb8eb43d41906532e P a29bfb024a334b11ad8b33d0ca7e2c45 [LEADER]: Connected to new peer: Peer: permanent_uuid: "db8a083187594ebea6aba2228f5c708c" member_type: VOTER last_known_addr { host: "127.9.11.195" port: 41661 }, Status: LMP_MISMATCH, Last received: 0.0, Next index: 1, Last known committed idx: 0, Time since last communication: 0.001s
I20260709 12:12:11.574990 10124 raft_consensus.cc:2749] T a55751f2048044f2acbd682c2442f945 P 5476682aa6df49318ad57a4b96fadc0f [term 1 FOLLOWER]: Leader pre-election lost for term 1. Reason: could not achieve majority
I20260709 12:12:11.575498 10051 tablet_service.cc:2072] Received LeaderStepDown RPC: tablet_id: "a55751f2048044f2acbd682c2442f945"
dest_uuid: "db8a083187594ebea6aba2228f5c708c"
mode: GRACEFUL
new_leader_uuid: "a29bfb024a334b11ad8b33d0ca7e2c45"
 from {username='slave'} at 127.0.0.1:35150
I20260709 12:12:11.576121 10051 raft_consensus.cc:606] T a55751f2048044f2acbd682c2442f945 P db8a083187594ebea6aba2228f5c708c [term 1 LEADER]: Received request to transfer leadership to TS a29bfb024a334b11ad8b33d0ca7e2c45
I20260709 12:12:11.594334  9902 tablet_service.cc:2072] Received LeaderStepDown RPC: tablet_id: "37281ded94f047d19337d2f3977a554f"
dest_uuid: "5476682aa6df49318ad57a4b96fadc0f"
mode: GRACEFUL
new_leader_uuid: "a29bfb024a334b11ad8b33d0ca7e2c45"
 from {username='slave'} at 127.0.0.1:35562
I20260709 12:12:11.594987  9902 raft_consensus.cc:606] T 37281ded94f047d19337d2f3977a554f P 5476682aa6df49318ad57a4b96fadc0f [term 1 LEADER]: Received request to transfer leadership to TS a29bfb024a334b11ad8b33d0ca7e2c45
I20260709 12:12:11.599145 10124 consensus_queue.cc:1048] T 37281ded94f047d19337d2f3977a554f P 5476682aa6df49318ad57a4b96fadc0f [LEADER]: Connected to new peer: Peer: permanent_uuid: "db8a083187594ebea6aba2228f5c708c" member_type: VOTER last_known_addr { host: "127.9.11.195" port: 41661 }, Status: LMP_MISMATCH, Last received: 0.0, Next index: 1, Last known committed idx: 0, Time since last communication: 0.000s
I20260709 12:12:11.604777 10051 tablet_service.cc:2072] Received LeaderStepDown RPC: tablet_id: "e89f5f728fe0493c9ed8730e6b3fed3e"
dest_uuid: "db8a083187594ebea6aba2228f5c708c"
mode: GRACEFUL
new_leader_uuid: "a29bfb024a334b11ad8b33d0ca7e2c45"
 from {username='slave'} at 127.0.0.1:35150
I20260709 12:12:11.605456 10051 raft_consensus.cc:606] T e89f5f728fe0493c9ed8730e6b3fed3e P db8a083187594ebea6aba2228f5c708c [term 1 LEADER]: Received request to transfer leadership to TS a29bfb024a334b11ad8b33d0ca7e2c45
I20260709 12:12:11.612322 10122 consensus_queue.cc:1048] T 37281ded94f047d19337d2f3977a554f P 5476682aa6df49318ad57a4b96fadc0f [LEADER]: Connected to new peer: Peer: permanent_uuid: "a29bfb024a334b11ad8b33d0ca7e2c45" member_type: VOTER last_known_addr { host: "127.9.11.194" port: 39425 }, Status: LMP_MISMATCH, Last received: 0.0, Next index: 1, Last known committed idx: 0, Time since last communication: 0.000s
I20260709 12:12:11.618546  9902 tablet_service.cc:2072] Received LeaderStepDown RPC: tablet_id: "e39dd74962e345ccacb6e64715c7de2f"
dest_uuid: "5476682aa6df49318ad57a4b96fadc0f"
mode: GRACEFUL
new_leader_uuid: "db8a083187594ebea6aba2228f5c708c"
 from {username='slave'} at 127.0.0.1:35562
I20260709 12:12:11.619136  9902 raft_consensus.cc:606] T e39dd74962e345ccacb6e64715c7de2f P 5476682aa6df49318ad57a4b96fadc0f [term 1 LEADER]: Received request to transfer leadership to TS db8a083187594ebea6aba2228f5c708c
I20260709 12:12:11.626456 10138 consensus_queue.cc:1048] T a55751f2048044f2acbd682c2442f945 P db8a083187594ebea6aba2228f5c708c [LEADER]: Connected to new peer: Peer: permanent_uuid: "5476682aa6df49318ad57a4b96fadc0f" member_type: VOTER last_known_addr { host: "127.9.11.193" port: 34063 }, Status: LMP_MISMATCH, Last received: 0.0, Next index: 1, Last known committed idx: 0, Time since last communication: 0.000s
I20260709 12:12:11.627832 10101 raft_consensus.cc:993] T 37281ded94f047d19337d2f3977a554f P 5476682aa6df49318ad57a4b96fadc0f: : Instructing follower a29bfb024a334b11ad8b33d0ca7e2c45 to start an election
I20260709 12:12:11.628280 10122 raft_consensus.cc:1081] T 37281ded94f047d19337d2f3977a554f P 5476682aa6df49318ad57a4b96fadc0f [term 1 LEADER]: Signalling peer a29bfb024a334b11ad8b33d0ca7e2c45 to start an election
I20260709 12:12:11.629643  9977 tablet_service.cc:2044] Received Run Leader Election RPC: tablet_id: "37281ded94f047d19337d2f3977a554f"
dest_uuid: "a29bfb024a334b11ad8b33d0ca7e2c45"
 from {username='slave'} at 127.0.0.1:58758
I20260709 12:12:11.630308  9977 raft_consensus.cc:493] T 37281ded94f047d19337d2f3977a554f P a29bfb024a334b11ad8b33d0ca7e2c45 [term 1 FOLLOWER]: Starting forced leader election (received explicit request)
I20260709 12:12:11.630671  9977 raft_consensus.cc:3060] T 37281ded94f047d19337d2f3977a554f P a29bfb024a334b11ad8b33d0ca7e2c45 [term 1 FOLLOWER]: Advancing to term 2
I20260709 12:12:11.637655 10120 consensus_queue.cc:1048] T a55751f2048044f2acbd682c2442f945 P db8a083187594ebea6aba2228f5c708c [LEADER]: Connected to new peer: Peer: permanent_uuid: "a29bfb024a334b11ad8b33d0ca7e2c45" member_type: VOTER last_known_addr { host: "127.9.11.194" port: 39425 }, Status: LMP_MISMATCH, Last received: 0.0, Next index: 1, Last known committed idx: 0, Time since last communication: 0.001s
I20260709 12:12:11.637699  9977 raft_consensus.cc:515] T 37281ded94f047d19337d2f3977a554f P a29bfb024a334b11ad8b33d0ca7e2c45 [term 2 FOLLOWER]: Starting forced leader election with config: opid_index: -1 OBSOLETE_local: false peers { permanent_uuid: "5476682aa6df49318ad57a4b96fadc0f" member_type: VOTER last_known_addr { host: "127.9.11.193" port: 34063 } } peers { permanent_uuid: "a29bfb024a334b11ad8b33d0ca7e2c45" member_type: VOTER last_known_addr { host: "127.9.11.194" port: 39425 } } peers { permanent_uuid: "db8a083187594ebea6aba2228f5c708c" member_type: VOTER last_known_addr { host: "127.9.11.195" port: 41661 } }
I20260709 12:12:11.640662  9977 leader_election.cc:290] T 37281ded94f047d19337d2f3977a554f P a29bfb024a334b11ad8b33d0ca7e2c45 [CANDIDATE]: Term 2 election: Requested vote from peers 5476682aa6df49318ad57a4b96fadc0f (127.9.11.193:34063), db8a083187594ebea6aba2228f5c708c (127.9.11.195:41661)
I20260709 12:12:11.642355  9902 tablet_service.cc:1917] Received RequestConsensusVote() RPC: tablet_id: "37281ded94f047d19337d2f3977a554f" candidate_uuid: "a29bfb024a334b11ad8b33d0ca7e2c45" candidate_term: 2 candidate_status { last_received { term: 1 index: 1 } } ignore_live_leader: true dest_uuid: "5476682aa6df49318ad57a4b96fadc0f"
I20260709 12:12:11.642884 10051 tablet_service.cc:1917] Received RequestConsensusVote() RPC: tablet_id: "37281ded94f047d19337d2f3977a554f" candidate_uuid: "a29bfb024a334b11ad8b33d0ca7e2c45" candidate_term: 2 candidate_status { last_received { term: 1 index: 1 } } ignore_live_leader: true dest_uuid: "db8a083187594ebea6aba2228f5c708c"
I20260709 12:12:11.643433 10051 raft_consensus.cc:3060] T 37281ded94f047d19337d2f3977a554f P db8a083187594ebea6aba2228f5c708c [term 1 FOLLOWER]: Advancing to term 2
I20260709 12:12:11.643635  9902 raft_consensus.cc:3055] T 37281ded94f047d19337d2f3977a554f P 5476682aa6df49318ad57a4b96fadc0f [term 1 LEADER]: Stepping down as leader of term 1
I20260709 12:12:11.644073  9902 raft_consensus.cc:740] T 37281ded94f047d19337d2f3977a554f P 5476682aa6df49318ad57a4b96fadc0f [term 1 LEADER]: Becoming Follower/Learner. State: Replica: 5476682aa6df49318ad57a4b96fadc0f, State: Running, Role: LEADER
I20260709 12:12:11.645078  9902 consensus_queue.cc:260] T 37281ded94f047d19337d2f3977a554f P 5476682aa6df49318ad57a4b96fadc0f [NON_LEADER]: Queue going to NON_LEADER mode. State: All replicated index: 0, Majority replicated index: 1, Committed index: 1, Last appended: 1.1, Last appended by leader: 1, Current term: 1, Majority size: -1, State: 0, Mode: NON_LEADER, active raft config: opid_index: -1 OBSOLETE_local: false peers { permanent_uuid: "5476682aa6df49318ad57a4b96fadc0f" member_type: VOTER last_known_addr { host: "127.9.11.193" port: 34063 } } peers { permanent_uuid: "a29bfb024a334b11ad8b33d0ca7e2c45" member_type: VOTER last_known_addr { host: "127.9.11.194" port: 39425 } } peers { permanent_uuid: "db8a083187594ebea6aba2228f5c708c" member_type: VOTER last_known_addr { host: "127.9.11.195" port: 41661 } }
I20260709 12:12:11.646271  9902 raft_consensus.cc:3060] T 37281ded94f047d19337d2f3977a554f P 5476682aa6df49318ad57a4b96fadc0f [term 1 FOLLOWER]: Advancing to term 2
I20260709 12:12:11.651961 10051 raft_consensus.cc:2468] T 37281ded94f047d19337d2f3977a554f P db8a083187594ebea6aba2228f5c708c [term 2 FOLLOWER]: Leader election vote request: Granting yes vote for candidate a29bfb024a334b11ad8b33d0ca7e2c45 in term 2.
I20260709 12:12:11.653532  9902 raft_consensus.cc:2468] T 37281ded94f047d19337d2f3977a554f P 5476682aa6df49318ad57a4b96fadc0f [term 2 FOLLOWER]: Leader election vote request: Granting yes vote for candidate a29bfb024a334b11ad8b33d0ca7e2c45 in term 2.
I20260709 12:12:11.655792  9944 leader_election.cc:304] T 37281ded94f047d19337d2f3977a554f P a29bfb024a334b11ad8b33d0ca7e2c45 [CANDIDATE]: Term 2 election: Election decided. Result: candidate won. Election summary: received 2 responses out of 3 voters: 2 yes votes; 0 no votes. yes voters: 5476682aa6df49318ad57a4b96fadc0f, a29bfb024a334b11ad8b33d0ca7e2c45; no voters: 
I20260709 12:12:11.656570 10143 raft_consensus.cc:2804] T 37281ded94f047d19337d2f3977a554f P a29bfb024a334b11ad8b33d0ca7e2c45 [term 2 FOLLOWER]: Leader election won for term 2
I20260709 12:12:11.657042 10143 raft_consensus.cc:697] T 37281ded94f047d19337d2f3977a554f P a29bfb024a334b11ad8b33d0ca7e2c45 [term 2 LEADER]: Becoming Leader. State: Replica: a29bfb024a334b11ad8b33d0ca7e2c45, State: Running, Role: LEADER
I20260709 12:12:11.657879 10143 consensus_queue.cc:237] T 37281ded94f047d19337d2f3977a554f P a29bfb024a334b11ad8b33d0ca7e2c45 [LEADER]: Queue going to LEADER mode. State: All replicated index: 0, Majority replicated index: 1, Committed index: 1, Last appended: 1.1, Last appended by leader: 1, Current term: 2, Majority size: 2, State: 0, Mode: LEADER, active raft config: opid_index: -1 OBSOLETE_local: false peers { permanent_uuid: "5476682aa6df49318ad57a4b96fadc0f" member_type: VOTER last_known_addr { host: "127.9.11.193" port: 34063 } } peers { permanent_uuid: "a29bfb024a334b11ad8b33d0ca7e2c45" member_type: VOTER last_known_addr { host: "127.9.11.194" port: 39425 } } peers { permanent_uuid: "db8a083187594ebea6aba2228f5c708c" member_type: VOTER last_known_addr { host: "127.9.11.195" port: 41661 } }
I20260709 12:12:11.664573 10120 raft_consensus.cc:993] T a55751f2048044f2acbd682c2442f945 P db8a083187594ebea6aba2228f5c708c: : Instructing follower a29bfb024a334b11ad8b33d0ca7e2c45 to start an election
I20260709 12:12:11.665027 10121 raft_consensus.cc:1081] T a55751f2048044f2acbd682c2442f945 P db8a083187594ebea6aba2228f5c708c [term 1 LEADER]: Signalling peer a29bfb024a334b11ad8b33d0ca7e2c45 to start an election
I20260709 12:12:11.666533  9977 tablet_service.cc:2044] Received Run Leader Election RPC: tablet_id: "a55751f2048044f2acbd682c2442f945"
dest_uuid: "a29bfb024a334b11ad8b33d0ca7e2c45"
 from {username='slave'} at 127.0.0.1:58764
I20260709 12:12:11.667054  9977 raft_consensus.cc:493] T a55751f2048044f2acbd682c2442f945 P a29bfb024a334b11ad8b33d0ca7e2c45 [term 1 FOLLOWER]: Starting forced leader election (received explicit request)
I20260709 12:12:11.667385  9977 raft_consensus.cc:3060] T a55751f2048044f2acbd682c2442f945 P a29bfb024a334b11ad8b33d0ca7e2c45 [term 1 FOLLOWER]: Advancing to term 2
I20260709 12:12:11.671609  9800 catalog_manager.cc:5697] T 37281ded94f047d19337d2f3977a554f P a29bfb024a334b11ad8b33d0ca7e2c45 reported cstate change: term changed from 1 to 2, leader changed from 5476682aa6df49318ad57a4b96fadc0f (127.9.11.193) to a29bfb024a334b11ad8b33d0ca7e2c45 (127.9.11.194). New cstate: current_term: 2 leader_uuid: "a29bfb024a334b11ad8b33d0ca7e2c45" committed_config { opid_index: -1 OBSOLETE_local: false peers { permanent_uuid: "5476682aa6df49318ad57a4b96fadc0f" member_type: VOTER last_known_addr { host: "127.9.11.193" port: 34063 } health_report { overall_health: UNKNOWN } } peers { permanent_uuid: "a29bfb024a334b11ad8b33d0ca7e2c45" member_type: VOTER last_known_addr { host: "127.9.11.194" port: 39425 } health_report { overall_health: HEALTHY } } peers { permanent_uuid: "db8a083187594ebea6aba2228f5c708c" member_type: VOTER last_known_addr { host: "127.9.11.195" port: 41661 } health_report { overall_health: UNKNOWN } } }
I20260709 12:12:11.674427  9977 raft_consensus.cc:515] T a55751f2048044f2acbd682c2442f945 P a29bfb024a334b11ad8b33d0ca7e2c45 [term 2 FOLLOWER]: Starting forced leader election with config: opid_index: -1 OBSOLETE_local: false peers { permanent_uuid: "5476682aa6df49318ad57a4b96fadc0f" member_type: VOTER last_known_addr { host: "127.9.11.193" port: 34063 } } peers { permanent_uuid: "a29bfb024a334b11ad8b33d0ca7e2c45" member_type: VOTER last_known_addr { host: "127.9.11.194" port: 39425 } } peers { permanent_uuid: "db8a083187594ebea6aba2228f5c708c" member_type: VOTER last_known_addr { host: "127.9.11.195" port: 41661 } }
I20260709 12:12:11.676900  9977 leader_election.cc:290] T a55751f2048044f2acbd682c2442f945 P a29bfb024a334b11ad8b33d0ca7e2c45 [CANDIDATE]: Term 2 election: Requested vote from peers 5476682aa6df49318ad57a4b96fadc0f (127.9.11.193:34063), db8a083187594ebea6aba2228f5c708c (127.9.11.195:41661)
I20260709 12:12:11.677019  9902 tablet_service.cc:1917] Received RequestConsensusVote() RPC: tablet_id: "a55751f2048044f2acbd682c2442f945" candidate_uuid: "a29bfb024a334b11ad8b33d0ca7e2c45" candidate_term: 2 candidate_status { last_received { term: 1 index: 1 } } ignore_live_leader: true dest_uuid: "5476682aa6df49318ad57a4b96fadc0f"
I20260709 12:12:11.677593  9902 raft_consensus.cc:3060] T a55751f2048044f2acbd682c2442f945 P 5476682aa6df49318ad57a4b96fadc0f [term 1 FOLLOWER]: Advancing to term 2
I20260709 12:12:11.678620 10051 tablet_service.cc:1917] Received RequestConsensusVote() RPC: tablet_id: "a55751f2048044f2acbd682c2442f945" candidate_uuid: "a29bfb024a334b11ad8b33d0ca7e2c45" candidate_term: 2 candidate_status { last_received { term: 1 index: 1 } } ignore_live_leader: true dest_uuid: "db8a083187594ebea6aba2228f5c708c"
I20260709 12:12:11.679080 10051 raft_consensus.cc:3055] T a55751f2048044f2acbd682c2442f945 P db8a083187594ebea6aba2228f5c708c [term 1 LEADER]: Stepping down as leader of term 1
I20260709 12:12:11.679278 10051 raft_consensus.cc:740] T a55751f2048044f2acbd682c2442f945 P db8a083187594ebea6aba2228f5c708c [term 1 LEADER]: Becoming Follower/Learner. State: Replica: db8a083187594ebea6aba2228f5c708c, State: Running, Role: LEADER
I20260709 12:12:11.680022 10051 consensus_queue.cc:260] T a55751f2048044f2acbd682c2442f945 P db8a083187594ebea6aba2228f5c708c [NON_LEADER]: Queue going to NON_LEADER mode. State: All replicated index: 0, Majority replicated index: 1, Committed index: 1, Last appended: 1.1, Last appended by leader: 1, Current term: 1, Majority size: -1, State: 0, Mode: NON_LEADER, active raft config: opid_index: -1 OBSOLETE_local: false peers { permanent_uuid: "5476682aa6df49318ad57a4b96fadc0f" member_type: VOTER last_known_addr { host: "127.9.11.193" port: 34063 } } peers { permanent_uuid: "a29bfb024a334b11ad8b33d0ca7e2c45" member_type: VOTER last_known_addr { host: "127.9.11.194" port: 39425 } } peers { permanent_uuid: "db8a083187594ebea6aba2228f5c708c" member_type: VOTER last_known_addr { host: "127.9.11.195" port: 41661 } }
I20260709 12:12:11.680780 10051 raft_consensus.cc:3060] T a55751f2048044f2acbd682c2442f945 P db8a083187594ebea6aba2228f5c708c [term 1 FOLLOWER]: Advancing to term 2
I20260709 12:12:11.684171 10120 consensus_queue.cc:1048] T 0b3af156a59f4c71a30dca422d34a8e8 P db8a083187594ebea6aba2228f5c708c [LEADER]: Connected to new peer: Peer: permanent_uuid: "5476682aa6df49318ad57a4b96fadc0f" member_type: VOTER last_known_addr { host: "127.9.11.193" port: 34063 }, Status: LMP_MISMATCH, Last received: 0.0, Next index: 1, Last known committed idx: 0, Time since last communication: 0.000s
I20260709 12:12:11.685060  9902 raft_consensus.cc:2468] T a55751f2048044f2acbd682c2442f945 P 5476682aa6df49318ad57a4b96fadc0f [term 2 FOLLOWER]: Leader election vote request: Granting yes vote for candidate a29bfb024a334b11ad8b33d0ca7e2c45 in term 2.
I20260709 12:12:11.686388  9944 leader_election.cc:304] T a55751f2048044f2acbd682c2442f945 P a29bfb024a334b11ad8b33d0ca7e2c45 [CANDIDATE]: Term 2 election: Election decided. Result: candidate won. Election summary: received 2 responses out of 3 voters: 2 yes votes; 0 no votes. yes voters: 5476682aa6df49318ad57a4b96fadc0f, a29bfb024a334b11ad8b33d0ca7e2c45; no voters: 
I20260709 12:12:11.687160 10143 raft_consensus.cc:2804] T a55751f2048044f2acbd682c2442f945 P a29bfb024a334b11ad8b33d0ca7e2c45 [term 2 FOLLOWER]: Leader election won for term 2
I20260709 12:12:11.687636 10143 raft_consensus.cc:697] T a55751f2048044f2acbd682c2442f945 P a29bfb024a334b11ad8b33d0ca7e2c45 [term 2 LEADER]: Becoming Leader. State: Replica: a29bfb024a334b11ad8b33d0ca7e2c45, State: Running, Role: LEADER
I20260709 12:12:11.687690 10051 raft_consensus.cc:2468] T a55751f2048044f2acbd682c2442f945 P db8a083187594ebea6aba2228f5c708c [term 2 FOLLOWER]: Leader election vote request: Granting yes vote for candidate a29bfb024a334b11ad8b33d0ca7e2c45 in term 2.
I20260709 12:12:11.688534 10143 consensus_queue.cc:237] T a55751f2048044f2acbd682c2442f945 P a29bfb024a334b11ad8b33d0ca7e2c45 [LEADER]: Queue going to LEADER mode. State: All replicated index: 0, Majority replicated index: 1, Committed index: 1, Last appended: 1.1, Last appended by leader: 1, Current term: 2, Majority size: 2, State: 0, Mode: LEADER, active raft config: opid_index: -1 OBSOLETE_local: false peers { permanent_uuid: "5476682aa6df49318ad57a4b96fadc0f" member_type: VOTER last_known_addr { host: "127.9.11.193" port: 34063 } } peers { permanent_uuid: "a29bfb024a334b11ad8b33d0ca7e2c45" member_type: VOTER last_known_addr { host: "127.9.11.194" port: 39425 } } peers { permanent_uuid: "db8a083187594ebea6aba2228f5c708c" member_type: VOTER last_known_addr { host: "127.9.11.195" port: 41661 } }
I20260709 12:12:11.692162 10098 raft_consensus.cc:993] T 0b3af156a59f4c71a30dca422d34a8e8 P db8a083187594ebea6aba2228f5c708c: : Instructing follower 5476682aa6df49318ad57a4b96fadc0f to start an election
I20260709 12:12:11.692603 10098 raft_consensus.cc:1081] T 0b3af156a59f4c71a30dca422d34a8e8 P db8a083187594ebea6aba2228f5c708c [term 1 LEADER]: Signalling peer 5476682aa6df49318ad57a4b96fadc0f to start an election
I20260709 12:12:11.694096  9903 tablet_service.cc:2044] Received Run Leader Election RPC: tablet_id: "0b3af156a59f4c71a30dca422d34a8e8"
dest_uuid: "5476682aa6df49318ad57a4b96fadc0f"
 from {username='slave'} at 127.0.0.1:35552
I20260709 12:12:11.694669  9903 raft_consensus.cc:493] T 0b3af156a59f4c71a30dca422d34a8e8 P 5476682aa6df49318ad57a4b96fadc0f [term 1 FOLLOWER]: Starting forced leader election (received explicit request)
I20260709 12:12:11.694981  9903 raft_consensus.cc:3060] T 0b3af156a59f4c71a30dca422d34a8e8 P 5476682aa6df49318ad57a4b96fadc0f [term 1 FOLLOWER]: Advancing to term 2
I20260709 12:12:11.701426  9903 raft_consensus.cc:515] T 0b3af156a59f4c71a30dca422d34a8e8 P 5476682aa6df49318ad57a4b96fadc0f [term 2 FOLLOWER]: Starting forced leader election with config: opid_index: -1 OBSOLETE_local: false peers { permanent_uuid: "a29bfb024a334b11ad8b33d0ca7e2c45" member_type: VOTER last_known_addr { host: "127.9.11.194" port: 39425 } } peers { permanent_uuid: "5476682aa6df49318ad57a4b96fadc0f" member_type: VOTER last_known_addr { host: "127.9.11.193" port: 34063 } } peers { permanent_uuid: "db8a083187594ebea6aba2228f5c708c" member_type: VOTER last_known_addr { host: "127.9.11.195" port: 41661 } }
I20260709 12:12:11.702426 10143 raft_consensus.cc:493] T e89f5f728fe0493c9ed8730e6b3fed3e P a29bfb024a334b11ad8b33d0ca7e2c45 [term 0 FOLLOWER]: Starting pre-election (no leader contacted us within the election timeout)
I20260709 12:12:11.702908 10120 consensus_queue.cc:1048] T 0b3af156a59f4c71a30dca422d34a8e8 P db8a083187594ebea6aba2228f5c708c [LEADER]: Connected to new peer: Peer: permanent_uuid: "a29bfb024a334b11ad8b33d0ca7e2c45" member_type: VOTER last_known_addr { host: "127.9.11.194" port: 39425 }, Status: LMP_MISMATCH, Last received: 0.0, Next index: 1, Last known committed idx: 0, Time since last communication: 0.001s
I20260709 12:12:11.702890 10143 raft_consensus.cc:515] T e89f5f728fe0493c9ed8730e6b3fed3e P a29bfb024a334b11ad8b33d0ca7e2c45 [term 0 FOLLOWER]: Starting pre-election with config: opid_index: -1 OBSOLETE_local: false peers { permanent_uuid: "5476682aa6df49318ad57a4b96fadc0f" member_type: VOTER last_known_addr { host: "127.9.11.193" port: 34063 } } peers { permanent_uuid: "a29bfb024a334b11ad8b33d0ca7e2c45" member_type: VOTER last_known_addr { host: "127.9.11.194" port: 39425 } } peers { permanent_uuid: "db8a083187594ebea6aba2228f5c708c" member_type: VOTER last_known_addr { host: "127.9.11.195" port: 41661 } }
I20260709 12:12:11.703447  9800 catalog_manager.cc:5697] T a55751f2048044f2acbd682c2442f945 P a29bfb024a334b11ad8b33d0ca7e2c45 reported cstate change: term changed from 1 to 2, leader changed from db8a083187594ebea6aba2228f5c708c (127.9.11.195) to a29bfb024a334b11ad8b33d0ca7e2c45 (127.9.11.194). New cstate: current_term: 2 leader_uuid: "a29bfb024a334b11ad8b33d0ca7e2c45" committed_config { opid_index: -1 OBSOLETE_local: false peers { permanent_uuid: "5476682aa6df49318ad57a4b96fadc0f" member_type: VOTER last_known_addr { host: "127.9.11.193" port: 34063 } health_report { overall_health: UNKNOWN } } peers { permanent_uuid: "a29bfb024a334b11ad8b33d0ca7e2c45" member_type: VOTER last_known_addr { host: "127.9.11.194" port: 39425 } health_report { overall_health: HEALTHY } } peers { permanent_uuid: "db8a083187594ebea6aba2228f5c708c" member_type: VOTER last_known_addr { host: "127.9.11.195" port: 41661 } health_report { overall_health: UNKNOWN } } }
I20260709 12:12:11.706310 10143 leader_election.cc:290] T e89f5f728fe0493c9ed8730e6b3fed3e P a29bfb024a334b11ad8b33d0ca7e2c45 [CANDIDATE]: Term 1 pre-election: Requested pre-vote from peers 5476682aa6df49318ad57a4b96fadc0f (127.9.11.193:34063), db8a083187594ebea6aba2228f5c708c (127.9.11.195:41661)
I20260709 12:12:11.707087  9902 tablet_service.cc:1917] Received RequestConsensusVote() RPC: tablet_id: "e89f5f728fe0493c9ed8730e6b3fed3e" candidate_uuid: "a29bfb024a334b11ad8b33d0ca7e2c45" candidate_term: 1 candidate_status { last_received { term: 0 index: 0 } } ignore_live_leader: false dest_uuid: "5476682aa6df49318ad57a4b96fadc0f" is_pre_election: true
I20260709 12:12:11.707357 10051 tablet_service.cc:1917] Received RequestConsensusVote() RPC: tablet_id: "e89f5f728fe0493c9ed8730e6b3fed3e" candidate_uuid: "a29bfb024a334b11ad8b33d0ca7e2c45" candidate_term: 1 candidate_status { last_received { term: 0 index: 0 } } ignore_live_leader: false dest_uuid: "db8a083187594ebea6aba2228f5c708c" is_pre_election: true
I20260709 12:12:11.707885  9902 raft_consensus.cc:2393] T e89f5f728fe0493c9ed8730e6b3fed3e P 5476682aa6df49318ad57a4b96fadc0f [term 1 FOLLOWER]: Leader pre-election vote request: Denying vote to candidate a29bfb024a334b11ad8b33d0ca7e2c45 in current term 1: Already voted for candidate db8a083187594ebea6aba2228f5c708c in this term.
I20260709 12:12:11.708961  9944 leader_election.cc:304] T e89f5f728fe0493c9ed8730e6b3fed3e P a29bfb024a334b11ad8b33d0ca7e2c45 [CANDIDATE]: Term 1 pre-election: Election decided. Result: candidate lost. Election summary: received 3 responses out of 3 voters: 1 yes votes; 2 no votes. yes voters: a29bfb024a334b11ad8b33d0ca7e2c45; no voters: 5476682aa6df49318ad57a4b96fadc0f, db8a083187594ebea6aba2228f5c708c
I20260709 12:12:11.709681 10143 raft_consensus.cc:3060] T e89f5f728fe0493c9ed8730e6b3fed3e P a29bfb024a334b11ad8b33d0ca7e2c45 [term 0 FOLLOWER]: Advancing to term 1
I20260709 12:12:11.717286 10143 raft_consensus.cc:2749] T e89f5f728fe0493c9ed8730e6b3fed3e P a29bfb024a334b11ad8b33d0ca7e2c45 [term 1 FOLLOWER]: Leader pre-election lost for term 1. Reason: could not achieve majority
I20260709 12:12:11.717784  9978 tablet_service.cc:1917] Received RequestConsensusVote() RPC: tablet_id: "0b3af156a59f4c71a30dca422d34a8e8" candidate_uuid: "5476682aa6df49318ad57a4b96fadc0f" candidate_term: 2 candidate_status { last_received { term: 1 index: 1 } } ignore_live_leader: true dest_uuid: "a29bfb024a334b11ad8b33d0ca7e2c45"
I20260709 12:12:11.720440  9903 leader_election.cc:290] T 0b3af156a59f4c71a30dca422d34a8e8 P 5476682aa6df49318ad57a4b96fadc0f [CANDIDATE]: Term 2 election: Requested vote from peers a29bfb024a334b11ad8b33d0ca7e2c45 (127.9.11.194:39425), db8a083187594ebea6aba2228f5c708c (127.9.11.195:41661)
I20260709 12:12:11.721645 10051 tablet_service.cc:1917] Received RequestConsensusVote() RPC: tablet_id: "0b3af156a59f4c71a30dca422d34a8e8" candidate_uuid: "5476682aa6df49318ad57a4b96fadc0f" candidate_term: 2 candidate_status { last_received { term: 1 index: 1 } } ignore_live_leader: true dest_uuid: "db8a083187594ebea6aba2228f5c708c"
I20260709 12:12:11.722268 10051 raft_consensus.cc:3055] T 0b3af156a59f4c71a30dca422d34a8e8 P db8a083187594ebea6aba2228f5c708c [term 1 LEADER]: Stepping down as leader of term 1
I20260709 12:12:11.722569 10051 raft_consensus.cc:740] T 0b3af156a59f4c71a30dca422d34a8e8 P db8a083187594ebea6aba2228f5c708c [term 1 LEADER]: Becoming Follower/Learner. State: Replica: db8a083187594ebea6aba2228f5c708c, State: Running, Role: LEADER
I20260709 12:12:11.723186 10051 consensus_queue.cc:260] T 0b3af156a59f4c71a30dca422d34a8e8 P db8a083187594ebea6aba2228f5c708c [NON_LEADER]: Queue going to NON_LEADER mode. State: All replicated index: 0, Majority replicated index: 1, Committed index: 1, Last appended: 1.1, Last appended by leader: 1, Current term: 1, Majority size: -1, State: 0, Mode: NON_LEADER, active raft config: opid_index: -1 OBSOLETE_local: false peers { permanent_uuid: "a29bfb024a334b11ad8b33d0ca7e2c45" member_type: VOTER last_known_addr { host: "127.9.11.194" port: 39425 } } peers { permanent_uuid: "5476682aa6df49318ad57a4b96fadc0f" member_type: VOTER last_known_addr { host: "127.9.11.193" port: 34063 } } peers { permanent_uuid: "db8a083187594ebea6aba2228f5c708c" member_type: VOTER last_known_addr { host: "127.9.11.195" port: 41661 } }
I20260709 12:12:11.724050 10051 raft_consensus.cc:3060] T 0b3af156a59f4c71a30dca422d34a8e8 P db8a083187594ebea6aba2228f5c708c [term 1 FOLLOWER]: Advancing to term 2
I20260709 12:12:11.728500 10051 raft_consensus.cc:2468] T 0b3af156a59f4c71a30dca422d34a8e8 P db8a083187594ebea6aba2228f5c708c [term 2 FOLLOWER]: Leader election vote request: Granting yes vote for candidate 5476682aa6df49318ad57a4b96fadc0f in term 2.
I20260709 12:12:11.729398  9867 leader_election.cc:304] T 0b3af156a59f4c71a30dca422d34a8e8 P 5476682aa6df49318ad57a4b96fadc0f [CANDIDATE]: Term 2 election: Election decided. Result: candidate won. Election summary: received 3 responses out of 3 voters: 2 yes votes; 1 no votes. yes voters: 5476682aa6df49318ad57a4b96fadc0f, db8a083187594ebea6aba2228f5c708c; no voters: a29bfb024a334b11ad8b33d0ca7e2c45
I20260709 12:12:11.730032 10122 raft_consensus.cc:2804] T 0b3af156a59f4c71a30dca422d34a8e8 P 5476682aa6df49318ad57a4b96fadc0f [term 2 FOLLOWER]: Leader election won for term 2
I20260709 12:12:11.730520 10122 raft_consensus.cc:697] T 0b3af156a59f4c71a30dca422d34a8e8 P 5476682aa6df49318ad57a4b96fadc0f [term 2 LEADER]: Becoming Leader. State: Replica: 5476682aa6df49318ad57a4b96fadc0f, State: Running, Role: LEADER
I20260709 12:12:11.731227 10122 consensus_queue.cc:237] T 0b3af156a59f4c71a30dca422d34a8e8 P 5476682aa6df49318ad57a4b96fadc0f [LEADER]: Queue going to LEADER mode. State: All replicated index: 0, Majority replicated index: 1, Committed index: 1, Last appended: 1.1, Last appended by leader: 1, Current term: 2, Majority size: 2, State: 0, Mode: LEADER, active raft config: opid_index: -1 OBSOLETE_local: false peers { permanent_uuid: "a29bfb024a334b11ad8b33d0ca7e2c45" member_type: VOTER last_known_addr { host: "127.9.11.194" port: 39425 } } peers { permanent_uuid: "5476682aa6df49318ad57a4b96fadc0f" member_type: VOTER last_known_addr { host: "127.9.11.193" port: 34063 } } peers { permanent_uuid: "db8a083187594ebea6aba2228f5c708c" member_type: VOTER last_known_addr { host: "127.9.11.195" port: 41661 } }
I20260709 12:12:11.737213  9800 catalog_manager.cc:5697] T 0b3af156a59f4c71a30dca422d34a8e8 P 5476682aa6df49318ad57a4b96fadc0f reported cstate change: term changed from 1 to 2, leader changed from db8a083187594ebea6aba2228f5c708c (127.9.11.195) to 5476682aa6df49318ad57a4b96fadc0f (127.9.11.193). New cstate: current_term: 2 leader_uuid: "5476682aa6df49318ad57a4b96fadc0f" committed_config { opid_index: -1 OBSOLETE_local: false peers { permanent_uuid: "a29bfb024a334b11ad8b33d0ca7e2c45" member_type: VOTER last_known_addr { host: "127.9.11.194" port: 39425 } health_report { overall_health: UNKNOWN } } peers { permanent_uuid: "5476682aa6df49318ad57a4b96fadc0f" member_type: VOTER last_known_addr { host: "127.9.11.193" port: 34063 } health_report { overall_health: HEALTHY } } peers { permanent_uuid: "db8a083187594ebea6aba2228f5c708c" member_type: VOTER last_known_addr { host: "127.9.11.195" port: 41661 } health_report { overall_health: UNKNOWN } } }
I20260709 12:12:11.775305 10120 consensus_queue.cc:1048] T e89f5f728fe0493c9ed8730e6b3fed3e P db8a083187594ebea6aba2228f5c708c [LEADER]: Connected to new peer: Peer: permanent_uuid: "5476682aa6df49318ad57a4b96fadc0f" member_type: VOTER last_known_addr { host: "127.9.11.193" port: 34063 }, Status: LMP_MISMATCH, Last received: 0.0, Next index: 1, Last known committed idx: 0, Time since last communication: 0.000s
I20260709 12:12:11.785063 10098 consensus_queue.cc:1048] T e89f5f728fe0493c9ed8730e6b3fed3e P db8a083187594ebea6aba2228f5c708c [LEADER]: Connected to new peer: Peer: permanent_uuid: "a29bfb024a334b11ad8b33d0ca7e2c45" member_type: VOTER last_known_addr { host: "127.9.11.194" port: 39425 }, Status: LMP_MISMATCH, Last received: 0.0, Next index: 1, Last known committed idx: 0, Time since last communication: 0.000s
I20260709 12:12:11.792429 10098 raft_consensus.cc:993] T e89f5f728fe0493c9ed8730e6b3fed3e P db8a083187594ebea6aba2228f5c708c: : Instructing follower a29bfb024a334b11ad8b33d0ca7e2c45 to start an election
I20260709 12:12:11.792902 10119 raft_consensus.cc:1081] T e89f5f728fe0493c9ed8730e6b3fed3e P db8a083187594ebea6aba2228f5c708c [term 1 LEADER]: Signalling peer a29bfb024a334b11ad8b33d0ca7e2c45 to start an election
I20260709 12:12:11.794705  9977 tablet_service.cc:2044] Received Run Leader Election RPC: tablet_id: "e89f5f728fe0493c9ed8730e6b3fed3e"
dest_uuid: "a29bfb024a334b11ad8b33d0ca7e2c45"
 from {username='slave'} at 127.0.0.1:58764
I20260709 12:12:11.795167  9977 raft_consensus.cc:493] T e89f5f728fe0493c9ed8730e6b3fed3e P a29bfb024a334b11ad8b33d0ca7e2c45 [term 1 FOLLOWER]: Starting forced leader election (received explicit request)
I20260709 12:12:11.795467  9977 raft_consensus.cc:3060] T e89f5f728fe0493c9ed8730e6b3fed3e P a29bfb024a334b11ad8b33d0ca7e2c45 [term 1 FOLLOWER]: Advancing to term 2
I20260709 12:12:11.800014  9977 raft_consensus.cc:515] T e89f5f728fe0493c9ed8730e6b3fed3e P a29bfb024a334b11ad8b33d0ca7e2c45 [term 2 FOLLOWER]: Starting forced leader election with config: opid_index: -1 OBSOLETE_local: false peers { permanent_uuid: "5476682aa6df49318ad57a4b96fadc0f" member_type: VOTER last_known_addr { host: "127.9.11.193" port: 34063 } } peers { permanent_uuid: "a29bfb024a334b11ad8b33d0ca7e2c45" member_type: VOTER last_known_addr { host: "127.9.11.194" port: 39425 } } peers { permanent_uuid: "db8a083187594ebea6aba2228f5c708c" member_type: VOTER last_known_addr { host: "127.9.11.195" port: 41661 } }
I20260709 12:12:11.801995  9977 leader_election.cc:290] T e89f5f728fe0493c9ed8730e6b3fed3e P a29bfb024a334b11ad8b33d0ca7e2c45 [CANDIDATE]: Term 2 election: Requested vote from peers 5476682aa6df49318ad57a4b96fadc0f (127.9.11.193:34063), db8a083187594ebea6aba2228f5c708c (127.9.11.195:41661)
I20260709 12:12:11.802593 10051 tablet_service.cc:1917] Received RequestConsensusVote() RPC: tablet_id: "e89f5f728fe0493c9ed8730e6b3fed3e" candidate_uuid: "a29bfb024a334b11ad8b33d0ca7e2c45" candidate_term: 2 candidate_status { last_received { term: 1 index: 1 } } ignore_live_leader: true dest_uuid: "db8a083187594ebea6aba2228f5c708c"
I20260709 12:12:11.802755  9903 tablet_service.cc:1917] Received RequestConsensusVote() RPC: tablet_id: "e89f5f728fe0493c9ed8730e6b3fed3e" candidate_uuid: "a29bfb024a334b11ad8b33d0ca7e2c45" candidate_term: 2 candidate_status { last_received { term: 1 index: 1 } } ignore_live_leader: true dest_uuid: "5476682aa6df49318ad57a4b96fadc0f"
I20260709 12:12:11.803247  9903 raft_consensus.cc:3060] T e89f5f728fe0493c9ed8730e6b3fed3e P 5476682aa6df49318ad57a4b96fadc0f [term 1 FOLLOWER]: Advancing to term 2
I20260709 12:12:11.803181 10051 raft_consensus.cc:3055] T e89f5f728fe0493c9ed8730e6b3fed3e P db8a083187594ebea6aba2228f5c708c [term 1 LEADER]: Stepping down as leader of term 1
I20260709 12:12:11.803789 10051 raft_consensus.cc:740] T e89f5f728fe0493c9ed8730e6b3fed3e P db8a083187594ebea6aba2228f5c708c [term 1 LEADER]: Becoming Follower/Learner. State: Replica: db8a083187594ebea6aba2228f5c708c, State: Running, Role: LEADER
I20260709 12:12:11.804643 10051 consensus_queue.cc:260] T e89f5f728fe0493c9ed8730e6b3fed3e P db8a083187594ebea6aba2228f5c708c [NON_LEADER]: Queue going to NON_LEADER mode. State: All replicated index: 0, Majority replicated index: 1, Committed index: 1, Last appended: 1.1, Last appended by leader: 1, Current term: 1, Majority size: -1, State: 0, Mode: NON_LEADER, active raft config: opid_index: -1 OBSOLETE_local: false peers { permanent_uuid: "5476682aa6df49318ad57a4b96fadc0f" member_type: VOTER last_known_addr { host: "127.9.11.193" port: 34063 } } peers { permanent_uuid: "a29bfb024a334b11ad8b33d0ca7e2c45" member_type: VOTER last_known_addr { host: "127.9.11.194" port: 39425 } } peers { permanent_uuid: "db8a083187594ebea6aba2228f5c708c" member_type: VOTER last_known_addr { host: "127.9.11.195" port: 41661 } }
I20260709 12:12:11.805832 10051 raft_consensus.cc:3060] T e89f5f728fe0493c9ed8730e6b3fed3e P db8a083187594ebea6aba2228f5c708c [term 1 FOLLOWER]: Advancing to term 2
I20260709 12:12:11.810271  9903 raft_consensus.cc:2468] T e89f5f728fe0493c9ed8730e6b3fed3e P 5476682aa6df49318ad57a4b96fadc0f [term 2 FOLLOWER]: Leader election vote request: Granting yes vote for candidate a29bfb024a334b11ad8b33d0ca7e2c45 in term 2.
I20260709 12:12:11.811451  9944 leader_election.cc:304] T e89f5f728fe0493c9ed8730e6b3fed3e P a29bfb024a334b11ad8b33d0ca7e2c45 [CANDIDATE]: Term 2 election: Election decided. Result: candidate won. Election summary: received 2 responses out of 3 voters: 2 yes votes; 0 no votes. yes voters: 5476682aa6df49318ad57a4b96fadc0f, a29bfb024a334b11ad8b33d0ca7e2c45; no voters: 
I20260709 12:12:11.812219 10143 raft_consensus.cc:2804] T e89f5f728fe0493c9ed8730e6b3fed3e P a29bfb024a334b11ad8b33d0ca7e2c45 [term 2 FOLLOWER]: Leader election won for term 2
I20260709 12:12:11.812304 10051 raft_consensus.cc:2468] T e89f5f728fe0493c9ed8730e6b3fed3e P db8a083187594ebea6aba2228f5c708c [term 2 FOLLOWER]: Leader election vote request: Granting yes vote for candidate a29bfb024a334b11ad8b33d0ca7e2c45 in term 2.
I20260709 12:12:11.812778 10143 raft_consensus.cc:697] T e89f5f728fe0493c9ed8730e6b3fed3e P a29bfb024a334b11ad8b33d0ca7e2c45 [term 2 LEADER]: Becoming Leader. State: Replica: a29bfb024a334b11ad8b33d0ca7e2c45, State: Running, Role: LEADER
I20260709 12:12:11.813622 10143 consensus_queue.cc:237] T e89f5f728fe0493c9ed8730e6b3fed3e P a29bfb024a334b11ad8b33d0ca7e2c45 [LEADER]: Queue going to LEADER mode. State: All replicated index: 0, Majority replicated index: 1, Committed index: 1, Last appended: 1.1, Last appended by leader: 1, Current term: 2, Majority size: 2, State: 0, Mode: LEADER, active raft config: opid_index: -1 OBSOLETE_local: false peers { permanent_uuid: "5476682aa6df49318ad57a4b96fadc0f" member_type: VOTER last_known_addr { host: "127.9.11.193" port: 34063 } } peers { permanent_uuid: "a29bfb024a334b11ad8b33d0ca7e2c45" member_type: VOTER last_known_addr { host: "127.9.11.194" port: 39425 } } peers { permanent_uuid: "db8a083187594ebea6aba2228f5c708c" member_type: VOTER last_known_addr { host: "127.9.11.195" port: 41661 } }
I20260709 12:12:11.819831  9800 catalog_manager.cc:5697] T e89f5f728fe0493c9ed8730e6b3fed3e P a29bfb024a334b11ad8b33d0ca7e2c45 reported cstate change: term changed from 1 to 2, leader changed from db8a083187594ebea6aba2228f5c708c (127.9.11.195) to a29bfb024a334b11ad8b33d0ca7e2c45 (127.9.11.194). New cstate: current_term: 2 leader_uuid: "a29bfb024a334b11ad8b33d0ca7e2c45" committed_config { opid_index: -1 OBSOLETE_local: false peers { permanent_uuid: "5476682aa6df49318ad57a4b96fadc0f" member_type: VOTER last_known_addr { host: "127.9.11.193" port: 34063 } health_report { overall_health: UNKNOWN } } peers { permanent_uuid: "a29bfb024a334b11ad8b33d0ca7e2c45" member_type: VOTER last_known_addr { host: "127.9.11.194" port: 39425 } health_report { overall_health: HEALTHY } } peers { permanent_uuid: "db8a083187594ebea6aba2228f5c708c" member_type: VOTER last_known_addr { host: "127.9.11.195" port: 41661 } health_report { overall_health: UNKNOWN } } }
I20260709 12:12:11.894384 10119 consensus_queue.cc:1048] T c1edcbf09ec0423ab4a2a8b65258cd47 P db8a083187594ebea6aba2228f5c708c [LEADER]: Connected to new peer: Peer: permanent_uuid: "5476682aa6df49318ad57a4b96fadc0f" member_type: VOTER last_known_addr { host: "127.9.11.193" port: 34063 }, Status: LMP_MISMATCH, Last received: 0.0, Next index: 1, Last known committed idx: 0, Time since last communication: 0.000s
I20260709 12:12:11.900455 10098 raft_consensus.cc:993] T c1edcbf09ec0423ab4a2a8b65258cd47 P db8a083187594ebea6aba2228f5c708c: : Instructing follower 5476682aa6df49318ad57a4b96fadc0f to start an election
I20260709 12:12:11.900941 10120 raft_consensus.cc:1081] T c1edcbf09ec0423ab4a2a8b65258cd47 P db8a083187594ebea6aba2228f5c708c [term 1 LEADER]: Signalling peer 5476682aa6df49318ad57a4b96fadc0f to start an election
I20260709 12:12:11.902706  9902 tablet_service.cc:2044] Received Run Leader Election RPC: tablet_id: "c1edcbf09ec0423ab4a2a8b65258cd47"
dest_uuid: "5476682aa6df49318ad57a4b96fadc0f"
 from {username='slave'} at 127.0.0.1:35552
I20260709 12:12:11.904013  9902 raft_consensus.cc:493] T c1edcbf09ec0423ab4a2a8b65258cd47 P 5476682aa6df49318ad57a4b96fadc0f [term 1 FOLLOWER]: Starting forced leader election (received explicit request)
I20260709 12:12:11.904502  9902 raft_consensus.cc:3060] T c1edcbf09ec0423ab4a2a8b65258cd47 P 5476682aa6df49318ad57a4b96fadc0f [term 1 FOLLOWER]: Advancing to term 2
I20260709 12:12:11.907155 10120 consensus_queue.cc:1048] T c1edcbf09ec0423ab4a2a8b65258cd47 P db8a083187594ebea6aba2228f5c708c [LEADER]: Connected to new peer: Peer: permanent_uuid: "a29bfb024a334b11ad8b33d0ca7e2c45" member_type: VOTER last_known_addr { host: "127.9.11.194" port: 39425 }, Status: LMP_MISMATCH, Last received: 0.0, Next index: 1, Last known committed idx: 0, Time since last communication: 0.000s
I20260709 12:12:11.911399  9902 raft_consensus.cc:515] T c1edcbf09ec0423ab4a2a8b65258cd47 P 5476682aa6df49318ad57a4b96fadc0f [term 2 FOLLOWER]: Starting forced leader election with config: opid_index: -1 OBSOLETE_local: false peers { permanent_uuid: "5476682aa6df49318ad57a4b96fadc0f" member_type: VOTER last_known_addr { host: "127.9.11.193" port: 34063 } } peers { permanent_uuid: "a29bfb024a334b11ad8b33d0ca7e2c45" member_type: VOTER last_known_addr { host: "127.9.11.194" port: 39425 } } peers { permanent_uuid: "db8a083187594ebea6aba2228f5c708c" member_type: VOTER last_known_addr { host: "127.9.11.195" port: 41661 } }
I20260709 12:12:11.916141  9902 leader_election.cc:290] T c1edcbf09ec0423ab4a2a8b65258cd47 P 5476682aa6df49318ad57a4b96fadc0f [CANDIDATE]: Term 2 election: Requested vote from peers a29bfb024a334b11ad8b33d0ca7e2c45 (127.9.11.194:39425), db8a083187594ebea6aba2228f5c708c (127.9.11.195:41661)
