I20260709 12:11:38.505909 14870 heartbeater.cc:499] Master 127.14.74.254:41025 was elected leader, sending a full tablet report...
I20260709 12:11:38.505702 14963 consensus_queue.cc:260] T aff10dca8bf348cab1379b36ea425a71 P d094b927237d4124a6a5a1d0bab5202e [NON_LEADER]: Queue going to NON_LEADER mode. State: All replicated index: 0, Majority replicated index: 0, Committed index: 0, Last appended: 0.0, Last appended by leader: 0, Current term: 0, Majority size: -1, State: 0, Mode: NON_LEADER, active raft config: opid_index: -1 OBSOLETE_local: false peers { permanent_uuid: "991add520b1848fd9015425eb9dd0940" member_type: VOTER last_known_addr { host: "127.14.74.193" port: 36289 } } peers { permanent_uuid: "f6de6a07955749df821a062c4e1c625c" member_type: VOTER last_known_addr { host: "127.14.74.194" port: 41717 } } peers { permanent_uuid: "d094b927237d4124a6a5a1d0bab5202e" member_type: VOTER last_known_addr { host: "127.14.74.195" port: 44759 } }
I20260709 12:11:38.506206 14962 tablet_bootstrap.cc:492] T d878a1ae81994ed19caa10246a3e6861 P f6de6a07955749df821a062c4e1c625c: Bootstrap starting.
I20260709 12:11:38.507447 14969 raft_consensus.cc:493] T a1c2af4a33364d12bfbe5ee83ab57083 P f6de6a07955749df821a062c4e1c625c [term 0 FOLLOWER]: Starting pre-election (no leader contacted us within the election timeout)
I20260709 12:11:38.507890 14969 raft_consensus.cc:515] T a1c2af4a33364d12bfbe5ee83ab57083 P f6de6a07955749df821a062c4e1c625c [term 0 FOLLOWER]: Starting pre-election with config: opid_index: -1 OBSOLETE_local: false peers { permanent_uuid: "f6de6a07955749df821a062c4e1c625c" member_type: VOTER last_known_addr { host: "127.14.74.194" port: 41717 } } peers { permanent_uuid: "991add520b1848fd9015425eb9dd0940" member_type: VOTER last_known_addr { host: "127.14.74.193" port: 36289 } } peers { permanent_uuid: "d094b927237d4124a6a5a1d0bab5202e" member_type: VOTER last_known_addr { host: "127.14.74.195" port: 44759 } }
I20260709 12:11:38.508776 14795 heartbeater.cc:499] Master 127.14.74.254:41025 was elected leader, sending a full tablet report...
I20260709 12:11:38.511004 14969 leader_election.cc:290] T a1c2af4a33364d12bfbe5ee83ab57083 P f6de6a07955749df821a062c4e1c625c [CANDIDATE]: Term 1 pre-election: Requested pre-vote from peers 991add520b1848fd9015425eb9dd0940 (127.14.74.193:36289), d094b927237d4124a6a5a1d0bab5202e (127.14.74.195:44759)
I20260709 12:11:38.515251 14963 ts_tablet_manager.cc:1434] T aff10dca8bf348cab1379b36ea425a71 P d094b927237d4124a6a5a1d0bab5202e: Time spent starting tablet: real 0.018s	user 0.011s	sys 0.001s
I20260709 12:11:38.515837 14944 heartbeater.cc:499] Master 127.14.74.254:41025 was elected leader, sending a full tablet report...
I20260709 12:11:38.523109 14963 tablet_bootstrap.cc:492] T d878a1ae81994ed19caa10246a3e6861 P d094b927237d4124a6a5a1d0bab5202e: Bootstrap starting.
I20260709 12:11:38.525403 14964 ts_tablet_manager.cc:1434] T 530e3120cc0f4f709679cedb46c356c9 P 991add520b1848fd9015425eb9dd0940: Time spent starting tablet: real 0.030s	user 0.008s	sys 0.000s
W20260709 12:11:38.525668 14945 tablet.cc:2406] T aff10dca8bf348cab1379b36ea425a71 P d094b927237d4124a6a5a1d0bab5202e: Can't schedule compaction. Clean time has not been advanced past its initial value.
I20260709 12:11:38.526322 14964 tablet_bootstrap.cc:492] T 54a7f9bf86b046c3b3c443959b638c5b P 991add520b1848fd9015425eb9dd0940: Bootstrap starting.
I20260709 12:11:38.526815 14962 tablet_bootstrap.cc:654] T d878a1ae81994ed19caa10246a3e6861 P f6de6a07955749df821a062c4e1c625c: Neither blocks nor log segments found. Creating new log.
I20260709 12:11:38.529496 14963 tablet_bootstrap.cc:654] T d878a1ae81994ed19caa10246a3e6861 P d094b927237d4124a6a5a1d0bab5202e: Neither blocks nor log segments found. Creating new log.
I20260709 12:11:38.533829 14964 tablet_bootstrap.cc:654] T 54a7f9bf86b046c3b3c443959b638c5b P 991add520b1848fd9015425eb9dd0940: Neither blocks nor log segments found. Creating new log.
I20260709 12:11:38.557826 14964 tablet_bootstrap.cc:492] T 54a7f9bf86b046c3b3c443959b638c5b P 991add520b1848fd9015425eb9dd0940: No bootstrap required, opened a new log
I20260709 12:11:38.558331 14964 ts_tablet_manager.cc:1403] T 54a7f9bf86b046c3b3c443959b638c5b P 991add520b1848fd9015425eb9dd0940: Time spent bootstrapping tablet: real 0.032s	user 0.013s	sys 0.000s
I20260709 12:11:38.562424 14770 tablet_service.cc:1917] Received RequestConsensusVote() RPC: tablet_id: "a1c2af4a33364d12bfbe5ee83ab57083" candidate_uuid: "f6de6a07955749df821a062c4e1c625c" candidate_term: 1 candidate_status { last_received { term: 0 index: 0 } } ignore_live_leader: false dest_uuid: "991add520b1848fd9015425eb9dd0940" is_pre_election: true
I20260709 12:11:38.563320 14964 raft_consensus.cc:359] T 54a7f9bf86b046c3b3c443959b638c5b P 991add520b1848fd9015425eb9dd0940 [term 0 FOLLOWER]: Replica starting. Triggering 0 pending ops. Active config: opid_index: -1 OBSOLETE_local: false peers { permanent_uuid: "991add520b1848fd9015425eb9dd0940" member_type: VOTER last_known_addr { host: "127.14.74.193" port: 36289 } } peers { permanent_uuid: "f6de6a07955749df821a062c4e1c625c" member_type: VOTER last_known_addr { host: "127.14.74.194" port: 41717 } } peers { permanent_uuid: "d094b927237d4124a6a5a1d0bab5202e" member_type: VOTER last_known_addr { host: "127.14.74.195" port: 44759 } }
I20260709 12:11:38.564047 14964 raft_consensus.cc:385] T 54a7f9bf86b046c3b3c443959b638c5b P 991add520b1848fd9015425eb9dd0940 [term 0 FOLLOWER]: Consensus starting up: Expiring failure detector timer to make a prompt election more likely
I20260709 12:11:38.564345 14964 raft_consensus.cc:740] T 54a7f9bf86b046c3b3c443959b638c5b P 991add520b1848fd9015425eb9dd0940 [term 0 FOLLOWER]: Becoming Follower/Learner. State: Replica: 991add520b1848fd9015425eb9dd0940, State: Initialized, Role: FOLLOWER
W20260709 12:11:38.566689 14809 leader_election.cc:343] T a1c2af4a33364d12bfbe5ee83ab57083 P f6de6a07955749df821a062c4e1c625c [CANDIDATE]: Term 1 pre-election: Tablet error from VoteRequest() call to peer 991add520b1848fd9015425eb9dd0940 (127.14.74.193:36289): Illegal state: must be running to vote when last-logged opid is not known
I20260709 12:11:38.568905 14919 tablet_service.cc:1917] Received RequestConsensusVote() RPC: tablet_id: "a1c2af4a33364d12bfbe5ee83ab57083" candidate_uuid: "f6de6a07955749df821a062c4e1c625c" candidate_term: 1 candidate_status { last_received { term: 0 index: 0 } } ignore_live_leader: false dest_uuid: "d094b927237d4124a6a5a1d0bab5202e" is_pre_election: true
I20260709 12:11:38.569900 14962 tablet_bootstrap.cc:492] T d878a1ae81994ed19caa10246a3e6861 P f6de6a07955749df821a062c4e1c625c: No bootstrap required, opened a new log
I20260709 12:11:38.570327 14962 ts_tablet_manager.cc:1403] T d878a1ae81994ed19caa10246a3e6861 P f6de6a07955749df821a062c4e1c625c: Time spent bootstrapping tablet: real 0.064s	user 0.011s	sys 0.009s
I20260709 12:11:38.570955 14963 tablet_bootstrap.cc:492] T d878a1ae81994ed19caa10246a3e6861 P d094b927237d4124a6a5a1d0bab5202e: No bootstrap required, opened a new log
I20260709 12:11:38.571355 14963 ts_tablet_manager.cc:1403] T d878a1ae81994ed19caa10246a3e6861 P d094b927237d4124a6a5a1d0bab5202e: Time spent bootstrapping tablet: real 0.048s	user 0.004s	sys 0.011s
I20260709 12:11:38.572950 14962 raft_consensus.cc:359] T d878a1ae81994ed19caa10246a3e6861 P f6de6a07955749df821a062c4e1c625c [term 0 FOLLOWER]: Replica starting. Triggering 0 pending ops. Active config: opid_index: -1 OBSOLETE_local: false peers { permanent_uuid: "991add520b1848fd9015425eb9dd0940" member_type: VOTER last_known_addr { host: "127.14.74.193" port: 36289 } } peers { permanent_uuid: "f6de6a07955749df821a062c4e1c625c" member_type: VOTER last_known_addr { host: "127.14.74.194" port: 41717 } } peers { permanent_uuid: "d094b927237d4124a6a5a1d0bab5202e" member_type: VOTER last_known_addr { host: "127.14.74.195" port: 44759 } }
I20260709 12:11:38.573623 14962 raft_consensus.cc:385] T d878a1ae81994ed19caa10246a3e6861 P f6de6a07955749df821a062c4e1c625c [term 0 FOLLOWER]: Consensus starting up: Expiring failure detector timer to make a prompt election more likely
I20260709 12:11:38.573890 14962 raft_consensus.cc:740] T d878a1ae81994ed19caa10246a3e6861 P f6de6a07955749df821a062c4e1c625c [term 0 FOLLOWER]: Becoming Follower/Learner. State: Replica: f6de6a07955749df821a062c4e1c625c, State: Initialized, Role: FOLLOWER
W20260709 12:11:38.570348 14809 leader_election.cc:343] T a1c2af4a33364d12bfbe5ee83ab57083 P f6de6a07955749df821a062c4e1c625c [CANDIDATE]: Term 1 pre-election: Tablet error from VoteRequest() call to peer d094b927237d4124a6a5a1d0bab5202e (127.14.74.195:44759): Illegal state: must be running to vote when last-logged opid is not known
I20260709 12:11:38.569074 14964 consensus_queue.cc:260] T 54a7f9bf86b046c3b3c443959b638c5b P 991add520b1848fd9015425eb9dd0940 [NON_LEADER]: Queue going to NON_LEADER mode. State: All replicated index: 0, Majority replicated index: 0, Committed index: 0, Last appended: 0.0, Last appended by leader: 0, Current term: 0, Majority size: -1, State: 0, Mode: NON_LEADER, active raft config: opid_index: -1 OBSOLETE_local: false peers { permanent_uuid: "991add520b1848fd9015425eb9dd0940" member_type: VOTER last_known_addr { host: "127.14.74.193" port: 36289 } } peers { permanent_uuid: "f6de6a07955749df821a062c4e1c625c" member_type: VOTER last_known_addr { host: "127.14.74.194" port: 41717 } } peers { permanent_uuid: "d094b927237d4124a6a5a1d0bab5202e" member_type: VOTER last_known_addr { host: "127.14.74.195" port: 44759 } }
I20260709 12:11:38.574420 14809 leader_election.cc:304] T a1c2af4a33364d12bfbe5ee83ab57083 P f6de6a07955749df821a062c4e1c625c [CANDIDATE]: Term 1 pre-election: Election decided. Result: candidate lost. Election summary: received 3 responses out of 3 voters: 1 yes votes; 2 no votes. yes voters: f6de6a07955749df821a062c4e1c625c; no voters: 991add520b1848fd9015425eb9dd0940, d094b927237d4124a6a5a1d0bab5202e
I20260709 12:11:38.574689 14962 consensus_queue.cc:260] T d878a1ae81994ed19caa10246a3e6861 P f6de6a07955749df821a062c4e1c625c [NON_LEADER]: Queue going to NON_LEADER mode. State: All replicated index: 0, Majority replicated index: 0, Committed index: 0, Last appended: 0.0, Last appended by leader: 0, Current term: 0, Majority size: -1, State: 0, Mode: NON_LEADER, active raft config: opid_index: -1 OBSOLETE_local: false peers { permanent_uuid: "991add520b1848fd9015425eb9dd0940" member_type: VOTER last_known_addr { host: "127.14.74.193" port: 36289 } } peers { permanent_uuid: "f6de6a07955749df821a062c4e1c625c" member_type: VOTER last_known_addr { host: "127.14.74.194" port: 41717 } } peers { permanent_uuid: "d094b927237d4124a6a5a1d0bab5202e" member_type: VOTER last_known_addr { host: "127.14.74.195" port: 44759 } }
I20260709 12:11:38.577497 14968 raft_consensus.cc:2749] T a1c2af4a33364d12bfbe5ee83ab57083 P f6de6a07955749df821a062c4e1c625c [term 0 FOLLOWER]: Leader pre-election lost for term 1. Reason: could not achieve majority
I20260709 12:11:38.579028 14962 ts_tablet_manager.cc:1434] T d878a1ae81994ed19caa10246a3e6861 P f6de6a07955749df821a062c4e1c625c: Time spent starting tablet: real 0.008s	user 0.005s	sys 0.001s
I20260709 12:11:38.579407 14964 ts_tablet_manager.cc:1434] T 54a7f9bf86b046c3b3c443959b638c5b P 991add520b1848fd9015425eb9dd0940: Time spent starting tablet: real 0.021s	user 0.004s	sys 0.003s
I20260709 12:11:38.579728 14962 tablet_bootstrap.cc:492] T 54a7f9bf86b046c3b3c443959b638c5b P f6de6a07955749df821a062c4e1c625c: Bootstrap starting.
I20260709 12:11:38.573894 14963 raft_consensus.cc:359] T d878a1ae81994ed19caa10246a3e6861 P d094b927237d4124a6a5a1d0bab5202e [term 0 FOLLOWER]: Replica starting. Triggering 0 pending ops. Active config: opid_index: -1 OBSOLETE_local: false peers { permanent_uuid: "991add520b1848fd9015425eb9dd0940" member_type: VOTER last_known_addr { host: "127.14.74.193" port: 36289 } } peers { permanent_uuid: "f6de6a07955749df821a062c4e1c625c" member_type: VOTER last_known_addr { host: "127.14.74.194" port: 41717 } } peers { permanent_uuid: "d094b927237d4124a6a5a1d0bab5202e" member_type: VOTER last_known_addr { host: "127.14.74.195" port: 44759 } }
I20260709 12:11:38.580026 14963 raft_consensus.cc:385] T d878a1ae81994ed19caa10246a3e6861 P d094b927237d4124a6a5a1d0bab5202e [term 0 FOLLOWER]: Consensus starting up: Expiring failure detector timer to make a prompt election more likely
I20260709 12:11:38.580250 14964 tablet_bootstrap.cc:492] T ceec8079cf4c47f68c70ceaa9565b5ec P 991add520b1848fd9015425eb9dd0940: Bootstrap starting.
I20260709 12:11:38.584370 14962 tablet_bootstrap.cc:654] T 54a7f9bf86b046c3b3c443959b638c5b P f6de6a07955749df821a062c4e1c625c: Neither blocks nor log segments found. Creating new log.
I20260709 12:11:38.586676 14964 tablet_bootstrap.cc:654] T ceec8079cf4c47f68c70ceaa9565b5ec P 991add520b1848fd9015425eb9dd0940: Neither blocks nor log segments found. Creating new log.
I20260709 12:11:38.595741 14962 tablet_bootstrap.cc:492] T 54a7f9bf86b046c3b3c443959b638c5b P f6de6a07955749df821a062c4e1c625c: No bootstrap required, opened a new log
I20260709 12:11:38.596159 14962 ts_tablet_manager.cc:1403] T 54a7f9bf86b046c3b3c443959b638c5b P f6de6a07955749df821a062c4e1c625c: Time spent bootstrapping tablet: real 0.017s	user 0.000s	sys 0.013s
I20260709 12:11:38.598842 14962 raft_consensus.cc:359] T 54a7f9bf86b046c3b3c443959b638c5b P f6de6a07955749df821a062c4e1c625c [term 0 FOLLOWER]: Replica starting. Triggering 0 pending ops. Active config: opid_index: -1 OBSOLETE_local: false peers { permanent_uuid: "991add520b1848fd9015425eb9dd0940" member_type: VOTER last_known_addr { host: "127.14.74.193" port: 36289 } } peers { permanent_uuid: "f6de6a07955749df821a062c4e1c625c" member_type: VOTER last_known_addr { host: "127.14.74.194" port: 41717 } } peers { permanent_uuid: "d094b927237d4124a6a5a1d0bab5202e" member_type: VOTER last_known_addr { host: "127.14.74.195" port: 44759 } }
I20260709 12:11:38.599534 14962 raft_consensus.cc:385] T 54a7f9bf86b046c3b3c443959b638c5b P f6de6a07955749df821a062c4e1c625c [term 0 FOLLOWER]: Consensus starting up: Expiring failure detector timer to make a prompt election more likely
I20260709 12:11:38.580355 14963 raft_consensus.cc:740] T d878a1ae81994ed19caa10246a3e6861 P d094b927237d4124a6a5a1d0bab5202e [term 0 FOLLOWER]: Becoming Follower/Learner. State: Replica: d094b927237d4124a6a5a1d0bab5202e, State: Initialized, Role: FOLLOWER
I20260709 12:11:38.600468 14971 raft_consensus.cc:493] T aff10dca8bf348cab1379b36ea425a71 P d094b927237d4124a6a5a1d0bab5202e [term 0 FOLLOWER]: Starting pre-election (no leader contacted us within the election timeout)
I20260709 12:11:38.600879 14971 raft_consensus.cc:515] T aff10dca8bf348cab1379b36ea425a71 P d094b927237d4124a6a5a1d0bab5202e [term 0 FOLLOWER]: Starting pre-election with config: opid_index: -1 OBSOLETE_local: false peers { permanent_uuid: "991add520b1848fd9015425eb9dd0940" member_type: VOTER last_known_addr { host: "127.14.74.193" port: 36289 } } peers { permanent_uuid: "f6de6a07955749df821a062c4e1c625c" member_type: VOTER last_known_addr { host: "127.14.74.194" port: 41717 } } peers { permanent_uuid: "d094b927237d4124a6a5a1d0bab5202e" member_type: VOTER last_known_addr { host: "127.14.74.195" port: 44759 } }
I20260709 12:11:38.600320 14962 raft_consensus.cc:740] T 54a7f9bf86b046c3b3c443959b638c5b P f6de6a07955749df821a062c4e1c625c [term 0 FOLLOWER]: Becoming Follower/Learner. State: Replica: f6de6a07955749df821a062c4e1c625c, State: Initialized, Role: FOLLOWER
I20260709 12:11:38.601151 14963 consensus_queue.cc:260] T d878a1ae81994ed19caa10246a3e6861 P d094b927237d4124a6a5a1d0bab5202e [NON_LEADER]: Queue going to NON_LEADER mode. State: All replicated index: 0, Majority replicated index: 0, Committed index: 0, Last appended: 0.0, Last appended by leader: 0, Current term: 0, Majority size: -1, State: 0, Mode: NON_LEADER, active raft config: opid_index: -1 OBSOLETE_local: false peers { permanent_uuid: "991add520b1848fd9015425eb9dd0940" member_type: VOTER last_known_addr { host: "127.14.74.193" port: 36289 } } peers { permanent_uuid: "f6de6a07955749df821a062c4e1c625c" member_type: VOTER last_known_addr { host: "127.14.74.194" port: 41717 } } peers { permanent_uuid: "d094b927237d4124a6a5a1d0bab5202e" member_type: VOTER last_known_addr { host: "127.14.74.195" port: 44759 } }
I20260709 12:11:38.604897 14971 leader_election.cc:290] T aff10dca8bf348cab1379b36ea425a71 P d094b927237d4124a6a5a1d0bab5202e [CANDIDATE]: Term 1 pre-election: Requested pre-vote from peers 991add520b1848fd9015425eb9dd0940 (127.14.74.193:36289), f6de6a07955749df821a062c4e1c625c (127.14.74.194:41717)
I20260709 12:11:38.607071 14968 raft_consensus.cc:493] T d878a1ae81994ed19caa10246a3e6861 P f6de6a07955749df821a062c4e1c625c [term 0 FOLLOWER]: Starting pre-election (no leader contacted us within the election timeout)
I20260709 12:11:38.607841 14968 raft_consensus.cc:515] T d878a1ae81994ed19caa10246a3e6861 P f6de6a07955749df821a062c4e1c625c [term 0 FOLLOWER]: Starting pre-election with config: opid_index: -1 OBSOLETE_local: false peers { permanent_uuid: "991add520b1848fd9015425eb9dd0940" member_type: VOTER last_known_addr { host: "127.14.74.193" port: 36289 } } peers { permanent_uuid: "f6de6a07955749df821a062c4e1c625c" member_type: VOTER last_known_addr { host: "127.14.74.194" port: 41717 } } peers { permanent_uuid: "d094b927237d4124a6a5a1d0bab5202e" member_type: VOTER last_known_addr { host: "127.14.74.195" port: 44759 } }
I20260709 12:11:38.614431 14968 leader_election.cc:290] T d878a1ae81994ed19caa10246a3e6861 P f6de6a07955749df821a062c4e1c625c [CANDIDATE]: Term 1 pre-election: Requested pre-vote from peers 991add520b1848fd9015425eb9dd0940 (127.14.74.193:36289), d094b927237d4124a6a5a1d0bab5202e (127.14.74.195:44759)
I20260709 12:11:38.619316 14770 tablet_service.cc:1917] Received RequestConsensusVote() RPC: tablet_id: "d878a1ae81994ed19caa10246a3e6861" candidate_uuid: "f6de6a07955749df821a062c4e1c625c" candidate_term: 1 candidate_status { last_received { term: 0 index: 0 } } ignore_live_leader: false dest_uuid: "991add520b1848fd9015425eb9dd0940" is_pre_election: true
I20260709 12:11:38.621562 14963 ts_tablet_manager.cc:1434] T d878a1ae81994ed19caa10246a3e6861 P d094b927237d4124a6a5a1d0bab5202e: Time spent starting tablet: real 0.050s	user 0.014s	sys 0.005s
W20260709 12:11:38.621730 14809 leader_election.cc:343] T d878a1ae81994ed19caa10246a3e6861 P f6de6a07955749df821a062c4e1c625c [CANDIDATE]: Term 1 pre-election: Tablet error from VoteRequest() call to peer 991add520b1848fd9015425eb9dd0940 (127.14.74.193:36289): Illegal state: must be running to vote when last-logged opid is not known
I20260709 12:11:38.621585 14919 tablet_service.cc:1917] Received RequestConsensusVote() RPC: tablet_id: "d878a1ae81994ed19caa10246a3e6861" candidate_uuid: "f6de6a07955749df821a062c4e1c625c" candidate_term: 1 candidate_status { last_received { term: 0 index: 0 } } ignore_live_leader: false dest_uuid: "d094b927237d4124a6a5a1d0bab5202e" is_pre_election: true
I20260709 12:11:38.622520 14963 tablet_bootstrap.cc:492] T 530e3120cc0f4f709679cedb46c356c9 P d094b927237d4124a6a5a1d0bab5202e: Bootstrap starting.
I20260709 12:11:38.622591 14919 raft_consensus.cc:2468] T d878a1ae81994ed19caa10246a3e6861 P d094b927237d4124a6a5a1d0bab5202e [term 0 FOLLOWER]: Leader pre-election vote request: Granting yes vote for candidate f6de6a07955749df821a062c4e1c625c in term 0.
I20260709 12:11:38.609979 14962 consensus_queue.cc:260] T 54a7f9bf86b046c3b3c443959b638c5b P f6de6a07955749df821a062c4e1c625c [NON_LEADER]: Queue going to NON_LEADER mode. State: All replicated index: 0, Majority replicated index: 0, Committed index: 0, Last appended: 0.0, Last appended by leader: 0, Current term: 0, Majority size: -1, State: 0, Mode: NON_LEADER, active raft config: opid_index: -1 OBSOLETE_local: false peers { permanent_uuid: "991add520b1848fd9015425eb9dd0940" member_type: VOTER last_known_addr { host: "127.14.74.193" port: 36289 } } peers { permanent_uuid: "f6de6a07955749df821a062c4e1c625c" member_type: VOTER last_known_addr { host: "127.14.74.194" port: 41717 } } peers { permanent_uuid: "d094b927237d4124a6a5a1d0bab5202e" member_type: VOTER last_known_addr { host: "127.14.74.195" port: 44759 } }
I20260709 12:11:38.625509 14964 tablet_bootstrap.cc:492] T ceec8079cf4c47f68c70ceaa9565b5ec P 991add520b1848fd9015425eb9dd0940: No bootstrap required, opened a new log
I20260709 12:11:38.625932 14962 ts_tablet_manager.cc:1434] T 54a7f9bf86b046c3b3c443959b638c5b P f6de6a07955749df821a062c4e1c625c: Time spent starting tablet: real 0.029s	user 0.005s	sys 0.001s
I20260709 12:11:38.625970 14964 ts_tablet_manager.cc:1403] T ceec8079cf4c47f68c70ceaa9565b5ec P 991add520b1848fd9015425eb9dd0940: Time spent bootstrapping tablet: real 0.046s	user 0.015s	sys 0.012s
I20260709 12:11:38.627053 14962 tablet_bootstrap.cc:492] T 530e3120cc0f4f709679cedb46c356c9 P f6de6a07955749df821a062c4e1c625c: Bootstrap starting.
I20260709 12:11:38.629314 14964 raft_consensus.cc:359] T ceec8079cf4c47f68c70ceaa9565b5ec P 991add520b1848fd9015425eb9dd0940 [term 0 FOLLOWER]: Replica starting. Triggering 0 pending ops. Active config: opid_index: -1 OBSOLETE_local: false peers { permanent_uuid: "991add520b1848fd9015425eb9dd0940" member_type: VOTER last_known_addr { host: "127.14.74.193" port: 36289 } } peers { permanent_uuid: "f6de6a07955749df821a062c4e1c625c" member_type: VOTER last_known_addr { host: "127.14.74.194" port: 41717 } } peers { permanent_uuid: "d094b927237d4124a6a5a1d0bab5202e" member_type: VOTER last_known_addr { host: "127.14.74.195" port: 44759 } }
I20260709 12:11:38.630033 14964 raft_consensus.cc:385] T ceec8079cf4c47f68c70ceaa9565b5ec P 991add520b1848fd9015425eb9dd0940 [term 0 FOLLOWER]: Consensus starting up: Expiring failure detector timer to make a prompt election more likely
I20260709 12:11:38.630321 14964 raft_consensus.cc:740] T ceec8079cf4c47f68c70ceaa9565b5ec P 991add520b1848fd9015425eb9dd0940 [term 0 FOLLOWER]: Becoming Follower/Learner. State: Replica: 991add520b1848fd9015425eb9dd0940, State: Initialized, Role: FOLLOWER
I20260709 12:11:38.631451 14809 leader_election.cc:304] T d878a1ae81994ed19caa10246a3e6861 P f6de6a07955749df821a062c4e1c625c [CANDIDATE]: Term 1 pre-election: Election decided. Result: candidate won. Election summary: received 3 responses out of 3 voters: 2 yes votes; 1 no votes. yes voters: d094b927237d4124a6a5a1d0bab5202e, f6de6a07955749df821a062c4e1c625c; no voters: 991add520b1848fd9015425eb9dd0940
I20260709 12:11:38.632429 14968 raft_consensus.cc:2804] T d878a1ae81994ed19caa10246a3e6861 P f6de6a07955749df821a062c4e1c625c [term 0 FOLLOWER]: Leader pre-election won for term 1
I20260709 12:11:38.632797 14968 raft_consensus.cc:493] T d878a1ae81994ed19caa10246a3e6861 P f6de6a07955749df821a062c4e1c625c [term 0 FOLLOWER]: Starting leader election (no leader contacted us within the election timeout)
I20260709 12:11:38.633138 14968 raft_consensus.cc:3060] T d878a1ae81994ed19caa10246a3e6861 P f6de6a07955749df821a062c4e1c625c [term 0 FOLLOWER]: Advancing to term 1
I20260709 12:11:38.636526 14964 consensus_queue.cc:260] T ceec8079cf4c47f68c70ceaa9565b5ec P 991add520b1848fd9015425eb9dd0940 [NON_LEADER]: Queue going to NON_LEADER mode. State: All replicated index: 0, Majority replicated index: 0, Committed index: 0, Last appended: 0.0, Last appended by leader: 0, Current term: 0, Majority size: -1, State: 0, Mode: NON_LEADER, active raft config: opid_index: -1 OBSOLETE_local: false peers { permanent_uuid: "991add520b1848fd9015425eb9dd0940" member_type: VOTER last_known_addr { host: "127.14.74.193" port: 36289 } } peers { permanent_uuid: "f6de6a07955749df821a062c4e1c625c" member_type: VOTER last_known_addr { host: "127.14.74.194" port: 41717 } } peers { permanent_uuid: "d094b927237d4124a6a5a1d0bab5202e" member_type: VOTER last_known_addr { host: "127.14.74.195" port: 44759 } }
I20260709 12:11:38.640329 14964 ts_tablet_manager.cc:1434] T ceec8079cf4c47f68c70ceaa9565b5ec P 991add520b1848fd9015425eb9dd0940: Time spent starting tablet: real 0.014s	user 0.005s	sys 0.002s
I20260709 12:11:38.645318 14964 tablet_bootstrap.cc:492] T 0b4283b8f5554bfa9ffe8a357dcbb04c P 991add520b1848fd9015425eb9dd0940: Bootstrap starting.
I20260709 12:11:38.648075 14970 raft_consensus.cc:493] T 530e3120cc0f4f709679cedb46c356c9 P 991add520b1848fd9015425eb9dd0940 [term 0 FOLLOWER]: Starting pre-election (no leader contacted us within the election timeout)
I20260709 12:11:38.649472 14970 raft_consensus.cc:515] T 530e3120cc0f4f709679cedb46c356c9 P 991add520b1848fd9015425eb9dd0940 [term 0 FOLLOWER]: Starting pre-election with config: opid_index: -1 OBSOLETE_local: false peers { permanent_uuid: "991add520b1848fd9015425eb9dd0940" member_type: VOTER last_known_addr { host: "127.14.74.193" port: 36289 } } peers { permanent_uuid: "f6de6a07955749df821a062c4e1c625c" member_type: VOTER last_known_addr { host: "127.14.74.194" port: 41717 } } peers { permanent_uuid: "d094b927237d4124a6a5a1d0bab5202e" member_type: VOTER last_known_addr { host: "127.14.74.195" port: 44759 } }
I20260709 12:11:38.651495 14970 leader_election.cc:290] T 530e3120cc0f4f709679cedb46c356c9 P 991add520b1848fd9015425eb9dd0940 [CANDIDATE]: Term 1 pre-election: Requested pre-vote from peers f6de6a07955749df821a062c4e1c625c (127.14.74.194:41717), d094b927237d4124a6a5a1d0bab5202e (127.14.74.195:44759)
I20260709 12:11:38.652639 14968 raft_consensus.cc:515] T d878a1ae81994ed19caa10246a3e6861 P f6de6a07955749df821a062c4e1c625c [term 1 FOLLOWER]: Starting leader election with config: opid_index: -1 OBSOLETE_local: false peers { permanent_uuid: "991add520b1848fd9015425eb9dd0940" member_type: VOTER last_known_addr { host: "127.14.74.193" port: 36289 } } peers { permanent_uuid: "f6de6a07955749df821a062c4e1c625c" member_type: VOTER last_known_addr { host: "127.14.74.194" port: 41717 } } peers { permanent_uuid: "d094b927237d4124a6a5a1d0bab5202e" member_type: VOTER last_known_addr { host: "127.14.74.195" port: 44759 } }
I20260709 12:11:38.658493 14968 leader_election.cc:290] T d878a1ae81994ed19caa10246a3e6861 P f6de6a07955749df821a062c4e1c625c [CANDIDATE]: Term 1 election: Requested vote from peers 991add520b1848fd9015425eb9dd0940 (127.14.74.193:36289), d094b927237d4124a6a5a1d0bab5202e (127.14.74.195:44759)
I20260709 12:11:38.660238 14919 tablet_service.cc:1917] Received RequestConsensusVote() RPC: tablet_id: "d878a1ae81994ed19caa10246a3e6861" candidate_uuid: "f6de6a07955749df821a062c4e1c625c" candidate_term: 1 candidate_status { last_received { term: 0 index: 0 } } ignore_live_leader: false dest_uuid: "d094b927237d4124a6a5a1d0bab5202e"
I20260709 12:11:38.661118 14919 raft_consensus.cc:3060] T d878a1ae81994ed19caa10246a3e6861 P d094b927237d4124a6a5a1d0bab5202e [term 0 FOLLOWER]: Advancing to term 1
I20260709 12:11:38.661443 14770 tablet_service.cc:1917] Received RequestConsensusVote() RPC: tablet_id: "d878a1ae81994ed19caa10246a3e6861" candidate_uuid: "f6de6a07955749df821a062c4e1c625c" candidate_term: 1 candidate_status { last_received { term: 0 index: 0 } } ignore_live_leader: false dest_uuid: "991add520b1848fd9015425eb9dd0940"
W20260709 12:11:38.662729 14809 leader_election.cc:343] T d878a1ae81994ed19caa10246a3e6861 P f6de6a07955749df821a062c4e1c625c [CANDIDATE]: Term 1 election: Tablet error from VoteRequest() call to peer 991add520b1848fd9015425eb9dd0940 (127.14.74.193:36289): Illegal state: must be running to vote when last-logged opid is not known
I20260709 12:11:38.669354 14962 tablet_bootstrap.cc:654] T 530e3120cc0f4f709679cedb46c356c9 P f6de6a07955749df821a062c4e1c625c: Neither blocks nor log segments found. Creating new log.
I20260709 12:11:38.669467 14963 tablet_bootstrap.cc:654] T 530e3120cc0f4f709679cedb46c356c9 P d094b927237d4124a6a5a1d0bab5202e: Neither blocks nor log segments found. Creating new log.
I20260709 12:11:38.674901 14919 raft_consensus.cc:2468] T d878a1ae81994ed19caa10246a3e6861 P d094b927237d4124a6a5a1d0bab5202e [term 1 FOLLOWER]: Leader election vote request: Granting yes vote for candidate f6de6a07955749df821a062c4e1c625c in term 1.
I20260709 12:11:38.677022 14809 leader_election.cc:304] T d878a1ae81994ed19caa10246a3e6861 P f6de6a07955749df821a062c4e1c625c [CANDIDATE]: Term 1 election: Election decided. Result: candidate won. Election summary: received 3 responses out of 3 voters: 2 yes votes; 1 no votes. yes voters: d094b927237d4124a6a5a1d0bab5202e, f6de6a07955749df821a062c4e1c625c; no voters: 991add520b1848fd9015425eb9dd0940
I20260709 12:11:38.678205 14968 raft_consensus.cc:2804] T d878a1ae81994ed19caa10246a3e6861 P f6de6a07955749df821a062c4e1c625c [term 1 FOLLOWER]: Leader election won for term 1
I20260709 12:11:38.679567 14968 raft_consensus.cc:697] T d878a1ae81994ed19caa10246a3e6861 P f6de6a07955749df821a062c4e1c625c [term 1 LEADER]: Becoming Leader. State: Replica: f6de6a07955749df821a062c4e1c625c, State: Running, Role: LEADER
I20260709 12:11:38.681185 14963 tablet_bootstrap.cc:492] T 530e3120cc0f4f709679cedb46c356c9 P d094b927237d4124a6a5a1d0bab5202e: No bootstrap required, opened a new log
I20260709 12:11:38.682387 14963 ts_tablet_manager.cc:1403] T 530e3120cc0f4f709679cedb46c356c9 P d094b927237d4124a6a5a1d0bab5202e: Time spent bootstrapping tablet: real 0.060s	user 0.008s	sys 0.008s
I20260709 12:11:38.681846 14968 consensus_queue.cc:237] T d878a1ae81994ed19caa10246a3e6861 P f6de6a07955749df821a062c4e1c625c [LEADER]: Queue going to LEADER mode. State: All replicated index: 0, Majority replicated index: 0, Committed index: 0, Last appended: 0.0, Last appended by leader: 0, Current term: 1, Majority size: 2, State: 0, Mode: LEADER, active raft config: opid_index: -1 OBSOLETE_local: false peers { permanent_uuid: "991add520b1848fd9015425eb9dd0940" member_type: VOTER last_known_addr { host: "127.14.74.193" port: 36289 } } peers { permanent_uuid: "f6de6a07955749df821a062c4e1c625c" member_type: VOTER last_known_addr { host: "127.14.74.194" port: 41717 } } peers { permanent_uuid: "d094b927237d4124a6a5a1d0bab5202e" member_type: VOTER last_known_addr { host: "127.14.74.195" port: 44759 } }
I20260709 12:11:38.688483 14770 tablet_service.cc:1917] Received RequestConsensusVote() RPC: tablet_id: "aff10dca8bf348cab1379b36ea425a71" candidate_uuid: "d094b927237d4124a6a5a1d0bab5202e" candidate_term: 1 candidate_status { last_received { term: 0 index: 0 } } ignore_live_leader: false dest_uuid: "991add520b1848fd9015425eb9dd0940" is_pre_election: true
I20260709 12:11:38.691147 14964 tablet_bootstrap.cc:654] T 0b4283b8f5554bfa9ffe8a357dcbb04c P 991add520b1848fd9015425eb9dd0940: Neither blocks nor log segments found. Creating new log.
I20260709 12:11:38.692982 14845 tablet_service.cc:1917] Received RequestConsensusVote() RPC: tablet_id: "aff10dca8bf348cab1379b36ea425a71" candidate_uuid: "d094b927237d4124a6a5a1d0bab5202e" candidate_term: 1 candidate_status { last_received { term: 0 index: 0 } } ignore_live_leader: false dest_uuid: "f6de6a07955749df821a062c4e1c625c" is_pre_election: true
I20260709 12:11:38.693171 14963 raft_consensus.cc:359] T 530e3120cc0f4f709679cedb46c356c9 P d094b927237d4124a6a5a1d0bab5202e [term 0 FOLLOWER]: Replica starting. Triggering 0 pending ops. Active config: opid_index: -1 OBSOLETE_local: false peers { permanent_uuid: "991add520b1848fd9015425eb9dd0940" member_type: VOTER last_known_addr { host: "127.14.74.193" port: 36289 } } peers { permanent_uuid: "f6de6a07955749df821a062c4e1c625c" member_type: VOTER last_known_addr { host: "127.14.74.194" port: 41717 } } peers { permanent_uuid: "d094b927237d4124a6a5a1d0bab5202e" member_type: VOTER last_known_addr { host: "127.14.74.195" port: 44759 } }
I20260709 12:11:38.694132 14963 raft_consensus.cc:385] T 530e3120cc0f4f709679cedb46c356c9 P d094b927237d4124a6a5a1d0bab5202e [term 0 FOLLOWER]: Consensus starting up: Expiring failure detector timer to make a prompt election more likely
I20260709 12:11:38.694638 14963 raft_consensus.cc:740] T 530e3120cc0f4f709679cedb46c356c9 P d094b927237d4124a6a5a1d0bab5202e [term 0 FOLLOWER]: Becoming Follower/Learner. State: Replica: d094b927237d4124a6a5a1d0bab5202e, State: Initialized, Role: FOLLOWER
W20260709 12:11:38.695361 14883 leader_election.cc:343] T aff10dca8bf348cab1379b36ea425a71 P d094b927237d4124a6a5a1d0bab5202e [CANDIDATE]: Term 1 pre-election: Tablet error from VoteRequest() call to peer 991add520b1848fd9015425eb9dd0940 (127.14.74.193:36289): Illegal state: must be running to vote when last-logged opid is not known
W20260709 12:11:38.697597 14882 leader_election.cc:343] T aff10dca8bf348cab1379b36ea425a71 P d094b927237d4124a6a5a1d0bab5202e [CANDIDATE]: Term 1 pre-election: Tablet error from VoteRequest() call to peer f6de6a07955749df821a062c4e1c625c (127.14.74.194:41717): Illegal state: must be running to vote when last-logged opid is not known
I20260709 12:11:38.698011 14882 leader_election.cc:304] T aff10dca8bf348cab1379b36ea425a71 P d094b927237d4124a6a5a1d0bab5202e [CANDIDATE]: Term 1 pre-election: Election decided. Result: candidate lost. Election summary: received 3 responses out of 3 voters: 1 yes votes; 2 no votes. yes voters: d094b927237d4124a6a5a1d0bab5202e; no voters: 991add520b1848fd9015425eb9dd0940, f6de6a07955749df821a062c4e1c625c
I20260709 12:11:38.700295 14979 raft_consensus.cc:2749] T aff10dca8bf348cab1379b36ea425a71 P d094b927237d4124a6a5a1d0bab5202e [term 0 FOLLOWER]: Leader pre-election lost for term 1. Reason: could not achieve majority
I20260709 12:11:38.699404 14963 consensus_queue.cc:260] T 530e3120cc0f4f709679cedb46c356c9 P d094b927237d4124a6a5a1d0bab5202e [NON_LEADER]: Queue going to NON_LEADER mode. State: All replicated index: 0, Majority replicated index: 0, Committed index: 0, Last appended: 0.0, Last appended by leader: 0, Current term: 0, Majority size: -1, State: 0, Mode: NON_LEADER, active raft config: opid_index: -1 OBSOLETE_local: false peers { permanent_uuid: "991add520b1848fd9015425eb9dd0940" member_type: VOTER last_known_addr { host: "127.14.74.193" port: 36289 } } peers { permanent_uuid: "f6de6a07955749df821a062c4e1c625c" member_type: VOTER last_known_addr { host: "127.14.74.194" port: 41717 } } peers { permanent_uuid: "d094b927237d4124a6a5a1d0bab5202e" member_type: VOTER last_known_addr { host: "127.14.74.195" port: 44759 } }
I20260709 12:11:38.706646 14963 ts_tablet_manager.cc:1434] T 530e3120cc0f4f709679cedb46c356c9 P d094b927237d4124a6a5a1d0bab5202e: Time spent starting tablet: real 0.024s	user 0.004s	sys 0.004s
I20260709 12:11:38.707615 14963 tablet_bootstrap.cc:492] T 91676fe56f6241558972a260de9087d0 P d094b927237d4124a6a5a1d0bab5202e: Bootstrap starting.
I20260709 12:11:38.718156 14667 catalog_manager.cc:5697] T d878a1ae81994ed19caa10246a3e6861 P f6de6a07955749df821a062c4e1c625c reported cstate change: term changed from 0 to 1, leader changed from <none> to f6de6a07955749df821a062c4e1c625c (127.14.74.194). New cstate: current_term: 1 leader_uuid: "f6de6a07955749df821a062c4e1c625c" committed_config { opid_index: -1 OBSOLETE_local: false peers { permanent_uuid: "991add520b1848fd9015425eb9dd0940" member_type: VOTER last_known_addr { host: "127.14.74.193" port: 36289 } health_report { overall_health: UNKNOWN } } peers { permanent_uuid: "f6de6a07955749df821a062c4e1c625c" member_type: VOTER last_known_addr { host: "127.14.74.194" port: 41717 } health_report { overall_health: HEALTHY } } peers { permanent_uuid: "d094b927237d4124a6a5a1d0bab5202e" member_type: VOTER last_known_addr { host: "127.14.74.195" port: 44759 } health_report { overall_health: UNKNOWN } } }
I20260709 12:11:38.730780 14964 tablet_bootstrap.cc:492] T 0b4283b8f5554bfa9ffe8a357dcbb04c P 991add520b1848fd9015425eb9dd0940: No bootstrap required, opened a new log
I20260709 12:11:38.731853 14963 tablet_bootstrap.cc:654] T 91676fe56f6241558972a260de9087d0 P d094b927237d4124a6a5a1d0bab5202e: Neither blocks nor log segments found. Creating new log.
I20260709 12:11:38.731671 14964 ts_tablet_manager.cc:1403] T 0b4283b8f5554bfa9ffe8a357dcbb04c P 991add520b1848fd9015425eb9dd0940: Time spent bootstrapping tablet: real 0.088s	user 0.011s	sys 0.018s
I20260709 12:11:38.736526 14962 tablet_bootstrap.cc:492] T 530e3120cc0f4f709679cedb46c356c9 P f6de6a07955749df821a062c4e1c625c: No bootstrap required, opened a new log
I20260709 12:11:38.737449 14962 ts_tablet_manager.cc:1403] T 530e3120cc0f4f709679cedb46c356c9 P f6de6a07955749df821a062c4e1c625c: Time spent bootstrapping tablet: real 0.111s	user 0.024s	sys 0.017s
I20260709 12:11:38.737887 14845 tablet_service.cc:1917] Received RequestConsensusVote() RPC: tablet_id: "530e3120cc0f4f709679cedb46c356c9" candidate_uuid: "991add520b1848fd9015425eb9dd0940" candidate_term: 1 candidate_status { last_received { term: 0 index: 0 } } ignore_live_leader: false dest_uuid: "f6de6a07955749df821a062c4e1c625c" is_pre_election: true
I20260709 12:11:38.738890 14964 raft_consensus.cc:359] T 0b4283b8f5554bfa9ffe8a357dcbb04c P 991add520b1848fd9015425eb9dd0940 [term 0 FOLLOWER]: Replica starting. Triggering 0 pending ops. Active config: opid_index: -1 OBSOLETE_local: false peers { permanent_uuid: "991add520b1848fd9015425eb9dd0940" member_type: VOTER last_known_addr { host: "127.14.74.193" port: 36289 } } peers { permanent_uuid: "f6de6a07955749df821a062c4e1c625c" member_type: VOTER last_known_addr { host: "127.14.74.194" port: 41717 } } peers { permanent_uuid: "d094b927237d4124a6a5a1d0bab5202e" member_type: VOTER last_known_addr { host: "127.14.74.195" port: 44759 } }
I20260709 12:11:38.740375 14964 raft_consensus.cc:385] T 0b4283b8f5554bfa9ffe8a357dcbb04c P 991add520b1848fd9015425eb9dd0940 [term 0 FOLLOWER]: Consensus starting up: Expiring failure detector timer to make a prompt election more likely
I20260709 12:11:38.740697 14964 raft_consensus.cc:740] T 0b4283b8f5554bfa9ffe8a357dcbb04c P 991add520b1848fd9015425eb9dd0940 [term 0 FOLLOWER]: Becoming Follower/Learner. State: Replica: 991add520b1848fd9015425eb9dd0940, State: Initialized, Role: FOLLOWER
W20260709 12:11:38.743032 14733 leader_election.cc:343] T 530e3120cc0f4f709679cedb46c356c9 P 991add520b1848fd9015425eb9dd0940 [CANDIDATE]: Term 1 pre-election: Tablet error from VoteRequest() call to peer f6de6a07955749df821a062c4e1c625c (127.14.74.194:41717): Illegal state: must be running to vote when last-logged opid is not known
I20260709 12:11:38.741473 14964 consensus_queue.cc:260] T 0b4283b8f5554bfa9ffe8a357dcbb04c P 991add520b1848fd9015425eb9dd0940 [NON_LEADER]: Queue going to NON_LEADER mode. State: All replicated index: 0, Majority replicated index: 0, Committed index: 0, Last appended: 0.0, Last appended by leader: 0, Current term: 0, Majority size: -1, State: 0, Mode: NON_LEADER, active raft config: opid_index: -1 OBSOLETE_local: false peers { permanent_uuid: "991add520b1848fd9015425eb9dd0940" member_type: VOTER last_known_addr { host: "127.14.74.193" port: 36289 } } peers { permanent_uuid: "f6de6a07955749df821a062c4e1c625c" member_type: VOTER last_known_addr { host: "127.14.74.194" port: 41717 } } peers { permanent_uuid: "d094b927237d4124a6a5a1d0bab5202e" member_type: VOTER last_known_addr { host: "127.14.74.195" port: 44759 } }
I20260709 12:11:38.752591 14919 tablet_service.cc:1917] Received RequestConsensusVote() RPC: tablet_id: "530e3120cc0f4f709679cedb46c356c9" candidate_uuid: "991add520b1848fd9015425eb9dd0940" candidate_term: 1 candidate_status { last_received { term: 0 index: 0 } } ignore_live_leader: false dest_uuid: "d094b927237d4124a6a5a1d0bab5202e" is_pre_election: true
I20260709 12:11:38.753254 14919 raft_consensus.cc:2468] T 530e3120cc0f4f709679cedb46c356c9 P d094b927237d4124a6a5a1d0bab5202e [term 0 FOLLOWER]: Leader pre-election vote request: Granting yes vote for candidate 991add520b1848fd9015425eb9dd0940 in term 0.
I20260709 12:11:38.753754 14964 ts_tablet_manager.cc:1434] T 0b4283b8f5554bfa9ffe8a357dcbb04c P 991add520b1848fd9015425eb9dd0940: Time spent starting tablet: real 0.021s	user 0.006s	sys 0.001s
I20260709 12:11:38.755097 14964 tablet_bootstrap.cc:492] T aff10dca8bf348cab1379b36ea425a71 P 991add520b1848fd9015425eb9dd0940: Bootstrap starting.
I20260709 12:11:38.755082 14734 leader_election.cc:304] T 530e3120cc0f4f709679cedb46c356c9 P 991add520b1848fd9015425eb9dd0940 [CANDIDATE]: Term 1 pre-election: Election decided. Result: candidate won. Election summary: received 3 responses out of 3 voters: 2 yes votes; 1 no votes. yes voters: 991add520b1848fd9015425eb9dd0940, d094b927237d4124a6a5a1d0bab5202e; no voters: f6de6a07955749df821a062c4e1c625c
I20260709 12:11:38.755985 14962 raft_consensus.cc:359] T 530e3120cc0f4f709679cedb46c356c9 P f6de6a07955749df821a062c4e1c625c [term 0 FOLLOWER]: Replica starting. Triggering 0 pending ops. Active config: opid_index: -1 OBSOLETE_local: false peers { permanent_uuid: "991add520b1848fd9015425eb9dd0940" member_type: VOTER last_known_addr { host: "127.14.74.193" port: 36289 } } peers { permanent_uuid: "f6de6a07955749df821a062c4e1c625c" member_type: VOTER last_known_addr { host: "127.14.74.194" port: 41717 } } peers { permanent_uuid: "d094b927237d4124a6a5a1d0bab5202e" member_type: VOTER last_known_addr { host: "127.14.74.195" port: 44759 } }
I20260709 12:11:38.756996 14962 raft_consensus.cc:385] T 530e3120cc0f4f709679cedb46c356c9 P f6de6a07955749df821a062c4e1c625c [term 0 FOLLOWER]: Consensus starting up: Expiring failure detector timer to make a prompt election more likely
I20260709 12:11:38.757272 14962 raft_consensus.cc:740] T 530e3120cc0f4f709679cedb46c356c9 P f6de6a07955749df821a062c4e1c625c [term 0 FOLLOWER]: Becoming Follower/Learner. State: Replica: f6de6a07955749df821a062c4e1c625c, State: Initialized, Role: FOLLOWER
I20260709 12:11:38.756529 14970 raft_consensus.cc:2804] T 530e3120cc0f4f709679cedb46c356c9 P 991add520b1848fd9015425eb9dd0940 [term 0 FOLLOWER]: Leader pre-election won for term 1
I20260709 12:11:38.758354 14970 raft_consensus.cc:493] T 530e3120cc0f4f709679cedb46c356c9 P 991add520b1848fd9015425eb9dd0940 [term 0 FOLLOWER]: Starting leader election (no leader contacted us within the election timeout)
I20260709 12:11:38.757946 14962 consensus_queue.cc:260] T 530e3120cc0f4f709679cedb46c356c9 P f6de6a07955749df821a062c4e1c625c [NON_LEADER]: Queue going to NON_LEADER mode. State: All replicated index: 0, Majority replicated index: 0, Committed index: 0, Last appended: 0.0, Last appended by leader: 0, Current term: 0, Majority size: -1, State: 0, Mode: NON_LEADER, active raft config: opid_index: -1 OBSOLETE_local: false peers { permanent_uuid: "991add520b1848fd9015425eb9dd0940" member_type: VOTER last_known_addr { host: "127.14.74.193" port: 36289 } } peers { permanent_uuid: "f6de6a07955749df821a062c4e1c625c" member_type: VOTER last_known_addr { host: "127.14.74.194" port: 41717 } } peers { permanent_uuid: "d094b927237d4124a6a5a1d0bab5202e" member_type: VOTER last_known_addr { host: "127.14.74.195" port: 44759 } }
I20260709 12:11:38.758666 14970 raft_consensus.cc:3060] T 530e3120cc0f4f709679cedb46c356c9 P 991add520b1848fd9015425eb9dd0940 [term 0 FOLLOWER]: Advancing to term 1
I20260709 12:11:38.770905 14964 tablet_bootstrap.cc:654] T aff10dca8bf348cab1379b36ea425a71 P 991add520b1848fd9015425eb9dd0940: Neither blocks nor log segments found. Creating new log.
I20260709 12:11:38.772850 14963 tablet_bootstrap.cc:492] T 91676fe56f6241558972a260de9087d0 P d094b927237d4124a6a5a1d0bab5202e: No bootstrap required, opened a new log
I20260709 12:11:38.773280 14963 ts_tablet_manager.cc:1403] T 91676fe56f6241558972a260de9087d0 P d094b927237d4124a6a5a1d0bab5202e: Time spent bootstrapping tablet: real 0.066s	user 0.014s	sys 0.009s
I20260709 12:11:38.776135 14963 raft_consensus.cc:359] T 91676fe56f6241558972a260de9087d0 P d094b927237d4124a6a5a1d0bab5202e [term 0 FOLLOWER]: Replica starting. Triggering 0 pending ops. Active config: opid_index: -1 OBSOLETE_local: false peers { permanent_uuid: "991add520b1848fd9015425eb9dd0940" member_type: VOTER last_known_addr { host: "127.14.74.193" port: 36289 } } peers { permanent_uuid: "f6de6a07955749df821a062c4e1c625c" member_type: VOTER last_known_addr { host: "127.14.74.194" port: 41717 } } peers { permanent_uuid: "d094b927237d4124a6a5a1d0bab5202e" member_type: VOTER last_known_addr { host: "127.14.74.195" port: 44759 } }
I20260709 12:11:38.777773 14963 raft_consensus.cc:385] T 91676fe56f6241558972a260de9087d0 P d094b927237d4124a6a5a1d0bab5202e [term 0 FOLLOWER]: Consensus starting up: Expiring failure detector timer to make a prompt election more likely
I20260709 12:11:38.778069 14963 raft_consensus.cc:740] T 91676fe56f6241558972a260de9087d0 P d094b927237d4124a6a5a1d0bab5202e [term 0 FOLLOWER]: Becoming Follower/Learner. State: Replica: d094b927237d4124a6a5a1d0bab5202e, State: Initialized, Role: FOLLOWER
I20260709 12:11:38.779625 14962 ts_tablet_manager.cc:1434] T 530e3120cc0f4f709679cedb46c356c9 P f6de6a07955749df821a062c4e1c625c: Time spent starting tablet: real 0.042s	user 0.005s	sys 0.001s
I20260709 12:11:38.780566 14962 tablet_bootstrap.cc:492] T ceec8079cf4c47f68c70ceaa9565b5ec P f6de6a07955749df821a062c4e1c625c: Bootstrap starting.
I20260709 12:11:38.781478 14970 raft_consensus.cc:515] T 530e3120cc0f4f709679cedb46c356c9 P 991add520b1848fd9015425eb9dd0940 [term 1 FOLLOWER]: Starting leader election with config: opid_index: -1 OBSOLETE_local: false peers { permanent_uuid: "991add520b1848fd9015425eb9dd0940" member_type: VOTER last_known_addr { host: "127.14.74.193" port: 36289 } } peers { permanent_uuid: "f6de6a07955749df821a062c4e1c625c" member_type: VOTER last_known_addr { host: "127.14.74.194" port: 41717 } } peers { permanent_uuid: "d094b927237d4124a6a5a1d0bab5202e" member_type: VOTER last_known_addr { host: "127.14.74.195" port: 44759 } }
I20260709 12:11:38.784299 14845 tablet_service.cc:1917] Received RequestConsensusVote() RPC: tablet_id: "530e3120cc0f4f709679cedb46c356c9" candidate_uuid: "991add520b1848fd9015425eb9dd0940" candidate_term: 1 candidate_status { last_received { term: 0 index: 0 } } ignore_live_leader: false dest_uuid: "f6de6a07955749df821a062c4e1c625c"
I20260709 12:11:38.784019 14963 consensus_queue.cc:260] T 91676fe56f6241558972a260de9087d0 P d094b927237d4124a6a5a1d0bab5202e [NON_LEADER]: Queue going to NON_LEADER mode. State: All replicated index: 0, Majority replicated index: 0, Committed index: 0, Last appended: 0.0, Last appended by leader: 0, Current term: 0, Majority size: -1, State: 0, Mode: NON_LEADER, active raft config: opid_index: -1 OBSOLETE_local: false peers { permanent_uuid: "991add520b1848fd9015425eb9dd0940" member_type: VOTER last_known_addr { host: "127.14.74.193" port: 36289 } } peers { permanent_uuid: "f6de6a07955749df821a062c4e1c625c" member_type: VOTER last_known_addr { host: "127.14.74.194" port: 41717 } } peers { permanent_uuid: "d094b927237d4124a6a5a1d0bab5202e" member_type: VOTER last_known_addr { host: "127.14.74.195" port: 44759 } }
I20260709 12:11:38.784901 14845 raft_consensus.cc:3060] T 530e3120cc0f4f709679cedb46c356c9 P f6de6a07955749df821a062c4e1c625c [term 0 FOLLOWER]: Advancing to term 1
I20260709 12:11:38.787452 14963 ts_tablet_manager.cc:1434] T 91676fe56f6241558972a260de9087d0 P d094b927237d4124a6a5a1d0bab5202e: Time spent starting tablet: real 0.014s	user 0.007s	sys 0.000s
I20260709 12:11:38.788341 14963 tablet_bootstrap.cc:492] T ceec8079cf4c47f68c70ceaa9565b5ec P d094b927237d4124a6a5a1d0bab5202e: Bootstrap starting.
I20260709 12:11:38.790974 14970 leader_election.cc:290] T 530e3120cc0f4f709679cedb46c356c9 P 991add520b1848fd9015425eb9dd0940 [CANDIDATE]: Term 1 election: Requested vote from peers f6de6a07955749df821a062c4e1c625c (127.14.74.194:41717), d094b927237d4124a6a5a1d0bab5202e (127.14.74.195:44759)
I20260709 12:11:38.792168 14919 tablet_service.cc:1917] Received RequestConsensusVote() RPC: tablet_id: "530e3120cc0f4f709679cedb46c356c9" candidate_uuid: "991add520b1848fd9015425eb9dd0940" candidate_term: 1 candidate_status { last_received { term: 0 index: 0 } } ignore_live_leader: false dest_uuid: "d094b927237d4124a6a5a1d0bab5202e"
I20260709 12:11:38.792732 14919 raft_consensus.cc:3060] T 530e3120cc0f4f709679cedb46c356c9 P d094b927237d4124a6a5a1d0bab5202e [term 0 FOLLOWER]: Advancing to term 1
I20260709 12:11:38.793781 14845 raft_consensus.cc:2468] T 530e3120cc0f4f709679cedb46c356c9 P f6de6a07955749df821a062c4e1c625c [term 1 FOLLOWER]: Leader election vote request: Granting yes vote for candidate 991add520b1848fd9015425eb9dd0940 in term 1.
I20260709 12:11:38.794842 14733 leader_election.cc:304] T 530e3120cc0f4f709679cedb46c356c9 P 991add520b1848fd9015425eb9dd0940 [CANDIDATE]: Term 1 election: Election decided. Result: candidate won. Election summary: received 2 responses out of 3 voters: 2 yes votes; 0 no votes. yes voters: 991add520b1848fd9015425eb9dd0940, f6de6a07955749df821a062c4e1c625c; no voters: 
I20260709 12:11:38.797441 14970 raft_consensus.cc:2804] T 530e3120cc0f4f709679cedb46c356c9 P 991add520b1848fd9015425eb9dd0940 [term 1 FOLLOWER]: Leader election won for term 1
I20260709 12:11:38.799124 14919 raft_consensus.cc:2468] T 530e3120cc0f4f709679cedb46c356c9 P d094b927237d4124a6a5a1d0bab5202e [term 1 FOLLOWER]: Leader election vote request: Granting yes vote for candidate 991add520b1848fd9015425eb9dd0940 in term 1.
I20260709 12:11:38.800171 14963 tablet_bootstrap.cc:654] T ceec8079cf4c47f68c70ceaa9565b5ec P d094b927237d4124a6a5a1d0bab5202e: Neither blocks nor log segments found. Creating new log.
I20260709 12:11:38.802412 14962 tablet_bootstrap.cc:654] T ceec8079cf4c47f68c70ceaa9565b5ec P f6de6a07955749df821a062c4e1c625c: Neither blocks nor log segments found. Creating new log.
I20260709 12:11:38.806205 14970 raft_consensus.cc:697] T 530e3120cc0f4f709679cedb46c356c9 P 991add520b1848fd9015425eb9dd0940 [term 1 LEADER]: Becoming Leader. State: Replica: 991add520b1848fd9015425eb9dd0940, State: Running, Role: LEADER
