I20260709 12:12:38.166832  4257 tablet_bootstrap.cc:492] T 5a33248274b84899b4149ece55933b86 P 3ff053c846724c48a2801889ad366642: No bootstrap required, opened a new log
I20260709 12:12:38.167210  4257 ts_tablet_manager.cc:1403] T 5a33248274b84899b4149ece55933b86 P 3ff053c846724c48a2801889ad366642: Time spent bootstrapping tablet: real 0.015s	user 0.011s	sys 0.000s
I20260709 12:12:38.167088  4258 consensus_queue.cc:260] T 928a356785a946cf92ab298035bd89cf P ca8676451a824af0a89d64a1bba4abe4 [NON_LEADER]: Queue going to NON_LEADER mode. State: All replicated index: 0, Majority replicated index: 0, Committed index: 0, Last appended: 0.0, Last appended by leader: 0, Current term: 0, Majority size: -1, State: 0, Mode: NON_LEADER, active raft config: opid_index: -1 OBSOLETE_local: false peers { permanent_uuid: "2561454e22224969ae4637066307360f" member_type: VOTER last_known_addr { host: "127.2.214.129" port: 34507 } } peers { permanent_uuid: "3ff053c846724c48a2801889ad366642" member_type: VOTER last_known_addr { host: "127.2.214.130" port: 38001 } } peers { permanent_uuid: "ca8676451a824af0a89d64a1bba4abe4" member_type: VOTER last_known_addr { host: "127.2.214.131" port: 35685 } }
I20260709 12:12:38.167658  4256 ts_tablet_manager.cc:1434] T aa639979294e43d8b66d912ec7bdbd5b P 2561454e22224969ae4637066307360f: Time spent starting tablet: real 0.007s	user 0.006s	sys 0.001s
I20260709 12:12:38.168622  4256 tablet_bootstrap.cc:492] T 17561483ddb340b784d61906bc41df09 P 2561454e22224969ae4637066307360f: Bootstrap starting.
I20260709 12:12:38.169554  4257 raft_consensus.cc:359] T 5a33248274b84899b4149ece55933b86 P 3ff053c846724c48a2801889ad366642 [term 0 FOLLOWER]: Replica starting. Triggering 0 pending ops. Active config: opid_index: -1 OBSOLETE_local: false peers { permanent_uuid: "2561454e22224969ae4637066307360f" member_type: VOTER last_known_addr { host: "127.2.214.129" port: 34507 } } peers { permanent_uuid: "3ff053c846724c48a2801889ad366642" member_type: VOTER last_known_addr { host: "127.2.214.130" port: 38001 } } peers { permanent_uuid: "ca8676451a824af0a89d64a1bba4abe4" member_type: VOTER last_known_addr { host: "127.2.214.131" port: 35685 } }
I20260709 12:12:38.170195  4257 raft_consensus.cc:385] T 5a33248274b84899b4149ece55933b86 P 3ff053c846724c48a2801889ad366642 [term 0 FOLLOWER]: Consensus starting up: Expiring failure detector timer to make a prompt election more likely
I20260709 12:12:38.170450  4257 raft_consensus.cc:740] T 5a33248274b84899b4149ece55933b86 P 3ff053c846724c48a2801889ad366642 [term 0 FOLLOWER]: Becoming Follower/Learner. State: Replica: 3ff053c846724c48a2801889ad366642, State: Initialized, Role: FOLLOWER
I20260709 12:12:38.171144  4257 consensus_queue.cc:260] T 5a33248274b84899b4149ece55933b86 P 3ff053c846724c48a2801889ad366642 [NON_LEADER]: Queue going to NON_LEADER mode. State: All replicated index: 0, Majority replicated index: 0, Committed index: 0, Last appended: 0.0, Last appended by leader: 0, Current term: 0, Majority size: -1, State: 0, Mode: NON_LEADER, active raft config: opid_index: -1 OBSOLETE_local: false peers { permanent_uuid: "2561454e22224969ae4637066307360f" member_type: VOTER last_known_addr { host: "127.2.214.129" port: 34507 } } peers { permanent_uuid: "3ff053c846724c48a2801889ad366642" member_type: VOTER last_known_addr { host: "127.2.214.130" port: 38001 } } peers { permanent_uuid: "ca8676451a824af0a89d64a1bba4abe4" member_type: VOTER last_known_addr { host: "127.2.214.131" port: 35685 } }
I20260709 12:12:38.174005  4258 ts_tablet_manager.cc:1434] T 928a356785a946cf92ab298035bd89cf P ca8676451a824af0a89d64a1bba4abe4: Time spent starting tablet: real 0.010s	user 0.004s	sys 0.000s
I20260709 12:12:38.174881  4258 tablet_bootstrap.cc:492] T 3c43ee40c2ef45d0863d8090b39b6600 P ca8676451a824af0a89d64a1bba4abe4: Bootstrap starting.
I20260709 12:12:38.175186  4256 tablet_bootstrap.cc:654] T 17561483ddb340b784d61906bc41df09 P 2561454e22224969ae4637066307360f: Neither blocks nor log segments found. Creating new log.
I20260709 12:12:38.175938  4257 ts_tablet_manager.cc:1434] T 5a33248274b84899b4149ece55933b86 P 3ff053c846724c48a2801889ad366642: Time spent starting tablet: real 0.008s	user 0.005s	sys 0.000s
I20260709 12:12:38.176795  4257 tablet_bootstrap.cc:492] T df68f63ff1f44d98b4b757a8eb137962 P 3ff053c846724c48a2801889ad366642: Bootstrap starting.
I20260709 12:12:38.182204  4257 tablet_bootstrap.cc:654] T df68f63ff1f44d98b4b757a8eb137962 P 3ff053c846724c48a2801889ad366642: Neither blocks nor log segments found. Creating new log.
I20260709 12:12:38.182813  4258 tablet_bootstrap.cc:654] T 3c43ee40c2ef45d0863d8090b39b6600 P ca8676451a824af0a89d64a1bba4abe4: Neither blocks nor log segments found. Creating new log.
I20260709 12:12:38.189464  4294 raft_consensus.cc:493] T a33c5151a14d4eac8e6994726dafecd4 P 2561454e22224969ae4637066307360f [term 0 FOLLOWER]: Starting pre-election (no leader contacted us within the election timeout)
I20260709 12:12:38.190059  4294 raft_consensus.cc:515] T a33c5151a14d4eac8e6994726dafecd4 P 2561454e22224969ae4637066307360f [term 0 FOLLOWER]: Starting pre-election with config: opid_index: -1 OBSOLETE_local: false peers { permanent_uuid: "2561454e22224969ae4637066307360f" member_type: VOTER last_known_addr { host: "127.2.214.129" port: 34507 } } peers { permanent_uuid: "3ff053c846724c48a2801889ad366642" member_type: VOTER last_known_addr { host: "127.2.214.130" port: 38001 } } peers { permanent_uuid: "ca8676451a824af0a89d64a1bba4abe4" member_type: VOTER last_known_addr { host: "127.2.214.131" port: 35685 } }
I20260709 12:12:38.193552  4142 tablet_service.cc:1917] Received RequestConsensusVote() RPC: tablet_id: "a33c5151a14d4eac8e6994726dafecd4" candidate_uuid: "2561454e22224969ae4637066307360f" candidate_term: 1 candidate_status { last_received { term: 0 index: 0 } } ignore_live_leader: false dest_uuid: "3ff053c846724c48a2801889ad366642" is_pre_election: true
W20260709 12:12:38.195178  4030 leader_election.cc:343] T a33c5151a14d4eac8e6994726dafecd4 P 2561454e22224969ae4637066307360f [CANDIDATE]: Term 1 pre-election: Tablet error from VoteRequest() call to peer 3ff053c846724c48a2801889ad366642 (127.2.214.130:38001): Illegal state: must be running to vote when last-logged opid is not known
I20260709 12:12:38.199275  4256 tablet_bootstrap.cc:492] T 17561483ddb340b784d61906bc41df09 P 2561454e22224969ae4637066307360f: No bootstrap required, opened a new log
I20260709 12:12:38.199726  4256 ts_tablet_manager.cc:1403] T 17561483ddb340b784d61906bc41df09 P 2561454e22224969ae4637066307360f: Time spent bootstrapping tablet: real 0.031s	user 0.019s	sys 0.011s
I20260709 12:12:38.200567  4257 tablet_bootstrap.cc:492] T df68f63ff1f44d98b4b757a8eb137962 P 3ff053c846724c48a2801889ad366642: No bootstrap required, opened a new log
I20260709 12:12:38.200937  4258 tablet_bootstrap.cc:492] T 3c43ee40c2ef45d0863d8090b39b6600 P ca8676451a824af0a89d64a1bba4abe4: No bootstrap required, opened a new log
I20260709 12:12:38.200975  4257 ts_tablet_manager.cc:1403] T df68f63ff1f44d98b4b757a8eb137962 P 3ff053c846724c48a2801889ad366642: Time spent bootstrapping tablet: real 0.024s	user 0.010s	sys 0.013s
I20260709 12:12:38.201576  4258 ts_tablet_manager.cc:1403] T 3c43ee40c2ef45d0863d8090b39b6600 P ca8676451a824af0a89d64a1bba4abe4: Time spent bootstrapping tablet: real 0.027s	user 0.009s	sys 0.003s
I20260709 12:12:38.201915  4215 tablet_service.cc:1917] Received RequestConsensusVote() RPC: tablet_id: "a33c5151a14d4eac8e6994726dafecd4" candidate_uuid: "2561454e22224969ae4637066307360f" candidate_term: 1 candidate_status { last_received { term: 0 index: 0 } } ignore_live_leader: false dest_uuid: "ca8676451a824af0a89d64a1bba4abe4" is_pre_election: true
I20260709 12:12:38.202126  4256 raft_consensus.cc:359] T 17561483ddb340b784d61906bc41df09 P 2561454e22224969ae4637066307360f [term 0 FOLLOWER]: Replica starting. Triggering 0 pending ops. Active config: opid_index: -1 OBSOLETE_local: false peers { permanent_uuid: "2561454e22224969ae4637066307360f" member_type: VOTER last_known_addr { host: "127.2.214.129" port: 34507 } } peers { permanent_uuid: "3ff053c846724c48a2801889ad366642" member_type: VOTER last_known_addr { host: "127.2.214.130" port: 38001 } } peers { permanent_uuid: "ca8676451a824af0a89d64a1bba4abe4" member_type: VOTER last_known_addr { host: "127.2.214.131" port: 35685 } }
I20260709 12:12:38.202494  4215 raft_consensus.cc:2468] T a33c5151a14d4eac8e6994726dafecd4 P ca8676451a824af0a89d64a1bba4abe4 [term 0 FOLLOWER]: Leader pre-election vote request: Granting yes vote for candidate 2561454e22224969ae4637066307360f in term 0.
I20260709 12:12:38.202788  4256 raft_consensus.cc:385] T 17561483ddb340b784d61906bc41df09 P 2561454e22224969ae4637066307360f [term 0 FOLLOWER]: Consensus starting up: Expiring failure detector timer to make a prompt election more likely
I20260709 12:12:38.203085  4256 raft_consensus.cc:740] T 17561483ddb340b784d61906bc41df09 P 2561454e22224969ae4637066307360f [term 0 FOLLOWER]: Becoming Follower/Learner. State: Replica: 2561454e22224969ae4637066307360f, State: Initialized, Role: FOLLOWER
I20260709 12:12:38.203752  4033 leader_election.cc:304] T a33c5151a14d4eac8e6994726dafecd4 P 2561454e22224969ae4637066307360f [CANDIDATE]: Term 1 pre-election: Election decided. Result: candidate won. Election summary: received 3 responses out of 3 voters: 2 yes votes; 1 no votes. yes voters: 2561454e22224969ae4637066307360f, ca8676451a824af0a89d64a1bba4abe4; no voters: 3ff053c846724c48a2801889ad366642
I20260709 12:12:38.203884  4257 raft_consensus.cc:359] T df68f63ff1f44d98b4b757a8eb137962 P 3ff053c846724c48a2801889ad366642 [term 0 FOLLOWER]: Replica starting. Triggering 0 pending ops. Active config: opid_index: -1 OBSOLETE_local: false peers { permanent_uuid: "2561454e22224969ae4637066307360f" member_type: VOTER last_known_addr { host: "127.2.214.129" port: 34507 } } peers { permanent_uuid: "3ff053c846724c48a2801889ad366642" member_type: VOTER last_known_addr { host: "127.2.214.130" port: 38001 } } peers { permanent_uuid: "ca8676451a824af0a89d64a1bba4abe4" member_type: VOTER last_known_addr { host: "127.2.214.131" port: 35685 } }
I20260709 12:12:38.204178  4256 consensus_queue.cc:260] T 17561483ddb340b784d61906bc41df09 P 2561454e22224969ae4637066307360f [NON_LEADER]: Queue going to NON_LEADER mode. State: All replicated index: 0, Majority replicated index: 0, Committed index: 0, Last appended: 0.0, Last appended by leader: 0, Current term: 0, Majority size: -1, State: 0, Mode: NON_LEADER, active raft config: opid_index: -1 OBSOLETE_local: false peers { permanent_uuid: "2561454e22224969ae4637066307360f" member_type: VOTER last_known_addr { host: "127.2.214.129" port: 34507 } } peers { permanent_uuid: "3ff053c846724c48a2801889ad366642" member_type: VOTER last_known_addr { host: "127.2.214.130" port: 38001 } } peers { permanent_uuid: "ca8676451a824af0a89d64a1bba4abe4" member_type: VOTER last_known_addr { host: "127.2.214.131" port: 35685 } }
I20260709 12:12:38.204583  4282 raft_consensus.cc:2804] T a33c5151a14d4eac8e6994726dafecd4 P 2561454e22224969ae4637066307360f [term 0 FOLLOWER]: Leader pre-election won for term 1
I20260709 12:12:38.204663  4257 raft_consensus.cc:385] T df68f63ff1f44d98b4b757a8eb137962 P 3ff053c846724c48a2801889ad366642 [term 0 FOLLOWER]: Consensus starting up: Expiring failure detector timer to make a prompt election more likely
I20260709 12:12:38.205036  4282 raft_consensus.cc:493] T a33c5151a14d4eac8e6994726dafecd4 P 2561454e22224969ae4637066307360f [term 0 FOLLOWER]: Starting leader election (no leader contacted us within the election timeout)
I20260709 12:12:38.205057  4257 raft_consensus.cc:740] T df68f63ff1f44d98b4b757a8eb137962 P 3ff053c846724c48a2801889ad366642 [term 0 FOLLOWER]: Becoming Follower/Learner. State: Replica: 3ff053c846724c48a2801889ad366642, State: Initialized, Role: FOLLOWER
I20260709 12:12:38.205559  4282 raft_consensus.cc:3060] T a33c5151a14d4eac8e6994726dafecd4 P 2561454e22224969ae4637066307360f [term 0 FOLLOWER]: Advancing to term 1
I20260709 12:12:38.205847  4294 leader_election.cc:290] T a33c5151a14d4eac8e6994726dafecd4 P 2561454e22224969ae4637066307360f [CANDIDATE]: Term 1 pre-election: Requested pre-vote from peers 3ff053c846724c48a2801889ad366642 (127.2.214.130:38001), ca8676451a824af0a89d64a1bba4abe4 (127.2.214.131:35685)
I20260709 12:12:38.206230  4256 ts_tablet_manager.cc:1434] T 17561483ddb340b784d61906bc41df09 P 2561454e22224969ae4637066307360f: Time spent starting tablet: real 0.006s	user 0.001s	sys 0.003s
I20260709 12:12:38.205889  4257 consensus_queue.cc:260] T df68f63ff1f44d98b4b757a8eb137962 P 3ff053c846724c48a2801889ad366642 [NON_LEADER]: Queue going to NON_LEADER mode. State: All replicated index: 0, Majority replicated index: 0, Committed index: 0, Last appended: 0.0, Last appended by leader: 0, Current term: 0, Majority size: -1, State: 0, Mode: NON_LEADER, active raft config: opid_index: -1 OBSOLETE_local: false peers { permanent_uuid: "2561454e22224969ae4637066307360f" member_type: VOTER last_known_addr { host: "127.2.214.129" port: 34507 } } peers { permanent_uuid: "3ff053c846724c48a2801889ad366642" member_type: VOTER last_known_addr { host: "127.2.214.130" port: 38001 } } peers { permanent_uuid: "ca8676451a824af0a89d64a1bba4abe4" member_type: VOTER last_known_addr { host: "127.2.214.131" port: 35685 } }
I20260709 12:12:38.207001  4256 tablet_bootstrap.cc:492] T 78e7bfa69489469d84db4bc91b6a6bd3 P 2561454e22224969ae4637066307360f: Bootstrap starting.
I20260709 12:12:38.207702  4258 raft_consensus.cc:359] T 3c43ee40c2ef45d0863d8090b39b6600 P ca8676451a824af0a89d64a1bba4abe4 [term 0 FOLLOWER]: Replica starting. Triggering 0 pending ops. Active config: opid_index: -1 OBSOLETE_local: false peers { permanent_uuid: "2561454e22224969ae4637066307360f" member_type: VOTER last_known_addr { host: "127.2.214.129" port: 34507 } } peers { permanent_uuid: "3ff053c846724c48a2801889ad366642" member_type: VOTER last_known_addr { host: "127.2.214.130" port: 38001 } } peers { permanent_uuid: "ca8676451a824af0a89d64a1bba4abe4" member_type: VOTER last_known_addr { host: "127.2.214.131" port: 35685 } }
I20260709 12:12:38.208400  4258 raft_consensus.cc:385] T 3c43ee40c2ef45d0863d8090b39b6600 P ca8676451a824af0a89d64a1bba4abe4 [term 0 FOLLOWER]: Consensus starting up: Expiring failure detector timer to make a prompt election more likely
I20260709 12:12:38.208717  4258 raft_consensus.cc:740] T 3c43ee40c2ef45d0863d8090b39b6600 P ca8676451a824af0a89d64a1bba4abe4 [term 0 FOLLOWER]: Becoming Follower/Learner. State: Replica: ca8676451a824af0a89d64a1bba4abe4, State: Initialized, Role: FOLLOWER
I20260709 12:12:38.209405  4258 consensus_queue.cc:260] T 3c43ee40c2ef45d0863d8090b39b6600 P ca8676451a824af0a89d64a1bba4abe4 [NON_LEADER]: Queue going to NON_LEADER mode. State: All replicated index: 0, Majority replicated index: 0, Committed index: 0, Last appended: 0.0, Last appended by leader: 0, Current term: 0, Majority size: -1, State: 0, Mode: NON_LEADER, active raft config: opid_index: -1 OBSOLETE_local: false peers { permanent_uuid: "2561454e22224969ae4637066307360f" member_type: VOTER last_known_addr { host: "127.2.214.129" port: 34507 } } peers { permanent_uuid: "3ff053c846724c48a2801889ad366642" member_type: VOTER last_known_addr { host: "127.2.214.130" port: 38001 } } peers { permanent_uuid: "ca8676451a824af0a89d64a1bba4abe4" member_type: VOTER last_known_addr { host: "127.2.214.131" port: 35685 } }
I20260709 12:12:38.210368  4257 ts_tablet_manager.cc:1434] T df68f63ff1f44d98b4b757a8eb137962 P 3ff053c846724c48a2801889ad366642: Time spent starting tablet: real 0.009s	user 0.006s	sys 0.000s
I20260709 12:12:38.211162  4257 tablet_bootstrap.cc:492] T e81cfffb633344709e7e5a64ce161625 P 3ff053c846724c48a2801889ad366642: Bootstrap starting.
I20260709 12:12:38.212280  4282 raft_consensus.cc:515] T a33c5151a14d4eac8e6994726dafecd4 P 2561454e22224969ae4637066307360f [term 1 FOLLOWER]: Starting leader election with config: opid_index: -1 OBSOLETE_local: false peers { permanent_uuid: "2561454e22224969ae4637066307360f" member_type: VOTER last_known_addr { host: "127.2.214.129" port: 34507 } } peers { permanent_uuid: "3ff053c846724c48a2801889ad366642" member_type: VOTER last_known_addr { host: "127.2.214.130" port: 38001 } } peers { permanent_uuid: "ca8676451a824af0a89d64a1bba4abe4" member_type: VOTER last_known_addr { host: "127.2.214.131" port: 35685 } }
I20260709 12:12:38.213124  4356 raft_consensus.cc:493] T aa639979294e43d8b66d912ec7bdbd5b P 2561454e22224969ae4637066307360f [term 0 FOLLOWER]: Starting pre-election (no leader contacted us within the election timeout)
I20260709 12:12:38.213583  4356 raft_consensus.cc:515] T aa639979294e43d8b66d912ec7bdbd5b P 2561454e22224969ae4637066307360f [term 0 FOLLOWER]: Starting pre-election with config: opid_index: -1 OBSOLETE_local: false peers { permanent_uuid: "2561454e22224969ae4637066307360f" member_type: VOTER last_known_addr { host: "127.2.214.129" port: 34507 } } peers { permanent_uuid: "3ff053c846724c48a2801889ad366642" member_type: VOTER last_known_addr { host: "127.2.214.130" port: 38001 } } peers { permanent_uuid: "ca8676451a824af0a89d64a1bba4abe4" member_type: VOTER last_known_addr { host: "127.2.214.131" port: 35685 } }
I20260709 12:12:38.214517  4282 leader_election.cc:290] T a33c5151a14d4eac8e6994726dafecd4 P 2561454e22224969ae4637066307360f [CANDIDATE]: Term 1 election: Requested vote from peers 3ff053c846724c48a2801889ad366642 (127.2.214.130:38001), ca8676451a824af0a89d64a1bba4abe4 (127.2.214.131:35685)
I20260709 12:12:38.215132  4142 tablet_service.cc:1917] Received RequestConsensusVote() RPC: tablet_id: "a33c5151a14d4eac8e6994726dafecd4" candidate_uuid: "2561454e22224969ae4637066307360f" candidate_term: 1 candidate_status { last_received { term: 0 index: 0 } } ignore_live_leader: false dest_uuid: "3ff053c846724c48a2801889ad366642"
I20260709 12:12:38.215411  4356 leader_election.cc:290] T aa639979294e43d8b66d912ec7bdbd5b P 2561454e22224969ae4637066307360f [CANDIDATE]: Term 1 pre-election: Requested pre-vote from peers 3ff053c846724c48a2801889ad366642 (127.2.214.130:38001), ca8676451a824af0a89d64a1bba4abe4 (127.2.214.131:35685)
I20260709 12:12:38.215459  4215 tablet_service.cc:1917] Received RequestConsensusVote() RPC: tablet_id: "a33c5151a14d4eac8e6994726dafecd4" candidate_uuid: "2561454e22224969ae4637066307360f" candidate_term: 1 candidate_status { last_received { term: 0 index: 0 } } ignore_live_leader: false dest_uuid: "ca8676451a824af0a89d64a1bba4abe4"
I20260709 12:12:38.216051  4215 raft_consensus.cc:3060] T a33c5151a14d4eac8e6994726dafecd4 P ca8676451a824af0a89d64a1bba4abe4 [term 0 FOLLOWER]: Advancing to term 1
W20260709 12:12:38.217286  4030 leader_election.cc:343] T a33c5151a14d4eac8e6994726dafecd4 P 2561454e22224969ae4637066307360f [CANDIDATE]: Term 1 election: Tablet error from VoteRequest() call to peer 3ff053c846724c48a2801889ad366642 (127.2.214.130:38001): Illegal state: must be running to vote when last-logged opid is not known
I20260709 12:12:38.218490  4361 raft_consensus.cc:493] T 928a356785a946cf92ab298035bd89cf P ca8676451a824af0a89d64a1bba4abe4 [term 0 FOLLOWER]: Starting pre-election (no leader contacted us within the election timeout)
I20260709 12:12:38.218487  4142 tablet_service.cc:1917] Received RequestConsensusVote() RPC: tablet_id: "aa639979294e43d8b66d912ec7bdbd5b" candidate_uuid: "2561454e22224969ae4637066307360f" candidate_term: 1 candidate_status { last_received { term: 0 index: 0 } } ignore_live_leader: false dest_uuid: "3ff053c846724c48a2801889ad366642" is_pre_election: true
I20260709 12:12:38.219242  4142 raft_consensus.cc:2468] T aa639979294e43d8b66d912ec7bdbd5b P 3ff053c846724c48a2801889ad366642 [term 0 FOLLOWER]: Leader pre-election vote request: Granting yes vote for candidate 2561454e22224969ae4637066307360f in term 0.
I20260709 12:12:38.219094  4361 raft_consensus.cc:515] T 928a356785a946cf92ab298035bd89cf P ca8676451a824af0a89d64a1bba4abe4 [term 0 FOLLOWER]: Starting pre-election with config: opid_index: -1 OBSOLETE_local: false peers { permanent_uuid: "2561454e22224969ae4637066307360f" member_type: VOTER last_known_addr { host: "127.2.214.129" port: 34507 } } peers { permanent_uuid: "3ff053c846724c48a2801889ad366642" member_type: VOTER last_known_addr { host: "127.2.214.130" port: 38001 } } peers { permanent_uuid: "ca8676451a824af0a89d64a1bba4abe4" member_type: VOTER last_known_addr { host: "127.2.214.131" port: 35685 } }
I20260709 12:12:38.220379  4258 ts_tablet_manager.cc:1434] T 3c43ee40c2ef45d0863d8090b39b6600 P ca8676451a824af0a89d64a1bba4abe4: Time spent starting tablet: real 0.018s	user 0.006s	sys 0.000s
I20260709 12:12:38.220227  4030 leader_election.cc:304] T aa639979294e43d8b66d912ec7bdbd5b P 2561454e22224969ae4637066307360f [CANDIDATE]: Term 1 pre-election: Election decided. Result: candidate won. Election summary: received 2 responses out of 3 voters: 2 yes votes; 0 no votes. yes voters: 2561454e22224969ae4637066307360f, 3ff053c846724c48a2801889ad366642; no voters: 
I20260709 12:12:38.221060  4361 leader_election.cc:290] T 928a356785a946cf92ab298035bd89cf P ca8676451a824af0a89d64a1bba4abe4 [CANDIDATE]: Term 1 pre-election: Requested pre-vote from peers 2561454e22224969ae4637066307360f (127.2.214.129:34507), 3ff053c846724c48a2801889ad366642 (127.2.214.130:38001)
I20260709 12:12:38.221077  4356 raft_consensus.cc:2804] T aa639979294e43d8b66d912ec7bdbd5b P 2561454e22224969ae4637066307360f [term 0 FOLLOWER]: Leader pre-election won for term 1
I20260709 12:12:38.221586  4356 raft_consensus.cc:493] T aa639979294e43d8b66d912ec7bdbd5b P 2561454e22224969ae4637066307360f [term 0 FOLLOWER]: Starting leader election (no leader contacted us within the election timeout)
I20260709 12:12:38.221937  4356 raft_consensus.cc:3060] T aa639979294e43d8b66d912ec7bdbd5b P 2561454e22224969ae4637066307360f [term 0 FOLLOWER]: Advancing to term 1
I20260709 12:12:38.222457  4214 tablet_service.cc:1917] Received RequestConsensusVote() RPC: tablet_id: "aa639979294e43d8b66d912ec7bdbd5b" candidate_uuid: "2561454e22224969ae4637066307360f" candidate_term: 1 candidate_status { last_received { term: 0 index: 0 } } ignore_live_leader: false dest_uuid: "ca8676451a824af0a89d64a1bba4abe4" is_pre_election: true
I20260709 12:12:38.222786  4276 raft_consensus.cc:493] T 2840d96da4b04f0486da4187b95237bf P 3ff053c846724c48a2801889ad366642 [term 0 FOLLOWER]: Starting pre-election (no leader contacted us within the election timeout)
I20260709 12:12:38.223237  4276 raft_consensus.cc:515] T 2840d96da4b04f0486da4187b95237bf P 3ff053c846724c48a2801889ad366642 [term 0 FOLLOWER]: Starting pre-election with config: opid_index: -1 OBSOLETE_local: false peers { permanent_uuid: "2561454e22224969ae4637066307360f" member_type: VOTER last_known_addr { host: "127.2.214.129" port: 34507 } } peers { permanent_uuid: "3ff053c846724c48a2801889ad366642" member_type: VOTER last_known_addr { host: "127.2.214.130" port: 38001 } } peers { permanent_uuid: "ca8676451a824af0a89d64a1bba4abe4" member_type: VOTER last_known_addr { host: "127.2.214.131" port: 35685 } }
I20260709 12:12:38.224723  4065 tablet_service.cc:1917] Received RequestConsensusVote() RPC: tablet_id: "928a356785a946cf92ab298035bd89cf" candidate_uuid: "ca8676451a824af0a89d64a1bba4abe4" candidate_term: 1 candidate_status { last_received { term: 0 index: 0 } } ignore_live_leader: false dest_uuid: "2561454e22224969ae4637066307360f" is_pre_election: true
W20260709 12:12:38.226490  4179 leader_election.cc:343] T 928a356785a946cf92ab298035bd89cf P ca8676451a824af0a89d64a1bba4abe4 [CANDIDATE]: Term 1 pre-election: Tablet error from VoteRequest() call to peer 2561454e22224969ae4637066307360f (127.2.214.129:34507): Illegal state: must be running to vote when last-logged opid is not known
I20260709 12:12:38.227593  4276 leader_election.cc:290] T 2840d96da4b04f0486da4187b95237bf P 3ff053c846724c48a2801889ad366642 [CANDIDATE]: Term 1 pre-election: Requested pre-vote from peers 2561454e22224969ae4637066307360f (127.2.214.129:34507), ca8676451a824af0a89d64a1bba4abe4 (127.2.214.131:35685)
W20260709 12:12:38.227727  4033 leader_election.cc:343] T aa639979294e43d8b66d912ec7bdbd5b P 2561454e22224969ae4637066307360f [CANDIDATE]: Term 1 pre-election: Tablet error from VoteRequest() call to peer ca8676451a824af0a89d64a1bba4abe4 (127.2.214.131:35685): Illegal state: must be running to vote when last-logged opid is not known
I20260709 12:12:38.221603  4258 tablet_bootstrap.cc:492] T 0b066d0880374146826d9b5cc61da876 P ca8676451a824af0a89d64a1bba4abe4: Bootstrap starting.
I20260709 12:12:38.228749  4214 tablet_service.cc:1917] Received RequestConsensusVote() RPC: tablet_id: "2840d96da4b04f0486da4187b95237bf" candidate_uuid: "3ff053c846724c48a2801889ad366642" candidate_term: 1 candidate_status { last_received { term: 0 index: 0 } } ignore_live_leader: false dest_uuid: "ca8676451a824af0a89d64a1bba4abe4" is_pre_election: true
I20260709 12:12:38.229374  4214 raft_consensus.cc:2468] T 2840d96da4b04f0486da4187b95237bf P ca8676451a824af0a89d64a1bba4abe4 [term 0 FOLLOWER]: Leader pre-election vote request: Granting yes vote for candidate 3ff053c846724c48a2801889ad366642 in term 0.
I20260709 12:12:38.230587  4108 leader_election.cc:304] T 2840d96da4b04f0486da4187b95237bf P 3ff053c846724c48a2801889ad366642 [CANDIDATE]: Term 1 pre-election: Election decided. Result: candidate won. Election summary: received 2 responses out of 3 voters: 2 yes votes; 0 no votes. yes voters: 3ff053c846724c48a2801889ad366642, ca8676451a824af0a89d64a1bba4abe4; no voters: 
I20260709 12:12:38.231355  4276 raft_consensus.cc:2804] T 2840d96da4b04f0486da4187b95237bf P 3ff053c846724c48a2801889ad366642 [term 0 FOLLOWER]: Leader pre-election won for term 1
I20260709 12:12:38.229431  4215 raft_consensus.cc:2468] T a33c5151a14d4eac8e6994726dafecd4 P ca8676451a824af0a89d64a1bba4abe4 [term 1 FOLLOWER]: Leader election vote request: Granting yes vote for candidate 2561454e22224969ae4637066307360f in term 1.
I20260709 12:12:38.231941  4276 raft_consensus.cc:493] T 2840d96da4b04f0486da4187b95237bf P 3ff053c846724c48a2801889ad366642 [term 0 FOLLOWER]: Starting leader election (no leader contacted us within the election timeout)
I20260709 12:12:38.231655  4307 raft_consensus.cc:493] T 3c43ee40c2ef45d0863d8090b39b6600 P ca8676451a824af0a89d64a1bba4abe4 [term 0 FOLLOWER]: Starting pre-election (no leader contacted us within the election timeout)
I20260709 12:12:38.232321  4276 raft_consensus.cc:3060] T 2840d96da4b04f0486da4187b95237bf P 3ff053c846724c48a2801889ad366642 [term 0 FOLLOWER]: Advancing to term 1
I20260709 12:12:38.232546  4307 raft_consensus.cc:515] T 3c43ee40c2ef45d0863d8090b39b6600 P ca8676451a824af0a89d64a1bba4abe4 [term 0 FOLLOWER]: Starting pre-election with config: opid_index: -1 OBSOLETE_local: false peers { permanent_uuid: "2561454e22224969ae4637066307360f" member_type: VOTER last_known_addr { host: "127.2.214.129" port: 34507 } } peers { permanent_uuid: "3ff053c846724c48a2801889ad366642" member_type: VOTER last_known_addr { host: "127.2.214.130" port: 38001 } } peers { permanent_uuid: "ca8676451a824af0a89d64a1bba4abe4" member_type: VOTER last_known_addr { host: "127.2.214.131" port: 35685 } }
I20260709 12:12:38.234503  4307 leader_election.cc:290] T 3c43ee40c2ef45d0863d8090b39b6600 P ca8676451a824af0a89d64a1bba4abe4 [CANDIDATE]: Term 1 pre-election: Requested pre-vote from peers 2561454e22224969ae4637066307360f (127.2.214.129:34507), 3ff053c846724c48a2801889ad366642 (127.2.214.130:38001)
I20260709 12:12:38.236928  4033 leader_election.cc:304] T a33c5151a14d4eac8e6994726dafecd4 P 2561454e22224969ae4637066307360f [CANDIDATE]: Term 1 election: Election decided. Result: candidate won. Election summary: received 3 responses out of 3 voters: 2 yes votes; 1 no votes. yes voters: 2561454e22224969ae4637066307360f, ca8676451a824af0a89d64a1bba4abe4; no voters: 3ff053c846724c48a2801889ad366642
I20260709 12:12:38.237174  4065 tablet_service.cc:1917] Received RequestConsensusVote() RPC: tablet_id: "2840d96da4b04f0486da4187b95237bf" candidate_uuid: "3ff053c846724c48a2801889ad366642" candidate_term: 1 candidate_status { last_received { term: 0 index: 0 } } ignore_live_leader: false dest_uuid: "2561454e22224969ae4637066307360f" is_pre_election: true
I20260709 12:12:38.237879  4282 raft_consensus.cc:2804] T a33c5151a14d4eac8e6994726dafecd4 P 2561454e22224969ae4637066307360f [term 1 FOLLOWER]: Leader election won for term 1
I20260709 12:12:38.238045  4141 tablet_service.cc:1917] Received RequestConsensusVote() RPC: tablet_id: "3c43ee40c2ef45d0863d8090b39b6600" candidate_uuid: "ca8676451a824af0a89d64a1bba4abe4" candidate_term: 1 candidate_status { last_received { term: 0 index: 0 } } ignore_live_leader: false dest_uuid: "3ff053c846724c48a2801889ad366642" is_pre_election: true
I20260709 12:12:38.238356  4282 raft_consensus.cc:697] T a33c5151a14d4eac8e6994726dafecd4 P 2561454e22224969ae4637066307360f [term 1 LEADER]: Becoming Leader. State: Replica: 2561454e22224969ae4637066307360f, State: Running, Role: LEADER
I20260709 12:12:38.238242  4361 consensus_queue.cc:1048] T 23913a125d0743e88f7ff6be15b3284b P ca8676451a824af0a89d64a1bba4abe4 [LEADER]: Connected to new peer: Peer: permanent_uuid: "2561454e22224969ae4637066307360f" member_type: VOTER last_known_addr { host: "127.2.214.129" port: 34507 }, Status: LMP_MISMATCH, Last received: 0.0, Next index: 1, Last known committed idx: 0, Time since last communication: 0.000s
I20260709 12:12:38.238701  4141 raft_consensus.cc:2468] T 3c43ee40c2ef45d0863d8090b39b6600 P 3ff053c846724c48a2801889ad366642 [term 0 FOLLOWER]: Leader pre-election vote request: Granting yes vote for candidate ca8676451a824af0a89d64a1bba4abe4 in term 0.
I20260709 12:12:38.239204  4282 consensus_queue.cc:237] T a33c5151a14d4eac8e6994726dafecd4 P 2561454e22224969ae4637066307360f [LEADER]: Queue going to LEADER mode. State: All replicated index: 0, Majority replicated index: 0, Committed index: 0, Last appended: 0.0, Last appended by leader: 0, Current term: 1, Majority size: 2, State: 0, Mode: LEADER, active raft config: opid_index: -1 OBSOLETE_local: false peers { permanent_uuid: "2561454e22224969ae4637066307360f" member_type: VOTER last_known_addr { host: "127.2.214.129" port: 34507 } } peers { permanent_uuid: "3ff053c846724c48a2801889ad366642" member_type: VOTER last_known_addr { host: "127.2.214.130" port: 38001 } } peers { permanent_uuid: "ca8676451a824af0a89d64a1bba4abe4" member_type: VOTER last_known_addr { host: "127.2.214.131" port: 35685 } }
I20260709 12:12:38.240037  4142 tablet_service.cc:1917] Received RequestConsensusVote() RPC: tablet_id: "928a356785a946cf92ab298035bd89cf" candidate_uuid: "ca8676451a824af0a89d64a1bba4abe4" candidate_term: 1 candidate_status { last_received { term: 0 index: 0 } } ignore_live_leader: false dest_uuid: "3ff053c846724c48a2801889ad366642" is_pre_election: true
W20260709 12:12:38.240468  4105 leader_election.cc:343] T 2840d96da4b04f0486da4187b95237bf P 3ff053c846724c48a2801889ad366642 [CANDIDATE]: Term 1 pre-election: Tablet error from VoteRequest() call to peer 2561454e22224969ae4637066307360f (127.2.214.129:34507): Illegal state: must be running to vote when last-logged opid is not known
I20260709 12:12:38.241436  4065 tablet_service.cc:1917] Received RequestConsensusVote() RPC: tablet_id: "3c43ee40c2ef45d0863d8090b39b6600" candidate_uuid: "ca8676451a824af0a89d64a1bba4abe4" candidate_term: 1 candidate_status { last_received { term: 0 index: 0 } } ignore_live_leader: false dest_uuid: "2561454e22224969ae4637066307360f" is_pre_election: true
I20260709 12:12:38.241940  4065 raft_consensus.cc:2468] T 3c43ee40c2ef45d0863d8090b39b6600 P 2561454e22224969ae4637066307360f [term 0 FOLLOWER]: Leader pre-election vote request: Granting yes vote for candidate ca8676451a824af0a89d64a1bba4abe4 in term 0.
I20260709 12:12:38.242975  4179 leader_election.cc:304] T 3c43ee40c2ef45d0863d8090b39b6600 P ca8676451a824af0a89d64a1bba4abe4 [CANDIDATE]: Term 1 pre-election: Election decided. Result: candidate won. Election summary: received 2 responses out of 3 voters: 2 yes votes; 0 no votes. yes voters: 2561454e22224969ae4637066307360f, ca8676451a824af0a89d64a1bba4abe4; no voters: 
W20260709 12:12:38.244385  4179 leader_election.cc:343] T 928a356785a946cf92ab298035bd89cf P ca8676451a824af0a89d64a1bba4abe4 [CANDIDATE]: Term 1 pre-election: Tablet error from VoteRequest() call to peer 3ff053c846724c48a2801889ad366642 (127.2.214.130:38001): Illegal state: must be running to vote when last-logged opid is not known
I20260709 12:12:38.245401  4179 leader_election.cc:304] T 928a356785a946cf92ab298035bd89cf P ca8676451a824af0a89d64a1bba4abe4 [CANDIDATE]: Term 1 pre-election: Election decided. Result: candidate lost. Election summary: received 3 responses out of 3 voters: 1 yes votes; 2 no votes. yes voters: ca8676451a824af0a89d64a1bba4abe4; no voters: 2561454e22224969ae4637066307360f, 3ff053c846724c48a2801889ad366642
I20260709 12:12:38.244905  4307 raft_consensus.cc:2804] T 3c43ee40c2ef45d0863d8090b39b6600 P ca8676451a824af0a89d64a1bba4abe4 [term 0 FOLLOWER]: Leader pre-election won for term 1
I20260709 12:12:38.246769  4307 raft_consensus.cc:493] T 3c43ee40c2ef45d0863d8090b39b6600 P ca8676451a824af0a89d64a1bba4abe4 [term 0 FOLLOWER]: Starting leader election (no leader contacted us within the election timeout)
I20260709 12:12:38.247278  4307 raft_consensus.cc:3060] T 3c43ee40c2ef45d0863d8090b39b6600 P ca8676451a824af0a89d64a1bba4abe4 [term 0 FOLLOWER]: Advancing to term 1
I20260709 12:12:38.249522  4356 raft_consensus.cc:515] T aa639979294e43d8b66d912ec7bdbd5b P 2561454e22224969ae4637066307360f [term 1 FOLLOWER]: Starting leader election with config: opid_index: -1 OBSOLETE_local: false peers { permanent_uuid: "2561454e22224969ae4637066307360f" member_type: VOTER last_known_addr { host: "127.2.214.129" port: 34507 } } peers { permanent_uuid: "3ff053c846724c48a2801889ad366642" member_type: VOTER last_known_addr { host: "127.2.214.130" port: 38001 } } peers { permanent_uuid: "ca8676451a824af0a89d64a1bba4abe4" member_type: VOTER last_known_addr { host: "127.2.214.131" port: 35685 } }
I20260709 12:12:38.251547  4257 tablet_bootstrap.cc:654] T e81cfffb633344709e7e5a64ce161625 P 3ff053c846724c48a2801889ad366642: Neither blocks nor log segments found. Creating new log.
I20260709 12:12:38.251957  4142 tablet_service.cc:1917] Received RequestConsensusVote() RPC: tablet_id: "aa639979294e43d8b66d912ec7bdbd5b" candidate_uuid: "2561454e22224969ae4637066307360f" candidate_term: 1 candidate_status { last_received { term: 0 index: 0 } } ignore_live_leader: false dest_uuid: "3ff053c846724c48a2801889ad366642"
I20260709 12:12:38.252455  4142 raft_consensus.cc:3060] T aa639979294e43d8b66d912ec7bdbd5b P 3ff053c846724c48a2801889ad366642 [term 0 FOLLOWER]: Advancing to term 1
I20260709 12:12:38.254773  4256 tablet_bootstrap.cc:654] T 78e7bfa69489469d84db4bc91b6a6bd3 P 2561454e22224969ae4637066307360f: Neither blocks nor log segments found. Creating new log.
I20260709 12:12:38.255702  4304 raft_consensus.cc:2749] T 928a356785a946cf92ab298035bd89cf P ca8676451a824af0a89d64a1bba4abe4 [term 0 FOLLOWER]: Leader pre-election lost for term 1. Reason: could not achieve majority
I20260709 12:12:38.258111  4356 leader_election.cc:290] T aa639979294e43d8b66d912ec7bdbd5b P 2561454e22224969ae4637066307360f [CANDIDATE]: Term 1 election: Requested vote from peers 3ff053c846724c48a2801889ad366642 (127.2.214.130:38001), ca8676451a824af0a89d64a1bba4abe4 (127.2.214.131:35685)
I20260709 12:12:38.258713  4142 raft_consensus.cc:2468] T aa639979294e43d8b66d912ec7bdbd5b P 3ff053c846724c48a2801889ad366642 [term 1 FOLLOWER]: Leader election vote request: Granting yes vote for candidate 2561454e22224969ae4637066307360f in term 1.
I20260709 12:12:38.259502  4215 tablet_service.cc:1917] Received RequestConsensusVote() RPC: tablet_id: "aa639979294e43d8b66d912ec7bdbd5b" candidate_uuid: "2561454e22224969ae4637066307360f" candidate_term: 1 candidate_status { last_received { term: 0 index: 0 } } ignore_live_leader: false dest_uuid: "ca8676451a824af0a89d64a1bba4abe4"
I20260709 12:12:38.259768  4030 leader_election.cc:304] T aa639979294e43d8b66d912ec7bdbd5b P 2561454e22224969ae4637066307360f [CANDIDATE]: Term 1 election: Election decided. Result: candidate won. Election summary: received 2 responses out of 3 voters: 2 yes votes; 0 no votes. yes voters: 2561454e22224969ae4637066307360f, 3ff053c846724c48a2801889ad366642; no voters: 
I20260709 12:12:38.260545  4356 raft_consensus.cc:2804] T aa639979294e43d8b66d912ec7bdbd5b P 2561454e22224969ae4637066307360f [term 1 FOLLOWER]: Leader election won for term 1
I20260709 12:12:38.260484  4276 raft_consensus.cc:515] T 2840d96da4b04f0486da4187b95237bf P 3ff053c846724c48a2801889ad366642 [term 1 FOLLOWER]: Starting leader election with config: opid_index: -1 OBSOLETE_local: false peers { permanent_uuid: "2561454e22224969ae4637066307360f" member_type: VOTER last_known_addr { host: "127.2.214.129" port: 34507 } } peers { permanent_uuid: "3ff053c846724c48a2801889ad366642" member_type: VOTER last_known_addr { host: "127.2.214.130" port: 38001 } } peers { permanent_uuid: "ca8676451a824af0a89d64a1bba4abe4" member_type: VOTER last_known_addr { host: "127.2.214.131" port: 35685 } }
W20260709 12:12:38.261070  4033 leader_election.cc:343] T aa639979294e43d8b66d912ec7bdbd5b P 2561454e22224969ae4637066307360f [CANDIDATE]: Term 1 election: Tablet error from VoteRequest() call to peer ca8676451a824af0a89d64a1bba4abe4 (127.2.214.131:35685): Illegal state: must be running to vote when last-logged opid is not known
I20260709 12:12:38.261111  4356 raft_consensus.cc:697] T aa639979294e43d8b66d912ec7bdbd5b P 2561454e22224969ae4637066307360f [term 1 LEADER]: Becoming Leader. State: Replica: 2561454e22224969ae4637066307360f, State: Running, Role: LEADER
I20260709 12:12:38.262392  4276 leader_election.cc:290] T 2840d96da4b04f0486da4187b95237bf P 3ff053c846724c48a2801889ad366642 [CANDIDATE]: Term 1 election: Requested vote from peers 2561454e22224969ae4637066307360f (127.2.214.129:34507), ca8676451a824af0a89d64a1bba4abe4 (127.2.214.131:35685)
I20260709 12:12:38.262950  4258 tablet_bootstrap.cc:654] T 0b066d0880374146826d9b5cc61da876 P ca8676451a824af0a89d64a1bba4abe4: Neither blocks nor log segments found. Creating new log.
I20260709 12:12:38.262832  4361 consensus_queue.cc:1048] T 23913a125d0743e88f7ff6be15b3284b P ca8676451a824af0a89d64a1bba4abe4 [LEADER]: Connected to new peer: Peer: permanent_uuid: "3ff053c846724c48a2801889ad366642" member_type: VOTER last_known_addr { host: "127.2.214.130" port: 38001 }, Status: LMP_MISMATCH, Last received: 0.0, Next index: 1, Last known committed idx: 0, Time since last communication: 0.000s
I20260709 12:12:38.263063  4066 tablet_service.cc:1917] Received RequestConsensusVote() RPC: tablet_id: "2840d96da4b04f0486da4187b95237bf" candidate_uuid: "3ff053c846724c48a2801889ad366642" candidate_term: 1 candidate_status { last_received { term: 0 index: 0 } } ignore_live_leader: false dest_uuid: "2561454e22224969ae4637066307360f"
W20260709 12:12:38.264362  4105 leader_election.cc:343] T 2840d96da4b04f0486da4187b95237bf P 3ff053c846724c48a2801889ad366642 [CANDIDATE]: Term 1 election: Tablet error from VoteRequest() call to peer 2561454e22224969ae4637066307360f (127.2.214.129:34507): Illegal state: must be running to vote when last-logged opid is not known
I20260709 12:12:38.262032  4356 consensus_queue.cc:237] T aa639979294e43d8b66d912ec7bdbd5b P 2561454e22224969ae4637066307360f [LEADER]: Queue going to LEADER mode. State: All replicated index: 0, Majority replicated index: 0, Committed index: 0, Last appended: 0.0, Last appended by leader: 0, Current term: 1, Majority size: 2, State: 0, Mode: LEADER, active raft config: opid_index: -1 OBSOLETE_local: false peers { permanent_uuid: "2561454e22224969ae4637066307360f" member_type: VOTER last_known_addr { host: "127.2.214.129" port: 34507 } } peers { permanent_uuid: "3ff053c846724c48a2801889ad366642" member_type: VOTER last_known_addr { host: "127.2.214.130" port: 38001 } } peers { permanent_uuid: "ca8676451a824af0a89d64a1bba4abe4" member_type: VOTER last_known_addr { host: "127.2.214.131" port: 35685 } }
I20260709 12:12:38.264369  4215 tablet_service.cc:1917] Received RequestConsensusVote() RPC: tablet_id: "2840d96da4b04f0486da4187b95237bf" candidate_uuid: "3ff053c846724c48a2801889ad366642" candidate_term: 1 candidate_status { last_received { term: 0 index: 0 } } ignore_live_leader: false dest_uuid: "ca8676451a824af0a89d64a1bba4abe4"
I20260709 12:12:38.269690  4215 raft_consensus.cc:3060] T 2840d96da4b04f0486da4187b95237bf P ca8676451a824af0a89d64a1bba4abe4 [term 0 FOLLOWER]: Advancing to term 1
I20260709 12:12:38.270431  4282 raft_consensus.cc:493] T d733484bcecd431b9aa06c3d07717ec2 P 2561454e22224969ae4637066307360f [term 0 FOLLOWER]: Starting pre-election (no leader contacted us within the election timeout)
I20260709 12:12:38.270881  4282 raft_consensus.cc:515] T d733484bcecd431b9aa06c3d07717ec2 P 2561454e22224969ae4637066307360f [term 0 FOLLOWER]: Starting pre-election with config: opid_index: -1 OBSOLETE_local: false peers { permanent_uuid: "2561454e22224969ae4637066307360f" member_type: VOTER last_known_addr { host: "127.2.214.129" port: 34507 } } peers { permanent_uuid: "3ff053c846724c48a2801889ad366642" member_type: VOTER last_known_addr { host: "127.2.214.130" port: 38001 } } peers { permanent_uuid: "ca8676451a824af0a89d64a1bba4abe4" member_type: VOTER last_known_addr { host: "127.2.214.131" port: 35685 } }
I20260709 12:12:38.274606  4214 tablet_service.cc:1917] Received RequestConsensusVote() RPC: tablet_id: "d733484bcecd431b9aa06c3d07717ec2" candidate_uuid: "2561454e22224969ae4637066307360f" candidate_term: 1 candidate_status { last_received { term: 0 index: 0 } } ignore_live_leader: false dest_uuid: "ca8676451a824af0a89d64a1bba4abe4" is_pre_election: true
I20260709 12:12:38.275198  4214 raft_consensus.cc:2468] T d733484bcecd431b9aa06c3d07717ec2 P ca8676451a824af0a89d64a1bba4abe4 [term 0 FOLLOWER]: Leader pre-election vote request: Granting yes vote for candidate 2561454e22224969ae4637066307360f in term 0.
I20260709 12:12:38.276578  4307 raft_consensus.cc:515] T 3c43ee40c2ef45d0863d8090b39b6600 P ca8676451a824af0a89d64a1bba4abe4 [term 1 FOLLOWER]: Starting leader election with config: opid_index: -1 OBSOLETE_local: false peers { permanent_uuid: "2561454e22224969ae4637066307360f" member_type: VOTER last_known_addr { host: "127.2.214.129" port: 34507 } } peers { permanent_uuid: "3ff053c846724c48a2801889ad366642" member_type: VOTER last_known_addr { host: "127.2.214.130" port: 38001 } } peers { permanent_uuid: "ca8676451a824af0a89d64a1bba4abe4" member_type: VOTER last_known_addr { host: "127.2.214.131" port: 35685 } }
I20260709 12:12:38.277895  4033 leader_election.cc:304] T d733484bcecd431b9aa06c3d07717ec2 P 2561454e22224969ae4637066307360f [CANDIDATE]: Term 1 pre-election: Election decided. Result: candidate won. Election summary: received 2 responses out of 3 voters: 2 yes votes; 0 no votes. yes voters: 2561454e22224969ae4637066307360f, ca8676451a824af0a89d64a1bba4abe4; no voters: 
I20260709 12:12:38.278437  4307 leader_election.cc:290] T 3c43ee40c2ef45d0863d8090b39b6600 P ca8676451a824af0a89d64a1bba4abe4 [CANDIDATE]: Term 1 election: Requested vote from peers 2561454e22224969ae4637066307360f (127.2.214.129:34507), 3ff053c846724c48a2801889ad366642 (127.2.214.130:38001)
I20260709 12:12:38.278689  4294 raft_consensus.cc:2804] T d733484bcecd431b9aa06c3d07717ec2 P 2561454e22224969ae4637066307360f [term 0 FOLLOWER]: Leader pre-election won for term 1
I20260709 12:12:38.279035  4294 raft_consensus.cc:493] T d733484bcecd431b9aa06c3d07717ec2 P 2561454e22224969ae4637066307360f [term 0 FOLLOWER]: Starting leader election (no leader contacted us within the election timeout)
I20260709 12:12:38.280751  4294 raft_consensus.cc:3060] T d733484bcecd431b9aa06c3d07717ec2 P 2561454e22224969ae4637066307360f [term 0 FOLLOWER]: Advancing to term 1
I20260709 12:12:38.282408  4066 tablet_service.cc:1917] Received RequestConsensusVote() RPC: tablet_id: "3c43ee40c2ef45d0863d8090b39b6600" candidate_uuid: "ca8676451a824af0a89d64a1bba4abe4" candidate_term: 1 candidate_status { last_received { term: 0 index: 0 } } ignore_live_leader: false dest_uuid: "2561454e22224969ae4637066307360f"
I20260709 12:12:38.282491  4140 tablet_service.cc:1917] Received RequestConsensusVote() RPC: tablet_id: "3c43ee40c2ef45d0863d8090b39b6600" candidate_uuid: "ca8676451a824af0a89d64a1bba4abe4" candidate_term: 1 candidate_status { last_received { term: 0 index: 0 } } ignore_live_leader: false dest_uuid: "3ff053c846724c48a2801889ad366642"
I20260709 12:12:38.282998  4066 raft_consensus.cc:3060] T 3c43ee40c2ef45d0863d8090b39b6600 P 2561454e22224969ae4637066307360f [term 0 FOLLOWER]: Advancing to term 1
I20260709 12:12:38.283265  4140 raft_consensus.cc:3060] T 3c43ee40c2ef45d0863d8090b39b6600 P 3ff053c846724c48a2801889ad366642 [term 0 FOLLOWER]: Advancing to term 1
I20260709 12:12:38.279933  4282 leader_election.cc:290] T d733484bcecd431b9aa06c3d07717ec2 P 2561454e22224969ae4637066307360f [CANDIDATE]: Term 1 pre-election: Requested pre-vote from peers 3ff053c846724c48a2801889ad366642 (127.2.214.130:38001), ca8676451a824af0a89d64a1bba4abe4 (127.2.214.131:35685)
I20260709 12:12:38.290602  4066 raft_consensus.cc:2468] T 3c43ee40c2ef45d0863d8090b39b6600 P 2561454e22224969ae4637066307360f [term 1 FOLLOWER]: Leader election vote request: Granting yes vote for candidate ca8676451a824af0a89d64a1bba4abe4 in term 1.
I20260709 12:12:38.291692  4179 leader_election.cc:304] T 3c43ee40c2ef45d0863d8090b39b6600 P ca8676451a824af0a89d64a1bba4abe4 [CANDIDATE]: Term 1 election: Election decided. Result: candidate won. Election summary: received 2 responses out of 3 voters: 2 yes votes; 0 no votes. yes voters: 2561454e22224969ae4637066307360f, ca8676451a824af0a89d64a1bba4abe4; no voters: 
I20260709 12:12:38.292459  4361 raft_consensus.cc:2804] T 3c43ee40c2ef45d0863d8090b39b6600 P ca8676451a824af0a89d64a1bba4abe4 [term 1 FOLLOWER]: Leader election won for term 1
I20260709 12:12:38.292312  4294 raft_consensus.cc:515] T d733484bcecd431b9aa06c3d07717ec2 P 2561454e22224969ae4637066307360f [term 1 FOLLOWER]: Starting leader election with config: opid_index: -1 OBSOLETE_local: false peers { permanent_uuid: "2561454e22224969ae4637066307360f" member_type: VOTER last_known_addr { host: "127.2.214.129" port: 34507 } } peers { permanent_uuid: "3ff053c846724c48a2801889ad366642" member_type: VOTER last_known_addr { host: "127.2.214.130" port: 38001 } } peers { permanent_uuid: "ca8676451a824af0a89d64a1bba4abe4" member_type: VOTER last_known_addr { host: "127.2.214.131" port: 35685 } }
I20260709 12:12:38.292975  4215 raft_consensus.cc:2468] T 2840d96da4b04f0486da4187b95237bf P ca8676451a824af0a89d64a1bba4abe4 [term 1 FOLLOWER]: Leader election vote request: Granting yes vote for candidate 3ff053c846724c48a2801889ad366642 in term 1.
I20260709 12:12:38.293031  4361 raft_consensus.cc:697] T 3c43ee40c2ef45d0863d8090b39b6600 P ca8676451a824af0a89d64a1bba4abe4 [term 1 LEADER]: Becoming Leader. State: Replica: ca8676451a824af0a89d64a1bba4abe4, State: Running, Role: LEADER
I20260709 12:12:38.296912  4139 tablet_service.cc:1917] Received RequestConsensusVote() RPC: tablet_id: "d733484bcecd431b9aa06c3d07717ec2" candidate_uuid: "2561454e22224969ae4637066307360f" candidate_term: 1 candidate_status { last_received { term: 0 index: 0 } } ignore_live_leader: false dest_uuid: "3ff053c846724c48a2801889ad366642"
I20260709 12:12:38.294137  4361 consensus_queue.cc:237] T 3c43ee40c2ef45d0863d8090b39b6600 P ca8676451a824af0a89d64a1bba4abe4 [LEADER]: Queue going to LEADER mode. State: All replicated index: 0, Majority replicated index: 0, Committed index: 0, Last appended: 0.0, Last appended by leader: 0, Current term: 1, Majority size: 2, State: 0, Mode: LEADER, active raft config: opid_index: -1 OBSOLETE_local: false peers { permanent_uuid: "2561454e22224969ae4637066307360f" member_type: VOTER last_known_addr { host: "127.2.214.129" port: 34507 } } peers { permanent_uuid: "3ff053c846724c48a2801889ad366642" member_type: VOTER last_known_addr { host: "127.2.214.130" port: 38001 } } peers { permanent_uuid: "ca8676451a824af0a89d64a1bba4abe4" member_type: VOTER last_known_addr { host: "127.2.214.131" port: 35685 } }
W20260709 12:12:38.299114  4030 leader_election.cc:343] T d733484bcecd431b9aa06c3d07717ec2 P 2561454e22224969ae4637066307360f [CANDIDATE]: Term 1 election: Tablet error from VoteRequest() call to peer 3ff053c846724c48a2801889ad366642 (127.2.214.130:38001): Illegal state: must be running to vote when last-logged opid is not known
I20260709 12:12:38.296372  4108 leader_election.cc:304] T 2840d96da4b04f0486da4187b95237bf P 3ff053c846724c48a2801889ad366642 [CANDIDATE]: Term 1 election: Election decided. Result: candidate won. Election summary: received 3 responses out of 3 voters: 2 yes votes; 1 no votes. yes voters: 3ff053c846724c48a2801889ad366642, ca8676451a824af0a89d64a1bba4abe4; no voters: 2561454e22224969ae4637066307360f
I20260709 12:12:38.299875  4264 raft_consensus.cc:493] T 17561483ddb340b784d61906bc41df09 P 2561454e22224969ae4637066307360f [term 0 FOLLOWER]: Starting pre-election (no leader contacted us within the election timeout)
I20260709 12:12:38.301014  4264 raft_consensus.cc:515] T 17561483ddb340b784d61906bc41df09 P 2561454e22224969ae4637066307360f [term 0 FOLLOWER]: Starting pre-election with config: opid_index: -1 OBSOLETE_local: false peers { permanent_uuid: "2561454e22224969ae4637066307360f" member_type: VOTER last_known_addr { host: "127.2.214.129" port: 34507 } } peers { permanent_uuid: "3ff053c846724c48a2801889ad366642" member_type: VOTER last_known_addr { host: "127.2.214.130" port: 38001 } } peers { permanent_uuid: "ca8676451a824af0a89d64a1bba4abe4" member_type: VOTER last_known_addr { host: "127.2.214.131" port: 35685 } }
