I20260709 12:12:32.262712  9591 sys_catalog.cc:455] T 00000000000000000000000000000000 P 5c227818a2d94c2f8c97ff0e32d59a87 [sys.catalog]: SysCatalogTable state changed. Reason: RaftConsensus started. Latest consensus state: current_term: 1 leader_uuid: "5c227818a2d94c2f8c97ff0e32d59a87" committed_config { opid_index: -1 OBSOLETE_local: true peers { permanent_uuid: "5c227818a2d94c2f8c97ff0e32d59a87" member_type: VOTER } }
I20260709 12:12:32.263438  9591 sys_catalog.cc:458] T 00000000000000000000000000000000 P 5c227818a2d94c2f8c97ff0e32d59a87 [sys.catalog]: This master's current role is: LEADER
I20260709 12:12:32.263540  9592 sys_catalog.cc:455] T 00000000000000000000000000000000 P 5c227818a2d94c2f8c97ff0e32d59a87 [sys.catalog]: SysCatalogTable state changed. Reason: New leader 5c227818a2d94c2f8c97ff0e32d59a87. Latest consensus state: current_term: 1 leader_uuid: "5c227818a2d94c2f8c97ff0e32d59a87" committed_config { opid_index: -1 OBSOLETE_local: true peers { permanent_uuid: "5c227818a2d94c2f8c97ff0e32d59a87" member_type: VOTER } }
I20260709 12:12:32.264246  9592 sys_catalog.cc:458] T 00000000000000000000000000000000 P 5c227818a2d94c2f8c97ff0e32d59a87 [sys.catalog]: This master's current role is: LEADER
I20260709 12:12:32.267150  9597 catalog_manager.cc:1511] Loading table and tablet metadata into memory...
I20260709 12:12:32.271962  9597 catalog_manager.cc:1520] Initializing Kudu cluster ID...
I20260709 12:12:32.274830  8484 internal_mini_cluster.cc:184] Waiting to initialize catalog manager on master 0
I20260709 12:12:32.280747  9597 catalog_manager.cc:1383] Generated new cluster ID: 3a682b5b11144e449147336b2bb05151
I20260709 12:12:32.281037  9597 catalog_manager.cc:1531] Initializing Kudu internal certificate authority...
I20260709 12:12:32.296123  9597 catalog_manager.cc:1406] Generated new certificate authority record
I20260709 12:12:32.297391  9597 catalog_manager.cc:1540] Loading token signing keys...
I20260709 12:12:32.316941  9597 catalog_manager.cc:6070] T 00000000000000000000000000000000 P 5c227818a2d94c2f8c97ff0e32d59a87: Generated new TSK 0
I20260709 12:12:32.317544  9597 catalog_manager.cc:1550] Initializing in-progress tserver states...
I20260709 12:12:32.341773  8484 file_cache.cc:504] Constructed file cache file cache with capacity 419430
W20260709 12:12:32.347692  9608 instance_detector.cc:116] could not retrieve AWS instance metadata: Network error: curl error: HTTP response code said error: The requested URL returned error: 404
W20260709 12:12:32.348645  9609 instance_detector.cc:116] could not retrieve Azure instance metadata: Network error: curl error: HTTP response code said error: The requested URL returned error: 404
W20260709 12:12:32.349824  9611 instance_detector.cc:116] could not retrieve OpenStack instance metadata: Network error: curl error: HTTP response code said error: The requested URL returned error: 404
I20260709 12:12:32.350171  8484 server_base.cc:1061] running on GCE node
I20260709 12:12:32.351018  8484 hybrid_clock.cc:584] initializing the hybrid clock with 'system_unsync' time source
W20260709 12:12:32.351197  8484 system_unsync_time.cc:38] NTP support is disabled. Clock error bounds will not be accurate. This configuration is not suitable for distributed clusters.
I20260709 12:12:32.351316  8484 hybrid_clock.cc:648] HybridClock initialized: now 1783599152351305 us; error 0 us; skew 500 ppm
I20260709 12:12:32.351766  8484 server_base.cc:861] Flag tcmalloc_max_total_thread_cache_bytes is not working since tcmalloc is not enabled.
I20260709 12:12:32.353981  8484 webserver.cc:533] Webserver started at http://127.8.73.1:44255/ using document root <none> and password file <none>
I20260709 12:12:32.354398  8484 fs_manager.cc:362] Metadata directory not provided
I20260709 12:12:32.354564  8484 fs_manager.cc:368] Using write-ahead log directory (fs_wal_dir) as metadata directory
I20260709 12:12:32.354770  8484 server_base.cc:909] This appears to be a new deployment of Kudu; creating new FS layout
I20260709 12:12:32.355801  8484 fs_manager.cc:1068] Generated new instance metadata in path /tmp/dist-test-taskTVQYtu/test-tmp/auto_leader_rebalancer-test.0.LeaderRebalancerTest.AddTserver.1783599092384682-8484-0/minicluster-data/ts-0-root/instance:
uuid: "e935bf61bdf64d3fb9aace58a5d71066"
format_stamp: "Formatted at 2026-07-09 12:12:32 on dist-test-slave-4jnj"
I20260709 12:12:32.359908  8484 fs_manager.cc:696] Time spent creating directory manager: real 0.004s	user 0.004s	sys 0.002s
I20260709 12:12:32.363247  9616 log_block_manager.cc:4127] Time spent loading block containers with low live blocks: real 0.000s	user 0.000s	sys 0.000s
I20260709 12:12:32.364053  8484 fs_manager.cc:730] Time spent opening block manager: real 0.002s	user 0.001s	sys 0.000s
I20260709 12:12:32.364358  8484 fs_manager.cc:647] Opened local filesystem: /tmp/dist-test-taskTVQYtu/test-tmp/auto_leader_rebalancer-test.0.LeaderRebalancerTest.AddTserver.1783599092384682-8484-0/minicluster-data/ts-0-root
uuid: "e935bf61bdf64d3fb9aace58a5d71066"
format_stamp: "Formatted at 2026-07-09 12:12:32 on dist-test-slave-4jnj"
I20260709 12:12:32.364635  8484 fs_report.cc:389] FS layout report
--------------------
wal directory: /tmp/dist-test-taskTVQYtu/test-tmp/auto_leader_rebalancer-test.0.LeaderRebalancerTest.AddTserver.1783599092384682-8484-0/minicluster-data/ts-0-root
metadata directory: /tmp/dist-test-taskTVQYtu/test-tmp/auto_leader_rebalancer-test.0.LeaderRebalancerTest.AddTserver.1783599092384682-8484-0/minicluster-data/ts-0-root
1 data directories: /tmp/dist-test-taskTVQYtu/test-tmp/auto_leader_rebalancer-test.0.LeaderRebalancerTest.AddTserver.1783599092384682-8484-0/minicluster-data/ts-0-root/data
Total live blocks: 0
Total live bytes: 0
Total live bytes (after alignment): 0
Total number of LBM containers: 0 (0 full)
Did not check for missing blocks
Did not check for orphaned blocks
Total full LBM containers with extra space: 0 (0 repaired)
Total full LBM container extra space in bytes: 0 (0 repaired)
Total incomplete LBM containers: 0 (0 repaired)
Total LBM partial records: 0 (0 repaired)
Total corrupted LBM metadata records in RocksDB: 0 (0 repaired)
I20260709 12:12:32.392671  8484 rpc_server.cc:225] running with OpenSSL 1.1.1  11 Sep 2018
I20260709 12:12:32.393924  8484 kserver.cc:163] Server-wide thread pool size limit: 3276
I20260709 12:12:32.395356  8484 txn_system_client.cc:432] TxnSystemClient initialization is disabled...
I20260709 12:12:32.397554  8484 ts_tablet_manager.cc:585] Loaded tablet metadata (0 total tablets, 0 live tablets)
I20260709 12:12:32.397747  8484 ts_tablet_manager.cc:531] Time spent load tablet metadata: real 0.000s	user 0.000s	sys 0.000s
I20260709 12:12:32.397996  8484 ts_tablet_manager.cc:616] Registered 0 tablets
I20260709 12:12:32.398173  8484 ts_tablet_manager.cc:595] Time spent register tablets: real 0.000s	user 0.000s	sys 0.000s
I20260709 12:12:32.436230  8484 rpc_server.cc:307] RPC server started. Bound to: 127.8.73.1:41189
I20260709 12:12:32.436334  9678 acceptor_pool.cc:272] collecting diagnostics on the listening RPC socket 127.8.73.1:41189 every 8 connection(s)
I20260709 12:12:32.440990  8484 file_cache.cc:504] Constructed file cache file cache with capacity 419430
W20260709 12:12:32.448283  9683 instance_detector.cc:116] could not retrieve AWS instance metadata: Network error: curl error: HTTP response code said error: The requested URL returned error: 404
W20260709 12:12:32.449450  9684 instance_detector.cc:116] could not retrieve Azure instance metadata: Network error: curl error: HTTP response code said error: The requested URL returned error: 404
I20260709 12:12:32.451335  8484 server_base.cc:1061] running on GCE node
W20260709 12:12:32.452145  9687 instance_detector.cc:116] could not retrieve OpenStack instance metadata: Network error: curl error: HTTP response code said error: The requested URL returned error: 404
I20260709 12:12:32.452967  8484 hybrid_clock.cc:584] initializing the hybrid clock with 'system_unsync' time source
W20260709 12:12:32.453198  8484 system_unsync_time.cc:38] NTP support is disabled. Clock error bounds will not be accurate. This configuration is not suitable for distributed clusters.
I20260709 12:12:32.453367  8484 hybrid_clock.cc:648] HybridClock initialized: now 1783599152453351 us; error 0 us; skew 500 ppm
I20260709 12:12:32.454069  8484 server_base.cc:861] Flag tcmalloc_max_total_thread_cache_bytes is not working since tcmalloc is not enabled.
I20260709 12:12:32.456599  9679 heartbeater.cc:344] Connected to a master server at 127.8.73.62:32999
I20260709 12:12:32.456681  8484 webserver.cc:533] Webserver started at http://127.8.73.2:44931/ using document root <none> and password file <none>
I20260709 12:12:32.456928  9679 heartbeater.cc:461] Registering TS with master...
I20260709 12:12:32.457255  8484 fs_manager.cc:362] Metadata directory not provided
I20260709 12:12:32.457479  8484 fs_manager.cc:368] Using write-ahead log directory (fs_wal_dir) as metadata directory
I20260709 12:12:32.457657  9679 heartbeater.cc:507] Master 127.8.73.62:32999 requested a full tablet report, sending...
I20260709 12:12:32.457718  8484 server_base.cc:909] This appears to be a new deployment of Kudu; creating new FS layout
I20260709 12:12:32.459152  8484 fs_manager.cc:1068] Generated new instance metadata in path /tmp/dist-test-taskTVQYtu/test-tmp/auto_leader_rebalancer-test.0.LeaderRebalancerTest.AddTserver.1783599092384682-8484-0/minicluster-data/ts-1-root/instance:
uuid: "5d499953f5114a85bc4ae9bd62f7ec4a"
format_stamp: "Formatted at 2026-07-09 12:12:32 on dist-test-slave-4jnj"
I20260709 12:12:32.459852  9552 ts_manager.cc:194] Registered new tserver with Master: e935bf61bdf64d3fb9aace58a5d71066 (127.8.73.1:41189)
I20260709 12:12:32.461596  9552 master_service.cc:502] Signed X509 certificate for tserver {username='slave'} at 127.0.0.1:46800
I20260709 12:12:32.464031  8484 fs_manager.cc:696] Time spent creating directory manager: real 0.004s	user 0.005s	sys 0.000s
I20260709 12:12:32.467325  9691 log_block_manager.cc:4127] Time spent loading block containers with low live blocks: real 0.000s	user 0.000s	sys 0.000s
I20260709 12:12:32.468021  8484 fs_manager.cc:730] Time spent opening block manager: real 0.002s	user 0.001s	sys 0.000s
I20260709 12:12:32.468282  8484 fs_manager.cc:647] Opened local filesystem: /tmp/dist-test-taskTVQYtu/test-tmp/auto_leader_rebalancer-test.0.LeaderRebalancerTest.AddTserver.1783599092384682-8484-0/minicluster-data/ts-1-root
uuid: "5d499953f5114a85bc4ae9bd62f7ec4a"
format_stamp: "Formatted at 2026-07-09 12:12:32 on dist-test-slave-4jnj"
I20260709 12:12:32.468540  8484 fs_report.cc:389] FS layout report
--------------------
wal directory: /tmp/dist-test-taskTVQYtu/test-tmp/auto_leader_rebalancer-test.0.LeaderRebalancerTest.AddTserver.1783599092384682-8484-0/minicluster-data/ts-1-root
metadata directory: /tmp/dist-test-taskTVQYtu/test-tmp/auto_leader_rebalancer-test.0.LeaderRebalancerTest.AddTserver.1783599092384682-8484-0/minicluster-data/ts-1-root
1 data directories: /tmp/dist-test-taskTVQYtu/test-tmp/auto_leader_rebalancer-test.0.LeaderRebalancerTest.AddTserver.1783599092384682-8484-0/minicluster-data/ts-1-root/data
Total live blocks: 0
Total live bytes: 0
Total live bytes (after alignment): 0
Total number of LBM containers: 0 (0 full)
Did not check for missing blocks
Did not check for orphaned blocks
Total full LBM containers with extra space: 0 (0 repaired)
Total full LBM container extra space in bytes: 0 (0 repaired)
Total incomplete LBM containers: 0 (0 repaired)
Total LBM partial records: 0 (0 repaired)
Total corrupted LBM metadata records in RocksDB: 0 (0 repaired)
I20260709 12:12:32.486044  8484 rpc_server.cc:225] running with OpenSSL 1.1.1  11 Sep 2018
I20260709 12:12:32.487195  8484 kserver.cc:163] Server-wide thread pool size limit: 3276
I20260709 12:12:32.488576  8484 txn_system_client.cc:432] TxnSystemClient initialization is disabled...
I20260709 12:12:32.490749  8484 ts_tablet_manager.cc:585] Loaded tablet metadata (0 total tablets, 0 live tablets)
I20260709 12:12:32.490940  8484 ts_tablet_manager.cc:531] Time spent load tablet metadata: real 0.000s	user 0.000s	sys 0.000s
I20260709 12:12:32.491173  8484 ts_tablet_manager.cc:616] Registered 0 tablets
I20260709 12:12:32.491309  8484 ts_tablet_manager.cc:595] Time spent register tablets: real 0.000s	user 0.000s	sys 0.000s
I20260709 12:12:32.529904  8484 rpc_server.cc:307] RPC server started. Bound to: 127.8.73.2:46425
I20260709 12:12:32.529999  9753 acceptor_pool.cc:272] collecting diagnostics on the listening RPC socket 127.8.73.2:46425 every 8 connection(s)
I20260709 12:12:32.534476  8484 file_cache.cc:504] Constructed file cache file cache with capacity 419430
W20260709 12:12:32.541159  9757 instance_detector.cc:116] could not retrieve AWS instance metadata: Network error: curl error: HTTP response code said error: The requested URL returned error: 404
W20260709 12:12:32.541771  9758 instance_detector.cc:116] could not retrieve Azure instance metadata: Network error: curl error: HTTP response code said error: The requested URL returned error: 404
I20260709 12:12:32.545312  8484 server_base.cc:1061] running on GCE node
W20260709 12:12:32.545338  9761 instance_detector.cc:116] could not retrieve OpenStack instance metadata: Network error: curl error: HTTP response code said error: The requested URL returned error: 404
I20260709 12:12:32.546054  9754 heartbeater.cc:344] Connected to a master server at 127.8.73.62:32999
I20260709 12:12:32.546437  9754 heartbeater.cc:461] Registering TS with master...
I20260709 12:12:32.546578  8484 hybrid_clock.cc:584] initializing the hybrid clock with 'system_unsync' time source
W20260709 12:12:32.546828  8484 system_unsync_time.cc:38] NTP support is disabled. Clock error bounds will not be accurate. This configuration is not suitable for distributed clusters.
I20260709 12:12:32.547031  8484 hybrid_clock.cc:648] HybridClock initialized: now 1783599152547001 us; error 0 us; skew 500 ppm
I20260709 12:12:32.547283  9754 heartbeater.cc:507] Master 127.8.73.62:32999 requested a full tablet report, sending...
I20260709 12:12:32.547765  8484 server_base.cc:861] Flag tcmalloc_max_total_thread_cache_bytes is not working since tcmalloc is not enabled.
I20260709 12:12:32.549414  9552 ts_manager.cc:194] Registered new tserver with Master: 5d499953f5114a85bc4ae9bd62f7ec4a (127.8.73.2:46425)
I20260709 12:12:32.550164  8484 webserver.cc:533] Webserver started at http://127.8.73.3:37149/ using document root <none> and password file <none>
I20260709 12:12:32.550645  8484 fs_manager.cc:362] Metadata directory not provided
I20260709 12:12:32.550814  8484 fs_manager.cc:368] Using write-ahead log directory (fs_wal_dir) as metadata directory
I20260709 12:12:32.550776  9552 master_service.cc:502] Signed X509 certificate for tserver {username='slave'} at 127.0.0.1:46806
I20260709 12:12:32.551184  8484 server_base.cc:909] This appears to be a new deployment of Kudu; creating new FS layout
I20260709 12:12:32.552326  8484 fs_manager.cc:1068] Generated new instance metadata in path /tmp/dist-test-taskTVQYtu/test-tmp/auto_leader_rebalancer-test.0.LeaderRebalancerTest.AddTserver.1783599092384682-8484-0/minicluster-data/ts-2-root/instance:
uuid: "b20160e1e176463d9ed2afdb3b24e0a2"
format_stamp: "Formatted at 2026-07-09 12:12:32 on dist-test-slave-4jnj"
I20260709 12:12:32.556411  8484 fs_manager.cc:696] Time spent creating directory manager: real 0.004s	user 0.003s	sys 0.002s
I20260709 12:12:32.559372  9765 log_block_manager.cc:4127] Time spent loading block containers with low live blocks: real 0.000s	user 0.000s	sys 0.000s
I20260709 12:12:32.560166  8484 fs_manager.cc:730] Time spent opening block manager: real 0.002s	user 0.001s	sys 0.000s
I20260709 12:12:32.560417  8484 fs_manager.cc:647] Opened local filesystem: /tmp/dist-test-taskTVQYtu/test-tmp/auto_leader_rebalancer-test.0.LeaderRebalancerTest.AddTserver.1783599092384682-8484-0/minicluster-data/ts-2-root
uuid: "b20160e1e176463d9ed2afdb3b24e0a2"
format_stamp: "Formatted at 2026-07-09 12:12:32 on dist-test-slave-4jnj"
I20260709 12:12:32.560667  8484 fs_report.cc:389] FS layout report
--------------------
wal directory: /tmp/dist-test-taskTVQYtu/test-tmp/auto_leader_rebalancer-test.0.LeaderRebalancerTest.AddTserver.1783599092384682-8484-0/minicluster-data/ts-2-root
metadata directory: /tmp/dist-test-taskTVQYtu/test-tmp/auto_leader_rebalancer-test.0.LeaderRebalancerTest.AddTserver.1783599092384682-8484-0/minicluster-data/ts-2-root
1 data directories: /tmp/dist-test-taskTVQYtu/test-tmp/auto_leader_rebalancer-test.0.LeaderRebalancerTest.AddTserver.1783599092384682-8484-0/minicluster-data/ts-2-root/data
Total live blocks: 0
Total live bytes: 0
Total live bytes (after alignment): 0
Total number of LBM containers: 0 (0 full)
Did not check for missing blocks
Did not check for orphaned blocks
Total full LBM containers with extra space: 0 (0 repaired)
Total full LBM container extra space in bytes: 0 (0 repaired)
Total incomplete LBM containers: 0 (0 repaired)
Total LBM partial records: 0 (0 repaired)
Total corrupted LBM metadata records in RocksDB: 0 (0 repaired)
I20260709 12:12:32.588290  8484 rpc_server.cc:225] running with OpenSSL 1.1.1  11 Sep 2018
I20260709 12:12:32.589507  8484 kserver.cc:163] Server-wide thread pool size limit: 3276
I20260709 12:12:32.590952  8484 txn_system_client.cc:432] TxnSystemClient initialization is disabled...
I20260709 12:12:32.593081  8484 ts_tablet_manager.cc:585] Loaded tablet metadata (0 total tablets, 0 live tablets)
I20260709 12:12:32.593278  8484 ts_tablet_manager.cc:531] Time spent load tablet metadata: real 0.000s	user 0.000s	sys 0.000s
I20260709 12:12:32.593501  8484 ts_tablet_manager.cc:616] Registered 0 tablets
I20260709 12:12:32.593653  8484 ts_tablet_manager.cc:595] Time spent register tablets: real 0.000s	user 0.000s	sys 0.000s
I20260709 12:12:32.631301  8484 rpc_server.cc:307] RPC server started. Bound to: 127.8.73.3:46729
I20260709 12:12:32.631397  9827 acceptor_pool.cc:272] collecting diagnostics on the listening RPC socket 127.8.73.3:46729 every 8 connection(s)
I20260709 12:12:32.644397  9828 heartbeater.cc:344] Connected to a master server at 127.8.73.62:32999
I20260709 12:12:32.644742  9828 heartbeater.cc:461] Registering TS with master...
I20260709 12:12:32.645480  9828 heartbeater.cc:507] Master 127.8.73.62:32999 requested a full tablet report, sending...
I20260709 12:12:32.647305  9552 ts_manager.cc:194] Registered new tserver with Master: b20160e1e176463d9ed2afdb3b24e0a2 (127.8.73.3:46729)
I20260709 12:12:32.647647  8484 internal_mini_cluster.cc:371] 3 TS(s) registered with all masters after 0.013329239s
I20260709 12:12:32.648607  9552 master_service.cc:502] Signed X509 certificate for tserver {username='slave'} at 127.0.0.1:46814
I20260709 12:12:32.672326  9552 catalog_manager.cc:2283] Servicing CreateTable request from {username='slave'} at 127.0.0.1:46822:
name: "test-workload"
schema {
  columns {
    name: "key"
    type: INT32
    is_key: true
    is_nullable: false
    encoding: AUTO_ENCODING
    compression: DEFAULT_COMPRESSION
    cfile_block_size: 0
    immutable: false
  }
  columns {
    name: "int_val"
    type: INT32
    is_key: false
    is_nullable: false
    encoding: AUTO_ENCODING
    compression: DEFAULT_COMPRESSION
    cfile_block_size: 0
    immutable: false
  }
  columns {
    name: "string_val"
    type: STRING
    is_key: false
    is_nullable: true
    encoding: AUTO_ENCODING
    compression: DEFAULT_COMPRESSION
    cfile_block_size: 0
    immutable: false
  }
}
num_replicas: 3
split_rows_range_bounds {
  rows: "\004\001\000\313c+\002\004\001\000\226\307V\004\004\001\000a+\202\006\004\001\000,\217\255\010\004\001\000\367\362\330\n\004\001\000\302V\004\r\004\001\000\215\272/\017\004\001\000X\036[\021\004\001\000#\202\206\023\004\001\000\356\345\261\025\004\001\000\271I\335\027\004\001\000\204\255\010\032\004\001\000O\0214\034\004\001\000\032u_\036\004\001\000\345\330\212 \004\001\000\260<\266\"\004\001\000{\240\341$\004\001\000F\004\r\'\004\001\000\021h8)\004\001\000\334\313c+\004\001\000\247/\217-\004\001\000r\223\272/\004\001\000=\367\3451\004\001\000\010[\0214\004\001\000\323\276<6\004\001\000\236\"h8\004\001\000i\206\223:\004\001\0004\352\276<\004\001\000\377M\352>\004\001\000\312\261\025A\004\001\000\225\025AC\004\001\000`ylE\004\001\000+\335\227G\004\001\000\366@\303I\004\001\000\301\244\356K\004\001\000\214\010\032N\004\001\000WlEP\004\001\000\"\320pR\004\001\000\3553\234T\004\001\000\270\227\307V\004\001\000\203\373\362X\004\001\000N_\036[\004\001\000\031\303I]\004\001\000\344&u_\004\001\000\257\212\240a\004\001\000z\356\313c\004\001\000ER\367e\004\001\000\020\266\"h\004\001\000\333\031Nj\004\001\000\246}yl\004\001\000q\341\244n\004\001\000<E\320p\004\001\000\007\251\373r\004\001\000\322\014\'u\004\001\000\235pRw\004\001\000h\324}y\004\001\00038\251{\004\001\000\376\233\324}""\004\001\000\313c+\002\004\001\000\226\307V\004\004\001\000a+\202\006\004\001\000,\217\255\010\004\001\000\367\362\330\n\004\001\000\302V\004\r\004\001\000\215\272/\017\004\001\000X\036[\021\004\001\000#\202\206\023\004\001\000\356\345\261\025\004\001\000\271I\335\027\004\001\000\204\255\010\032\004\001\000O\0214\034\004\001\000\032u_\036\004\001\000\345\330\212 \004\001\000\260<\266\"\004\001\000{\240\341$\004\001\000F\004\r\'\004\001\000\021h8)\004\001\000\334\313c+\004\001\000\247/\217-\004\001\000r\223\272/\004\001\000=\367\3451\004\001\000\010[\0214\004\001\000\323\276<6\004\001\000\236\"h8\004\001\000i\206\223:\004\001\0004\352\276<\004\001\000\377M\352>\004\001\000\312\261\025A\004\001\000\225\025AC\004\001\000`ylE\004\001\000+\335\227G\004\001\000\366@\303I\004\001\000\301\244\356K\004\001\000\214\010\032N\004\001\000WlEP\004\001\000\"\320pR\004\001\000\3553\234T\004\001\000\270\227\307V\004\001\000\203\373\362X\004\001\000N_\036[\004\001\000\031\303I]\004\001\000\344&u_\004\001\000\257\212\240a\004\001\000z\356\313c\004\001\000ER\367e\004\001\000\020\266\"h\004\001\000\333\031Nj\004\001\000\246}yl\004\001\000q\341\244n\004\001\000<E\320p\004\001\000\007\251\373r\004\001\000\322\014\'u\004\001\000\235pRw\004\001\000h\324}y\004\001\00038\251{\004\001\000\376\233\324}"
  indirect_data: """"
}
partition_schema {
  range_schema {
    columns {
      name: "key"
    }
  }
}
W20260709 12:12:32.678131  9552 catalog_manager.cc:7077] The number of live tablet servers is not enough to re-replicate a tablet replica of the newly created table test-workload in case of a server failure: 4 tablet servers would be needed, 3 are available. Consider bringing up more tablet servers.
I20260709 12:12:32.896437  9644 tablet_service.cc:1511] Processing CreateTablet for tablet 0ea160c26b5042fd87bc3308b4128d36 (DEFAULT_TABLE table=test-workload [id=6b3568b5fbdf449a931fb16ed5880531]), partition=RANGE (key) PARTITION VALUES < 36398027
I20260709 12:12:32.898813  9644 data_dirs.cc:400] Could only allocate 1 dirs of requested 3 for tablet 0ea160c26b5042fd87bc3308b4128d36. 1 dirs total, 0 dirs full, 0 dirs failed
I20260709 12:12:32.898918  9718 tablet_service.cc:1511] Processing CreateTablet for tablet 68d6c5a360484c31b6db3e10049bf8a8 (DEFAULT_TABLE table=test-workload [id=6b3568b5fbdf449a931fb16ed5880531]), partition=RANGE (key) PARTITION 36398027 <= VALUES < 72796054
I20260709 12:12:32.900635  9718 data_dirs.cc:400] Could only allocate 1 dirs of requested 3 for tablet 68d6c5a360484c31b6db3e10049bf8a8. 1 dirs total, 0 dirs full, 0 dirs failed
I20260709 12:12:32.903095  9717 tablet_service.cc:1511] Processing CreateTablet for tablet fc52c9e30c6147bcb134c271f411cf8b (DEFAULT_TABLE table=test-workload [id=6b3568b5fbdf449a931fb16ed5880531]), partition=RANGE (key) PARTITION 72796054 <= VALUES < 109194081
I20260709 12:12:32.904516  9717 data_dirs.cc:400] Could only allocate 1 dirs of requested 3 for tablet fc52c9e30c6147bcb134c271f411cf8b. 1 dirs total, 0 dirs full, 0 dirs failed
I20260709 12:12:32.904222  9642 tablet_service.cc:1511] Processing CreateTablet for tablet fc52c9e30c6147bcb134c271f411cf8b (DEFAULT_TABLE table=test-workload [id=6b3568b5fbdf449a931fb16ed5880531]), partition=RANGE (key) PARTITION 72796054 <= VALUES < 109194081
I20260709 12:12:32.905553  9642 data_dirs.cc:400] Could only allocate 1 dirs of requested 3 for tablet fc52c9e30c6147bcb134c271f411cf8b. 1 dirs total, 0 dirs full, 0 dirs failed
I20260709 12:12:32.907090  9716 tablet_service.cc:1511] Processing CreateTablet for tablet b5aa999f531d4e2ba323592b90121452 (DEFAULT_TABLE table=test-workload [id=6b3568b5fbdf449a931fb16ed5880531]), partition=RANGE (key) PARTITION 109194081 <= VALUES < 145592108
I20260709 12:12:32.908491  9716 data_dirs.cc:400] Could only allocate 1 dirs of requested 3 for tablet b5aa999f531d4e2ba323592b90121452. 1 dirs total, 0 dirs full, 0 dirs failed
I20260709 12:12:32.896353  9719 tablet_service.cc:1511] Processing CreateTablet for tablet 0ea160c26b5042fd87bc3308b4128d36 (DEFAULT_TABLE table=test-workload [id=6b3568b5fbdf449a931fb16ed5880531]), partition=RANGE (key) PARTITION VALUES < 36398027
I20260709 12:12:32.910058  9719 data_dirs.cc:400] Could only allocate 1 dirs of requested 3 for tablet 0ea160c26b5042fd87bc3308b4128d36. 1 dirs total, 0 dirs full, 0 dirs failed
I20260709 12:12:32.917476  9713 tablet_service.cc:1511] Processing CreateTablet for tablet 75ac430d9cca405a83c23091532941c5 (DEFAULT_TABLE table=test-workload [id=6b3568b5fbdf449a931fb16ed5880531]), partition=RANGE (key) PARTITION 218388162 <= VALUES < 254786189
I20260709 12:12:32.918892  9713 data_dirs.cc:400] Could only allocate 1 dirs of requested 3 for tablet 75ac430d9cca405a83c23091532941c5. 1 dirs total, 0 dirs full, 0 dirs failed
I20260709 12:12:32.911577  9643 tablet_service.cc:1511] Processing CreateTablet for tablet 68d6c5a360484c31b6db3e10049bf8a8 (DEFAULT_TABLE table=test-workload [id=6b3568b5fbdf449a931fb16ed5880531]), partition=RANGE (key) PARTITION 36398027 <= VALUES < 72796054
I20260709 12:12:32.920254  9643 data_dirs.cc:400] Could only allocate 1 dirs of requested 3 for tablet 68d6c5a360484c31b6db3e10049bf8a8. 1 dirs total, 0 dirs full, 0 dirs failed
I20260709 12:12:32.922039  9712 tablet_service.cc:1511] Processing CreateTablet for tablet 5679bf99dd2b4aeca275fa8b1372fc3a (DEFAULT_TABLE table=test-workload [id=6b3568b5fbdf449a931fb16ed5880531]), partition=RANGE (key) PARTITION 254786189 <= VALUES < 291184216
I20260709 12:12:32.923353  9712 data_dirs.cc:400] Could only allocate 1 dirs of requested 3 for tablet 5679bf99dd2b4aeca275fa8b1372fc3a. 1 dirs total, 0 dirs full, 0 dirs failed
I20260709 12:12:32.911669  9641 tablet_service.cc:1511] Processing CreateTablet for tablet b5aa999f531d4e2ba323592b90121452 (DEFAULT_TABLE table=test-workload [id=6b3568b5fbdf449a931fb16ed5880531]), partition=RANGE (key) PARTITION 109194081 <= VALUES < 145592108
I20260709 12:12:32.914801  9715 tablet_service.cc:1511] Processing CreateTablet for tablet bc8a2357dbb94bb39be9766e9f649249 (DEFAULT_TABLE table=test-workload [id=6b3568b5fbdf449a931fb16ed5880531]), partition=RANGE (key) PARTITION 145592108 <= VALUES < 181990135
I20260709 12:12:32.926317  9715 data_dirs.cc:400] Could only allocate 1 dirs of requested 3 for tablet bc8a2357dbb94bb39be9766e9f649249. 1 dirs total, 0 dirs full, 0 dirs failed
I20260709 12:12:32.915032  9640 tablet_service.cc:1511] Processing CreateTablet for tablet bc8a2357dbb94bb39be9766e9f649249 (DEFAULT_TABLE table=test-workload [id=6b3568b5fbdf449a931fb16ed5880531]), partition=RANGE (key) PARTITION 145592108 <= VALUES < 181990135
I20260709 12:12:32.916640  9714 tablet_service.cc:1511] Processing CreateTablet for tablet a0613389c86b47a881338987bbcf96b9 (DEFAULT_TABLE table=test-workload [id=6b3568b5fbdf449a931fb16ed5880531]), partition=RANGE (key) PARTITION 181990135 <= VALUES < 218388162
I20260709 12:12:32.929157  9714 data_dirs.cc:400] Could only allocate 1 dirs of requested 3 for tablet a0613389c86b47a881338987bbcf96b9. 1 dirs total, 0 dirs full, 0 dirs failed
I20260709 12:12:32.930495  9641 data_dirs.cc:400] Could only allocate 1 dirs of requested 3 for tablet b5aa999f531d4e2ba323592b90121452. 1 dirs total, 0 dirs full, 0 dirs failed
I20260709 12:12:32.944132  9711 tablet_service.cc:1511] Processing CreateTablet for tablet 8c5a9fbb385549e7a6764c9dc9e66b22 (DEFAULT_TABLE table=test-workload [id=6b3568b5fbdf449a931fb16ed5880531]), partition=RANGE (key) PARTITION 291184216 <= VALUES < 327582243
I20260709 12:12:32.945495  9711 data_dirs.cc:400] Could only allocate 1 dirs of requested 3 for tablet 8c5a9fbb385549e7a6764c9dc9e66b22. 1 dirs total, 0 dirs full, 0 dirs failed
I20260709 12:12:32.950568  9639 tablet_service.cc:1511] Processing CreateTablet for tablet a0613389c86b47a881338987bbcf96b9 (DEFAULT_TABLE table=test-workload [id=6b3568b5fbdf449a931fb16ed5880531]), partition=RANGE (key) PARTITION 181990135 <= VALUES < 218388162
I20260709 12:12:32.951936  9639 data_dirs.cc:400] Could only allocate 1 dirs of requested 3 for tablet a0613389c86b47a881338987bbcf96b9. 1 dirs total, 0 dirs full, 0 dirs failed
I20260709 12:12:32.959033  9793 tablet_service.cc:1511] Processing CreateTablet for tablet 0ea160c26b5042fd87bc3308b4128d36 (DEFAULT_TABLE table=test-workload [id=6b3568b5fbdf449a931fb16ed5880531]), partition=RANGE (key) PARTITION VALUES < 36398027
I20260709 12:12:32.960541  9793 data_dirs.cc:400] Could only allocate 1 dirs of requested 3 for tablet 0ea160c26b5042fd87bc3308b4128d36. 1 dirs total, 0 dirs full, 0 dirs failed
I20260709 12:12:32.960078  9790 tablet_service.cc:1511] Processing CreateTablet for tablet b5aa999f531d4e2ba323592b90121452 (DEFAULT_TABLE table=test-workload [id=6b3568b5fbdf449a931fb16ed5880531]), partition=RANGE (key) PARTITION 109194081 <= VALUES < 145592108
I20260709 12:12:32.961627  9790 data_dirs.cc:400] Could only allocate 1 dirs of requested 3 for tablet b5aa999f531d4e2ba323592b90121452. 1 dirs total, 0 dirs full, 0 dirs failed
I20260709 12:12:32.961333  9792 tablet_service.cc:1511] Processing CreateTablet for tablet 68d6c5a360484c31b6db3e10049bf8a8 (DEFAULT_TABLE table=test-workload [id=6b3568b5fbdf449a931fb16ed5880531]), partition=RANGE (key) PARTITION 36398027 <= VALUES < 72796054
I20260709 12:12:32.963096  9792 data_dirs.cc:400] Could only allocate 1 dirs of requested 3 for tablet 68d6c5a360484c31b6db3e10049bf8a8. 1 dirs total, 0 dirs full, 0 dirs failed
I20260709 12:12:32.962854  9791 tablet_service.cc:1511] Processing CreateTablet for tablet fc52c9e30c6147bcb134c271f411cf8b (DEFAULT_TABLE table=test-workload [id=6b3568b5fbdf449a931fb16ed5880531]), partition=RANGE (key) PARTITION 72796054 <= VALUES < 109194081
I20260709 12:12:32.963218  9789 tablet_service.cc:1511] Processing CreateTablet for tablet bc8a2357dbb94bb39be9766e9f649249 (DEFAULT_TABLE table=test-workload [id=6b3568b5fbdf449a931fb16ed5880531]), partition=RANGE (key) PARTITION 145592108 <= VALUES < 181990135
I20260709 12:12:32.964133  9791 data_dirs.cc:400] Could only allocate 1 dirs of requested 3 for tablet fc52c9e30c6147bcb134c271f411cf8b. 1 dirs total, 0 dirs full, 0 dirs failed
I20260709 12:12:32.965567  9787 tablet_service.cc:1511] Processing CreateTablet for tablet 75ac430d9cca405a83c23091532941c5 (DEFAULT_TABLE table=test-workload [id=6b3568b5fbdf449a931fb16ed5880531]), partition=RANGE (key) PARTITION 218388162 <= VALUES < 254786189
I20260709 12:12:32.966894  9788 tablet_service.cc:1511] Processing CreateTablet for tablet a0613389c86b47a881338987bbcf96b9 (DEFAULT_TABLE table=test-workload [id=6b3568b5fbdf449a931fb16ed5880531]), partition=RANGE (key) PARTITION 181990135 <= VALUES < 218388162
I20260709 12:12:32.967053  9638 tablet_service.cc:1511] Processing CreateTablet for tablet 75ac430d9cca405a83c23091532941c5 (DEFAULT_TABLE table=test-workload [id=6b3568b5fbdf449a931fb16ed5880531]), partition=RANGE (key) PARTITION 218388162 <= VALUES < 254786189
I20260709 12:12:32.966949  9787 data_dirs.cc:400] Could only allocate 1 dirs of requested 3 for tablet 75ac430d9cca405a83c23091532941c5. 1 dirs total, 0 dirs full, 0 dirs failed
I20260709 12:12:32.962853  9640 data_dirs.cc:400] Could only allocate 1 dirs of requested 3 for tablet bc8a2357dbb94bb39be9766e9f649249. 1 dirs total, 0 dirs full, 0 dirs failed
I20260709 12:12:32.973099  9635 tablet_service.cc:1511] Processing CreateTablet for tablet 1e4b37c654654fb899451ce87f683fd0 (DEFAULT_TABLE table=test-workload [id=6b3568b5fbdf449a931fb16ed5880531]), partition=RANGE (key) PARTITION 327582243 <= VALUES < 363980270
I20260709 12:12:32.974131  9785 tablet_service.cc:1511] Processing CreateTablet for tablet 8c5a9fbb385549e7a6764c9dc9e66b22 (DEFAULT_TABLE table=test-workload [id=6b3568b5fbdf449a931fb16ed5880531]), partition=RANGE (key) PARTITION 291184216 <= VALUES < 327582243
I20260709 12:12:32.973239  9786 tablet_service.cc:1511] Processing CreateTablet for tablet 5679bf99dd2b4aeca275fa8b1372fc3a (DEFAULT_TABLE table=test-workload [id=6b3568b5fbdf449a931fb16ed5880531]), partition=RANGE (key) PARTITION 254786189 <= VALUES < 291184216
I20260709 12:12:32.955521  9718 tablet_service.cc:1511] Processing CreateTablet for tablet 1e4b37c654654fb899451ce87f683fd0 (DEFAULT_TABLE table=test-workload [id=6b3568b5fbdf449a931fb16ed5880531]), partition=RANGE (key) PARTITION 327582243 <= VALUES < 363980270
I20260709 12:12:32.995623  9718 data_dirs.cc:400] Could only allocate 1 dirs of requested 3 for tablet 1e4b37c654654fb899451ce87f683fd0. 1 dirs total, 0 dirs full, 0 dirs failed
I20260709 12:12:32.995765  9719 tablet_service.cc:1511] Processing CreateTablet for tablet 897c167efa14415dbeebd30256b504e5 (DEFAULT_TABLE table=test-workload [id=6b3568b5fbdf449a931fb16ed5880531]), partition=RANGE (key) PARTITION 363980270 <= VALUES < 400378297
I20260709 12:12:32.996908  9719 data_dirs.cc:400] Could only allocate 1 dirs of requested 3 for tablet 897c167efa14415dbeebd30256b504e5. 1 dirs total, 0 dirs full, 0 dirs failed
I20260709 12:12:32.982203  9638 data_dirs.cc:400] Could only allocate 1 dirs of requested 3 for tablet 75ac430d9cca405a83c23091532941c5. 1 dirs total, 0 dirs full, 0 dirs failed
I20260709 12:12:32.983503  9637 tablet_service.cc:1511] Processing CreateTablet for tablet 5679bf99dd2b4aeca275fa8b1372fc3a (DEFAULT_TABLE table=test-workload [id=6b3568b5fbdf449a931fb16ed5880531]), partition=RANGE (key) PARTITION 254786189 <= VALUES < 291184216
I20260709 12:12:32.998759  9637 data_dirs.cc:400] Could only allocate 1 dirs of requested 3 for tablet 5679bf99dd2b4aeca275fa8b1372fc3a. 1 dirs total, 0 dirs full, 0 dirs failed
I20260709 12:12:33.001037  9635 data_dirs.cc:400] Could only allocate 1 dirs of requested 3 for tablet 1e4b37c654654fb899451ce87f683fd0. 1 dirs total, 0 dirs full, 0 dirs failed
I20260709 12:12:32.992787  9636 tablet_service.cc:1511] Processing CreateTablet for tablet 8c5a9fbb385549e7a6764c9dc9e66b22 (DEFAULT_TABLE table=test-workload [id=6b3568b5fbdf449a931fb16ed5880531]), partition=RANGE (key) PARTITION 291184216 <= VALUES < 327582243
I20260709 12:12:32.974997  9784 tablet_service.cc:1511] Processing CreateTablet for tablet 1e4b37c654654fb899451ce87f683fd0 (DEFAULT_TABLE table=test-workload [id=6b3568b5fbdf449a931fb16ed5880531]), partition=RANGE (key) PARTITION 327582243 <= VALUES < 363980270
I20260709 12:12:32.994102  9788 data_dirs.cc:400] Could only allocate 1 dirs of requested 3 for tablet a0613389c86b47a881338987bbcf96b9. 1 dirs total, 0 dirs full, 0 dirs failed
I20260709 12:12:33.005053  9844 tablet_bootstrap.cc:492] T fc52c9e30c6147bcb134c271f411cf8b P 5d499953f5114a85bc4ae9bd62f7ec4a: Bootstrap starting.
I20260709 12:12:33.011695  9789 data_dirs.cc:400] Could only allocate 1 dirs of requested 3 for tablet bc8a2357dbb94bb39be9766e9f649249. 1 dirs total, 0 dirs full, 0 dirs failed
I20260709 12:12:33.012866  9786 data_dirs.cc:400] Could only allocate 1 dirs of requested 3 for tablet 5679bf99dd2b4aeca275fa8b1372fc3a. 1 dirs total, 0 dirs full, 0 dirs failed
I20260709 12:12:33.018103  9785 data_dirs.cc:400] Could only allocate 1 dirs of requested 3 for tablet 8c5a9fbb385549e7a6764c9dc9e66b22. 1 dirs total, 0 dirs full, 0 dirs failed
I20260709 12:12:33.018360  9644 tablet_service.cc:1511] Processing CreateTablet for tablet 897c167efa14415dbeebd30256b504e5 (DEFAULT_TABLE table=test-workload [id=6b3568b5fbdf449a931fb16ed5880531]), partition=RANGE (key) PARTITION 363980270 <= VALUES < 400378297
I20260709 12:12:33.021121  9644 data_dirs.cc:400] Could only allocate 1 dirs of requested 3 for tablet 897c167efa14415dbeebd30256b504e5. 1 dirs total, 0 dirs full, 0 dirs failed
I20260709 12:12:33.039927  9784 data_dirs.cc:400] Could only allocate 1 dirs of requested 3 for tablet 1e4b37c654654fb899451ce87f683fd0. 1 dirs total, 0 dirs full, 0 dirs failed
I20260709 12:12:33.040086  9636 data_dirs.cc:400] Could only allocate 1 dirs of requested 3 for tablet 8c5a9fbb385549e7a6764c9dc9e66b22. 1 dirs total, 0 dirs full, 0 dirs failed
I20260709 12:12:33.048344  9845 tablet_bootstrap.cc:492] T 68d6c5a360484c31b6db3e10049bf8a8 P e935bf61bdf64d3fb9aace58a5d71066: Bootstrap starting.
I20260709 12:12:33.052791  9716 tablet_service.cc:1511] Processing CreateTablet for tablet 17e6a3e6277c42689dff497a12313eb5 (DEFAULT_TABLE table=test-workload [id=6b3568b5fbdf449a931fb16ed5880531]), partition=RANGE (key) PARTITION 400378297 <= VALUES < 436776324
I20260709 12:12:33.054073  9716 data_dirs.cc:400] Could only allocate 1 dirs of requested 3 for tablet 17e6a3e6277c42689dff497a12313eb5. 1 dirs total, 0 dirs full, 0 dirs failed
I20260709 12:12:33.051625  9643 tablet_service.cc:1511] Processing CreateTablet for tablet 17e6a3e6277c42689dff497a12313eb5 (DEFAULT_TABLE table=test-workload [id=6b3568b5fbdf449a931fb16ed5880531]), partition=RANGE (key) PARTITION 400378297 <= VALUES < 436776324
I20260709 12:12:33.062074  9643 data_dirs.cc:400] Could only allocate 1 dirs of requested 3 for tablet 17e6a3e6277c42689dff497a12313eb5. 1 dirs total, 0 dirs full, 0 dirs failed
I20260709 12:12:33.075397  9641 tablet_service.cc:1511] Processing CreateTablet for tablet 9b4c1c65c0d544e98135af3cec432d09 (DEFAULT_TABLE table=test-workload [id=6b3568b5fbdf449a931fb16ed5880531]), partition=RANGE (key) PARTITION 436776324 <= VALUES < 473174351
I20260709 12:12:33.076823  9641 data_dirs.cc:400] Could only allocate 1 dirs of requested 3 for tablet 9b4c1c65c0d544e98135af3cec432d09. 1 dirs total, 0 dirs full, 0 dirs failed
I20260709 12:12:33.102648  9846 tablet_bootstrap.cc:492] T 75ac430d9cca405a83c23091532941c5 P b20160e1e176463d9ed2afdb3b24e0a2: Bootstrap starting.
I20260709 12:12:33.105234  9787 tablet_service.cc:1511] Processing CreateTablet for tablet 897c167efa14415dbeebd30256b504e5 (DEFAULT_TABLE table=test-workload [id=6b3568b5fbdf449a931fb16ed5880531]), partition=RANGE (key) PARTITION 363980270 <= VALUES < 400378297
I20260709 12:12:33.107869  9787 data_dirs.cc:400] Could only allocate 1 dirs of requested 3 for tablet 897c167efa14415dbeebd30256b504e5. 1 dirs total, 0 dirs full, 0 dirs failed
I20260709 12:12:33.130084  9844 tablet_bootstrap.cc:654] T fc52c9e30c6147bcb134c271f411cf8b P 5d499953f5114a85bc4ae9bd62f7ec4a: Neither blocks nor log segments found. Creating new log.
I20260709 12:12:33.131659  9787 tablet_service.cc:1511] Processing CreateTablet for tablet 17e6a3e6277c42689dff497a12313eb5 (DEFAULT_TABLE table=test-workload [id=6b3568b5fbdf449a931fb16ed5880531]), partition=RANGE (key) PARTITION 400378297 <= VALUES < 436776324
I20260709 12:12:33.133054  9787 data_dirs.cc:400] Could only allocate 1 dirs of requested 3 for tablet 17e6a3e6277c42689dff497a12313eb5. 1 dirs total, 0 dirs full, 0 dirs failed
I20260709 12:12:33.132743  9712 tablet_service.cc:1511] Processing CreateTablet for tablet d5978b2cc5ea4ef5865907976c1154dd (DEFAULT_TABLE table=test-workload [id=6b3568b5fbdf449a931fb16ed5880531]), partition=RANGE (key) PARTITION 473174351 <= VALUES < 509572378
I20260709 12:12:33.134035  9712 data_dirs.cc:400] Could only allocate 1 dirs of requested 3 for tablet d5978b2cc5ea4ef5865907976c1154dd. 1 dirs total, 0 dirs full, 0 dirs failed
I20260709 12:12:33.142625  9845 tablet_bootstrap.cc:654] T 68d6c5a360484c31b6db3e10049bf8a8 P e935bf61bdf64d3fb9aace58a5d71066: Neither blocks nor log segments found. Creating new log.
I20260709 12:12:33.146607  9717 tablet_service.cc:1511] Processing CreateTablet for tablet 817745f20e5f467b8627b7562499ef73 (DEFAULT_TABLE table=test-workload [id=6b3568b5fbdf449a931fb16ed5880531]), partition=RANGE (key) PARTITION 509572378 <= VALUES < 545970405
I20260709 12:12:33.147852  9717 data_dirs.cc:400] Could only allocate 1 dirs of requested 3 for tablet 817745f20e5f467b8627b7562499ef73. 1 dirs total, 0 dirs full, 0 dirs failed
I20260709 12:12:33.150615  9635 tablet_service.cc:1511] Processing CreateTablet for tablet 817745f20e5f467b8627b7562499ef73 (DEFAULT_TABLE table=test-workload [id=6b3568b5fbdf449a931fb16ed5880531]), partition=RANGE (key) PARTITION 509572378 <= VALUES < 545970405
I20260709 12:12:33.151803  9635 data_dirs.cc:400] Could only allocate 1 dirs of requested 3 for tablet 817745f20e5f467b8627b7562499ef73. 1 dirs total, 0 dirs full, 0 dirs failed
I20260709 12:12:33.163965  9638 tablet_service.cc:1511] Processing CreateTablet for tablet 785becd054654fd196bc5eae20190094 (DEFAULT_TABLE table=test-workload [id=6b3568b5fbdf449a931fb16ed5880531]), partition=RANGE (key) PARTITION 582368432 <= VALUES < 618766459
I20260709 12:12:33.170375  9637 tablet_service.cc:1511] Processing CreateTablet for tablet d5978b2cc5ea4ef5865907976c1154dd (DEFAULT_TABLE table=test-workload [id=6b3568b5fbdf449a931fb16ed5880531]), partition=RANGE (key) PARTITION 473174351 <= VALUES < 509572378
I20260709 12:12:33.160817  9643 tablet_service.cc:1511] Processing CreateTablet for tablet c703fc30119149f89193feeb67cdfd68 (DEFAULT_TABLE table=test-workload [id=6b3568b5fbdf449a931fb16ed5880531]), partition=RANGE (key) PARTITION 545970405 <= VALUES < 582368432
I20260709 12:12:33.172360  9713 tablet_service.cc:1511] Processing CreateTablet for tablet 785becd054654fd196bc5eae20190094 (DEFAULT_TABLE table=test-workload [id=6b3568b5fbdf449a931fb16ed5880531]), partition=RANGE (key) PARTITION 582368432 <= VALUES < 618766459
I20260709 12:12:33.173075  9793 tablet_service.cc:1511] Processing CreateTablet for tablet c703fc30119149f89193feeb67cdfd68 (DEFAULT_TABLE table=test-workload [id=6b3568b5fbdf449a931fb16ed5880531]), partition=RANGE (key) PARTITION 545970405 <= VALUES < 582368432
I20260709 12:12:33.173550  9713 data_dirs.cc:400] Could only allocate 1 dirs of requested 3 for tablet 785becd054654fd196bc5eae20190094. 1 dirs total, 0 dirs full, 0 dirs failed
I20260709 12:12:33.174037  9638 data_dirs.cc:400] Could only allocate 1 dirs of requested 3 for tablet 785becd054654fd196bc5eae20190094. 1 dirs total, 0 dirs full, 0 dirs failed
I20260709 12:12:33.175014  9711 tablet_service.cc:1511] Processing CreateTablet for tablet 9b4c1c65c0d544e98135af3cec432d09 (DEFAULT_TABLE table=test-workload [id=6b3568b5fbdf449a931fb16ed5880531]), partition=RANGE (key) PARTITION 436776324 <= VALUES < 473174351
I20260709 12:12:33.176156  9711 data_dirs.cc:400] Could only allocate 1 dirs of requested 3 for tablet 9b4c1c65c0d544e98135af3cec432d09. 1 dirs total, 0 dirs full, 0 dirs failed
I20260709 12:12:33.176438  9643 data_dirs.cc:400] Could only allocate 1 dirs of requested 3 for tablet c703fc30119149f89193feeb67cdfd68. 1 dirs total, 0 dirs full, 0 dirs failed
I20260709 12:12:33.178642  9790 tablet_service.cc:1511] Processing CreateTablet for tablet 9b4c1c65c0d544e98135af3cec432d09 (DEFAULT_TABLE table=test-workload [id=6b3568b5fbdf449a931fb16ed5880531]), partition=RANGE (key) PARTITION 436776324 <= VALUES < 473174351
I20260709 12:12:33.179783  9790 data_dirs.cc:400] Could only allocate 1 dirs of requested 3 for tablet 9b4c1c65c0d544e98135af3cec432d09. 1 dirs total, 0 dirs full, 0 dirs failed
I20260709 12:12:33.182752  9786 tablet_service.cc:1511] Processing CreateTablet for tablet d5978b2cc5ea4ef5865907976c1154dd (DEFAULT_TABLE table=test-workload [id=6b3568b5fbdf449a931fb16ed5880531]), partition=RANGE (key) PARTITION 473174351 <= VALUES < 509572378
I20260709 12:12:33.184011  9786 data_dirs.cc:400] Could only allocate 1 dirs of requested 3 for tablet d5978b2cc5ea4ef5865907976c1154dd. 1 dirs total, 0 dirs full, 0 dirs failed
I20260709 12:12:33.184509  9637 data_dirs.cc:400] Could only allocate 1 dirs of requested 3 for tablet d5978b2cc5ea4ef5865907976c1154dd. 1 dirs total, 0 dirs full, 0 dirs failed
I20260709 12:12:33.161773  9716 tablet_service.cc:1511] Processing CreateTablet for tablet c703fc30119149f89193feeb67cdfd68 (DEFAULT_TABLE table=test-workload [id=6b3568b5fbdf449a931fb16ed5880531]), partition=RANGE (key) PARTITION 545970405 <= VALUES < 582368432
I20260709 12:12:33.186715  9716 data_dirs.cc:400] Could only allocate 1 dirs of requested 3 for tablet c703fc30119149f89193feeb67cdfd68. 1 dirs total, 0 dirs full, 0 dirs failed
I20260709 12:12:33.195500  9788 tablet_service.cc:1511] Processing CreateTablet for tablet 817745f20e5f467b8627b7562499ef73 (DEFAULT_TABLE table=test-workload [id=6b3568b5fbdf449a931fb16ed5880531]), partition=RANGE (key) PARTITION 509572378 <= VALUES < 545970405
I20260709 12:12:33.203711  9787 tablet_service.cc:1511] Processing CreateTablet for tablet 785becd054654fd196bc5eae20190094 (DEFAULT_TABLE table=test-workload [id=6b3568b5fbdf449a931fb16ed5880531]), partition=RANGE (key) PARTITION 582368432 <= VALUES < 618766459
I20260709 12:12:33.213196  9846 tablet_bootstrap.cc:654] T 75ac430d9cca405a83c23091532941c5 P b20160e1e176463d9ed2afdb3b24e0a2: Neither blocks nor log segments found. Creating new log.
I20260709 12:12:33.219350  9640 tablet_service.cc:1511] Processing CreateTablet for tablet ba79eaa9c71d4ca0973ffca0a9130167 (DEFAULT_TABLE table=test-workload [id=6b3568b5fbdf449a931fb16ed5880531]), partition=RANGE (key) PARTITION 618766459 <= VALUES < 655164486
I20260709 12:12:33.220606  9640 data_dirs.cc:400] Could only allocate 1 dirs of requested 3 for tablet ba79eaa9c71d4ca0973ffca0a9130167. 1 dirs total, 0 dirs full, 0 dirs failed
I20260709 12:12:33.221457  9714 tablet_service.cc:1511] Processing CreateTablet for tablet ba79eaa9c71d4ca0973ffca0a9130167 (DEFAULT_TABLE table=test-workload [id=6b3568b5fbdf449a931fb16ed5880531]), partition=RANGE (key) PARTITION 618766459 <= VALUES < 655164486
I20260709 12:12:33.222851  9714 data_dirs.cc:400] Could only allocate 1 dirs of requested 3 for tablet ba79eaa9c71d4ca0973ffca0a9130167. 1 dirs total, 0 dirs full, 0 dirs failed
I20260709 12:12:33.223073  9793 data_dirs.cc:400] Could only allocate 1 dirs of requested 3 for tablet c703fc30119149f89193feeb67cdfd68. 1 dirs total, 0 dirs full, 0 dirs failed
I20260709 12:12:33.223826  9788 data_dirs.cc:400] Could only allocate 1 dirs of requested 3 for tablet 817745f20e5f467b8627b7562499ef73. 1 dirs total, 0 dirs full, 0 dirs failed
I20260709 12:12:33.225929  9787 data_dirs.cc:400] Could only allocate 1 dirs of requested 3 for tablet 785becd054654fd196bc5eae20190094. 1 dirs total, 0 dirs full, 0 dirs failed
I20260709 12:12:33.222808  9844 tablet_bootstrap.cc:492] T fc52c9e30c6147bcb134c271f411cf8b P 5d499953f5114a85bc4ae9bd62f7ec4a: No bootstrap required, opened a new log
I20260709 12:12:33.226356  9845 tablet_bootstrap.cc:492] T 68d6c5a360484c31b6db3e10049bf8a8 P e935bf61bdf64d3fb9aace58a5d71066: No bootstrap required, opened a new log
I20260709 12:12:33.234826  9845 ts_tablet_manager.cc:1403] T 68d6c5a360484c31b6db3e10049bf8a8 P e935bf61bdf64d3fb9aace58a5d71066: Time spent bootstrapping tablet: real 0.187s	user 0.006s	sys 0.015s
I20260709 12:12:33.234189  9844 ts_tablet_manager.cc:1403] T fc52c9e30c6147bcb134c271f411cf8b P 5d499953f5114a85bc4ae9bd62f7ec4a: Time spent bootstrapping tablet: real 0.230s	user 0.008s	sys 0.007s
I20260709 12:12:33.237902  9845 raft_consensus.cc:359] T 68d6c5a360484c31b6db3e10049bf8a8 P e935bf61bdf64d3fb9aace58a5d71066 [term 0 FOLLOWER]: Replica starting. Triggering 0 pending ops. Active config: opid_index: -1 OBSOLETE_local: false peers { permanent_uuid: "e935bf61bdf64d3fb9aace58a5d71066" member_type: VOTER last_known_addr { host: "127.8.73.1" port: 41189 } } peers { permanent_uuid: "5d499953f5114a85bc4ae9bd62f7ec4a" member_type: VOTER last_known_addr { host: "127.8.73.2" port: 46425 } } peers { permanent_uuid: "b20160e1e176463d9ed2afdb3b24e0a2" member_type: VOTER last_known_addr { host: "127.8.73.3" port: 46729 } }
I20260709 12:12:33.238942  9845 raft_consensus.cc:385] T 68d6c5a360484c31b6db3e10049bf8a8 P e935bf61bdf64d3fb9aace58a5d71066 [term 0 FOLLOWER]: Consensus starting up: Expiring failure detector timer to make a prompt election more likely
I20260709 12:12:33.239250  9845 raft_consensus.cc:740] T 68d6c5a360484c31b6db3e10049bf8a8 P e935bf61bdf64d3fb9aace58a5d71066 [term 0 FOLLOWER]: Becoming Follower/Learner. State: Replica: e935bf61bdf64d3fb9aace58a5d71066, State: Initialized, Role: FOLLOWER
I20260709 12:12:33.240617  9844 raft_consensus.cc:359] T fc52c9e30c6147bcb134c271f411cf8b P 5d499953f5114a85bc4ae9bd62f7ec4a [term 0 FOLLOWER]: Replica starting. Triggering 0 pending ops. Active config: opid_index: -1 OBSOLETE_local: false peers { permanent_uuid: "e935bf61bdf64d3fb9aace58a5d71066" member_type: VOTER last_known_addr { host: "127.8.73.1" port: 41189 } } peers { permanent_uuid: "5d499953f5114a85bc4ae9bd62f7ec4a" member_type: VOTER last_known_addr { host: "127.8.73.2" port: 46425 } } peers { permanent_uuid: "b20160e1e176463d9ed2afdb3b24e0a2" member_type: VOTER last_known_addr { host: "127.8.73.3" port: 46729 } }
I20260709 12:12:33.241317  9844 raft_consensus.cc:385] T fc52c9e30c6147bcb134c271f411cf8b P 5d499953f5114a85bc4ae9bd62f7ec4a [term 0 FOLLOWER]: Consensus starting up: Expiring failure detector timer to make a prompt election more likely
I20260709 12:12:33.243549  9636 tablet_service.cc:1511] Processing CreateTablet for tablet 7d6db1fa0b1d478b967e8fa8079233e4 (DEFAULT_TABLE table=test-workload [id=6b3568b5fbdf449a931fb16ed5880531]), partition=RANGE (key) PARTITION 655164486 <= VALUES < 691562513
