I20260709 12:11:38.506151 23857 catalog_manager.cc:5697] T abfb1ca2e22444e591e5f702b3b43a49 P 68e9af6e34f8415294474d2848b32127 reported cstate change: term changed from 2 to 3, leader changed from d9a6f965723a4c259b2198440d66078f (127.23.69.2) to 68e9af6e34f8415294474d2848b32127 (127.23.69.1). New cstate: current_term: 3 leader_uuid: "68e9af6e34f8415294474d2848b32127" committed_config { opid_index: -1 OBSOLETE_local: false peers { permanent_uuid: "68e9af6e34f8415294474d2848b32127" member_type: VOTER last_known_addr { host: "127.23.69.1" port: 33861 } health_report { overall_health: HEALTHY } } peers { permanent_uuid: "d9a6f965723a4c259b2198440d66078f" member_type: VOTER last_known_addr { host: "127.23.69.2" port: 32799 } health_report { overall_health: UNKNOWN } } peers { permanent_uuid: "806620d3a3964903a9f9ac75f944cbbe" member_type: VOTER last_known_addr { host: "127.23.69.3" port: 36547 } health_report { overall_health: UNKNOWN } } }
I20260709 12:11:38.559816 24298 raft_consensus.cc:993] T fd8225ce62704c70b08f1731a36c5c7a P d9a6f965723a4c259b2198440d66078f: : Instructing follower 806620d3a3964903a9f9ac75f944cbbe to start an election
I20260709 12:11:38.560340 24292 raft_consensus.cc:1081] T fd8225ce62704c70b08f1731a36c5c7a P d9a6f965723a4c259b2198440d66078f [term 1 LEADER]: Signalling peer 806620d3a3964903a9f9ac75f944cbbe to start an election
I20260709 12:11:38.562062 24112 tablet_service.cc:2044] Received Run Leader Election RPC: tablet_id: "fd8225ce62704c70b08f1731a36c5c7a"
dest_uuid: "806620d3a3964903a9f9ac75f944cbbe"
 from {username='slave'} at 127.0.0.1:44680
I20260709 12:11:38.562469 24112 raft_consensus.cc:493] T fd8225ce62704c70b08f1731a36c5c7a P 806620d3a3964903a9f9ac75f944cbbe [term 1 FOLLOWER]: Starting forced leader election (received explicit request)
I20260709 12:11:38.562695 24112 raft_consensus.cc:3060] T fd8225ce62704c70b08f1731a36c5c7a P 806620d3a3964903a9f9ac75f944cbbe [term 1 FOLLOWER]: Advancing to term 2
I20260709 12:11:38.567309 24112 raft_consensus.cc:515] T fd8225ce62704c70b08f1731a36c5c7a P 806620d3a3964903a9f9ac75f944cbbe [term 2 FOLLOWER]: Starting forced leader election with config: opid_index: -1 OBSOLETE_local: false peers { permanent_uuid: "68e9af6e34f8415294474d2848b32127" member_type: VOTER last_known_addr { host: "127.23.69.1" port: 33861 } } peers { permanent_uuid: "d9a6f965723a4c259b2198440d66078f" member_type: VOTER last_known_addr { host: "127.23.69.2" port: 32799 } } peers { permanent_uuid: "806620d3a3964903a9f9ac75f944cbbe" member_type: VOTER last_known_addr { host: "127.23.69.3" port: 36547 } }
I20260709 12:11:38.568871 24112 leader_election.cc:290] T fd8225ce62704c70b08f1731a36c5c7a P 806620d3a3964903a9f9ac75f944cbbe [CANDIDATE]: Term 2 election: Requested vote from peers 68e9af6e34f8415294474d2848b32127 (127.23.69.1:33861), d9a6f965723a4c259b2198440d66078f (127.23.69.2:32799)
I20260709 12:11:38.570055 24038 tablet_service.cc:1917] Received RequestConsensusVote() RPC: tablet_id: "fd8225ce62704c70b08f1731a36c5c7a" candidate_uuid: "806620d3a3964903a9f9ac75f944cbbe" candidate_term: 2 candidate_status { last_received { term: 1 index: 1 } } ignore_live_leader: true dest_uuid: "d9a6f965723a4c259b2198440d66078f"
I20260709 12:11:38.570087 23962 tablet_service.cc:1917] Received RequestConsensusVote() RPC: tablet_id: "fd8225ce62704c70b08f1731a36c5c7a" candidate_uuid: "806620d3a3964903a9f9ac75f944cbbe" candidate_term: 2 candidate_status { last_received { term: 1 index: 1 } } ignore_live_leader: true dest_uuid: "68e9af6e34f8415294474d2848b32127"
I20260709 12:11:38.570647 24038 raft_consensus.cc:3055] T fd8225ce62704c70b08f1731a36c5c7a P d9a6f965723a4c259b2198440d66078f [term 1 LEADER]: Stepping down as leader of term 1
I20260709 12:11:38.570797 23962 raft_consensus.cc:3060] T fd8225ce62704c70b08f1731a36c5c7a P 68e9af6e34f8415294474d2848b32127 [term 1 FOLLOWER]: Advancing to term 2
I20260709 12:11:38.570983 24038 raft_consensus.cc:740] T fd8225ce62704c70b08f1731a36c5c7a P d9a6f965723a4c259b2198440d66078f [term 1 LEADER]: Becoming Follower/Learner. State: Replica: d9a6f965723a4c259b2198440d66078f, State: Running, Role: LEADER
I20260709 12:11:38.571746 24038 consensus_queue.cc:260] T fd8225ce62704c70b08f1731a36c5c7a P d9a6f965723a4c259b2198440d66078f [NON_LEADER]: Queue going to NON_LEADER mode. State: All replicated index: 0, Majority replicated index: 1, Committed index: 1, Last appended: 1.1, Last appended by leader: 1, Current term: 1, Majority size: -1, State: 0, Mode: NON_LEADER, active raft config: opid_index: -1 OBSOLETE_local: false peers { permanent_uuid: "68e9af6e34f8415294474d2848b32127" member_type: VOTER last_known_addr { host: "127.23.69.1" port: 33861 } } peers { permanent_uuid: "d9a6f965723a4c259b2198440d66078f" member_type: VOTER last_known_addr { host: "127.23.69.2" port: 32799 } } peers { permanent_uuid: "806620d3a3964903a9f9ac75f944cbbe" member_type: VOTER last_known_addr { host: "127.23.69.3" port: 36547 } }
I20260709 12:11:38.572575 24038 raft_consensus.cc:3060] T fd8225ce62704c70b08f1731a36c5c7a P d9a6f965723a4c259b2198440d66078f [term 1 FOLLOWER]: Advancing to term 2
I20260709 12:11:38.575265 23962 raft_consensus.cc:2468] T fd8225ce62704c70b08f1731a36c5c7a P 68e9af6e34f8415294474d2848b32127 [term 2 FOLLOWER]: Leader election vote request: Granting yes vote for candidate 806620d3a3964903a9f9ac75f944cbbe in term 2.
I20260709 12:11:38.576190 24078 leader_election.cc:304] T fd8225ce62704c70b08f1731a36c5c7a P 806620d3a3964903a9f9ac75f944cbbe [CANDIDATE]: Term 2 election: Election decided. Result: candidate won. Election summary: received 2 responses out of 3 voters: 2 yes votes; 0 no votes. yes voters: 68e9af6e34f8415294474d2848b32127, 806620d3a3964903a9f9ac75f944cbbe; no voters: 
I20260709 12:11:38.576951 24264 raft_consensus.cc:2804] T fd8225ce62704c70b08f1731a36c5c7a P 806620d3a3964903a9f9ac75f944cbbe [term 2 FOLLOWER]: Leader election won for term 2
I20260709 12:11:38.577337 24264 raft_consensus.cc:697] T fd8225ce62704c70b08f1731a36c5c7a P 806620d3a3964903a9f9ac75f944cbbe [term 2 LEADER]: Becoming Leader. State: Replica: 806620d3a3964903a9f9ac75f944cbbe, State: Running, Role: LEADER
I20260709 12:11:38.577363 24038 raft_consensus.cc:2468] T fd8225ce62704c70b08f1731a36c5c7a P d9a6f965723a4c259b2198440d66078f [term 2 FOLLOWER]: Leader election vote request: Granting yes vote for candidate 806620d3a3964903a9f9ac75f944cbbe in term 2.
I20260709 12:11:38.578167 24264 consensus_queue.cc:237] T fd8225ce62704c70b08f1731a36c5c7a P 806620d3a3964903a9f9ac75f944cbbe [LEADER]: Queue going to LEADER mode. State: All replicated index: 0, Majority replicated index: 1, Committed index: 1, Last appended: 1.1, Last appended by leader: 1, Current term: 2, Majority size: 2, State: 0, Mode: LEADER, active raft config: opid_index: -1 OBSOLETE_local: false peers { permanent_uuid: "68e9af6e34f8415294474d2848b32127" member_type: VOTER last_known_addr { host: "127.23.69.1" port: 33861 } } peers { permanent_uuid: "d9a6f965723a4c259b2198440d66078f" member_type: VOTER last_known_addr { host: "127.23.69.2" port: 32799 } } peers { permanent_uuid: "806620d3a3964903a9f9ac75f944cbbe" member_type: VOTER last_known_addr { host: "127.23.69.3" port: 36547 } }
I20260709 12:11:38.585161 23857 catalog_manager.cc:5697] T fd8225ce62704c70b08f1731a36c5c7a P 806620d3a3964903a9f9ac75f944cbbe reported cstate change: term changed from 1 to 2, leader changed from d9a6f965723a4c259b2198440d66078f (127.23.69.2) to 806620d3a3964903a9f9ac75f944cbbe (127.23.69.3). New cstate: current_term: 2 leader_uuid: "806620d3a3964903a9f9ac75f944cbbe" committed_config { opid_index: -1 OBSOLETE_local: false peers { permanent_uuid: "68e9af6e34f8415294474d2848b32127" member_type: VOTER last_known_addr { host: "127.23.69.1" port: 33861 } health_report { overall_health: UNKNOWN } } peers { permanent_uuid: "d9a6f965723a4c259b2198440d66078f" member_type: VOTER last_known_addr { host: "127.23.69.2" port: 32799 } health_report { overall_health: UNKNOWN } } peers { permanent_uuid: "806620d3a3964903a9f9ac75f944cbbe" member_type: VOTER last_known_addr { host: "127.23.69.3" port: 36547 } health_report { overall_health: HEALTHY } } }
I20260709 12:11:38.611176 24298 raft_consensus.cc:993] T d67359c012e14f58a10b5c30a10e1e87 P d9a6f965723a4c259b2198440d66078f: : Instructing follower 68e9af6e34f8415294474d2848b32127 to start an election
I20260709 12:11:38.611706 24292 raft_consensus.cc:1081] T d67359c012e14f58a10b5c30a10e1e87 P d9a6f965723a4c259b2198440d66078f [term 4 LEADER]: Signalling peer 68e9af6e34f8415294474d2848b32127 to start an election
I20260709 12:11:38.613353 23962 tablet_service.cc:2044] Received Run Leader Election RPC: tablet_id: "d67359c012e14f58a10b5c30a10e1e87"
dest_uuid: "68e9af6e34f8415294474d2848b32127"
 from {username='slave'} at 127.0.0.1:55044
I20260709 12:11:38.613840 23962 raft_consensus.cc:493] T d67359c012e14f58a10b5c30a10e1e87 P 68e9af6e34f8415294474d2848b32127 [term 4 FOLLOWER]: Starting forced leader election (received explicit request)
I20260709 12:11:38.614116 23962 raft_consensus.cc:3060] T d67359c012e14f58a10b5c30a10e1e87 P 68e9af6e34f8415294474d2848b32127 [term 4 FOLLOWER]: Advancing to term 5
I20260709 12:11:38.619411 23962 raft_consensus.cc:515] T d67359c012e14f58a10b5c30a10e1e87 P 68e9af6e34f8415294474d2848b32127 [term 5 FOLLOWER]: Starting forced leader election with config: opid_index: -1 OBSOLETE_local: false peers { permanent_uuid: "68e9af6e34f8415294474d2848b32127" member_type: VOTER last_known_addr { host: "127.23.69.1" port: 33861 } } peers { permanent_uuid: "d9a6f965723a4c259b2198440d66078f" member_type: VOTER last_known_addr { host: "127.23.69.2" port: 32799 } } peers { permanent_uuid: "806620d3a3964903a9f9ac75f944cbbe" member_type: VOTER last_known_addr { host: "127.23.69.3" port: 36547 } }
I20260709 12:11:38.620903 23962 leader_election.cc:290] T d67359c012e14f58a10b5c30a10e1e87 P 68e9af6e34f8415294474d2848b32127 [CANDIDATE]: Term 5 election: Requested vote from peers d9a6f965723a4c259b2198440d66078f (127.23.69.2:32799), 806620d3a3964903a9f9ac75f944cbbe (127.23.69.3:36547)
I20260709 12:11:38.621845 24038 tablet_service.cc:1917] Received RequestConsensusVote() RPC: tablet_id: "d67359c012e14f58a10b5c30a10e1e87" candidate_uuid: "68e9af6e34f8415294474d2848b32127" candidate_term: 5 candidate_status { last_received { term: 4 index: 4 } } ignore_live_leader: true dest_uuid: "d9a6f965723a4c259b2198440d66078f"
I20260709 12:11:38.621918 24112 tablet_service.cc:1917] Received RequestConsensusVote() RPC: tablet_id: "d67359c012e14f58a10b5c30a10e1e87" candidate_uuid: "68e9af6e34f8415294474d2848b32127" candidate_term: 5 candidate_status { last_received { term: 4 index: 4 } } ignore_live_leader: true dest_uuid: "806620d3a3964903a9f9ac75f944cbbe"
I20260709 12:11:38.622519 24112 raft_consensus.cc:3060] T d67359c012e14f58a10b5c30a10e1e87 P 806620d3a3964903a9f9ac75f944cbbe [term 4 FOLLOWER]: Advancing to term 5
I20260709 12:11:38.622519 24038 raft_consensus.cc:3055] T d67359c012e14f58a10b5c30a10e1e87 P d9a6f965723a4c259b2198440d66078f [term 4 LEADER]: Stepping down as leader of term 4
I20260709 12:11:38.623152 24038 raft_consensus.cc:740] T d67359c012e14f58a10b5c30a10e1e87 P d9a6f965723a4c259b2198440d66078f [term 4 LEADER]: Becoming Follower/Learner. State: Replica: d9a6f965723a4c259b2198440d66078f, State: Running, Role: LEADER
I20260709 12:11:38.624022 24038 consensus_queue.cc:260] T d67359c012e14f58a10b5c30a10e1e87 P d9a6f965723a4c259b2198440d66078f [NON_LEADER]: Queue going to NON_LEADER mode. State: All replicated index: 0, Majority replicated index: 4, Committed index: 4, Last appended: 4.4, Last appended by leader: 4, Current term: 4, Majority size: -1, State: 0, Mode: NON_LEADER, active raft config: opid_index: -1 OBSOLETE_local: false peers { permanent_uuid: "68e9af6e34f8415294474d2848b32127" member_type: VOTER last_known_addr { host: "127.23.69.1" port: 33861 } } peers { permanent_uuid: "d9a6f965723a4c259b2198440d66078f" member_type: VOTER last_known_addr { host: "127.23.69.2" port: 32799 } } peers { permanent_uuid: "806620d3a3964903a9f9ac75f944cbbe" member_type: VOTER last_known_addr { host: "127.23.69.3" port: 36547 } }
I20260709 12:11:38.625349 24038 raft_consensus.cc:3060] T d67359c012e14f58a10b5c30a10e1e87 P d9a6f965723a4c259b2198440d66078f [term 4 FOLLOWER]: Advancing to term 5
I20260709 12:11:38.629875 24112 raft_consensus.cc:2468] T d67359c012e14f58a10b5c30a10e1e87 P 806620d3a3964903a9f9ac75f944cbbe [term 5 FOLLOWER]: Leader election vote request: Granting yes vote for candidate 68e9af6e34f8415294474d2848b32127 in term 5.
I20260709 12:11:38.631089 23928 leader_election.cc:304] T d67359c012e14f58a10b5c30a10e1e87 P 68e9af6e34f8415294474d2848b32127 [CANDIDATE]: Term 5 election: Election decided. Result: candidate won. Election summary: received 2 responses out of 3 voters: 2 yes votes; 0 no votes. yes voters: 68e9af6e34f8415294474d2848b32127, 806620d3a3964903a9f9ac75f944cbbe; no voters: 
I20260709 12:11:38.631677 24038 raft_consensus.cc:2468] T d67359c012e14f58a10b5c30a10e1e87 P d9a6f965723a4c259b2198440d66078f [term 5 FOLLOWER]: Leader election vote request: Granting yes vote for candidate 68e9af6e34f8415294474d2848b32127 in term 5.
I20260709 12:11:38.631850 24306 raft_consensus.cc:2804] T d67359c012e14f58a10b5c30a10e1e87 P 68e9af6e34f8415294474d2848b32127 [term 5 FOLLOWER]: Leader election won for term 5
I20260709 12:11:38.632378 24306 raft_consensus.cc:697] T d67359c012e14f58a10b5c30a10e1e87 P 68e9af6e34f8415294474d2848b32127 [term 5 LEADER]: Becoming Leader. State: Replica: 68e9af6e34f8415294474d2848b32127, State: Running, Role: LEADER
I20260709 12:11:38.633240 24306 consensus_queue.cc:237] T d67359c012e14f58a10b5c30a10e1e87 P 68e9af6e34f8415294474d2848b32127 [LEADER]: Queue going to LEADER mode. State: All replicated index: 0, Majority replicated index: 4, Committed index: 4, Last appended: 4.4, Last appended by leader: 4, Current term: 5, Majority size: 2, State: 0, Mode: LEADER, active raft config: opid_index: -1 OBSOLETE_local: false peers { permanent_uuid: "68e9af6e34f8415294474d2848b32127" member_type: VOTER last_known_addr { host: "127.23.69.1" port: 33861 } } peers { permanent_uuid: "d9a6f965723a4c259b2198440d66078f" member_type: VOTER last_known_addr { host: "127.23.69.2" port: 32799 } } peers { permanent_uuid: "806620d3a3964903a9f9ac75f944cbbe" member_type: VOTER last_known_addr { host: "127.23.69.3" port: 36547 } }
I20260709 12:11:38.640697 23857 catalog_manager.cc:5697] T d67359c012e14f58a10b5c30a10e1e87 P 68e9af6e34f8415294474d2848b32127 reported cstate change: term changed from 4 to 5, leader changed from d9a6f965723a4c259b2198440d66078f (127.23.69.2) to 68e9af6e34f8415294474d2848b32127 (127.23.69.1). New cstate: current_term: 5 leader_uuid: "68e9af6e34f8415294474d2848b32127" committed_config { opid_index: -1 OBSOLETE_local: false peers { permanent_uuid: "68e9af6e34f8415294474d2848b32127" member_type: VOTER last_known_addr { host: "127.23.69.1" port: 33861 } health_report { overall_health: HEALTHY } } peers { permanent_uuid: "d9a6f965723a4c259b2198440d66078f" member_type: VOTER last_known_addr { host: "127.23.69.2" port: 32799 } health_report { overall_health: UNKNOWN } } peers { permanent_uuid: "806620d3a3964903a9f9ac75f944cbbe" member_type: VOTER last_known_addr { host: "127.23.69.3" port: 36547 } health_report { overall_health: UNKNOWN } } }
I20260709 12:11:38.841120 24292 raft_consensus.cc:993] T 6c8beaa06abc4be781327d4386b6bf92 P d9a6f965723a4c259b2198440d66078f: : Instructing follower 68e9af6e34f8415294474d2848b32127 to start an election
I20260709 12:11:38.841614 24298 raft_consensus.cc:1081] T 6c8beaa06abc4be781327d4386b6bf92 P d9a6f965723a4c259b2198440d66078f [term 3 LEADER]: Signalling peer 68e9af6e34f8415294474d2848b32127 to start an election
I20260709 12:11:38.843207 23962 tablet_service.cc:2044] Received Run Leader Election RPC: tablet_id: "6c8beaa06abc4be781327d4386b6bf92"
dest_uuid: "68e9af6e34f8415294474d2848b32127"
 from {username='slave'} at 127.0.0.1:55044
I20260709 12:11:38.843621 23962 raft_consensus.cc:493] T 6c8beaa06abc4be781327d4386b6bf92 P 68e9af6e34f8415294474d2848b32127 [term 3 FOLLOWER]: Starting forced leader election (received explicit request)
I20260709 12:11:38.843891 23962 raft_consensus.cc:3060] T 6c8beaa06abc4be781327d4386b6bf92 P 68e9af6e34f8415294474d2848b32127 [term 3 FOLLOWER]: Advancing to term 4
I20260709 12:11:38.848131 23962 raft_consensus.cc:515] T 6c8beaa06abc4be781327d4386b6bf92 P 68e9af6e34f8415294474d2848b32127 [term 4 FOLLOWER]: Starting forced leader election with config: opid_index: -1 OBSOLETE_local: false peers { permanent_uuid: "68e9af6e34f8415294474d2848b32127" member_type: VOTER last_known_addr { host: "127.23.69.1" port: 33861 } } peers { permanent_uuid: "d9a6f965723a4c259b2198440d66078f" member_type: VOTER last_known_addr { host: "127.23.69.2" port: 32799 } } peers { permanent_uuid: "806620d3a3964903a9f9ac75f944cbbe" member_type: VOTER last_known_addr { host: "127.23.69.3" port: 36547 } }
I20260709 12:11:38.849663 23962 leader_election.cc:290] T 6c8beaa06abc4be781327d4386b6bf92 P 68e9af6e34f8415294474d2848b32127 [CANDIDATE]: Term 4 election: Requested vote from peers d9a6f965723a4c259b2198440d66078f (127.23.69.2:32799), 806620d3a3964903a9f9ac75f944cbbe (127.23.69.3:36547)
I20260709 12:11:38.850975 24112 tablet_service.cc:1917] Received RequestConsensusVote() RPC: tablet_id: "6c8beaa06abc4be781327d4386b6bf92" candidate_uuid: "68e9af6e34f8415294474d2848b32127" candidate_term: 4 candidate_status { last_received { term: 3 index: 3 } } ignore_live_leader: true dest_uuid: "806620d3a3964903a9f9ac75f944cbbe"
I20260709 12:11:38.850833 24038 tablet_service.cc:1917] Received RequestConsensusVote() RPC: tablet_id: "6c8beaa06abc4be781327d4386b6bf92" candidate_uuid: "68e9af6e34f8415294474d2848b32127" candidate_term: 4 candidate_status { last_received { term: 3 index: 3 } } ignore_live_leader: true dest_uuid: "d9a6f965723a4c259b2198440d66078f"
I20260709 12:11:38.851509 24112 raft_consensus.cc:3060] T 6c8beaa06abc4be781327d4386b6bf92 P 806620d3a3964903a9f9ac75f944cbbe [term 3 FOLLOWER]: Advancing to term 4
I20260709 12:11:38.851559 24038 raft_consensus.cc:3055] T 6c8beaa06abc4be781327d4386b6bf92 P d9a6f965723a4c259b2198440d66078f [term 3 LEADER]: Stepping down as leader of term 3
I20260709 12:11:38.852025 24038 raft_consensus.cc:740] T 6c8beaa06abc4be781327d4386b6bf92 P d9a6f965723a4c259b2198440d66078f [term 3 LEADER]: Becoming Follower/Learner. State: Replica: d9a6f965723a4c259b2198440d66078f, State: Running, Role: LEADER
I20260709 12:11:38.852872 24038 consensus_queue.cc:260] T 6c8beaa06abc4be781327d4386b6bf92 P d9a6f965723a4c259b2198440d66078f [NON_LEADER]: Queue going to NON_LEADER mode. State: All replicated index: 0, Majority replicated index: 3, Committed index: 3, Last appended: 3.3, Last appended by leader: 3, Current term: 3, Majority size: -1, State: 0, Mode: NON_LEADER, active raft config: opid_index: -1 OBSOLETE_local: false peers { permanent_uuid: "68e9af6e34f8415294474d2848b32127" member_type: VOTER last_known_addr { host: "127.23.69.1" port: 33861 } } peers { permanent_uuid: "d9a6f965723a4c259b2198440d66078f" member_type: VOTER last_known_addr { host: "127.23.69.2" port: 32799 } } peers { permanent_uuid: "806620d3a3964903a9f9ac75f944cbbe" member_type: VOTER last_known_addr { host: "127.23.69.3" port: 36547 } }
I20260709 12:11:38.854059 24038 raft_consensus.cc:3060] T 6c8beaa06abc4be781327d4386b6bf92 P d9a6f965723a4c259b2198440d66078f [term 3 FOLLOWER]: Advancing to term 4
I20260709 12:11:38.858116 24112 raft_consensus.cc:2468] T 6c8beaa06abc4be781327d4386b6bf92 P 806620d3a3964903a9f9ac75f944cbbe [term 4 FOLLOWER]: Leader election vote request: Granting yes vote for candidate 68e9af6e34f8415294474d2848b32127 in term 4.
I20260709 12:11:38.859350 23928 leader_election.cc:304] T 6c8beaa06abc4be781327d4386b6bf92 P 68e9af6e34f8415294474d2848b32127 [CANDIDATE]: Term 4 election: Election decided. Result: candidate won. Election summary: received 2 responses out of 3 voters: 2 yes votes; 0 no votes. yes voters: 68e9af6e34f8415294474d2848b32127, 806620d3a3964903a9f9ac75f944cbbe; no voters: 
I20260709 12:11:38.860574 24306 raft_consensus.cc:2804] T 6c8beaa06abc4be781327d4386b6bf92 P 68e9af6e34f8415294474d2848b32127 [term 4 FOLLOWER]: Leader election won for term 4
I20260709 12:11:38.860750 24038 raft_consensus.cc:2468] T 6c8beaa06abc4be781327d4386b6bf92 P d9a6f965723a4c259b2198440d66078f [term 4 FOLLOWER]: Leader election vote request: Granting yes vote for candidate 68e9af6e34f8415294474d2848b32127 in term 4.
I20260709 12:11:38.861123 24306 raft_consensus.cc:697] T 6c8beaa06abc4be781327d4386b6bf92 P 68e9af6e34f8415294474d2848b32127 [term 4 LEADER]: Becoming Leader. State: Replica: 68e9af6e34f8415294474d2848b32127, State: Running, Role: LEADER
I20260709 12:11:38.862144 24306 consensus_queue.cc:237] T 6c8beaa06abc4be781327d4386b6bf92 P 68e9af6e34f8415294474d2848b32127 [LEADER]: Queue going to LEADER mode. State: All replicated index: 0, Majority replicated index: 3, Committed index: 3, Last appended: 3.3, Last appended by leader: 3, Current term: 4, Majority size: 2, State: 0, Mode: LEADER, active raft config: opid_index: -1 OBSOLETE_local: false peers { permanent_uuid: "68e9af6e34f8415294474d2848b32127" member_type: VOTER last_known_addr { host: "127.23.69.1" port: 33861 } } peers { permanent_uuid: "d9a6f965723a4c259b2198440d66078f" member_type: VOTER last_known_addr { host: "127.23.69.2" port: 32799 } } peers { permanent_uuid: "806620d3a3964903a9f9ac75f944cbbe" member_type: VOTER last_known_addr { host: "127.23.69.3" port: 36547 } }
I20260709 12:11:38.869170 23857 catalog_manager.cc:5697] T 6c8beaa06abc4be781327d4386b6bf92 P 68e9af6e34f8415294474d2848b32127 reported cstate change: term changed from 3 to 4, leader changed from d9a6f965723a4c259b2198440d66078f (127.23.69.2) to 68e9af6e34f8415294474d2848b32127 (127.23.69.1). New cstate: current_term: 4 leader_uuid: "68e9af6e34f8415294474d2848b32127" committed_config { opid_index: -1 OBSOLETE_local: false peers { permanent_uuid: "68e9af6e34f8415294474d2848b32127" member_type: VOTER last_known_addr { host: "127.23.69.1" port: 33861 } health_report { overall_health: HEALTHY } } peers { permanent_uuid: "d9a6f965723a4c259b2198440d66078f" member_type: VOTER last_known_addr { host: "127.23.69.2" port: 32799 } health_report { overall_health: UNKNOWN } } peers { permanent_uuid: "806620d3a3964903a9f9ac75f944cbbe" member_type: VOTER last_known_addr { host: "127.23.69.3" port: 36547 } health_report { overall_health: UNKNOWN } } }
I20260709 12:11:38.881963 24038 raft_consensus.cc:1275] T abfb1ca2e22444e591e5f702b3b43a49 P d9a6f965723a4c259b2198440d66078f [term 3 FOLLOWER]: Refusing update from remote peer 68e9af6e34f8415294474d2848b32127: Log matching property violated. Preceding OpId in replica: term: 2 index: 2. Preceding OpId from leader: term: 3 index: 3. (index mismatch)
I20260709 12:11:38.883203 24306 consensus_queue.cc:1048] T abfb1ca2e22444e591e5f702b3b43a49 P 68e9af6e34f8415294474d2848b32127 [LEADER]: Connected to new peer: Peer: permanent_uuid: "d9a6f965723a4c259b2198440d66078f" member_type: VOTER last_known_addr { host: "127.23.69.2" port: 32799 }, Status: LMP_MISMATCH, Last received: 0.0, Next index: 3, Last known committed idx: 2, Time since last communication: 0.000s
I20260709 12:11:38.894852 24112 raft_consensus.cc:1275] T abfb1ca2e22444e591e5f702b3b43a49 P 806620d3a3964903a9f9ac75f944cbbe [term 3 FOLLOWER]: Refusing update from remote peer 68e9af6e34f8415294474d2848b32127: Log matching property violated. Preceding OpId in replica: term: 2 index: 2. Preceding OpId from leader: term: 3 index: 3. (index mismatch)
I20260709 12:11:38.896340 24036 raft_consensus.cc:1275] T 3e5cf330e2804a62b1c555fdac8fd9b6 P d9a6f965723a4c259b2198440d66078f [term 4 FOLLOWER]: Refusing update from remote peer 806620d3a3964903a9f9ac75f944cbbe: Log matching property violated. Preceding OpId in replica: term: 3 index: 3. Preceding OpId from leader: term: 4 index: 4. (index mismatch)
I20260709 12:11:38.897240 24307 consensus_queue.cc:1048] T abfb1ca2e22444e591e5f702b3b43a49 P 68e9af6e34f8415294474d2848b32127 [LEADER]: Connected to new peer: Peer: permanent_uuid: "806620d3a3964903a9f9ac75f944cbbe" member_type: VOTER last_known_addr { host: "127.23.69.3" port: 36547 }, Status: LMP_MISMATCH, Last received: 0.0, Next index: 3, Last known committed idx: 2, Time since last communication: 0.001s
I20260709 12:11:38.897799 24264 consensus_queue.cc:1048] T 3e5cf330e2804a62b1c555fdac8fd9b6 P 806620d3a3964903a9f9ac75f944cbbe [LEADER]: Connected to new peer: Peer: permanent_uuid: "d9a6f965723a4c259b2198440d66078f" member_type: VOTER last_known_addr { host: "127.23.69.2" port: 32799 }, Status: LMP_MISMATCH, Last received: 0.0, Next index: 4, Last known committed idx: 3, Time since last communication: 0.000s
I20260709 12:11:38.924081 23962 raft_consensus.cc:1275] T 3e5cf330e2804a62b1c555fdac8fd9b6 P 68e9af6e34f8415294474d2848b32127 [term 4 FOLLOWER]: Refusing update from remote peer 806620d3a3964903a9f9ac75f944cbbe: Log matching property violated. Preceding OpId in replica: term: 3 index: 3. Preceding OpId from leader: term: 4 index: 4. (index mismatch)
I20260709 12:11:38.925549 24321 consensus_queue.cc:1048] T 3e5cf330e2804a62b1c555fdac8fd9b6 P 806620d3a3964903a9f9ac75f944cbbe [LEADER]: Connected to new peer: Peer: permanent_uuid: "68e9af6e34f8415294474d2848b32127" member_type: VOTER last_known_addr { host: "127.23.69.1" port: 33861 }, Status: LMP_MISMATCH, Last received: 0.0, Next index: 4, Last known committed idx: 3, Time since last communication: 0.000s
I20260709 12:11:39.111574 24036 raft_consensus.cc:1275] T fd8225ce62704c70b08f1731a36c5c7a P d9a6f965723a4c259b2198440d66078f [term 2 FOLLOWER]: Refusing update from remote peer 806620d3a3964903a9f9ac75f944cbbe: Log matching property violated. Preceding OpId in replica: term: 1 index: 1. Preceding OpId from leader: term: 2 index: 2. (index mismatch)
I20260709 12:11:39.112857 24321 consensus_queue.cc:1048] T fd8225ce62704c70b08f1731a36c5c7a P 806620d3a3964903a9f9ac75f944cbbe [LEADER]: Connected to new peer: Peer: permanent_uuid: "d9a6f965723a4c259b2198440d66078f" member_type: VOTER last_known_addr { host: "127.23.69.2" port: 32799 }, Status: LMP_MISMATCH, Last received: 0.0, Next index: 2, Last known committed idx: 1, Time since last communication: 0.000s
I20260709 12:11:39.122026 23962 raft_consensus.cc:1275] T fd8225ce62704c70b08f1731a36c5c7a P 68e9af6e34f8415294474d2848b32127 [term 2 FOLLOWER]: Refusing update from remote peer 806620d3a3964903a9f9ac75f944cbbe: Log matching property violated. Preceding OpId in replica: term: 1 index: 1. Preceding OpId from leader: term: 2 index: 2. (index mismatch)
I20260709 12:11:39.123381 24321 consensus_queue.cc:1048] T fd8225ce62704c70b08f1731a36c5c7a P 806620d3a3964903a9f9ac75f944cbbe [LEADER]: Connected to new peer: Peer: permanent_uuid: "68e9af6e34f8415294474d2848b32127" member_type: VOTER last_known_addr { host: "127.23.69.1" port: 33861 }, Status: LMP_MISMATCH, Last received: 0.0, Next index: 2, Last known committed idx: 1, Time since last communication: 0.000s
I20260709 12:11:39.145915 24036 raft_consensus.cc:1275] T d67359c012e14f58a10b5c30a10e1e87 P d9a6f965723a4c259b2198440d66078f [term 5 FOLLOWER]: Refusing update from remote peer 68e9af6e34f8415294474d2848b32127: Log matching property violated. Preceding OpId in replica: term: 4 index: 4. Preceding OpId from leader: term: 5 index: 5. (index mismatch)
I20260709 12:11:39.147390 24306 consensus_queue.cc:1048] T d67359c012e14f58a10b5c30a10e1e87 P 68e9af6e34f8415294474d2848b32127 [LEADER]: Connected to new peer: Peer: permanent_uuid: "d9a6f965723a4c259b2198440d66078f" member_type: VOTER last_known_addr { host: "127.23.69.2" port: 32799 }, Status: LMP_MISMATCH, Last received: 0.0, Next index: 5, Last known committed idx: 4, Time since last communication: 0.000s
I20260709 12:11:39.156721 24112 raft_consensus.cc:1275] T d67359c012e14f58a10b5c30a10e1e87 P 806620d3a3964903a9f9ac75f944cbbe [term 5 FOLLOWER]: Refusing update from remote peer 68e9af6e34f8415294474d2848b32127: Log matching property violated. Preceding OpId in replica: term: 4 index: 4. Preceding OpId from leader: term: 5 index: 5. (index mismatch)
I20260709 12:11:39.158722 24326 consensus_queue.cc:1048] T d67359c012e14f58a10b5c30a10e1e87 P 68e9af6e34f8415294474d2848b32127 [LEADER]: Connected to new peer: Peer: permanent_uuid: "806620d3a3964903a9f9ac75f944cbbe" member_type: VOTER last_known_addr { host: "127.23.69.3" port: 36547 }, Status: LMP_MISMATCH, Last received: 0.0, Next index: 5, Last known committed idx: 4, Time since last communication: 0.001s
I20260709 12:11:39.262219 24036 raft_consensus.cc:1275] T 6c8beaa06abc4be781327d4386b6bf92 P d9a6f965723a4c259b2198440d66078f [term 4 FOLLOWER]: Refusing update from remote peer 68e9af6e34f8415294474d2848b32127: Log matching property violated. Preceding OpId in replica: term: 3 index: 3. Preceding OpId from leader: term: 4 index: 4. (index mismatch)
I20260709 12:11:39.263477 24326 consensus_queue.cc:1048] T 6c8beaa06abc4be781327d4386b6bf92 P 68e9af6e34f8415294474d2848b32127 [LEADER]: Connected to new peer: Peer: permanent_uuid: "d9a6f965723a4c259b2198440d66078f" member_type: VOTER last_known_addr { host: "127.23.69.2" port: 32799 }, Status: LMP_MISMATCH, Last received: 0.0, Next index: 4, Last known committed idx: 3, Time since last communication: 0.000s
I20260709 12:11:39.272784 24112 raft_consensus.cc:1275] T 6c8beaa06abc4be781327d4386b6bf92 P 806620d3a3964903a9f9ac75f944cbbe [term 4 FOLLOWER]: Refusing update from remote peer 68e9af6e34f8415294474d2848b32127: Log matching property violated. Preceding OpId in replica: term: 3 index: 3. Preceding OpId from leader: term: 4 index: 4. (index mismatch)
I20260709 12:11:39.274771 24316 consensus_queue.cc:1048] T 6c8beaa06abc4be781327d4386b6bf92 P 68e9af6e34f8415294474d2848b32127 [LEADER]: Connected to new peer: Peer: permanent_uuid: "806620d3a3964903a9f9ac75f944cbbe" member_type: VOTER last_known_addr { host: "127.23.69.3" port: 36547 }, Status: LMP_MISMATCH, Last received: 0.0, Next index: 4, Last known committed idx: 3, Time since last communication: 0.001s
I20260709 12:11:39.450316 23828 auto_leader_rebalancer.cc:141] leader rebalance for table test-workload
I20260709 12:11:39.455361 23828 auto_leader_rebalancer.cc:440] table: test-workload, leader rebalance finish, leader transfer count: 0
I20260709 12:11:39.455780 23828 auto_leader_rebalancer.cc:515] All tables' leader rebalancing finished this round
I20260709 12:11:40.456902 23828 auto_leader_rebalancer.cc:141] leader rebalance for table test-workload
I20260709 12:11:40.463138 23828 auto_leader_rebalancer.cc:440] table: test-workload, leader rebalance finish, leader transfer count: 0
I20260709 12:11:40.463613 23828 auto_leader_rebalancer.cc:515] All tables' leader rebalancing finished this round
I20260709 12:11:41.464658 23828 auto_leader_rebalancer.cc:141] leader rebalance for table test-workload
I20260709 12:11:41.470851 23828 auto_leader_rebalancer.cc:440] table: test-workload, leader rebalance finish, leader transfer count: 0
I20260709 12:11:41.471253 23828 auto_leader_rebalancer.cc:515] All tables' leader rebalancing finished this round
I20260709 12:11:42.472280 23828 auto_leader_rebalancer.cc:141] leader rebalance for table test-workload
I20260709 12:11:42.479010 23828 auto_leader_rebalancer.cc:440] table: test-workload, leader rebalance finish, leader transfer count: 0
I20260709 12:11:42.479566 23828 auto_leader_rebalancer.cc:515] All tables' leader rebalancing finished this round
I20260709 12:11:43.480965 23828 auto_leader_rebalancer.cc:141] leader rebalance for table test-workload
I20260709 12:11:43.486148 23828 auto_leader_rebalancer.cc:440] table: test-workload, leader rebalance finish, leader transfer count: 0
I20260709 12:11:43.486594 23828 auto_leader_rebalancer.cc:515] All tables' leader rebalancing finished this round
I20260709 12:11:44.487645 23828 auto_leader_rebalancer.cc:141] leader rebalance for table test-workload
I20260709 12:11:44.492767 23828 auto_leader_rebalancer.cc:440] table: test-workload, leader rebalance finish, leader transfer count: 0
I20260709 12:11:44.493225 23828 auto_leader_rebalancer.cc:515] All tables' leader rebalancing finished this round
I20260709 12:11:45.494421 23828 auto_leader_rebalancer.cc:141] leader rebalance for table test-workload
I20260709 12:11:45.500005 23828 auto_leader_rebalancer.cc:440] table: test-workload, leader rebalance finish, leader transfer count: 0
I20260709 12:11:45.500516 23828 auto_leader_rebalancer.cc:515] All tables' leader rebalancing finished this round
I20260709 12:11:46.501734 23828 auto_leader_rebalancer.cc:141] leader rebalance for table test-workload
I20260709 12:11:46.507004 23828 auto_leader_rebalancer.cc:440] table: test-workload, leader rebalance finish, leader transfer count: 0
I20260709 12:11:46.507472 23828 auto_leader_rebalancer.cc:515] All tables' leader rebalancing finished this round
I20260709 12:11:47.508407 23828 auto_leader_rebalancer.cc:141] leader rebalance for table test-workload
I20260709 12:11:47.513302 23828 auto_leader_rebalancer.cc:440] table: test-workload, leader rebalance finish, leader transfer count: 0
I20260709 12:11:47.513736 23828 auto_leader_rebalancer.cc:515] All tables' leader rebalancing finished this round
I20260709 12:11:48.549127 23828 auto_leader_rebalancer-test.cc:340] The leader distribution is 
I20260709 12:11:48.549847 23828 tablet_server.cc:179] TabletServer@127.23.69.1:0 shutting down...
I20260709 12:11:48.580080 23828 ts_tablet_manager.cc:1507] Shutting down tablet manager...
I20260709 12:11:48.581312 23828 tablet_replica.cc:333] T c4739cd146534e828c94a6b1b4dc3eb7 P 68e9af6e34f8415294474d2848b32127: stopping tablet replica
I20260709 12:11:48.582216 23828 raft_consensus.cc:2243] T c4739cd146534e828c94a6b1b4dc3eb7 P 68e9af6e34f8415294474d2848b32127 [term 1 FOLLOWER]: Raft consensus shutting down.
I20260709 12:11:48.582891 23828 raft_consensus.cc:2272] T c4739cd146534e828c94a6b1b4dc3eb7 P 68e9af6e34f8415294474d2848b32127 [term 1 FOLLOWER]: Raft consensus is shut down!
I20260709 12:11:48.585587 23828 tablet_replica.cc:333] T 27a7eccdd10b40c298a02c9941078115 P 68e9af6e34f8415294474d2848b32127: stopping tablet replica
I20260709 12:11:48.586233 23828 raft_consensus.cc:2243] T 27a7eccdd10b40c298a02c9941078115 P 68e9af6e34f8415294474d2848b32127 [term 2 FOLLOWER]: Raft consensus shutting down.
I20260709 12:11:48.586745 23828 raft_consensus.cc:2272] T 27a7eccdd10b40c298a02c9941078115 P 68e9af6e34f8415294474d2848b32127 [term 2 FOLLOWER]: Raft consensus is shut down!
I20260709 12:11:48.588446 23828 tablet_replica.cc:333] T 85f0e3d926e44af1be70da0294fb3319 P 68e9af6e34f8415294474d2848b32127: stopping tablet replica
I20260709 12:11:48.589007 23828 raft_consensus.cc:2243] T 85f0e3d926e44af1be70da0294fb3319 P 68e9af6e34f8415294474d2848b32127 [term 3 FOLLOWER]: Raft consensus shutting down.
I20260709 12:11:48.589447 23828 raft_consensus.cc:2272] T 85f0e3d926e44af1be70da0294fb3319 P 68e9af6e34f8415294474d2848b32127 [term 3 FOLLOWER]: Raft consensus is shut down!
I20260709 12:11:48.591295 23828 tablet_replica.cc:333] T d67359c012e14f58a10b5c30a10e1e87 P 68e9af6e34f8415294474d2848b32127: stopping tablet replica
I20260709 12:11:48.591773 23828 raft_consensus.cc:2243] T d67359c012e14f58a10b5c30a10e1e87 P 68e9af6e34f8415294474d2848b32127 [term 5 LEADER]: Raft consensus shutting down.
I20260709 12:11:48.592576 23828 raft_consensus.cc:2272] T d67359c012e14f58a10b5c30a10e1e87 P 68e9af6e34f8415294474d2848b32127 [term 5 FOLLOWER]: Raft consensus is shut down!
I20260709 12:11:48.594652 23828 tablet_replica.cc:333] T fd8225ce62704c70b08f1731a36c5c7a P 68e9af6e34f8415294474d2848b32127: stopping tablet replica
I20260709 12:11:48.595100 23828 raft_consensus.cc:2243] T fd8225ce62704c70b08f1731a36c5c7a P 68e9af6e34f8415294474d2848b32127 [term 2 FOLLOWER]: Raft consensus shutting down.
I20260709 12:11:48.595474 23828 raft_consensus.cc:2272] T fd8225ce62704c70b08f1731a36c5c7a P 68e9af6e34f8415294474d2848b32127 [term 2 FOLLOWER]: Raft consensus is shut down!
I20260709 12:11:48.597194 23828 tablet_replica.cc:333] T 0580499dd13d4d179750291222219e64 P 68e9af6e34f8415294474d2848b32127: stopping tablet replica
I20260709 12:11:48.597620 23828 raft_consensus.cc:2243] T 0580499dd13d4d179750291222219e64 P 68e9af6e34f8415294474d2848b32127 [term 2 FOLLOWER]: Raft consensus shutting down.
I20260709 12:11:48.598021 23828 raft_consensus.cc:2272] T 0580499dd13d4d179750291222219e64 P 68e9af6e34f8415294474d2848b32127 [term 2 FOLLOWER]: Raft consensus is shut down!
I20260709 12:11:48.599538 23828 tablet_replica.cc:333] T 6c8beaa06abc4be781327d4386b6bf92 P 68e9af6e34f8415294474d2848b32127: stopping tablet replica
I20260709 12:11:48.599953 23828 raft_consensus.cc:2243] T 6c8beaa06abc4be781327d4386b6bf92 P 68e9af6e34f8415294474d2848b32127 [term 4 LEADER]: Raft consensus shutting down.
I20260709 12:11:48.600718 23828 raft_consensus.cc:2272] T 6c8beaa06abc4be781327d4386b6bf92 P 68e9af6e34f8415294474d2848b32127 [term 4 FOLLOWER]: Raft consensus is shut down!
I20260709 12:11:48.602378 23828 tablet_replica.cc:333] T 3e5cf330e2804a62b1c555fdac8fd9b6 P 68e9af6e34f8415294474d2848b32127: stopping tablet replica
I20260709 12:11:48.602829 23828 raft_consensus.cc:2243] T 3e5cf330e2804a62b1c555fdac8fd9b6 P 68e9af6e34f8415294474d2848b32127 [term 4 FOLLOWER]: Raft consensus shutting down.
I20260709 12:11:48.603332 23828 raft_consensus.cc:2272] T 3e5cf330e2804a62b1c555fdac8fd9b6 P 68e9af6e34f8415294474d2848b32127 [term 4 FOLLOWER]: Raft consensus is shut down!
I20260709 12:11:48.605194 23828 tablet_replica.cc:333] T abfb1ca2e22444e591e5f702b3b43a49 P 68e9af6e34f8415294474d2848b32127: stopping tablet replica
I20260709 12:11:48.605656 23828 raft_consensus.cc:2243] T abfb1ca2e22444e591e5f702b3b43a49 P 68e9af6e34f8415294474d2848b32127 [term 3 LEADER]: Raft consensus shutting down.
I20260709 12:11:48.606585 23828 raft_consensus.cc:2272] T abfb1ca2e22444e591e5f702b3b43a49 P 68e9af6e34f8415294474d2848b32127 [term 3 FOLLOWER]: Raft consensus is shut down!
W20260709 12:11:48.720306 24004 proxy.cc:239] Call had error, refreshing address and retrying: Network error: Client connection negotiation failed: client connection to 127.23.69.1:33861: connect: Connection refused (error 111)
I20260709 12:11:48.724327 23828 tablet_server.cc:196] TabletServer@127.23.69.1:0 shutdown complete.
W20260709 12:11:48.727010 24078 consensus_peers.cc:597] T 3e5cf330e2804a62b1c555fdac8fd9b6 P 806620d3a3964903a9f9ac75f944cbbe -> Peer 68e9af6e34f8415294474d2848b32127 (127.23.69.1:33861): Couldn't send request to peer 68e9af6e34f8415294474d2848b32127. Status: Network error: Client connection negotiation failed: client connection to 127.23.69.1:33861: connect: Connection refused (error 111). This is attempt 1: this message will repeat every 5th retry.
W20260709 12:11:48.727411 24004 consensus_peers.cc:597] T 85f0e3d926e44af1be70da0294fb3319 P d9a6f965723a4c259b2198440d66078f -> Peer 68e9af6e34f8415294474d2848b32127 (127.23.69.1:33861): Couldn't send request to peer 68e9af6e34f8415294474d2848b32127. Status: Network error: Client connection negotiation failed: client connection to 127.23.69.1:33861: connect: Connection refused (error 111). This is attempt 1: this message will repeat every 5th retry.
W20260709 12:11:48.727859 24004 consensus_peers.cc:597] T 0580499dd13d4d179750291222219e64 P d9a6f965723a4c259b2198440d66078f -> Peer 68e9af6e34f8415294474d2848b32127 (127.23.69.1:33861): Couldn't send request to peer 68e9af6e34f8415294474d2848b32127. Status: Network error: Client connection negotiation failed: client connection to 127.23.69.1:33861: connect: Connection refused (error 111). This is attempt 1: this message will repeat every 5th retry.
I20260709 12:11:48.747766 23828 tablet_server.cc:179] TabletServer@127.23.69.2:0 shutting down...
I20260709 12:11:48.775969 23828 ts_tablet_manager.cc:1507] Shutting down tablet manager...
I20260709 12:11:48.776954 23828 tablet_replica.cc:333] T 3e5cf330e2804a62b1c555fdac8fd9b6 P d9a6f965723a4c259b2198440d66078f: stopping tablet replica
I20260709 12:11:48.778198 23828 raft_consensus.cc:2243] T 3e5cf330e2804a62b1c555fdac8fd9b6 P d9a6f965723a4c259b2198440d66078f [term 4 FOLLOWER]: Raft consensus shutting down.
I20260709 12:11:48.778743 23828 raft_consensus.cc:2272] T 3e5cf330e2804a62b1c555fdac8fd9b6 P d9a6f965723a4c259b2198440d66078f [term 4 FOLLOWER]: Raft consensus is shut down!
I20260709 12:11:48.780894 23828 tablet_replica.cc:333] T fd8225ce62704c70b08f1731a36c5c7a P d9a6f965723a4c259b2198440d66078f: stopping tablet replica
I20260709 12:11:48.781457 23828 raft_consensus.cc:2243] T fd8225ce62704c70b08f1731a36c5c7a P d9a6f965723a4c259b2198440d66078f [term 2 FOLLOWER]: Raft consensus shutting down.
I20260709 12:11:48.781901 23828 raft_consensus.cc:2272] T fd8225ce62704c70b08f1731a36c5c7a P d9a6f965723a4c259b2198440d66078f [term 2 FOLLOWER]: Raft consensus is shut down!
I20260709 12:11:48.783619 23828 tablet_replica.cc:333] T d67359c012e14f58a10b5c30a10e1e87 P d9a6f965723a4c259b2198440d66078f: stopping tablet replica
I20260709 12:11:48.784278 23828 raft_consensus.cc:2243] T d67359c012e14f58a10b5c30a10e1e87 P d9a6f965723a4c259b2198440d66078f [term 5 FOLLOWER]: Raft consensus shutting down.
I20260709 12:11:48.784775 23828 raft_consensus.cc:2272] T d67359c012e14f58a10b5c30a10e1e87 P d9a6f965723a4c259b2198440d66078f [term 5 FOLLOWER]: Raft consensus is shut down!
I20260709 12:11:48.786424 23828 tablet_replica.cc:333] T 85f0e3d926e44af1be70da0294fb3319 P d9a6f965723a4c259b2198440d66078f: stopping tablet replica
I20260709 12:11:48.786919 23828 raft_consensus.cc:2243] T 85f0e3d926e44af1be70da0294fb3319 P d9a6f965723a4c259b2198440d66078f [term 3 LEADER]: Raft consensus shutting down.
I20260709 12:11:48.787720 23828 raft_consensus.cc:2272] T 85f0e3d926e44af1be70da0294fb3319 P d9a6f965723a4c259b2198440d66078f [term 3 FOLLOWER]: Raft consensus is shut down!
I20260709 12:11:48.789522 23828 tablet_replica.cc:333] T c4739cd146534e828c94a6b1b4dc3eb7 P d9a6f965723a4c259b2198440d66078f: stopping tablet replica
I20260709 12:11:48.789999 23828 raft_consensus.cc:2243] T c4739cd146534e828c94a6b1b4dc3eb7 P d9a6f965723a4c259b2198440d66078f [term 1 FOLLOWER]: Raft consensus shutting down.
I20260709 12:11:48.790395 23828 raft_consensus.cc:2272] T c4739cd146534e828c94a6b1b4dc3eb7 P d9a6f965723a4c259b2198440d66078f [term 1 FOLLOWER]: Raft consensus is shut down!
I20260709 12:11:48.792165 23828 tablet_replica.cc:333] T 0580499dd13d4d179750291222219e64 P d9a6f965723a4c259b2198440d66078f: stopping tablet replica
I20260709 12:11:48.792613 23828 raft_consensus.cc:2243] T 0580499dd13d4d179750291222219e64 P d9a6f965723a4c259b2198440d66078f [term 2 LEADER]: Raft consensus shutting down.
I20260709 12:11:48.793396 23828 raft_consensus.cc:2272] T 0580499dd13d4d179750291222219e64 P d9a6f965723a4c259b2198440d66078f [term 2 FOLLOWER]: Raft consensus is shut down!
I20260709 12:11:48.794903 23828 tablet_replica.cc:333] T 6c8beaa06abc4be781327d4386b6bf92 P d9a6f965723a4c259b2198440d66078f: stopping tablet replica
I20260709 12:11:48.795367 23828 raft_consensus.cc:2243] T 6c8beaa06abc4be781327d4386b6bf92 P d9a6f965723a4c259b2198440d66078f [term 4 FOLLOWER]: Raft consensus shutting down.
I20260709 12:11:48.795787 23828 raft_consensus.cc:2272] T 6c8beaa06abc4be781327d4386b6bf92 P d9a6f965723a4c259b2198440d66078f [term 4 FOLLOWER]: Raft consensus is shut down!
I20260709 12:11:48.797451 23828 tablet_replica.cc:333] T 27a7eccdd10b40c298a02c9941078115 P d9a6f965723a4c259b2198440d66078f: stopping tablet replica
I20260709 12:11:48.797894 23828 raft_consensus.cc:2243] T 27a7eccdd10b40c298a02c9941078115 P d9a6f965723a4c259b2198440d66078f [term 2 LEADER]: Raft consensus shutting down.
I20260709 12:11:48.798575 23828 raft_consensus.cc:2272] T 27a7eccdd10b40c298a02c9941078115 P d9a6f965723a4c259b2198440d66078f [term 2 FOLLOWER]: Raft consensus is shut down!
I20260709 12:11:48.800077 23828 tablet_replica.cc:333] T abfb1ca2e22444e591e5f702b3b43a49 P d9a6f965723a4c259b2198440d66078f: stopping tablet replica
I20260709 12:11:48.800488 23828 raft_consensus.cc:2243] T abfb1ca2e22444e591e5f702b3b43a49 P d9a6f965723a4c259b2198440d66078f [term 3 FOLLOWER]: Raft consensus shutting down.
I20260709 12:11:48.800974 23828 raft_consensus.cc:2272] T abfb1ca2e22444e591e5f702b3b43a49 P d9a6f965723a4c259b2198440d66078f [term 3 FOLLOWER]: Raft consensus is shut down!
I20260709 12:11:48.828934 23828 tablet_server.cc:196] TabletServer@127.23.69.2:0 shutdown complete.
I20260709 12:11:48.848536 23828 tablet_server.cc:179] TabletServer@127.23.69.3:0 shutting down...
W20260709 12:11:48.878805 24078 consensus_peers.cc:597] T fd8225ce62704c70b08f1731a36c5c7a P 806620d3a3964903a9f9ac75f944cbbe -> Peer d9a6f965723a4c259b2198440d66078f (127.23.69.2:32799): Couldn't send request to peer d9a6f965723a4c259b2198440d66078f. Status: Network error: Client connection negotiation failed: client connection to 127.23.69.2:32799: connect: Connection refused (error 111). This is attempt 1: this message will repeat every 5th retry.
I20260709 12:11:48.879014 23828 ts_tablet_manager.cc:1507] Shutting down tablet manager...
I20260709 12:11:48.879770 23828 tablet_replica.cc:333] T 27a7eccdd10b40c298a02c9941078115 P 806620d3a3964903a9f9ac75f944cbbe: stopping tablet replica
I20260709 12:11:48.880540 23828 raft_consensus.cc:2243] T 27a7eccdd10b40c298a02c9941078115 P 806620d3a3964903a9f9ac75f944cbbe [term 2 FOLLOWER]: Raft consensus shutting down.
I20260709 12:11:48.881117 23828 raft_consensus.cc:2272] T 27a7eccdd10b40c298a02c9941078115 P 806620d3a3964903a9f9ac75f944cbbe [term 2 FOLLOWER]: Raft consensus is shut down!
I20260709 12:11:48.882910 23828 tablet_replica.cc:333] T 85f0e3d926e44af1be70da0294fb3319 P 806620d3a3964903a9f9ac75f944cbbe: stopping tablet replica
I20260709 12:11:48.883431 23828 raft_consensus.cc:2243] T 85f0e3d926e44af1be70da0294fb3319 P 806620d3a3964903a9f9ac75f944cbbe [term 3 FOLLOWER]: Raft consensus shutting down.
I20260709 12:11:48.883908 23828 raft_consensus.cc:2272] T 85f0e3d926e44af1be70da0294fb3319 P 806620d3a3964903a9f9ac75f944cbbe [term 3 FOLLOWER]: Raft consensus is shut down!
I20260709 12:11:48.885572 23828 tablet_replica.cc:333] T abfb1ca2e22444e591e5f702b3b43a49 P 806620d3a3964903a9f9ac75f944cbbe: stopping tablet replica
I20260709 12:11:48.886119 23828 raft_consensus.cc:2243] T abfb1ca2e22444e591e5f702b3b43a49 P 806620d3a3964903a9f9ac75f944cbbe [term 3 FOLLOWER]: Raft consensus shutting down.
I20260709 12:11:48.886574 23828 raft_consensus.cc:2272] T abfb1ca2e22444e591e5f702b3b43a49 P 806620d3a3964903a9f9ac75f944cbbe [term 3 FOLLOWER]: Raft consensus is shut down!
I20260709 12:11:48.888130 23828 tablet_replica.cc:333] T 6c8beaa06abc4be781327d4386b6bf92 P 806620d3a3964903a9f9ac75f944cbbe: stopping tablet replica
I20260709 12:11:48.888615 23828 raft_consensus.cc:2243] T 6c8beaa06abc4be781327d4386b6bf92 P 806620d3a3964903a9f9ac75f944cbbe [term 4 FOLLOWER]: Raft consensus shutting down.
I20260709 12:11:48.889132 23828 raft_consensus.cc:2272] T 6c8beaa06abc4be781327d4386b6bf92 P 806620d3a3964903a9f9ac75f944cbbe [term 4 FOLLOWER]: Raft consensus is shut down!
I20260709 12:11:48.890769 23828 tablet_replica.cc:333] T 0580499dd13d4d179750291222219e64 P 806620d3a3964903a9f9ac75f944cbbe: stopping tablet replica
I20260709 12:11:48.891248 23828 raft_consensus.cc:2243] T 0580499dd13d4d179750291222219e64 P 806620d3a3964903a9f9ac75f944cbbe [term 2 FOLLOWER]: Raft consensus shutting down.
I20260709 12:11:48.891790 23828 raft_consensus.cc:2272] T 0580499dd13d4d179750291222219e64 P 806620d3a3964903a9f9ac75f944cbbe [term 2 FOLLOWER]: Raft consensus is shut down!
I20260709 12:11:48.893429 23828 tablet_replica.cc:333] T c4739cd146534e828c94a6b1b4dc3eb7 P 806620d3a3964903a9f9ac75f944cbbe: stopping tablet replica
I20260709 12:11:48.893899 23828 raft_consensus.cc:2243] T c4739cd146534e828c94a6b1b4dc3eb7 P 806620d3a3964903a9f9ac75f944cbbe [term 1 LEADER]: Raft consensus shutting down.
I20260709 12:11:48.894660 23828 raft_consensus.cc:2272] T c4739cd146534e828c94a6b1b4dc3eb7 P 806620d3a3964903a9f9ac75f944cbbe [term 1 FOLLOWER]: Raft consensus is shut down!
I20260709 12:11:48.897181 23828 tablet_replica.cc:333] T fd8225ce62704c70b08f1731a36c5c7a P 806620d3a3964903a9f9ac75f944cbbe: stopping tablet replica
I20260709 12:11:48.897890 23828 raft_consensus.cc:2243] T fd8225ce62704c70b08f1731a36c5c7a P 806620d3a3964903a9f9ac75f944cbbe [term 2 LEADER]: Raft consensus shutting down.
I20260709 12:11:48.898890 23828 raft_consensus.cc:2272] T fd8225ce62704c70b08f1731a36c5c7a P 806620d3a3964903a9f9ac75f944cbbe [term 2 FOLLOWER]: Raft consensus is shut down!
I20260709 12:11:48.901271 23828 tablet_replica.cc:333] T d67359c012e14f58a10b5c30a10e1e87 P 806620d3a3964903a9f9ac75f944cbbe: stopping tablet replica
I20260709 12:11:48.901772 23828 raft_consensus.cc:2243] T d67359c012e14f58a10b5c30a10e1e87 P 806620d3a3964903a9f9ac75f944cbbe [term 5 FOLLOWER]: Raft consensus shutting down.
W20260709 12:11:48.902096 24078 consensus_peers.cc:597] T 3e5cf330e2804a62b1c555fdac8fd9b6 P 806620d3a3964903a9f9ac75f944cbbe -> Peer d9a6f965723a4c259b2198440d66078f (127.23.69.2:32799): Couldn't send request to peer d9a6f965723a4c259b2198440d66078f. Status: Network error: Client connection negotiation failed: client connection to 127.23.69.2:32799: connect: Connection refused (error 111). This is attempt 1: this message will repeat every 5th retry.
I20260709 12:11:48.902297 23828 raft_consensus.cc:2272] T d67359c012e14f58a10b5c30a10e1e87 P 806620d3a3964903a9f9ac75f944cbbe [term 5 FOLLOWER]: Raft consensus is shut down!
I20260709 12:11:48.904098 23828 tablet_replica.cc:333] T 3e5cf330e2804a62b1c555fdac8fd9b6 P 806620d3a3964903a9f9ac75f944cbbe: stopping tablet replica
