I20260709 12:12:24.468708 29700 consensus_queue.cc:260] T 11aa24ea5bf54fec8c49def12521bc0f P bf58055ccc534636a2e030be2df1361c [NON_LEADER]: Queue going to NON_LEADER mode. State: All replicated index: 0, Majority replicated index: 0, Committed index: 0, Last appended: 0.0, Last appended by leader: 0, Current term: 0, Majority size: -1, State: 0, Mode: NON_LEADER, active raft config: opid_index: -1 OBSOLETE_local: false peers { permanent_uuid: "d178c5977a084ae8aa60dc987ad46554" member_type: VOTER last_known_addr { host: "127.27.180.65" port: 42285 } } peers { permanent_uuid: "bf58055ccc534636a2e030be2df1361c" member_type: VOTER last_known_addr { host: "127.27.180.66" port: 45929 } } peers { permanent_uuid: "a80084681db04611837f8c47cb850e80" member_type: VOTER last_known_addr { host: "127.27.180.67" port: 42635 } }
I20260709 12:12:24.465556 29622 leader_election.cc:304] T 3a38e5d6150743948d8b3b5c2560e6aa P a80084681db04611837f8c47cb850e80 [CANDIDATE]: Term 1 election: Election decided. Result: candidate won. Election summary: received 3 responses out of 3 voters: 2 yes votes; 1 no votes. yes voters: a80084681db04611837f8c47cb850e80, d178c5977a084ae8aa60dc987ad46554; no voters: bf58055ccc534636a2e030be2df1361c
I20260709 12:12:24.473335 30017 raft_consensus.cc:2804] T 3a38e5d6150743948d8b3b5c2560e6aa P a80084681db04611837f8c47cb850e80 [term 1 FOLLOWER]: Leader election won for term 1
I20260709 12:12:24.466713 29769 raft_consensus.cc:2804] T f76367d61c2a426ab6d50c3f97365259 P d178c5977a084ae8aa60dc987ad46554 [term 0 FOLLOWER]: Leader pre-election won for term 1
I20260709 12:12:24.473909 29769 raft_consensus.cc:493] T f76367d61c2a426ab6d50c3f97365259 P d178c5977a084ae8aa60dc987ad46554 [term 0 FOLLOWER]: Starting leader election (no leader contacted us within the election timeout)
I20260709 12:12:24.474258 29769 raft_consensus.cc:3060] T f76367d61c2a426ab6d50c3f97365259 P d178c5977a084ae8aa60dc987ad46554 [term 0 FOLLOWER]: Advancing to term 1
I20260709 12:12:24.492000 29700 ts_tablet_manager.cc:1434] T 11aa24ea5bf54fec8c49def12521bc0f P bf58055ccc534636a2e030be2df1361c: Time spent starting tablet: real 0.037s	user 0.003s	sys 0.007s
I20260709 12:12:24.493007 29700 tablet_bootstrap.cc:492] T 3a38e5d6150743948d8b3b5c2560e6aa P bf58055ccc534636a2e030be2df1361c: Bootstrap starting.
I20260709 12:12:24.482864 30017 raft_consensus.cc:697] T 3a38e5d6150743948d8b3b5c2560e6aa P a80084681db04611837f8c47cb850e80 [term 1 LEADER]: Becoming Leader. State: Replica: a80084681db04611837f8c47cb850e80, State: Running, Role: LEADER
I20260709 12:12:24.506332 29698 tablet_bootstrap.cc:492] T 6fe4a64422c445929d8518860460acc9 P a80084681db04611837f8c47cb850e80: No bootstrap required, opened a new log
I20260709 12:12:24.508095 29698 ts_tablet_manager.cc:1403] T 6fe4a64422c445929d8518860460acc9 P a80084681db04611837f8c47cb850e80: Time spent bootstrapping tablet: real 0.623s	user 0.030s	sys 0.008s
W20260709 12:12:24.508417 29473 leader_election.cc:343] T f76367d61c2a426ab6d50c3f97365259 P d178c5977a084ae8aa60dc987ad46554 [CANDIDATE]: Term 1 pre-election: Tablet error from VoteRequest() call to peer bf58055ccc534636a2e030be2df1361c (127.27.180.66:45929): Illegal state: must be running to vote when last-logged opid is not known
I20260709 12:12:24.506448 29701 raft_consensus.cc:359] T 6fe4a64422c445929d8518860460acc9 P d178c5977a084ae8aa60dc987ad46554 [term 0 FOLLOWER]: Replica starting. Triggering 0 pending ops. Active config: opid_index: -1 OBSOLETE_local: false peers { permanent_uuid: "d178c5977a084ae8aa60dc987ad46554" member_type: VOTER last_known_addr { host: "127.27.180.65" port: 42285 } } peers { permanent_uuid: "bf58055ccc534636a2e030be2df1361c" member_type: VOTER last_known_addr { host: "127.27.180.66" port: 45929 } } peers { permanent_uuid: "a80084681db04611837f8c47cb850e80" member_type: VOTER last_known_addr { host: "127.27.180.67" port: 42635 } }
I20260709 12:12:24.510116 29701 raft_consensus.cc:385] T 6fe4a64422c445929d8518860460acc9 P d178c5977a084ae8aa60dc987ad46554 [term 0 FOLLOWER]: Consensus starting up: Expiring failure detector timer to make a prompt election more likely
I20260709 12:12:24.510389 29701 raft_consensus.cc:740] T 6fe4a64422c445929d8518860460acc9 P d178c5977a084ae8aa60dc987ad46554 [term 0 FOLLOWER]: Becoming Follower/Learner. State: Replica: d178c5977a084ae8aa60dc987ad46554, State: Initialized, Role: FOLLOWER
I20260709 12:12:24.511943 29701 consensus_queue.cc:260] T 6fe4a64422c445929d8518860460acc9 P d178c5977a084ae8aa60dc987ad46554 [NON_LEADER]: Queue going to NON_LEADER mode. State: All replicated index: 0, Majority replicated index: 0, Committed index: 0, Last appended: 0.0, Last appended by leader: 0, Current term: 0, Majority size: -1, State: 0, Mode: NON_LEADER, active raft config: opid_index: -1 OBSOLETE_local: false peers { permanent_uuid: "d178c5977a084ae8aa60dc987ad46554" member_type: VOTER last_known_addr { host: "127.27.180.65" port: 42285 } } peers { permanent_uuid: "bf58055ccc534636a2e030be2df1361c" member_type: VOTER last_known_addr { host: "127.27.180.66" port: 45929 } } peers { permanent_uuid: "a80084681db04611837f8c47cb850e80" member_type: VOTER last_known_addr { host: "127.27.180.67" port: 42635 } }
I20260709 12:12:24.513597 29701 ts_tablet_manager.cc:1434] T 6fe4a64422c445929d8518860460acc9 P d178c5977a084ae8aa60dc987ad46554: Time spent starting tablet: real 0.059s	user 0.005s	sys 0.001s
I20260709 12:12:24.517547 29698 raft_consensus.cc:359] T 6fe4a64422c445929d8518860460acc9 P a80084681db04611837f8c47cb850e80 [term 0 FOLLOWER]: Replica starting. Triggering 0 pending ops. Active config: opid_index: -1 OBSOLETE_local: false peers { permanent_uuid: "d178c5977a084ae8aa60dc987ad46554" member_type: VOTER last_known_addr { host: "127.27.180.65" port: 42285 } } peers { permanent_uuid: "bf58055ccc534636a2e030be2df1361c" member_type: VOTER last_known_addr { host: "127.27.180.66" port: 45929 } } peers { permanent_uuid: "a80084681db04611837f8c47cb850e80" member_type: VOTER last_known_addr { host: "127.27.180.67" port: 42635 } }
I20260709 12:12:24.518015 29698 raft_consensus.cc:385] T 6fe4a64422c445929d8518860460acc9 P a80084681db04611837f8c47cb850e80 [term 0 FOLLOWER]: Consensus starting up: Expiring failure detector timer to make a prompt election more likely
I20260709 12:12:24.518216 29698 raft_consensus.cc:740] T 6fe4a64422c445929d8518860460acc9 P a80084681db04611837f8c47cb850e80 [term 0 FOLLOWER]: Becoming Follower/Learner. State: Replica: a80084681db04611837f8c47cb850e80, State: Initialized, Role: FOLLOWER
I20260709 12:12:24.518748 29698 consensus_queue.cc:260] T 6fe4a64422c445929d8518860460acc9 P a80084681db04611837f8c47cb850e80 [NON_LEADER]: Queue going to NON_LEADER mode. State: All replicated index: 0, Majority replicated index: 0, Committed index: 0, Last appended: 0.0, Last appended by leader: 0, Current term: 0, Majority size: -1, State: 0, Mode: NON_LEADER, active raft config: opid_index: -1 OBSOLETE_local: false peers { permanent_uuid: "d178c5977a084ae8aa60dc987ad46554" member_type: VOTER last_known_addr { host: "127.27.180.65" port: 42285 } } peers { permanent_uuid: "bf58055ccc534636a2e030be2df1361c" member_type: VOTER last_known_addr { host: "127.27.180.66" port: 45929 } } peers { permanent_uuid: "a80084681db04611837f8c47cb850e80" member_type: VOTER last_known_addr { host: "127.27.180.67" port: 42635 } }
I20260709 12:12:24.520056 30017 consensus_queue.cc:237] T 3a38e5d6150743948d8b3b5c2560e6aa P a80084681db04611837f8c47cb850e80 [LEADER]: Queue going to LEADER mode. State: All replicated index: 0, Majority replicated index: 0, Committed index: 0, Last appended: 0.0, Last appended by leader: 0, Current term: 1, Majority size: 2, State: 0, Mode: LEADER, active raft config: opid_index: -1 OBSOLETE_local: false peers { permanent_uuid: "d178c5977a084ae8aa60dc987ad46554" member_type: VOTER last_known_addr { host: "127.27.180.65" port: 42285 } } peers { permanent_uuid: "bf58055ccc534636a2e030be2df1361c" member_type: VOTER last_known_addr { host: "127.27.180.66" port: 45929 } } peers { permanent_uuid: "a80084681db04611837f8c47cb850e80" member_type: VOTER last_known_addr { host: "127.27.180.67" port: 42635 } }
I20260709 12:12:24.539052 29700 tablet_bootstrap.cc:654] T 3a38e5d6150743948d8b3b5c2560e6aa P bf58055ccc534636a2e030be2df1361c: Neither blocks nor log segments found. Creating new log.
I20260709 12:12:24.609853 29658 tablet_service.cc:1917] Received RequestConsensusVote() RPC: tablet_id: "f80ad9b3e546423684def2188de28b5b" candidate_uuid: "bf58055ccc534636a2e030be2df1361c" candidate_term: 1 candidate_status { last_received { term: 0 index: 0 } } ignore_live_leader: false dest_uuid: "a80084681db04611837f8c47cb850e80"
I20260709 12:12:24.610548 29658 raft_consensus.cc:3060] T f80ad9b3e546423684def2188de28b5b P a80084681db04611837f8c47cb850e80 [term 0 FOLLOWER]: Advancing to term 1
I20260709 12:12:24.610419 29769 raft_consensus.cc:515] T f76367d61c2a426ab6d50c3f97365259 P d178c5977a084ae8aa60dc987ad46554 [term 1 FOLLOWER]: Starting leader election with config: opid_index: -1 OBSOLETE_local: false peers { permanent_uuid: "d178c5977a084ae8aa60dc987ad46554" member_type: VOTER last_known_addr { host: "127.27.180.65" port: 42285 } } peers { permanent_uuid: "bf58055ccc534636a2e030be2df1361c" member_type: VOTER last_known_addr { host: "127.27.180.66" port: 45929 } } peers { permanent_uuid: "a80084681db04611837f8c47cb850e80" member_type: VOTER last_known_addr { host: "127.27.180.67" port: 42635 } }
I20260709 12:12:24.612871 29769 leader_election.cc:290] T f76367d61c2a426ab6d50c3f97365259 P d178c5977a084ae8aa60dc987ad46554 [CANDIDATE]: Term 1 election: Requested vote from peers bf58055ccc534636a2e030be2df1361c (127.27.180.66:45929), a80084681db04611837f8c47cb850e80 (127.27.180.67:42635)
I20260709 12:12:24.619678 29701 tablet_bootstrap.cc:492] T 00b0822faa1d42129e50cffe9cf62608 P d178c5977a084ae8aa60dc987ad46554: Bootstrap starting.
I20260709 12:12:24.644652 29698 ts_tablet_manager.cc:1434] T 6fe4a64422c445929d8518860460acc9 P a80084681db04611837f8c47cb850e80: Time spent starting tablet: real 0.136s	user 0.005s	sys 0.000s
I20260709 12:12:24.648991 29701 tablet_bootstrap.cc:654] T 00b0822faa1d42129e50cffe9cf62608 P d178c5977a084ae8aa60dc987ad46554: Neither blocks nor log segments found. Creating new log.
I20260709 12:12:24.651415 29698 tablet_bootstrap.cc:492] T 157782e728594ab5863ea71d2cbd56cf P a80084681db04611837f8c47cb850e80: Bootstrap starting.
I20260709 12:12:24.663578 29658 raft_consensus.cc:2468] T f80ad9b3e546423684def2188de28b5b P a80084681db04611837f8c47cb850e80 [term 1 FOLLOWER]: Leader election vote request: Granting yes vote for candidate bf58055ccc534636a2e030be2df1361c in term 1.
I20260709 12:12:24.669271 29405 catalog_manager.cc:5697] T 81d5e2099d284960a6a686fdc3634832 P d178c5977a084ae8aa60dc987ad46554 reported cstate change: term changed from 0 to 1, leader changed from <none> to d178c5977a084ae8aa60dc987ad46554 (127.27.180.65). New cstate: current_term: 1 leader_uuid: "d178c5977a084ae8aa60dc987ad46554" committed_config { opid_index: -1 OBSOLETE_local: false peers { permanent_uuid: "d178c5977a084ae8aa60dc987ad46554" member_type: VOTER last_known_addr { host: "127.27.180.65" port: 42285 } health_report { overall_health: HEALTHY } } peers { permanent_uuid: "bf58055ccc534636a2e030be2df1361c" member_type: VOTER last_known_addr { host: "127.27.180.66" port: 45929 } health_report { overall_health: UNKNOWN } } peers { permanent_uuid: "a80084681db04611837f8c47cb850e80" member_type: VOTER last_known_addr { host: "127.27.180.67" port: 42635 } health_report { overall_health: UNKNOWN } } }
I20260709 12:12:24.672035 29578 tablet_service.cc:1917] Received RequestConsensusVote() RPC: tablet_id: "f76367d61c2a426ab6d50c3f97365259" candidate_uuid: "d178c5977a084ae8aa60dc987ad46554" candidate_term: 1 candidate_status { last_received { term: 0 index: 0 } } ignore_live_leader: false dest_uuid: "bf58055ccc534636a2e030be2df1361c"
I20260709 12:12:24.673554 29701 tablet_bootstrap.cc:492] T 00b0822faa1d42129e50cffe9cf62608 P d178c5977a084ae8aa60dc987ad46554: No bootstrap required, opened a new log
W20260709 12:12:24.674572 29473 leader_election.cc:343] T f76367d61c2a426ab6d50c3f97365259 P d178c5977a084ae8aa60dc987ad46554 [CANDIDATE]: Term 1 election: Tablet error from VoteRequest() call to peer bf58055ccc534636a2e030be2df1361c (127.27.180.66:45929): Illegal state: must be running to vote when last-logged opid is not known
I20260709 12:12:24.674259 29407 catalog_manager.cc:5697] T 3a38e5d6150743948d8b3b5c2560e6aa P a80084681db04611837f8c47cb850e80 reported cstate change: term changed from 0 to 1, leader changed from <none> to a80084681db04611837f8c47cb850e80 (127.27.180.67). New cstate: current_term: 1 leader_uuid: "a80084681db04611837f8c47cb850e80" committed_config { opid_index: -1 OBSOLETE_local: false peers { permanent_uuid: "d178c5977a084ae8aa60dc987ad46554" member_type: VOTER last_known_addr { host: "127.27.180.65" port: 42285 } health_report { overall_health: UNKNOWN } } peers { permanent_uuid: "bf58055ccc534636a2e030be2df1361c" member_type: VOTER last_known_addr { host: "127.27.180.66" port: 45929 } health_report { overall_health: UNKNOWN } } peers { permanent_uuid: "a80084681db04611837f8c47cb850e80" member_type: VOTER last_known_addr { host: "127.27.180.67" port: 42635 } health_report { overall_health: HEALTHY } } }
I20260709 12:12:24.675412 29656 tablet_service.cc:1917] Received RequestConsensusVote() RPC: tablet_id: "f76367d61c2a426ab6d50c3f97365259" candidate_uuid: "d178c5977a084ae8aa60dc987ad46554" candidate_term: 1 candidate_status { last_received { term: 0 index: 0 } } ignore_live_leader: false dest_uuid: "a80084681db04611837f8c47cb850e80"
I20260709 12:12:24.675957 29656 raft_consensus.cc:3060] T f76367d61c2a426ab6d50c3f97365259 P a80084681db04611837f8c47cb850e80 [term 0 FOLLOWER]: Advancing to term 1
I20260709 12:12:24.673980 29701 ts_tablet_manager.cc:1403] T 00b0822faa1d42129e50cffe9cf62608 P d178c5977a084ae8aa60dc987ad46554: Time spent bootstrapping tablet: real 0.054s	user 0.011s	sys 0.002s
I20260709 12:12:24.683485 29701 raft_consensus.cc:359] T 00b0822faa1d42129e50cffe9cf62608 P d178c5977a084ae8aa60dc987ad46554 [term 0 FOLLOWER]: Replica starting. Triggering 0 pending ops. Active config: opid_index: -1 OBSOLETE_local: false peers { permanent_uuid: "d178c5977a084ae8aa60dc987ad46554" member_type: VOTER last_known_addr { host: "127.27.180.65" port: 42285 } } peers { permanent_uuid: "bf58055ccc534636a2e030be2df1361c" member_type: VOTER last_known_addr { host: "127.27.180.66" port: 45929 } } peers { permanent_uuid: "a80084681db04611837f8c47cb850e80" member_type: VOTER last_known_addr { host: "127.27.180.67" port: 42635 } }
I20260709 12:12:24.686179 29701 raft_consensus.cc:385] T 00b0822faa1d42129e50cffe9cf62608 P d178c5977a084ae8aa60dc987ad46554 [term 0 FOLLOWER]: Consensus starting up: Expiring failure detector timer to make a prompt election more likely
I20260709 12:12:24.687028 30018 raft_consensus.cc:493] T 11aa24ea5bf54fec8c49def12521bc0f P bf58055ccc534636a2e030be2df1361c [term 0 FOLLOWER]: Starting pre-election (no leader contacted us within the election timeout)
I20260709 12:12:24.686434 29701 raft_consensus.cc:740] T 00b0822faa1d42129e50cffe9cf62608 P d178c5977a084ae8aa60dc987ad46554 [term 0 FOLLOWER]: Becoming Follower/Learner. State: Replica: d178c5977a084ae8aa60dc987ad46554, State: Initialized, Role: FOLLOWER
I20260709 12:12:24.692646 29701 consensus_queue.cc:260] T 00b0822faa1d42129e50cffe9cf62608 P d178c5977a084ae8aa60dc987ad46554 [NON_LEADER]: Queue going to NON_LEADER mode. State: All replicated index: 0, Majority replicated index: 0, Committed index: 0, Last appended: 0.0, Last appended by leader: 0, Current term: 0, Majority size: -1, State: 0, Mode: NON_LEADER, active raft config: opid_index: -1 OBSOLETE_local: false peers { permanent_uuid: "d178c5977a084ae8aa60dc987ad46554" member_type: VOTER last_known_addr { host: "127.27.180.65" port: 42285 } } peers { permanent_uuid: "bf58055ccc534636a2e030be2df1361c" member_type: VOTER last_known_addr { host: "127.27.180.66" port: 45929 } } peers { permanent_uuid: "a80084681db04611837f8c47cb850e80" member_type: VOTER last_known_addr { host: "127.27.180.67" port: 42635 } }
I20260709 12:12:24.691859 29548 leader_election.cc:304] T 864c4c5aadf241deb884c83f72308794 P bf58055ccc534636a2e030be2df1361c [CANDIDATE]: Term 1 election: Election decided. Result: candidate won. Election summary: received 3 responses out of 3 voters: 2 yes votes; 1 no votes. yes voters: a80084681db04611837f8c47cb850e80, bf58055ccc534636a2e030be2df1361c; no voters: d178c5977a084ae8aa60dc987ad46554
I20260709 12:12:24.699735 29548 leader_election.cc:304] T f80ad9b3e546423684def2188de28b5b P bf58055ccc534636a2e030be2df1361c [CANDIDATE]: Term 1 election: Election decided. Result: candidate won. Election summary: received 3 responses out of 3 voters: 2 yes votes; 1 no votes. yes voters: a80084681db04611837f8c47cb850e80, bf58055ccc534636a2e030be2df1361c; no voters: d178c5977a084ae8aa60dc987ad46554
I20260709 12:12:24.700755 29840 raft_consensus.cc:2804] T 864c4c5aadf241deb884c83f72308794 P bf58055ccc534636a2e030be2df1361c [term 1 FOLLOWER]: Leader election won for term 1
I20260709 12:12:24.701254 29840 raft_consensus.cc:697] T 864c4c5aadf241deb884c83f72308794 P bf58055ccc534636a2e030be2df1361c [term 1 LEADER]: Becoming Leader. State: Replica: bf58055ccc534636a2e030be2df1361c, State: Running, Role: LEADER
I20260709 12:12:24.687518 30018 raft_consensus.cc:515] T 11aa24ea5bf54fec8c49def12521bc0f P bf58055ccc534636a2e030be2df1361c [term 0 FOLLOWER]: Starting pre-election with config: opid_index: -1 OBSOLETE_local: false peers { permanent_uuid: "d178c5977a084ae8aa60dc987ad46554" member_type: VOTER last_known_addr { host: "127.27.180.65" port: 42285 } } peers { permanent_uuid: "bf58055ccc534636a2e030be2df1361c" member_type: VOTER last_known_addr { host: "127.27.180.66" port: 45929 } } peers { permanent_uuid: "a80084681db04611837f8c47cb850e80" member_type: VOTER last_known_addr { host: "127.27.180.67" port: 42635 } }
I20260709 12:12:24.702028 29840 consensus_queue.cc:237] T 864c4c5aadf241deb884c83f72308794 P bf58055ccc534636a2e030be2df1361c [LEADER]: Queue going to LEADER mode. State: All replicated index: 0, Majority replicated index: 0, Committed index: 0, Last appended: 0.0, Last appended by leader: 0, Current term: 1, Majority size: 2, State: 0, Mode: LEADER, active raft config: opid_index: -1 OBSOLETE_local: false peers { permanent_uuid: "d178c5977a084ae8aa60dc987ad46554" member_type: VOTER last_known_addr { host: "127.27.180.65" port: 42285 } } peers { permanent_uuid: "bf58055ccc534636a2e030be2df1361c" member_type: VOTER last_known_addr { host: "127.27.180.66" port: 45929 } } peers { permanent_uuid: "a80084681db04611837f8c47cb850e80" member_type: VOTER last_known_addr { host: "127.27.180.67" port: 42635 } }
I20260709 12:12:24.702601 29656 raft_consensus.cc:2468] T f76367d61c2a426ab6d50c3f97365259 P a80084681db04611837f8c47cb850e80 [term 1 FOLLOWER]: Leader election vote request: Granting yes vote for candidate d178c5977a084ae8aa60dc987ad46554 in term 1.
I20260709 12:12:24.703696 30018 leader_election.cc:290] T 11aa24ea5bf54fec8c49def12521bc0f P bf58055ccc534636a2e030be2df1361c [CANDIDATE]: Term 1 pre-election: Requested pre-vote from peers d178c5977a084ae8aa60dc987ad46554 (127.27.180.65:42285), a80084681db04611837f8c47cb850e80 (127.27.180.67:42635)
I20260709 12:12:24.706715 30018 raft_consensus.cc:2804] T f80ad9b3e546423684def2188de28b5b P bf58055ccc534636a2e030be2df1361c [term 1 FOLLOWER]: Leader election won for term 1
I20260709 12:12:24.707181 30018 raft_consensus.cc:697] T f80ad9b3e546423684def2188de28b5b P bf58055ccc534636a2e030be2df1361c [term 1 LEADER]: Becoming Leader. State: Replica: bf58055ccc534636a2e030be2df1361c, State: Running, Role: LEADER
I20260709 12:12:24.707952 30018 consensus_queue.cc:237] T f80ad9b3e546423684def2188de28b5b P bf58055ccc534636a2e030be2df1361c [LEADER]: Queue going to LEADER mode. State: All replicated index: 0, Majority replicated index: 0, Committed index: 0, Last appended: 0.0, Last appended by leader: 0, Current term: 1, Majority size: 2, State: 0, Mode: LEADER, active raft config: opid_index: -1 OBSOLETE_local: false peers { permanent_uuid: "d178c5977a084ae8aa60dc987ad46554" member_type: VOTER last_known_addr { host: "127.27.180.65" port: 42285 } } peers { permanent_uuid: "bf58055ccc534636a2e030be2df1361c" member_type: VOTER last_known_addr { host: "127.27.180.66" port: 45929 } } peers { permanent_uuid: "a80084681db04611837f8c47cb850e80" member_type: VOTER last_known_addr { host: "127.27.180.67" port: 42635 } }
I20260709 12:12:24.708242 29473 leader_election.cc:304] T f76367d61c2a426ab6d50c3f97365259 P d178c5977a084ae8aa60dc987ad46554 [CANDIDATE]: Term 1 election: Election decided. Result: candidate won. Election summary: received 3 responses out of 3 voters: 2 yes votes; 1 no votes. yes voters: a80084681db04611837f8c47cb850e80, d178c5977a084ae8aa60dc987ad46554; no voters: bf58055ccc534636a2e030be2df1361c
I20260709 12:12:24.711906 30028 raft_consensus.cc:2804] T f76367d61c2a426ab6d50c3f97365259 P d178c5977a084ae8aa60dc987ad46554 [term 1 FOLLOWER]: Leader election won for term 1
I20260709 12:12:24.712381 30028 raft_consensus.cc:697] T f76367d61c2a426ab6d50c3f97365259 P d178c5977a084ae8aa60dc987ad46554 [term 1 LEADER]: Becoming Leader. State: Replica: d178c5977a084ae8aa60dc987ad46554, State: Running, Role: LEADER
I20260709 12:12:24.734184 29701 ts_tablet_manager.cc:1434] T 00b0822faa1d42129e50cffe9cf62608 P d178c5977a084ae8aa60dc987ad46554: Time spent starting tablet: real 0.053s	user 0.009s	sys 0.007s
I20260709 12:12:24.734875 29698 tablet_bootstrap.cc:654] T 157782e728594ab5863ea71d2cbd56cf P a80084681db04611837f8c47cb850e80: Neither blocks nor log segments found. Creating new log.
I20260709 12:12:24.735371 29701 tablet_bootstrap.cc:492] T 4fec982950374b588b41e6cbe0e15824 P d178c5977a084ae8aa60dc987ad46554: Bootstrap starting.
I20260709 12:12:24.753134 29656 tablet_service.cc:1917] Received RequestConsensusVote() RPC: tablet_id: "11aa24ea5bf54fec8c49def12521bc0f" candidate_uuid: "bf58055ccc534636a2e030be2df1361c" candidate_term: 1 candidate_status { last_received { term: 0 index: 0 } } ignore_live_leader: false dest_uuid: "a80084681db04611837f8c47cb850e80" is_pre_election: true
I20260709 12:12:24.757943 29700 tablet_bootstrap.cc:492] T 3a38e5d6150743948d8b3b5c2560e6aa P bf58055ccc534636a2e030be2df1361c: No bootstrap required, opened a new log
I20260709 12:12:24.758396 29700 ts_tablet_manager.cc:1403] T 3a38e5d6150743948d8b3b5c2560e6aa P bf58055ccc534636a2e030be2df1361c: Time spent bootstrapping tablet: real 0.266s	user 0.019s	sys 0.017s
W20260709 12:12:24.759619 29548 leader_election.cc:343] T 11aa24ea5bf54fec8c49def12521bc0f P bf58055ccc534636a2e030be2df1361c [CANDIDATE]: Term 1 pre-election: Tablet error from VoteRequest() call to peer a80084681db04611837f8c47cb850e80 (127.27.180.67:42635): Illegal state: must be running to vote when last-logged opid is not known
I20260709 12:12:24.764711 29503 tablet_service.cc:1917] Received RequestConsensusVote() RPC: tablet_id: "11aa24ea5bf54fec8c49def12521bc0f" candidate_uuid: "bf58055ccc534636a2e030be2df1361c" candidate_term: 1 candidate_status { last_received { term: 0 index: 0 } } ignore_live_leader: false dest_uuid: "d178c5977a084ae8aa60dc987ad46554" is_pre_election: true
I20260709 12:12:24.736378 30028 consensus_queue.cc:237] T f76367d61c2a426ab6d50c3f97365259 P d178c5977a084ae8aa60dc987ad46554 [LEADER]: Queue going to LEADER mode. State: All replicated index: 0, Majority replicated index: 0, Committed index: 0, Last appended: 0.0, Last appended by leader: 0, Current term: 1, Majority size: 2, State: 0, Mode: LEADER, active raft config: opid_index: -1 OBSOLETE_local: false peers { permanent_uuid: "d178c5977a084ae8aa60dc987ad46554" member_type: VOTER last_known_addr { host: "127.27.180.65" port: 42285 } } peers { permanent_uuid: "bf58055ccc534636a2e030be2df1361c" member_type: VOTER last_known_addr { host: "127.27.180.66" port: 45929 } } peers { permanent_uuid: "a80084681db04611837f8c47cb850e80" member_type: VOTER last_known_addr { host: "127.27.180.67" port: 42635 } }
I20260709 12:12:24.769755 29700 raft_consensus.cc:359] T 3a38e5d6150743948d8b3b5c2560e6aa P bf58055ccc534636a2e030be2df1361c [term 0 FOLLOWER]: Replica starting. Triggering 0 pending ops. Active config: opid_index: -1 OBSOLETE_local: false peers { permanent_uuid: "d178c5977a084ae8aa60dc987ad46554" member_type: VOTER last_known_addr { host: "127.27.180.65" port: 42285 } } peers { permanent_uuid: "bf58055ccc534636a2e030be2df1361c" member_type: VOTER last_known_addr { host: "127.27.180.66" port: 45929 } } peers { permanent_uuid: "a80084681db04611837f8c47cb850e80" member_type: VOTER last_known_addr { host: "127.27.180.67" port: 42635 } }
I20260709 12:12:24.770368 29700 raft_consensus.cc:385] T 3a38e5d6150743948d8b3b5c2560e6aa P bf58055ccc534636a2e030be2df1361c [term 0 FOLLOWER]: Consensus starting up: Expiring failure detector timer to make a prompt election more likely
I20260709 12:12:24.770574 29700 raft_consensus.cc:740] T 3a38e5d6150743948d8b3b5c2560e6aa P bf58055ccc534636a2e030be2df1361c [term 0 FOLLOWER]: Becoming Follower/Learner. State: Replica: bf58055ccc534636a2e030be2df1361c, State: Initialized, Role: FOLLOWER
W20260709 12:12:24.771117 29548 leader_election.cc:343] T 11aa24ea5bf54fec8c49def12521bc0f P bf58055ccc534636a2e030be2df1361c [CANDIDATE]: Term 1 pre-election: Tablet error from VoteRequest() call to peer d178c5977a084ae8aa60dc987ad46554 (127.27.180.65:42285): Illegal state: must be running to vote when last-logged opid is not known
I20260709 12:12:24.771528 29548 leader_election.cc:304] T 11aa24ea5bf54fec8c49def12521bc0f P bf58055ccc534636a2e030be2df1361c [CANDIDATE]: Term 1 pre-election: Election decided. Result: candidate lost. Election summary: received 3 responses out of 3 voters: 1 yes votes; 2 no votes. yes voters: bf58055ccc534636a2e030be2df1361c; no voters: a80084681db04611837f8c47cb850e80, d178c5977a084ae8aa60dc987ad46554
I20260709 12:12:24.775797 30021 raft_consensus.cc:2749] T 11aa24ea5bf54fec8c49def12521bc0f P bf58055ccc534636a2e030be2df1361c [term 0 FOLLOWER]: Leader pre-election lost for term 1. Reason: could not achieve majority
I20260709 12:12:24.777237 29700 consensus_queue.cc:260] T 3a38e5d6150743948d8b3b5c2560e6aa P bf58055ccc534636a2e030be2df1361c [NON_LEADER]: Queue going to NON_LEADER mode. State: All replicated index: 0, Majority replicated index: 0, Committed index: 0, Last appended: 0.0, Last appended by leader: 0, Current term: 0, Majority size: -1, State: 0, Mode: NON_LEADER, active raft config: opid_index: -1 OBSOLETE_local: false peers { permanent_uuid: "d178c5977a084ae8aa60dc987ad46554" member_type: VOTER last_known_addr { host: "127.27.180.65" port: 42285 } } peers { permanent_uuid: "bf58055ccc534636a2e030be2df1361c" member_type: VOTER last_known_addr { host: "127.27.180.66" port: 45929 } } peers { permanent_uuid: "a80084681db04611837f8c47cb850e80" member_type: VOTER last_known_addr { host: "127.27.180.67" port: 42635 } }
I20260709 12:12:24.779429 29700 ts_tablet_manager.cc:1434] T 3a38e5d6150743948d8b3b5c2560e6aa P bf58055ccc534636a2e030be2df1361c: Time spent starting tablet: real 0.021s	user 0.006s	sys 0.001s
I20260709 12:12:24.780997 29700 tablet_bootstrap.cc:492] T b1e441efcb9a45c1b779457026d8e3d2 P bf58055ccc534636a2e030be2df1361c: Bootstrap starting.
I20260709 12:12:24.798413 29408 catalog_manager.cc:5697] T 864c4c5aadf241deb884c83f72308794 P bf58055ccc534636a2e030be2df1361c reported cstate change: term changed from 0 to 1, leader changed from <none> to bf58055ccc534636a2e030be2df1361c (127.27.180.66). New cstate: current_term: 1 leader_uuid: "bf58055ccc534636a2e030be2df1361c" committed_config { opid_index: -1 OBSOLETE_local: false peers { permanent_uuid: "d178c5977a084ae8aa60dc987ad46554" member_type: VOTER last_known_addr { host: "127.27.180.65" port: 42285 } health_report { overall_health: UNKNOWN } } peers { permanent_uuid: "bf58055ccc534636a2e030be2df1361c" member_type: VOTER last_known_addr { host: "127.27.180.66" port: 45929 } health_report { overall_health: HEALTHY } } peers { permanent_uuid: "a80084681db04611837f8c47cb850e80" member_type: VOTER last_known_addr { host: "127.27.180.67" port: 42635 } health_report { overall_health: UNKNOWN } } }
I20260709 12:12:24.806864 29700 tablet_bootstrap.cc:654] T b1e441efcb9a45c1b779457026d8e3d2 P bf58055ccc534636a2e030be2df1361c: Neither blocks nor log segments found. Creating new log.
I20260709 12:12:24.819489 29701 tablet_bootstrap.cc:654] T 4fec982950374b588b41e6cbe0e15824 P d178c5977a084ae8aa60dc987ad46554: Neither blocks nor log segments found. Creating new log.
I20260709 12:12:24.821496 29698 tablet_bootstrap.cc:492] T 157782e728594ab5863ea71d2cbd56cf P a80084681db04611837f8c47cb850e80: No bootstrap required, opened a new log
I20260709 12:12:24.821986 29698 ts_tablet_manager.cc:1403] T 157782e728594ab5863ea71d2cbd56cf P a80084681db04611837f8c47cb850e80: Time spent bootstrapping tablet: real 0.171s	user 0.014s	sys 0.011s
I20260709 12:12:24.822963 30006 raft_consensus.cc:493] T 6fe4a64422c445929d8518860460acc9 P d178c5977a084ae8aa60dc987ad46554 [term 0 FOLLOWER]: Starting pre-election (no leader contacted us within the election timeout)
I20260709 12:12:24.823448 30006 raft_consensus.cc:515] T 6fe4a64422c445929d8518860460acc9 P d178c5977a084ae8aa60dc987ad46554 [term 0 FOLLOWER]: Starting pre-election with config: opid_index: -1 OBSOLETE_local: false peers { permanent_uuid: "d178c5977a084ae8aa60dc987ad46554" member_type: VOTER last_known_addr { host: "127.27.180.65" port: 42285 } } peers { permanent_uuid: "bf58055ccc534636a2e030be2df1361c" member_type: VOTER last_known_addr { host: "127.27.180.66" port: 45929 } } peers { permanent_uuid: "a80084681db04611837f8c47cb850e80" member_type: VOTER last_known_addr { host: "127.27.180.67" port: 42635 } }
I20260709 12:12:24.827642 29578 tablet_service.cc:1917] Received RequestConsensusVote() RPC: tablet_id: "6fe4a64422c445929d8518860460acc9" candidate_uuid: "d178c5977a084ae8aa60dc987ad46554" candidate_term: 1 candidate_status { last_received { term: 0 index: 0 } } ignore_live_leader: false dest_uuid: "bf58055ccc534636a2e030be2df1361c" is_pre_election: true
I20260709 12:12:24.828148 29698 raft_consensus.cc:359] T 157782e728594ab5863ea71d2cbd56cf P a80084681db04611837f8c47cb850e80 [term 0 FOLLOWER]: Replica starting. Triggering 0 pending ops. Active config: opid_index: -1 OBSOLETE_local: false peers { permanent_uuid: "d178c5977a084ae8aa60dc987ad46554" member_type: VOTER last_known_addr { host: "127.27.180.65" port: 42285 } } peers { permanent_uuid: "bf58055ccc534636a2e030be2df1361c" member_type: VOTER last_known_addr { host: "127.27.180.66" port: 45929 } } peers { permanent_uuid: "a80084681db04611837f8c47cb850e80" member_type: VOTER last_known_addr { host: "127.27.180.67" port: 42635 } }
I20260709 12:12:24.828881 29698 raft_consensus.cc:385] T 157782e728594ab5863ea71d2cbd56cf P a80084681db04611837f8c47cb850e80 [term 0 FOLLOWER]: Consensus starting up: Expiring failure detector timer to make a prompt election more likely
I20260709 12:12:24.829159 29698 raft_consensus.cc:740] T 157782e728594ab5863ea71d2cbd56cf P a80084681db04611837f8c47cb850e80 [term 0 FOLLOWER]: Becoming Follower/Learner. State: Replica: a80084681db04611837f8c47cb850e80, State: Initialized, Role: FOLLOWER
I20260709 12:12:24.830001 29655 tablet_service.cc:1917] Received RequestConsensusVote() RPC: tablet_id: "6fe4a64422c445929d8518860460acc9" candidate_uuid: "d178c5977a084ae8aa60dc987ad46554" candidate_term: 1 candidate_status { last_received { term: 0 index: 0 } } ignore_live_leader: false dest_uuid: "a80084681db04611837f8c47cb850e80" is_pre_election: true
W20260709 12:12:24.830540 29473 leader_election.cc:343] T 6fe4a64422c445929d8518860460acc9 P d178c5977a084ae8aa60dc987ad46554 [CANDIDATE]: Term 1 pre-election: Tablet error from VoteRequest() call to peer bf58055ccc534636a2e030be2df1361c (127.27.180.66:45929): Illegal state: must be running to vote when last-logged opid is not known
I20260709 12:12:24.830425 29698 consensus_queue.cc:260] T 157782e728594ab5863ea71d2cbd56cf P a80084681db04611837f8c47cb850e80 [NON_LEADER]: Queue going to NON_LEADER mode. State: All replicated index: 0, Majority replicated index: 0, Committed index: 0, Last appended: 0.0, Last appended by leader: 0, Current term: 0, Majority size: -1, State: 0, Mode: NON_LEADER, active raft config: opid_index: -1 OBSOLETE_local: false peers { permanent_uuid: "d178c5977a084ae8aa60dc987ad46554" member_type: VOTER last_known_addr { host: "127.27.180.65" port: 42285 } } peers { permanent_uuid: "bf58055ccc534636a2e030be2df1361c" member_type: VOTER last_known_addr { host: "127.27.180.66" port: 45929 } } peers { permanent_uuid: "a80084681db04611837f8c47cb850e80" member_type: VOTER last_known_addr { host: "127.27.180.67" port: 42635 } }
I20260709 12:12:24.830842 29655 raft_consensus.cc:2468] T 6fe4a64422c445929d8518860460acc9 P a80084681db04611837f8c47cb850e80 [term 0 FOLLOWER]: Leader pre-election vote request: Granting yes vote for candidate d178c5977a084ae8aa60dc987ad46554 in term 0.
I20260709 12:12:24.831790 29473 leader_election.cc:304] T 6fe4a64422c445929d8518860460acc9 P d178c5977a084ae8aa60dc987ad46554 [CANDIDATE]: Term 1 pre-election: Election decided. Result: candidate won. Election summary: received 3 responses out of 3 voters: 2 yes votes; 1 no votes. yes voters: a80084681db04611837f8c47cb850e80, d178c5977a084ae8aa60dc987ad46554; no voters: bf58055ccc534636a2e030be2df1361c
I20260709 12:12:24.834321 30028 raft_consensus.cc:2804] T 6fe4a64422c445929d8518860460acc9 P d178c5977a084ae8aa60dc987ad46554 [term 0 FOLLOWER]: Leader pre-election won for term 1
I20260709 12:12:24.851306 30028 raft_consensus.cc:493] T 6fe4a64422c445929d8518860460acc9 P d178c5977a084ae8aa60dc987ad46554 [term 0 FOLLOWER]: Starting leader election (no leader contacted us within the election timeout)
I20260709 12:12:24.851651 30028 raft_consensus.cc:3060] T 6fe4a64422c445929d8518860460acc9 P d178c5977a084ae8aa60dc987ad46554 [term 0 FOLLOWER]: Advancing to term 1
I20260709 12:12:24.827665 30006 leader_election.cc:290] T 6fe4a64422c445929d8518860460acc9 P d178c5977a084ae8aa60dc987ad46554 [CANDIDATE]: Term 1 pre-election: Requested pre-vote from peers bf58055ccc534636a2e030be2df1361c (127.27.180.66:45929), a80084681db04611837f8c47cb850e80 (127.27.180.67:42635)
I20260709 12:12:24.832585 29698 ts_tablet_manager.cc:1434] T 157782e728594ab5863ea71d2cbd56cf P a80084681db04611837f8c47cb850e80: Time spent starting tablet: real 0.010s	user 0.007s	sys 0.000s
I20260709 12:12:24.853603 29698 tablet_bootstrap.cc:492] T 4fec982950374b588b41e6cbe0e15824 P a80084681db04611837f8c47cb850e80: Bootstrap starting.
I20260709 12:12:24.861567 29910 raft_consensus.cc:493] T 157782e728594ab5863ea71d2cbd56cf P a80084681db04611837f8c47cb850e80 [term 0 FOLLOWER]: Starting pre-election (no leader contacted us within the election timeout)
I20260709 12:12:24.862022 29910 raft_consensus.cc:515] T 157782e728594ab5863ea71d2cbd56cf P a80084681db04611837f8c47cb850e80 [term 0 FOLLOWER]: Starting pre-election with config: opid_index: -1 OBSOLETE_local: false peers { permanent_uuid: "d178c5977a084ae8aa60dc987ad46554" member_type: VOTER last_known_addr { host: "127.27.180.65" port: 42285 } } peers { permanent_uuid: "bf58055ccc534636a2e030be2df1361c" member_type: VOTER last_known_addr { host: "127.27.180.66" port: 45929 } } peers { permanent_uuid: "a80084681db04611837f8c47cb850e80" member_type: VOTER last_known_addr { host: "127.27.180.67" port: 42635 } }
I20260709 12:12:24.865520 29580 tablet_service.cc:1917] Received RequestConsensusVote() RPC: tablet_id: "157782e728594ab5863ea71d2cbd56cf" candidate_uuid: "a80084681db04611837f8c47cb850e80" candidate_term: 1 candidate_status { last_received { term: 0 index: 0 } } ignore_live_leader: false dest_uuid: "bf58055ccc534636a2e030be2df1361c" is_pre_election: true
I20260709 12:12:24.865589 29503 tablet_service.cc:1917] Received RequestConsensusVote() RPC: tablet_id: "157782e728594ab5863ea71d2cbd56cf" candidate_uuid: "a80084681db04611837f8c47cb850e80" candidate_term: 1 candidate_status { last_received { term: 0 index: 0 } } ignore_live_leader: false dest_uuid: "d178c5977a084ae8aa60dc987ad46554" is_pre_election: true
I20260709 12:12:24.867873 30016 consensus_queue.cc:1048] T 81d5e2099d284960a6a686fdc3634832 P d178c5977a084ae8aa60dc987ad46554 [LEADER]: Connected to new peer: Peer: permanent_uuid: "bf58055ccc534636a2e030be2df1361c" member_type: VOTER last_known_addr { host: "127.27.180.66" port: 45929 }, Status: LMP_MISMATCH, Last received: 0.0, Next index: 1, Last known committed idx: 0, Time since last communication: 0.000s
I20260709 12:12:24.868243 29622 leader_election.cc:304] T 157782e728594ab5863ea71d2cbd56cf P a80084681db04611837f8c47cb850e80 [CANDIDATE]: Term 1 pre-election: Election decided. Result: candidate lost. Election summary: received 3 responses out of 3 voters: 1 yes votes; 2 no votes. yes voters: a80084681db04611837f8c47cb850e80; no voters: bf58055ccc534636a2e030be2df1361c, d178c5977a084ae8aa60dc987ad46554
I20260709 12:12:24.869477 30036 raft_consensus.cc:2749] T 157782e728594ab5863ea71d2cbd56cf P a80084681db04611837f8c47cb850e80 [term 0 FOLLOWER]: Leader pre-election lost for term 1. Reason: could not achieve majority
I20260709 12:12:24.864470 29910 leader_election.cc:290] T 157782e728594ab5863ea71d2cbd56cf P a80084681db04611837f8c47cb850e80 [CANDIDATE]: Term 1 pre-election: Requested pre-vote from peers d178c5977a084ae8aa60dc987ad46554 (127.27.180.65:42285), bf58055ccc534636a2e030be2df1361c (127.27.180.66:45929)
I20260709 12:12:24.876515 29701 tablet_bootstrap.cc:492] T 4fec982950374b588b41e6cbe0e15824 P d178c5977a084ae8aa60dc987ad46554: No bootstrap required, opened a new log
I20260709 12:12:24.876981 29701 ts_tablet_manager.cc:1403] T 4fec982950374b588b41e6cbe0e15824 P d178c5977a084ae8aa60dc987ad46554: Time spent bootstrapping tablet: real 0.142s	user 0.007s	sys 0.008s
I20260709 12:12:24.876538 29700 tablet_bootstrap.cc:492] T b1e441efcb9a45c1b779457026d8e3d2 P bf58055ccc534636a2e030be2df1361c: No bootstrap required, opened a new log
I20260709 12:12:24.881685 29700 ts_tablet_manager.cc:1403] T b1e441efcb9a45c1b779457026d8e3d2 P bf58055ccc534636a2e030be2df1361c: Time spent bootstrapping tablet: real 0.102s	user 0.010s	sys 0.000s
I20260709 12:12:24.884878 29701 raft_consensus.cc:359] T 4fec982950374b588b41e6cbe0e15824 P d178c5977a084ae8aa60dc987ad46554 [term 0 FOLLOWER]: Replica starting. Triggering 0 pending ops. Active config: opid_index: -1 OBSOLETE_local: false peers { permanent_uuid: "d178c5977a084ae8aa60dc987ad46554" member_type: VOTER last_known_addr { host: "127.27.180.65" port: 42285 } } peers { permanent_uuid: "bf58055ccc534636a2e030be2df1361c" member_type: VOTER last_known_addr { host: "127.27.180.66" port: 45929 } } peers { permanent_uuid: "a80084681db04611837f8c47cb850e80" member_type: VOTER last_known_addr { host: "127.27.180.67" port: 42635 } }
I20260709 12:12:24.885545 29701 raft_consensus.cc:385] T 4fec982950374b588b41e6cbe0e15824 P d178c5977a084ae8aa60dc987ad46554 [term 0 FOLLOWER]: Consensus starting up: Expiring failure detector timer to make a prompt election more likely
I20260709 12:12:24.885788 29701 raft_consensus.cc:740] T 4fec982950374b588b41e6cbe0e15824 P d178c5977a084ae8aa60dc987ad46554 [term 0 FOLLOWER]: Becoming Follower/Learner. State: Replica: d178c5977a084ae8aa60dc987ad46554, State: Initialized, Role: FOLLOWER
I20260709 12:12:24.888046 30028 raft_consensus.cc:515] T 6fe4a64422c445929d8518860460acc9 P d178c5977a084ae8aa60dc987ad46554 [term 1 FOLLOWER]: Starting leader election with config: opid_index: -1 OBSOLETE_local: false peers { permanent_uuid: "d178c5977a084ae8aa60dc987ad46554" member_type: VOTER last_known_addr { host: "127.27.180.65" port: 42285 } } peers { permanent_uuid: "bf58055ccc534636a2e030be2df1361c" member_type: VOTER last_known_addr { host: "127.27.180.66" port: 45929 } } peers { permanent_uuid: "a80084681db04611837f8c47cb850e80" member_type: VOTER last_known_addr { host: "127.27.180.67" port: 42635 } }
I20260709 12:12:24.886407 29701 consensus_queue.cc:260] T 4fec982950374b588b41e6cbe0e15824 P d178c5977a084ae8aa60dc987ad46554 [NON_LEADER]: Queue going to NON_LEADER mode. State: All replicated index: 0, Majority replicated index: 0, Committed index: 0, Last appended: 0.0, Last appended by leader: 0, Current term: 0, Majority size: -1, State: 0, Mode: NON_LEADER, active raft config: opid_index: -1 OBSOLETE_local: false peers { permanent_uuid: "d178c5977a084ae8aa60dc987ad46554" member_type: VOTER last_known_addr { host: "127.27.180.65" port: 42285 } } peers { permanent_uuid: "bf58055ccc534636a2e030be2df1361c" member_type: VOTER last_known_addr { host: "127.27.180.66" port: 45929 } } peers { permanent_uuid: "a80084681db04611837f8c47cb850e80" member_type: VOTER last_known_addr { host: "127.27.180.67" port: 42635 } }
I20260709 12:12:24.889652 29407 catalog_manager.cc:5697] T f80ad9b3e546423684def2188de28b5b P bf58055ccc534636a2e030be2df1361c reported cstate change: term changed from 0 to 1, leader changed from <none> to bf58055ccc534636a2e030be2df1361c (127.27.180.66). New cstate: current_term: 1 leader_uuid: "bf58055ccc534636a2e030be2df1361c" committed_config { opid_index: -1 OBSOLETE_local: false peers { permanent_uuid: "d178c5977a084ae8aa60dc987ad46554" member_type: VOTER last_known_addr { host: "127.27.180.65" port: 42285 } health_report { overall_health: UNKNOWN } } peers { permanent_uuid: "bf58055ccc534636a2e030be2df1361c" member_type: VOTER last_known_addr { host: "127.27.180.66" port: 45929 } health_report { overall_health: HEALTHY } } peers { permanent_uuid: "a80084681db04611837f8c47cb850e80" member_type: VOTER last_known_addr { host: "127.27.180.67" port: 42635 } health_report { overall_health: UNKNOWN } } }
I20260709 12:12:24.895430 29701 ts_tablet_manager.cc:1434] T 4fec982950374b588b41e6cbe0e15824 P d178c5977a084ae8aa60dc987ad46554: Time spent starting tablet: real 0.018s	user 0.006s	sys 0.000s
I20260709 12:12:24.888752 29700 raft_consensus.cc:359] T b1e441efcb9a45c1b779457026d8e3d2 P bf58055ccc534636a2e030be2df1361c [term 0 FOLLOWER]: Replica starting. Triggering 0 pending ops. Active config: opid_index: -1 OBSOLETE_local: false peers { permanent_uuid: "d178c5977a084ae8aa60dc987ad46554" member_type: VOTER last_known_addr { host: "127.27.180.65" port: 42285 } } peers { permanent_uuid: "bf58055ccc534636a2e030be2df1361c" member_type: VOTER last_known_addr { host: "127.27.180.66" port: 45929 } } peers { permanent_uuid: "a80084681db04611837f8c47cb850e80" member_type: VOTER last_known_addr { host: "127.27.180.67" port: 42635 } }
I20260709 12:12:24.895984 29700 raft_consensus.cc:385] T b1e441efcb9a45c1b779457026d8e3d2 P bf58055ccc534636a2e030be2df1361c [term 0 FOLLOWER]: Consensus starting up: Expiring failure detector timer to make a prompt election more likely
I20260709 12:12:24.896386 29701 tablet_bootstrap.cc:492] T a53bac904fd04dd98faa40319049938d P d178c5977a084ae8aa60dc987ad46554: Bootstrap starting.
I20260709 12:12:24.896210 29700 raft_consensus.cc:740] T b1e441efcb9a45c1b779457026d8e3d2 P bf58055ccc534636a2e030be2df1361c [term 0 FOLLOWER]: Becoming Follower/Learner. State: Replica: bf58055ccc534636a2e030be2df1361c, State: Initialized, Role: FOLLOWER
I20260709 12:12:24.898195 29700 consensus_queue.cc:260] T b1e441efcb9a45c1b779457026d8e3d2 P bf58055ccc534636a2e030be2df1361c [NON_LEADER]: Queue going to NON_LEADER mode. State: All replicated index: 0, Majority replicated index: 0, Committed index: 0, Last appended: 0.0, Last appended by leader: 0, Current term: 0, Majority size: -1, State: 0, Mode: NON_LEADER, active raft config: opid_index: -1 OBSOLETE_local: false peers { permanent_uuid: "d178c5977a084ae8aa60dc987ad46554" member_type: VOTER last_known_addr { host: "127.27.180.65" port: 42285 } } peers { permanent_uuid: "bf58055ccc534636a2e030be2df1361c" member_type: VOTER last_known_addr { host: "127.27.180.66" port: 45929 } } peers { permanent_uuid: "a80084681db04611837f8c47cb850e80" member_type: VOTER last_known_addr { host: "127.27.180.67" port: 42635 } }
I20260709 12:12:24.901823 29408 catalog_manager.cc:5697] T f76367d61c2a426ab6d50c3f97365259 P d178c5977a084ae8aa60dc987ad46554 reported cstate change: term changed from 0 to 1, leader changed from <none> to d178c5977a084ae8aa60dc987ad46554 (127.27.180.65). New cstate: current_term: 1 leader_uuid: "d178c5977a084ae8aa60dc987ad46554" committed_config { opid_index: -1 OBSOLETE_local: false peers { permanent_uuid: "d178c5977a084ae8aa60dc987ad46554" member_type: VOTER last_known_addr { host: "127.27.180.65" port: 42285 } health_report { overall_health: HEALTHY } } peers { permanent_uuid: "bf58055ccc534636a2e030be2df1361c" member_type: VOTER last_known_addr { host: "127.27.180.66" port: 45929 } health_report { overall_health: UNKNOWN } } peers { permanent_uuid: "a80084681db04611837f8c47cb850e80" member_type: VOTER last_known_addr { host: "127.27.180.67" port: 42635 } health_report { overall_health: UNKNOWN } } }
I20260709 12:12:24.903026 29700 ts_tablet_manager.cc:1434] T b1e441efcb9a45c1b779457026d8e3d2 P bf58055ccc534636a2e030be2df1361c: Time spent starting tablet: real 0.021s	user 0.006s	sys 0.000s
I20260709 12:12:24.904021 29700 tablet_bootstrap.cc:492] T 56cbce61607648abbd4aac10ee0a292d P bf58055ccc534636a2e030be2df1361c: Bootstrap starting.
I20260709 12:12:24.911618 29580 tablet_service.cc:1917] Received RequestConsensusVote() RPC: tablet_id: "6fe4a64422c445929d8518860460acc9" candidate_uuid: "d178c5977a084ae8aa60dc987ad46554" candidate_term: 1 candidate_status { last_received { term: 0 index: 0 } } ignore_live_leader: false dest_uuid: "bf58055ccc534636a2e030be2df1361c"
I20260709 12:12:24.913555 29655 tablet_service.cc:1917] Received RequestConsensusVote() RPC: tablet_id: "6fe4a64422c445929d8518860460acc9" candidate_uuid: "d178c5977a084ae8aa60dc987ad46554" candidate_term: 1 candidate_status { last_received { term: 0 index: 0 } } ignore_live_leader: false dest_uuid: "a80084681db04611837f8c47cb850e80"
I20260709 12:12:24.914148 29655 raft_consensus.cc:3060] T 6fe4a64422c445929d8518860460acc9 P a80084681db04611837f8c47cb850e80 [term 0 FOLLOWER]: Advancing to term 1
I20260709 12:12:24.917407 30016 consensus_queue.cc:1048] T 81d5e2099d284960a6a686fdc3634832 P d178c5977a084ae8aa60dc987ad46554 [LEADER]: Connected to new peer: Peer: permanent_uuid: "a80084681db04611837f8c47cb850e80" member_type: VOTER last_known_addr { host: "127.27.180.67" port: 42635 }, Status: LMP_MISMATCH, Last received: 0.0, Next index: 1, Last known committed idx: 0, Time since last communication: 0.000s
I20260709 12:12:24.915614 29698 tablet_bootstrap.cc:654] T 4fec982950374b588b41e6cbe0e15824 P a80084681db04611837f8c47cb850e80: Neither blocks nor log segments found. Creating new log.
I20260709 12:12:24.935007 29700 tablet_bootstrap.cc:654] T 56cbce61607648abbd4aac10ee0a292d P bf58055ccc534636a2e030be2df1361c: Neither blocks nor log segments found. Creating new log.
I20260709 12:12:24.952104 29655 raft_consensus.cc:2468] T 6fe4a64422c445929d8518860460acc9 P a80084681db04611837f8c47cb850e80 [term 1 FOLLOWER]: Leader election vote request: Granting yes vote for candidate d178c5977a084ae8aa60dc987ad46554 in term 1.
I20260709 12:12:24.968479 29701 tablet_bootstrap.cc:654] T a53bac904fd04dd98faa40319049938d P d178c5977a084ae8aa60dc987ad46554: Neither blocks nor log segments found. Creating new log.
I20260709 12:12:24.966048 30028 leader_election.cc:290] T 6fe4a64422c445929d8518860460acc9 P d178c5977a084ae8aa60dc987ad46554 [CANDIDATE]: Term 1 election: Requested vote from peers bf58055ccc534636a2e030be2df1361c (127.27.180.66:45929), a80084681db04611837f8c47cb850e80 (127.27.180.67:42635)
W20260709 12:12:24.978317 29473 leader_election.cc:343] T 6fe4a64422c445929d8518860460acc9 P d178c5977a084ae8aa60dc987ad46554 [CANDIDATE]: Term 1 election: Tablet error from VoteRequest() call to peer bf58055ccc534636a2e030be2df1361c (127.27.180.66:45929): Illegal state: must be running to vote when last-logged opid is not known
I20260709 12:12:25.001706 29732 raft_consensus.cc:493] T a53bac904fd04dd98faa40319049938d P a80084681db04611837f8c47cb850e80 [term 0 FOLLOWER]: Starting pre-election (no leader contacted us within the election timeout)
I20260709 12:12:25.002182 29732 raft_consensus.cc:515] T a53bac904fd04dd98faa40319049938d P a80084681db04611837f8c47cb850e80 [term 0 FOLLOWER]: Starting pre-election with config: opid_index: -1 OBSOLETE_local: false peers { permanent_uuid: "d178c5977a084ae8aa60dc987ad46554" member_type: VOTER last_known_addr { host: "127.27.180.65" port: 42285 } } peers { permanent_uuid: "bf58055ccc534636a2e030be2df1361c" member_type: VOTER last_known_addr { host: "127.27.180.66" port: 45929 } } peers { permanent_uuid: "a80084681db04611837f8c47cb850e80" member_type: VOTER last_known_addr { host: "127.27.180.67" port: 42635 } }
I20260709 12:12:25.003526 29473 leader_election.cc:304] T 6fe4a64422c445929d8518860460acc9 P d178c5977a084ae8aa60dc987ad46554 [CANDIDATE]: Term 1 election: Election decided. Result: candidate won. Election summary: received 3 responses out of 3 voters: 2 yes votes; 1 no votes. yes voters: a80084681db04611837f8c47cb850e80, d178c5977a084ae8aa60dc987ad46554; no voters: bf58055ccc534636a2e030be2df1361c
I20260709 12:12:25.009857 30006 raft_consensus.cc:2804] T 6fe4a64422c445929d8518860460acc9 P d178c5977a084ae8aa60dc987ad46554 [term 1 FOLLOWER]: Leader election won for term 1
I20260709 12:12:25.010347 30006 raft_consensus.cc:697] T 6fe4a64422c445929d8518860460acc9 P d178c5977a084ae8aa60dc987ad46554 [term 1 LEADER]: Becoming Leader. State: Replica: d178c5977a084ae8aa60dc987ad46554, State: Running, Role: LEADER
