I20260709 12:12:08.517521 17939 ts_tablet_manager.cc:1434] T 37cc70e1927a48768061af61190a22c8 P 1f075ccc8c3c4abc941a48b0cfa742bc: Time spent starting tablet: real 0.025s	user 0.006s	sys 0.000s
I20260709 12:12:08.518494 17939 tablet_bootstrap.cc:492] T cdfdc1b879624cae9e06f1728f8614b0 P 1f075ccc8c3c4abc941a48b0cfa742bc: Bootstrap starting.
I20260709 12:12:08.521191 17822 tablet_service.cc:1917] Received RequestConsensusVote() RPC: tablet_id: "177da04391ad4a159de15e3ddda501a7" candidate_uuid: "9166408b4e8343fdb95191526cbc10e9" candidate_term: 1 candidate_status { last_received { term: 0 index: 0 } } ignore_live_leader: false dest_uuid: "b1f3512320ab4958a4a6eb54c4a1a412"
I20260709 12:12:08.524134 17715 leader_election.cc:304] T 2cd642a1d5ca44fe97556e5284af8cb6 P 9166408b4e8343fdb95191526cbc10e9 [CANDIDATE]: Term 1 election: Election decided. Result: candidate won. Election summary: received 2 responses out of 3 voters: 2 yes votes; 0 no votes. yes voters: 9166408b4e8343fdb95191526cbc10e9, b1f3512320ab4958a4a6eb54c4a1a412; no voters: 
I20260709 12:12:08.532994 17994 raft_consensus.cc:2804] T 2cd642a1d5ca44fe97556e5284af8cb6 P 9166408b4e8343fdb95191526cbc10e9 [term 1 FOLLOWER]: Leader election won for term 1
I20260709 12:12:08.533535 17994 raft_consensus.cc:697] T 2cd642a1d5ca44fe97556e5284af8cb6 P 9166408b4e8343fdb95191526cbc10e9 [term 1 LEADER]: Becoming Leader. State: Replica: 9166408b4e8343fdb95191526cbc10e9, State: Running, Role: LEADER
I20260709 12:12:08.524760 17939 tablet_bootstrap.cc:654] T cdfdc1b879624cae9e06f1728f8614b0 P 1f075ccc8c3c4abc941a48b0cfa742bc: Neither blocks nor log segments found. Creating new log.
I20260709 12:12:08.534406 17994 consensus_queue.cc:237] T 2cd642a1d5ca44fe97556e5284af8cb6 P 9166408b4e8343fdb95191526cbc10e9 [LEADER]: Queue going to LEADER mode. State: All replicated index: 0, Majority replicated index: 0, Committed index: 0, Last appended: 0.0, Last appended by leader: 0, Current term: 1, Majority size: 2, State: 0, Mode: LEADER, active raft config: opid_index: -1 OBSOLETE_local: false peers { permanent_uuid: "9166408b4e8343fdb95191526cbc10e9" member_type: VOTER last_known_addr { host: "127.16.52.193" port: 41987 } } peers { permanent_uuid: "b1f3512320ab4958a4a6eb54c4a1a412" member_type: VOTER last_known_addr { host: "127.16.52.194" port: 46783 } } peers { permanent_uuid: "1f075ccc8c3c4abc941a48b0cfa742bc" member_type: VOTER last_known_addr { host: "127.16.52.195" port: 43813 } }
I20260709 12:12:08.539929 17748 raft_consensus.cc:3060] T c5dc085b22094c21aa6ba271fd2c338f P 9166408b4e8343fdb95191526cbc10e9 [term 0 FOLLOWER]: Advancing to term 1
W20260709 12:12:08.546427 17715 leader_election.cc:343] T 177da04391ad4a159de15e3ddda501a7 P 9166408b4e8343fdb95191526cbc10e9 [CANDIDATE]: Term 1 election: Tablet error from VoteRequest() call to peer b1f3512320ab4958a4a6eb54c4a1a412 (127.16.52.194:46783): Illegal state: must be running to vote when last-logged opid is not known
I20260709 12:12:08.550823 17942 tablet_bootstrap.cc:654] T 177da04391ad4a159de15e3ddda501a7 P b1f3512320ab4958a4a6eb54c4a1a412: Neither blocks nor log segments found. Creating new log.
I20260709 12:12:08.551153 18119 raft_consensus.cc:493] T 74b142b123904c96a84395960aeae7da P 9166408b4e8343fdb95191526cbc10e9 [term 0 FOLLOWER]: Starting pre-election (no leader contacted us within the election timeout)
I20260709 12:12:08.551710 18119 raft_consensus.cc:515] T 74b142b123904c96a84395960aeae7da P 9166408b4e8343fdb95191526cbc10e9 [term 0 FOLLOWER]: Starting pre-election with config: opid_index: -1 OBSOLETE_local: false peers { permanent_uuid: "9166408b4e8343fdb95191526cbc10e9" member_type: VOTER last_known_addr { host: "127.16.52.193" port: 41987 } } peers { permanent_uuid: "b1f3512320ab4958a4a6eb54c4a1a412" member_type: VOTER last_known_addr { host: "127.16.52.194" port: 46783 } } peers { permanent_uuid: "1f075ccc8c3c4abc941a48b0cfa742bc" member_type: VOTER last_known_addr { host: "127.16.52.195" port: 43813 } }
I20260709 12:12:08.557328 17897 raft_consensus.cc:2468] T 2cd642a1d5ca44fe97556e5284af8cb6 P 1f075ccc8c3c4abc941a48b0cfa742bc [term 1 FOLLOWER]: Leader election vote request: Granting yes vote for candidate 9166408b4e8343fdb95191526cbc10e9 in term 1.
I20260709 12:12:08.558183 18119 leader_election.cc:290] T 74b142b123904c96a84395960aeae7da P 9166408b4e8343fdb95191526cbc10e9 [CANDIDATE]: Term 1 pre-election: Requested pre-vote from peers b1f3512320ab4958a4a6eb54c4a1a412 (127.16.52.194:46783), 1f075ccc8c3c4abc941a48b0cfa742bc (127.16.52.195:43813)
I20260709 12:12:08.565708 17940 tablet_bootstrap.cc:492] T 29f90ab0df0f47929908581bd4420204 P 9166408b4e8343fdb95191526cbc10e9: No bootstrap required, opened a new log
I20260709 12:12:08.565889 17897 tablet_service.cc:1917] Received RequestConsensusVote() RPC: tablet_id: "74b142b123904c96a84395960aeae7da" candidate_uuid: "9166408b4e8343fdb95191526cbc10e9" candidate_term: 1 candidate_status { last_received { term: 0 index: 0 } } ignore_live_leader: false dest_uuid: "1f075ccc8c3c4abc941a48b0cfa742bc" is_pre_election: true
I20260709 12:12:08.566319 17940 ts_tablet_manager.cc:1403] T 29f90ab0df0f47929908581bd4420204 P 9166408b4e8343fdb95191526cbc10e9: Time spent bootstrapping tablet: real 0.074s	user 0.011s	sys 0.034s
I20260709 12:12:08.566754 17897 raft_consensus.cc:2468] T 74b142b123904c96a84395960aeae7da P 1f075ccc8c3c4abc941a48b0cfa742bc [term 0 FOLLOWER]: Leader pre-election vote request: Granting yes vote for candidate 9166408b4e8343fdb95191526cbc10e9 in term 0.
I20260709 12:12:08.568585 18109 raft_consensus.cc:493] T c5dc085b22094c21aa6ba271fd2c338f P 9166408b4e8343fdb95191526cbc10e9 [term 1 FOLLOWER]: Starting pre-election (no leader contacted us within the election timeout)
I20260709 12:12:08.560005 17898 raft_consensus.cc:2468] T 177da04391ad4a159de15e3ddda501a7 P 1f075ccc8c3c4abc941a48b0cfa742bc [term 1 FOLLOWER]: Leader election vote request: Granting yes vote for candidate 9166408b4e8343fdb95191526cbc10e9 in term 1.
I20260709 12:12:08.570608 17967 consensus_queue.cc:1048] T c5dc085b22094c21aa6ba271fd2c338f P b1f3512320ab4958a4a6eb54c4a1a412 [LEADER]: Connected to new peer: Peer: permanent_uuid: "9166408b4e8343fdb95191526cbc10e9" member_type: VOTER last_known_addr { host: "127.16.52.193" port: 41987 }, Status: LMP_MISMATCH, Last received: 0.0, Next index: 1, Last known committed idx: 0, Time since last communication: 0.001s
I20260709 12:12:08.570772 17714 leader_election.cc:304] T 74b142b123904c96a84395960aeae7da P 9166408b4e8343fdb95191526cbc10e9 [CANDIDATE]: Term 1 pre-election: Election decided. Result: candidate won. Election summary: received 2 responses out of 3 voters: 2 yes votes; 0 no votes. yes voters: 1f075ccc8c3c4abc941a48b0cfa742bc, 9166408b4e8343fdb95191526cbc10e9; no voters: 
I20260709 12:12:08.579602 17994 raft_consensus.cc:2804] T 74b142b123904c96a84395960aeae7da P 9166408b4e8343fdb95191526cbc10e9 [term 0 FOLLOWER]: Leader pre-election won for term 1
I20260709 12:12:08.570439 17940 raft_consensus.cc:359] T 29f90ab0df0f47929908581bd4420204 P 9166408b4e8343fdb95191526cbc10e9 [term 0 FOLLOWER]: Replica starting. Triggering 0 pending ops. Active config: opid_index: -1 OBSOLETE_local: false peers { permanent_uuid: "9166408b4e8343fdb95191526cbc10e9" member_type: VOTER last_known_addr { host: "127.16.52.193" port: 41987 } } peers { permanent_uuid: "b1f3512320ab4958a4a6eb54c4a1a412" member_type: VOTER last_known_addr { host: "127.16.52.194" port: 46783 } } peers { permanent_uuid: "1f075ccc8c3c4abc941a48b0cfa742bc" member_type: VOTER last_known_addr { host: "127.16.52.195" port: 43813 } }
I20260709 12:12:08.580046 17994 raft_consensus.cc:493] T 74b142b123904c96a84395960aeae7da P 9166408b4e8343fdb95191526cbc10e9 [term 0 FOLLOWER]: Starting leader election (no leader contacted us within the election timeout)
I20260709 12:12:08.580343 17940 raft_consensus.cc:385] T 29f90ab0df0f47929908581bd4420204 P 9166408b4e8343fdb95191526cbc10e9 [term 0 FOLLOWER]: Consensus starting up: Expiring failure detector timer to make a prompt election more likely
I20260709 12:12:08.580454 17994 raft_consensus.cc:3060] T 74b142b123904c96a84395960aeae7da P 9166408b4e8343fdb95191526cbc10e9 [term 0 FOLLOWER]: Advancing to term 1
I20260709 12:12:08.580685 17940 raft_consensus.cc:740] T 29f90ab0df0f47929908581bd4420204 P 9166408b4e8343fdb95191526cbc10e9 [term 0 FOLLOWER]: Becoming Follower/Learner. State: Replica: 9166408b4e8343fdb95191526cbc10e9, State: Initialized, Role: FOLLOWER
I20260709 12:12:08.581878 17940 consensus_queue.cc:260] T 29f90ab0df0f47929908581bd4420204 P 9166408b4e8343fdb95191526cbc10e9 [NON_LEADER]: Queue going to NON_LEADER mode. State: All replicated index: 0, Majority replicated index: 0, Committed index: 0, Last appended: 0.0, Last appended by leader: 0, Current term: 0, Majority size: -1, State: 0, Mode: NON_LEADER, active raft config: opid_index: -1 OBSOLETE_local: false peers { permanent_uuid: "9166408b4e8343fdb95191526cbc10e9" member_type: VOTER last_known_addr { host: "127.16.52.193" port: 41987 } } peers { permanent_uuid: "b1f3512320ab4958a4a6eb54c4a1a412" member_type: VOTER last_known_addr { host: "127.16.52.194" port: 46783 } } peers { permanent_uuid: "1f075ccc8c3c4abc941a48b0cfa742bc" member_type: VOTER last_known_addr { host: "127.16.52.195" port: 43813 } }
I20260709 12:12:08.569687 18109 raft_consensus.cc:515] T c5dc085b22094c21aa6ba271fd2c338f P 9166408b4e8343fdb95191526cbc10e9 [term 1 FOLLOWER]: Starting pre-election with config: opid_index: -1 OBSOLETE_local: false peers { permanent_uuid: "9166408b4e8343fdb95191526cbc10e9" member_type: VOTER last_known_addr { host: "127.16.52.193" port: 41987 } } peers { permanent_uuid: "b1f3512320ab4958a4a6eb54c4a1a412" member_type: VOTER last_known_addr { host: "127.16.52.194" port: 46783 } } peers { permanent_uuid: "1f075ccc8c3c4abc941a48b0cfa742bc" member_type: VOTER last_known_addr { host: "127.16.52.195" port: 43813 } }
I20260709 12:12:08.574892 17822 tablet_service.cc:1917] Received RequestConsensusVote() RPC: tablet_id: "74b142b123904c96a84395960aeae7da" candidate_uuid: "9166408b4e8343fdb95191526cbc10e9" candidate_term: 1 candidate_status { last_received { term: 0 index: 0 } } ignore_live_leader: false dest_uuid: "b1f3512320ab4958a4a6eb54c4a1a412" is_pre_election: true
I20260709 12:12:08.587210 17940 ts_tablet_manager.cc:1434] T 29f90ab0df0f47929908581bd4420204 P 9166408b4e8343fdb95191526cbc10e9: Time spent starting tablet: real 0.020s	user 0.007s	sys 0.000s
I20260709 12:12:08.589550 18109 leader_election.cc:290] T c5dc085b22094c21aa6ba271fd2c338f P 9166408b4e8343fdb95191526cbc10e9 [CANDIDATE]: Term 2 pre-election: Requested pre-vote from peers b1f3512320ab4958a4a6eb54c4a1a412 (127.16.52.194:46783), 1f075ccc8c3c4abc941a48b0cfa742bc (127.16.52.195:43813)
I20260709 12:12:08.590029 17714 leader_election.cc:304] T 177da04391ad4a159de15e3ddda501a7 P 9166408b4e8343fdb95191526cbc10e9 [CANDIDATE]: Term 1 election: Election decided. Result: candidate won. Election summary: received 3 responses out of 3 voters: 2 yes votes; 1 no votes. yes voters: 1f075ccc8c3c4abc941a48b0cfa742bc, 9166408b4e8343fdb95191526cbc10e9; no voters: b1f3512320ab4958a4a6eb54c4a1a412
I20260709 12:12:08.590507 17940 tablet_bootstrap.cc:492] T cdfdc1b879624cae9e06f1728f8614b0 P 9166408b4e8343fdb95191526cbc10e9: Bootstrap starting.
I20260709 12:12:08.592687 18119 raft_consensus.cc:2804] T 177da04391ad4a159de15e3ddda501a7 P 9166408b4e8343fdb95191526cbc10e9 [term 1 FOLLOWER]: Leader election won for term 1
I20260709 12:12:08.594566 18119 raft_consensus.cc:697] T 177da04391ad4a159de15e3ddda501a7 P 9166408b4e8343fdb95191526cbc10e9 [term 1 LEADER]: Becoming Leader. State: Replica: 9166408b4e8343fdb95191526cbc10e9, State: Running, Role: LEADER
I20260709 12:12:08.593575 17896 tablet_service.cc:1917] Received RequestConsensusVote() RPC: tablet_id: "c5dc085b22094c21aa6ba271fd2c338f" candidate_uuid: "9166408b4e8343fdb95191526cbc10e9" candidate_term: 2 candidate_status { last_received { term: 0 index: 0 } } ignore_live_leader: false dest_uuid: "1f075ccc8c3c4abc941a48b0cfa742bc" is_pre_election: true
I20260709 12:12:08.605976 18109 raft_consensus.cc:493] T 0934a620e3874c4bbb7e4ead1c356bed P 9166408b4e8343fdb95191526cbc10e9 [term 0 FOLLOWER]: Starting pre-election (no leader contacted us within the election timeout)
I20260709 12:12:08.615482 18109 raft_consensus.cc:515] T 0934a620e3874c4bbb7e4ead1c356bed P 9166408b4e8343fdb95191526cbc10e9 [term 0 FOLLOWER]: Starting pre-election with config: opid_index: -1 OBSOLETE_local: false peers { permanent_uuid: "9166408b4e8343fdb95191526cbc10e9" member_type: VOTER last_known_addr { host: "127.16.52.193" port: 41987 } } peers { permanent_uuid: "b1f3512320ab4958a4a6eb54c4a1a412" member_type: VOTER last_known_addr { host: "127.16.52.194" port: 46783 } } peers { permanent_uuid: "1f075ccc8c3c4abc941a48b0cfa742bc" member_type: VOTER last_known_addr { host: "127.16.52.195" port: 43813 } }
I20260709 12:12:08.596338 17996 consensus_queue.cc:1048] T 3aaf0fc422a241a18c86f61498ad1efe P 9166408b4e8343fdb95191526cbc10e9 [LEADER]: Connected to new peer: Peer: permanent_uuid: "b1f3512320ab4958a4a6eb54c4a1a412" member_type: VOTER last_known_addr { host: "127.16.52.194" port: 46783 }, Status: LMP_MISMATCH, Last received: 0.0, Next index: 1, Last known committed idx: 0, Time since last communication: 0.032s
I20260709 12:12:08.628712 17822 tablet_service.cc:1917] Received RequestConsensusVote() RPC: tablet_id: "c5dc085b22094c21aa6ba271fd2c338f" candidate_uuid: "9166408b4e8343fdb95191526cbc10e9" candidate_term: 2 candidate_status { last_received { term: 0 index: 0 } } ignore_live_leader: false dest_uuid: "b1f3512320ab4958a4a6eb54c4a1a412" is_pre_election: true
I20260709 12:12:08.629040 17939 tablet_bootstrap.cc:492] T cdfdc1b879624cae9e06f1728f8614b0 P 1f075ccc8c3c4abc941a48b0cfa742bc: No bootstrap required, opened a new log
I20260709 12:12:08.629577 17939 ts_tablet_manager.cc:1403] T cdfdc1b879624cae9e06f1728f8614b0 P 1f075ccc8c3c4abc941a48b0cfa742bc: Time spent bootstrapping tablet: real 0.111s	user 0.015s	sys 0.011s
I20260709 12:12:08.629153 18119 consensus_queue.cc:237] T 177da04391ad4a159de15e3ddda501a7 P 9166408b4e8343fdb95191526cbc10e9 [LEADER]: Queue going to LEADER mode. State: All replicated index: 0, Majority replicated index: 0, Committed index: 0, Last appended: 0.0, Last appended by leader: 0, Current term: 1, Majority size: 2, State: 0, Mode: LEADER, active raft config: opid_index: -1 OBSOLETE_local: false peers { permanent_uuid: "9166408b4e8343fdb95191526cbc10e9" member_type: VOTER last_known_addr { host: "127.16.52.193" port: 41987 } } peers { permanent_uuid: "b1f3512320ab4958a4a6eb54c4a1a412" member_type: VOTER last_known_addr { host: "127.16.52.194" port: 46783 } } peers { permanent_uuid: "1f075ccc8c3c4abc941a48b0cfa742bc" member_type: VOTER last_known_addr { host: "127.16.52.195" port: 43813 } }
I20260709 12:12:08.630132 18040 consensus_queue.cc:1048] T 3aaf0fc422a241a18c86f61498ad1efe P 9166408b4e8343fdb95191526cbc10e9 [LEADER]: Connected to new peer: Peer: permanent_uuid: "1f075ccc8c3c4abc941a48b0cfa742bc" member_type: VOTER last_known_addr { host: "127.16.52.195" port: 43813 }, Status: LMP_MISMATCH, Last received: 0.0, Next index: 1, Last known committed idx: 0, Time since last communication: 0.000s
I20260709 12:12:08.634260 17942 tablet_bootstrap.cc:492] T 177da04391ad4a159de15e3ddda501a7 P b1f3512320ab4958a4a6eb54c4a1a412: No bootstrap required, opened a new log
I20260709 12:12:08.634755 17942 ts_tablet_manager.cc:1403] T 177da04391ad4a159de15e3ddda501a7 P b1f3512320ab4958a4a6eb54c4a1a412: Time spent bootstrapping tablet: real 0.130s	user 0.012s	sys 0.010s
I20260709 12:12:08.636723 17939 raft_consensus.cc:359] T cdfdc1b879624cae9e06f1728f8614b0 P 1f075ccc8c3c4abc941a48b0cfa742bc [term 0 FOLLOWER]: Replica starting. Triggering 0 pending ops. Active config: opid_index: -1 OBSOLETE_local: false peers { permanent_uuid: "9166408b4e8343fdb95191526cbc10e9" member_type: VOTER last_known_addr { host: "127.16.52.193" port: 41987 } } peers { permanent_uuid: "b1f3512320ab4958a4a6eb54c4a1a412" member_type: VOTER last_known_addr { host: "127.16.52.194" port: 46783 } } peers { permanent_uuid: "1f075ccc8c3c4abc941a48b0cfa742bc" member_type: VOTER last_known_addr { host: "127.16.52.195" port: 43813 } }
I20260709 12:12:08.637496 17939 raft_consensus.cc:385] T cdfdc1b879624cae9e06f1728f8614b0 P 1f075ccc8c3c4abc941a48b0cfa742bc [term 0 FOLLOWER]: Consensus starting up: Expiring failure detector timer to make a prompt election more likely
I20260709 12:12:08.637811 17939 raft_consensus.cc:740] T cdfdc1b879624cae9e06f1728f8614b0 P 1f075ccc8c3c4abc941a48b0cfa742bc [term 0 FOLLOWER]: Becoming Follower/Learner. State: Replica: 1f075ccc8c3c4abc941a48b0cfa742bc, State: Initialized, Role: FOLLOWER
I20260709 12:12:08.638839 17939 consensus_queue.cc:260] T cdfdc1b879624cae9e06f1728f8614b0 P 1f075ccc8c3c4abc941a48b0cfa742bc [NON_LEADER]: Queue going to NON_LEADER mode. State: All replicated index: 0, Majority replicated index: 0, Committed index: 0, Last appended: 0.0, Last appended by leader: 0, Current term: 0, Majority size: -1, State: 0, Mode: NON_LEADER, active raft config: opid_index: -1 OBSOLETE_local: false peers { permanent_uuid: "9166408b4e8343fdb95191526cbc10e9" member_type: VOTER last_known_addr { host: "127.16.52.193" port: 41987 } } peers { permanent_uuid: "b1f3512320ab4958a4a6eb54c4a1a412" member_type: VOTER last_known_addr { host: "127.16.52.194" port: 46783 } } peers { permanent_uuid: "1f075ccc8c3c4abc941a48b0cfa742bc" member_type: VOTER last_known_addr { host: "127.16.52.195" port: 43813 } }
I20260709 12:12:08.639866 18109 leader_election.cc:290] T 0934a620e3874c4bbb7e4ead1c356bed P 9166408b4e8343fdb95191526cbc10e9 [CANDIDATE]: Term 1 pre-election: Requested pre-vote from peers b1f3512320ab4958a4a6eb54c4a1a412 (127.16.52.194:46783), 1f075ccc8c3c4abc941a48b0cfa742bc (127.16.52.195:43813)
I20260709 12:12:08.634951 17644 catalog_manager.cc:5697] T 2cd642a1d5ca44fe97556e5284af8cb6 P 9166408b4e8343fdb95191526cbc10e9 reported cstate change: term changed from 0 to 1, leader changed from <none> to 9166408b4e8343fdb95191526cbc10e9 (127.16.52.193). New cstate: current_term: 1 leader_uuid: "9166408b4e8343fdb95191526cbc10e9" committed_config { opid_index: -1 OBSOLETE_local: false peers { permanent_uuid: "9166408b4e8343fdb95191526cbc10e9" member_type: VOTER last_known_addr { host: "127.16.52.193" port: 41987 } health_report { overall_health: HEALTHY } } peers { permanent_uuid: "b1f3512320ab4958a4a6eb54c4a1a412" member_type: VOTER last_known_addr { host: "127.16.52.194" port: 46783 } health_report { overall_health: UNKNOWN } } peers { permanent_uuid: "1f075ccc8c3c4abc941a48b0cfa742bc" member_type: VOTER last_known_addr { host: "127.16.52.195" port: 43813 } health_report { overall_health: UNKNOWN } } }
I20260709 12:12:08.650532 17942 raft_consensus.cc:359] T 177da04391ad4a159de15e3ddda501a7 P b1f3512320ab4958a4a6eb54c4a1a412 [term 0 FOLLOWER]: Replica starting. Triggering 0 pending ops. Active config: opid_index: -1 OBSOLETE_local: false peers { permanent_uuid: "9166408b4e8343fdb95191526cbc10e9" member_type: VOTER last_known_addr { host: "127.16.52.193" port: 41987 } } peers { permanent_uuid: "b1f3512320ab4958a4a6eb54c4a1a412" member_type: VOTER last_known_addr { host: "127.16.52.194" port: 46783 } } peers { permanent_uuid: "1f075ccc8c3c4abc941a48b0cfa742bc" member_type: VOTER last_known_addr { host: "127.16.52.195" port: 43813 } }
I20260709 12:12:08.651854 17942 raft_consensus.cc:385] T 177da04391ad4a159de15e3ddda501a7 P b1f3512320ab4958a4a6eb54c4a1a412 [term 0 FOLLOWER]: Consensus starting up: Expiring failure detector timer to make a prompt election more likely
I20260709 12:12:08.652199 17942 raft_consensus.cc:740] T 177da04391ad4a159de15e3ddda501a7 P b1f3512320ab4958a4a6eb54c4a1a412 [term 0 FOLLOWER]: Becoming Follower/Learner. State: Replica: b1f3512320ab4958a4a6eb54c4a1a412, State: Initialized, Role: FOLLOWER
I20260709 12:12:08.652793 17994 raft_consensus.cc:515] T 74b142b123904c96a84395960aeae7da P 9166408b4e8343fdb95191526cbc10e9 [term 1 FOLLOWER]: Starting leader election with config: opid_index: -1 OBSOLETE_local: false peers { permanent_uuid: "9166408b4e8343fdb95191526cbc10e9" member_type: VOTER last_known_addr { host: "127.16.52.193" port: 41987 } } peers { permanent_uuid: "b1f3512320ab4958a4a6eb54c4a1a412" member_type: VOTER last_known_addr { host: "127.16.52.194" port: 46783 } } peers { permanent_uuid: "1f075ccc8c3c4abc941a48b0cfa742bc" member_type: VOTER last_known_addr { host: "127.16.52.195" port: 43813 } }
I20260709 12:12:08.652917 17942 consensus_queue.cc:260] T 177da04391ad4a159de15e3ddda501a7 P b1f3512320ab4958a4a6eb54c4a1a412 [NON_LEADER]: Queue going to NON_LEADER mode. State: All replicated index: 0, Majority replicated index: 0, Committed index: 0, Last appended: 0.0, Last appended by leader: 0, Current term: 0, Majority size: -1, State: 0, Mode: NON_LEADER, active raft config: opid_index: -1 OBSOLETE_local: false peers { permanent_uuid: "9166408b4e8343fdb95191526cbc10e9" member_type: VOTER last_known_addr { host: "127.16.52.193" port: 41987 } } peers { permanent_uuid: "b1f3512320ab4958a4a6eb54c4a1a412" member_type: VOTER last_known_addr { host: "127.16.52.194" port: 46783 } } peers { permanent_uuid: "1f075ccc8c3c4abc941a48b0cfa742bc" member_type: VOTER last_known_addr { host: "127.16.52.195" port: 43813 } }
I20260709 12:12:08.655215 17942 ts_tablet_manager.cc:1434] T 177da04391ad4a159de15e3ddda501a7 P b1f3512320ab4958a4a6eb54c4a1a412: Time spent starting tablet: real 0.020s	user 0.005s	sys 0.000s
I20260709 12:12:08.655090 17897 tablet_service.cc:1917] Received RequestConsensusVote() RPC: tablet_id: "0934a620e3874c4bbb7e4ead1c356bed" candidate_uuid: "9166408b4e8343fdb95191526cbc10e9" candidate_term: 1 candidate_status { last_received { term: 0 index: 0 } } ignore_live_leader: false dest_uuid: "1f075ccc8c3c4abc941a48b0cfa742bc" is_pre_election: true
I20260709 12:12:08.655961 17897 raft_consensus.cc:2393] T 0934a620e3874c4bbb7e4ead1c356bed P 1f075ccc8c3c4abc941a48b0cfa742bc [term 1 FOLLOWER]: Leader pre-election vote request: Denying vote to candidate 9166408b4e8343fdb95191526cbc10e9 in current term 1: Already voted for candidate b1f3512320ab4958a4a6eb54c4a1a412 in this term.
I20260709 12:12:08.656247 17942 tablet_bootstrap.cc:492] T f8459c71e424427598f7f9adcb2686d2 P b1f3512320ab4958a4a6eb54c4a1a412: Bootstrap starting.
I20260709 12:12:08.656737 17898 tablet_service.cc:1917] Received RequestConsensusVote() RPC: tablet_id: "74b142b123904c96a84395960aeae7da" candidate_uuid: "9166408b4e8343fdb95191526cbc10e9" candidate_term: 1 candidate_status { last_received { term: 0 index: 0 } } ignore_live_leader: false dest_uuid: "1f075ccc8c3c4abc941a48b0cfa742bc"
W20260709 12:12:08.657245 17715 leader_election.cc:343] T 74b142b123904c96a84395960aeae7da P 9166408b4e8343fdb95191526cbc10e9 [CANDIDATE]: Term 1 pre-election: Tablet error from VoteRequest() call to peer b1f3512320ab4958a4a6eb54c4a1a412 (127.16.52.194:46783): Illegal state: must be running to vote when last-logged opid is not known
I20260709 12:12:08.657323 17898 raft_consensus.cc:3060] T 74b142b123904c96a84395960aeae7da P 1f075ccc8c3c4abc941a48b0cfa742bc [term 0 FOLLOWER]: Advancing to term 1
I20260709 12:12:08.660826 17939 ts_tablet_manager.cc:1434] T cdfdc1b879624cae9e06f1728f8614b0 P 1f075ccc8c3c4abc941a48b0cfa742bc: Time spent starting tablet: real 0.031s	user 0.009s	sys 0.000s
I20260709 12:12:08.662062 17939 tablet_bootstrap.cc:492] T 29f90ab0df0f47929908581bd4420204 P 1f075ccc8c3c4abc941a48b0cfa742bc: Bootstrap starting.
I20260709 12:12:08.660271 17994 leader_election.cc:290] T 74b142b123904c96a84395960aeae7da P 9166408b4e8343fdb95191526cbc10e9 [CANDIDATE]: Term 1 election: Requested vote from peers b1f3512320ab4958a4a6eb54c4a1a412 (127.16.52.194:46783), 1f075ccc8c3c4abc941a48b0cfa742bc (127.16.52.195:43813)
I20260709 12:12:08.676527 17715 leader_election.cc:304] T c5dc085b22094c21aa6ba271fd2c338f P 9166408b4e8343fdb95191526cbc10e9 [CANDIDATE]: Term 2 pre-election: Election decided. Result: candidate lost. Election summary: received 3 responses out of 3 voters: 1 yes votes; 2 no votes. yes voters: 9166408b4e8343fdb95191526cbc10e9; no voters: 1f075ccc8c3c4abc941a48b0cfa742bc, b1f3512320ab4958a4a6eb54c4a1a412
I20260709 12:12:08.685675 18109 raft_consensus.cc:2749] T c5dc085b22094c21aa6ba271fd2c338f P 9166408b4e8343fdb95191526cbc10e9 [term 1 FOLLOWER]: Leader pre-election lost for term 2. Reason: could not achieve majority
I20260709 12:12:08.693210 17898 raft_consensus.cc:2468] T 74b142b123904c96a84395960aeae7da P 1f075ccc8c3c4abc941a48b0cfa742bc [term 1 FOLLOWER]: Leader election vote request: Granting yes vote for candidate 9166408b4e8343fdb95191526cbc10e9 in term 1.
I20260709 12:12:08.695356 17714 leader_election.cc:304] T 74b142b123904c96a84395960aeae7da P 9166408b4e8343fdb95191526cbc10e9 [CANDIDATE]: Term 1 election: Election decided. Result: candidate won. Election summary: received 2 responses out of 3 voters: 2 yes votes; 0 no votes. yes voters: 1f075ccc8c3c4abc941a48b0cfa742bc, 9166408b4e8343fdb95191526cbc10e9; no voters: 
I20260709 12:12:08.699609 17648 catalog_manager.cc:5697] T 177da04391ad4a159de15e3ddda501a7 P 9166408b4e8343fdb95191526cbc10e9 reported cstate change: term changed from 0 to 1, leader changed from <none> to 9166408b4e8343fdb95191526cbc10e9 (127.16.52.193). New cstate: current_term: 1 leader_uuid: "9166408b4e8343fdb95191526cbc10e9" committed_config { opid_index: -1 OBSOLETE_local: false peers { permanent_uuid: "9166408b4e8343fdb95191526cbc10e9" member_type: VOTER last_known_addr { host: "127.16.52.193" port: 41987 } health_report { overall_health: HEALTHY } } peers { permanent_uuid: "b1f3512320ab4958a4a6eb54c4a1a412" member_type: VOTER last_known_addr { host: "127.16.52.194" port: 46783 } health_report { overall_health: UNKNOWN } } peers { permanent_uuid: "1f075ccc8c3c4abc941a48b0cfa742bc" member_type: VOTER last_known_addr { host: "127.16.52.195" port: 43813 } health_report { overall_health: UNKNOWN } } }
I20260709 12:12:08.701802 17823 tablet_service.cc:1917] Received RequestConsensusVote() RPC: tablet_id: "74b142b123904c96a84395960aeae7da" candidate_uuid: "9166408b4e8343fdb95191526cbc10e9" candidate_term: 1 candidate_status { last_received { term: 0 index: 0 } } ignore_live_leader: false dest_uuid: "b1f3512320ab4958a4a6eb54c4a1a412"
I20260709 12:12:08.699939 17994 raft_consensus.cc:2804] T 74b142b123904c96a84395960aeae7da P 9166408b4e8343fdb95191526cbc10e9 [term 1 FOLLOWER]: Leader election won for term 1
I20260709 12:12:08.702818 17994 raft_consensus.cc:697] T 74b142b123904c96a84395960aeae7da P 9166408b4e8343fdb95191526cbc10e9 [term 1 LEADER]: Becoming Leader. State: Replica: 9166408b4e8343fdb95191526cbc10e9, State: Running, Role: LEADER
I20260709 12:12:08.703653 17994 consensus_queue.cc:237] T 74b142b123904c96a84395960aeae7da P 9166408b4e8343fdb95191526cbc10e9 [LEADER]: Queue going to LEADER mode. State: All replicated index: 0, Majority replicated index: 0, Committed index: 0, Last appended: 0.0, Last appended by leader: 0, Current term: 1, Majority size: 2, State: 0, Mode: LEADER, active raft config: opid_index: -1 OBSOLETE_local: false peers { permanent_uuid: "9166408b4e8343fdb95191526cbc10e9" member_type: VOTER last_known_addr { host: "127.16.52.193" port: 41987 } } peers { permanent_uuid: "b1f3512320ab4958a4a6eb54c4a1a412" member_type: VOTER last_known_addr { host: "127.16.52.194" port: 46783 } } peers { permanent_uuid: "1f075ccc8c3c4abc941a48b0cfa742bc" member_type: VOTER last_known_addr { host: "127.16.52.195" port: 43813 } }
I20260709 12:12:08.704173 17824 tablet_service.cc:1917] Received RequestConsensusVote() RPC: tablet_id: "0934a620e3874c4bbb7e4ead1c356bed" candidate_uuid: "9166408b4e8343fdb95191526cbc10e9" candidate_term: 1 candidate_status { last_received { term: 0 index: 0 } } ignore_live_leader: false dest_uuid: "b1f3512320ab4958a4a6eb54c4a1a412" is_pre_election: true
W20260709 12:12:08.715683 17715 leader_election.cc:343] T 74b142b123904c96a84395960aeae7da P 9166408b4e8343fdb95191526cbc10e9 [CANDIDATE]: Term 1 election: Tablet error from VoteRequest() call to peer b1f3512320ab4958a4a6eb54c4a1a412 (127.16.52.194:46783): Illegal state: must be running to vote when last-logged opid is not known
I20260709 12:12:08.715791 18038 raft_consensus.cc:493] T 177da04391ad4a159de15e3ddda501a7 P b1f3512320ab4958a4a6eb54c4a1a412 [term 0 FOLLOWER]: Starting pre-election (no leader contacted us within the election timeout)
I20260709 12:12:08.716362 18038 raft_consensus.cc:515] T 177da04391ad4a159de15e3ddda501a7 P b1f3512320ab4958a4a6eb54c4a1a412 [term 0 FOLLOWER]: Starting pre-election with config: opid_index: -1 OBSOLETE_local: false peers { permanent_uuid: "9166408b4e8343fdb95191526cbc10e9" member_type: VOTER last_known_addr { host: "127.16.52.193" port: 41987 } } peers { permanent_uuid: "b1f3512320ab4958a4a6eb54c4a1a412" member_type: VOTER last_known_addr { host: "127.16.52.194" port: 46783 } } peers { permanent_uuid: "1f075ccc8c3c4abc941a48b0cfa742bc" member_type: VOTER last_known_addr { host: "127.16.52.195" port: 43813 } }
I20260709 12:12:08.717713 17939 tablet_bootstrap.cc:654] T 29f90ab0df0f47929908581bd4420204 P 1f075ccc8c3c4abc941a48b0cfa742bc: Neither blocks nor log segments found. Creating new log.
I20260709 12:12:08.718319 17940 tablet_bootstrap.cc:654] T cdfdc1b879624cae9e06f1728f8614b0 P 9166408b4e8343fdb95191526cbc10e9: Neither blocks nor log segments found. Creating new log.
I20260709 12:12:08.718381 18038 leader_election.cc:290] T 177da04391ad4a159de15e3ddda501a7 P b1f3512320ab4958a4a6eb54c4a1a412 [CANDIDATE]: Term 1 pre-election: Requested pre-vote from peers 9166408b4e8343fdb95191526cbc10e9 (127.16.52.193:41987), 1f075ccc8c3c4abc941a48b0cfa742bc (127.16.52.195:43813)
I20260709 12:12:08.741462 17942 tablet_bootstrap.cc:654] T f8459c71e424427598f7f9adcb2686d2 P b1f3512320ab4958a4a6eb54c4a1a412: Neither blocks nor log segments found. Creating new log.
I20260709 12:12:08.724443 18079 raft_consensus.cc:493] T cdfdc1b879624cae9e06f1728f8614b0 P 1f075ccc8c3c4abc941a48b0cfa742bc [term 0 FOLLOWER]: Starting pre-election (no leader contacted us within the election timeout)
I20260709 12:12:08.724740 17898 tablet_service.cc:1917] Received RequestConsensusVote() RPC: tablet_id: "177da04391ad4a159de15e3ddda501a7" candidate_uuid: "b1f3512320ab4958a4a6eb54c4a1a412" candidate_term: 1 candidate_status { last_received { term: 0 index: 0 } } ignore_live_leader: false dest_uuid: "1f075ccc8c3c4abc941a48b0cfa742bc" is_pre_election: true
I20260709 12:12:08.743726 17898 raft_consensus.cc:2393] T 177da04391ad4a159de15e3ddda501a7 P 1f075ccc8c3c4abc941a48b0cfa742bc [term 1 FOLLOWER]: Leader pre-election vote request: Denying vote to candidate b1f3512320ab4958a4a6eb54c4a1a412 in current term 1: Already voted for candidate 9166408b4e8343fdb95191526cbc10e9 in this term.
I20260709 12:12:08.743180 18079 raft_consensus.cc:515] T cdfdc1b879624cae9e06f1728f8614b0 P 1f075ccc8c3c4abc941a48b0cfa742bc [term 0 FOLLOWER]: Starting pre-election with config: opid_index: -1 OBSOLETE_local: false peers { permanent_uuid: "9166408b4e8343fdb95191526cbc10e9" member_type: VOTER last_known_addr { host: "127.16.52.193" port: 41987 } } peers { permanent_uuid: "b1f3512320ab4958a4a6eb54c4a1a412" member_type: VOTER last_known_addr { host: "127.16.52.194" port: 46783 } } peers { permanent_uuid: "1f075ccc8c3c4abc941a48b0cfa742bc" member_type: VOTER last_known_addr { host: "127.16.52.195" port: 43813 } }
I20260709 12:12:08.744621 17715 leader_election.cc:304] T 0934a620e3874c4bbb7e4ead1c356bed P 9166408b4e8343fdb95191526cbc10e9 [CANDIDATE]: Term 1 pre-election: Election decided. Result: candidate lost. Election summary: received 3 responses out of 3 voters: 1 yes votes; 2 no votes. yes voters: 9166408b4e8343fdb95191526cbc10e9; no voters: 1f075ccc8c3c4abc941a48b0cfa742bc, b1f3512320ab4958a4a6eb54c4a1a412
I20260709 12:12:08.745399 17994 raft_consensus.cc:3060] T 0934a620e3874c4bbb7e4ead1c356bed P 9166408b4e8343fdb95191526cbc10e9 [term 0 FOLLOWER]: Advancing to term 1
I20260709 12:12:08.746259 18079 leader_election.cc:290] T cdfdc1b879624cae9e06f1728f8614b0 P 1f075ccc8c3c4abc941a48b0cfa742bc [CANDIDATE]: Term 1 pre-election: Requested pre-vote from peers 9166408b4e8343fdb95191526cbc10e9 (127.16.52.193:41987), b1f3512320ab4958a4a6eb54c4a1a412 (127.16.52.194:46783)
I20260709 12:12:08.748732 17822 tablet_service.cc:1917] Received RequestConsensusVote() RPC: tablet_id: "cdfdc1b879624cae9e06f1728f8614b0" candidate_uuid: "1f075ccc8c3c4abc941a48b0cfa742bc" candidate_term: 1 candidate_status { last_received { term: 0 index: 0 } } ignore_live_leader: false dest_uuid: "b1f3512320ab4958a4a6eb54c4a1a412" is_pre_election: true
I20260709 12:12:08.749229 17748 tablet_service.cc:1917] Received RequestConsensusVote() RPC: tablet_id: "cdfdc1b879624cae9e06f1728f8614b0" candidate_uuid: "1f075ccc8c3c4abc941a48b0cfa742bc" candidate_term: 1 candidate_status { last_received { term: 0 index: 0 } } ignore_live_leader: false dest_uuid: "9166408b4e8343fdb95191526cbc10e9" is_pre_election: true
W20260709 12:12:08.754539 17864 leader_election.cc:343] T cdfdc1b879624cae9e06f1728f8614b0 P 1f075ccc8c3c4abc941a48b0cfa742bc [CANDIDATE]: Term 1 pre-election: Tablet error from VoteRequest() call to peer b1f3512320ab4958a4a6eb54c4a1a412 (127.16.52.194:46783): Illegal state: must be running to vote when last-logged opid is not known
W20260709 12:12:08.756601 17862 leader_election.cc:343] T cdfdc1b879624cae9e06f1728f8614b0 P 1f075ccc8c3c4abc941a48b0cfa742bc [CANDIDATE]: Term 1 pre-election: Tablet error from VoteRequest() call to peer 9166408b4e8343fdb95191526cbc10e9 (127.16.52.193:41987): Illegal state: must be running to vote when last-logged opid is not known
I20260709 12:12:08.757211 17862 leader_election.cc:304] T cdfdc1b879624cae9e06f1728f8614b0 P 1f075ccc8c3c4abc941a48b0cfa742bc [CANDIDATE]: Term 1 pre-election: Election decided. Result: candidate lost. Election summary: received 3 responses out of 3 voters: 1 yes votes; 2 no votes. yes voters: 1f075ccc8c3c4abc941a48b0cfa742bc; no voters: 9166408b4e8343fdb95191526cbc10e9, b1f3512320ab4958a4a6eb54c4a1a412
I20260709 12:12:08.759766 18080 raft_consensus.cc:2749] T cdfdc1b879624cae9e06f1728f8614b0 P 1f075ccc8c3c4abc941a48b0cfa742bc [term 0 FOLLOWER]: Leader pre-election lost for term 1. Reason: could not achieve majority
I20260709 12:12:08.755285 17648 catalog_manager.cc:5697] T 74b142b123904c96a84395960aeae7da P 9166408b4e8343fdb95191526cbc10e9 reported cstate change: term changed from 0 to 1, leader changed from <none> to 9166408b4e8343fdb95191526cbc10e9 (127.16.52.193). New cstate: current_term: 1 leader_uuid: "9166408b4e8343fdb95191526cbc10e9" committed_config { opid_index: -1 OBSOLETE_local: false peers { permanent_uuid: "9166408b4e8343fdb95191526cbc10e9" member_type: VOTER last_known_addr { host: "127.16.52.193" port: 41987 } health_report { overall_health: HEALTHY } } peers { permanent_uuid: "b1f3512320ab4958a4a6eb54c4a1a412" member_type: VOTER last_known_addr { host: "127.16.52.194" port: 46783 } health_report { overall_health: UNKNOWN } } peers { permanent_uuid: "1f075ccc8c3c4abc941a48b0cfa742bc" member_type: VOTER last_known_addr { host: "127.16.52.195" port: 43813 } health_report { overall_health: UNKNOWN } } }
I20260709 12:12:08.761200 18140 consensus_queue.cc:1048] T f8459c71e424427598f7f9adcb2686d2 P 9166408b4e8343fdb95191526cbc10e9 [LEADER]: Connected to new peer: Peer: permanent_uuid: "1f075ccc8c3c4abc941a48b0cfa742bc" member_type: VOTER last_known_addr { host: "127.16.52.195" port: 43813 }, Status: LMP_MISMATCH, Last received: 0.0, Next index: 1, Last known committed idx: 0, Time since last communication: 0.001s
I20260709 12:12:08.751139 17748 tablet_service.cc:1917] Received RequestConsensusVote() RPC: tablet_id: "177da04391ad4a159de15e3ddda501a7" candidate_uuid: "b1f3512320ab4958a4a6eb54c4a1a412" candidate_term: 1 candidate_status { last_received { term: 0 index: 0 } } ignore_live_leader: false dest_uuid: "9166408b4e8343fdb95191526cbc10e9" is_pre_election: true
I20260709 12:12:08.763250 18080 raft_consensus.cc:493] T 37cc70e1927a48768061af61190a22c8 P 1f075ccc8c3c4abc941a48b0cfa742bc [term 0 FOLLOWER]: Starting pre-election (no leader contacted us within the election timeout)
I20260709 12:12:08.765551 18080 raft_consensus.cc:515] T 37cc70e1927a48768061af61190a22c8 P 1f075ccc8c3c4abc941a48b0cfa742bc [term 0 FOLLOWER]: Starting pre-election with config: opid_index: -1 OBSOLETE_local: false peers { permanent_uuid: "9166408b4e8343fdb95191526cbc10e9" member_type: VOTER last_known_addr { host: "127.16.52.193" port: 41987 } } peers { permanent_uuid: "b1f3512320ab4958a4a6eb54c4a1a412" member_type: VOTER last_known_addr { host: "127.16.52.194" port: 46783 } } peers { permanent_uuid: "1f075ccc8c3c4abc941a48b0cfa742bc" member_type: VOTER last_known_addr { host: "127.16.52.195" port: 43813 } }
I20260709 12:12:08.766827 17942 tablet_bootstrap.cc:492] T f8459c71e424427598f7f9adcb2686d2 P b1f3512320ab4958a4a6eb54c4a1a412: No bootstrap required, opened a new log
I20260709 12:12:08.767346 17942 ts_tablet_manager.cc:1403] T f8459c71e424427598f7f9adcb2686d2 P b1f3512320ab4958a4a6eb54c4a1a412: Time spent bootstrapping tablet: real 0.111s	user 0.010s	sys 0.003s
I20260709 12:12:08.767529 18080 leader_election.cc:290] T 37cc70e1927a48768061af61190a22c8 P 1f075ccc8c3c4abc941a48b0cfa742bc [CANDIDATE]: Term 1 pre-election: Requested pre-vote from peers 9166408b4e8343fdb95191526cbc10e9 (127.16.52.193:41987), b1f3512320ab4958a4a6eb54c4a1a412 (127.16.52.194:46783)
I20260709 12:12:08.769431 17822 tablet_service.cc:1917] Received RequestConsensusVote() RPC: tablet_id: "37cc70e1927a48768061af61190a22c8" candidate_uuid: "1f075ccc8c3c4abc941a48b0cfa742bc" candidate_term: 1 candidate_status { last_received { term: 0 index: 0 } } ignore_live_leader: false dest_uuid: "b1f3512320ab4958a4a6eb54c4a1a412" is_pre_election: true
W20260709 12:12:08.778465 17864 leader_election.cc:343] T 37cc70e1927a48768061af61190a22c8 P 1f075ccc8c3c4abc941a48b0cfa742bc [CANDIDATE]: Term 1 pre-election: Tablet error from VoteRequest() call to peer b1f3512320ab4958a4a6eb54c4a1a412 (127.16.52.194:46783): Illegal state: must be running to vote when last-logged opid is not known
I20260709 12:12:08.825650 17940 tablet_bootstrap.cc:492] T cdfdc1b879624cae9e06f1728f8614b0 P 9166408b4e8343fdb95191526cbc10e9: No bootstrap required, opened a new log
I20260709 12:12:08.826486 17940 ts_tablet_manager.cc:1403] T cdfdc1b879624cae9e06f1728f8614b0 P 9166408b4e8343fdb95191526cbc10e9: Time spent bootstrapping tablet: real 0.236s	user 0.026s	sys 0.021s
I20260709 12:12:08.828518 17939 tablet_bootstrap.cc:492] T 29f90ab0df0f47929908581bd4420204 P 1f075ccc8c3c4abc941a48b0cfa742bc: No bootstrap required, opened a new log
I20260709 12:12:08.828969 17939 ts_tablet_manager.cc:1403] T 29f90ab0df0f47929908581bd4420204 P 1f075ccc8c3c4abc941a48b0cfa742bc: Time spent bootstrapping tablet: real 0.167s	user 0.020s	sys 0.019s
I20260709 12:12:08.831184 17788 leader_election.cc:304] T 177da04391ad4a159de15e3ddda501a7 P b1f3512320ab4958a4a6eb54c4a1a412 [CANDIDATE]: Term 1 pre-election: Election decided. Result: candidate lost. Election summary: received 3 responses out of 3 voters: 1 yes votes; 2 no votes. yes voters: b1f3512320ab4958a4a6eb54c4a1a412; no voters: 1f075ccc8c3c4abc941a48b0cfa742bc, 9166408b4e8343fdb95191526cbc10e9
I20260709 12:12:08.835340 17994 raft_consensus.cc:2749] T 0934a620e3874c4bbb7e4ead1c356bed P 9166408b4e8343fdb95191526cbc10e9 [term 1 FOLLOWER]: Leader pre-election lost for term 1. Reason: could not achieve majority
I20260709 12:12:08.836252 17942 raft_consensus.cc:359] T f8459c71e424427598f7f9adcb2686d2 P b1f3512320ab4958a4a6eb54c4a1a412 [term 0 FOLLOWER]: Replica starting. Triggering 0 pending ops. Active config: opid_index: -1 OBSOLETE_local: false peers { permanent_uuid: "9166408b4e8343fdb95191526cbc10e9" member_type: VOTER last_known_addr { host: "127.16.52.193" port: 41987 } } peers { permanent_uuid: "b1f3512320ab4958a4a6eb54c4a1a412" member_type: VOTER last_known_addr { host: "127.16.52.194" port: 46783 } } peers { permanent_uuid: "1f075ccc8c3c4abc941a48b0cfa742bc" member_type: VOTER last_known_addr { host: "127.16.52.195" port: 43813 } }
I20260709 12:12:08.837050 17942 raft_consensus.cc:385] T f8459c71e424427598f7f9adcb2686d2 P b1f3512320ab4958a4a6eb54c4a1a412 [term 0 FOLLOWER]: Consensus starting up: Expiring failure detector timer to make a prompt election more likely
I20260709 12:12:08.837399 17942 raft_consensus.cc:740] T f8459c71e424427598f7f9adcb2686d2 P b1f3512320ab4958a4a6eb54c4a1a412 [term 0 FOLLOWER]: Becoming Follower/Learner. State: Replica: b1f3512320ab4958a4a6eb54c4a1a412, State: Initialized, Role: FOLLOWER
I20260709 12:12:08.838147 17942 consensus_queue.cc:260] T f8459c71e424427598f7f9adcb2686d2 P b1f3512320ab4958a4a6eb54c4a1a412 [NON_LEADER]: Queue going to NON_LEADER mode. State: All replicated index: 0, Majority replicated index: 0, Committed index: 0, Last appended: 0.0, Last appended by leader: 0, Current term: 0, Majority size: -1, State: 0, Mode: NON_LEADER, active raft config: opid_index: -1 OBSOLETE_local: false peers { permanent_uuid: "9166408b4e8343fdb95191526cbc10e9" member_type: VOTER last_known_addr { host: "127.16.52.193" port: 41987 } } peers { permanent_uuid: "b1f3512320ab4958a4a6eb54c4a1a412" member_type: VOTER last_known_addr { host: "127.16.52.194" port: 46783 } } peers { permanent_uuid: "1f075ccc8c3c4abc941a48b0cfa742bc" member_type: VOTER last_known_addr { host: "127.16.52.195" port: 43813 } }
I20260709 12:12:08.841012 17748 tablet_service.cc:1917] Received RequestConsensusVote() RPC: tablet_id: "37cc70e1927a48768061af61190a22c8" candidate_uuid: "1f075ccc8c3c4abc941a48b0cfa742bc" candidate_term: 1 candidate_status { last_received { term: 0 index: 0 } } ignore_live_leader: false dest_uuid: "9166408b4e8343fdb95191526cbc10e9" is_pre_election: true
I20260709 12:12:08.841675 17748 raft_consensus.cc:2468] T 37cc70e1927a48768061af61190a22c8 P 9166408b4e8343fdb95191526cbc10e9 [term 0 FOLLOWER]: Leader pre-election vote request: Granting yes vote for candidate 1f075ccc8c3c4abc941a48b0cfa742bc in term 0.
I20260709 12:12:08.844259 17862 leader_election.cc:304] T 37cc70e1927a48768061af61190a22c8 P 1f075ccc8c3c4abc941a48b0cfa742bc [CANDIDATE]: Term 1 pre-election: Election decided. Result: candidate won. Election summary: received 3 responses out of 3 voters: 2 yes votes; 1 no votes. yes voters: 1f075ccc8c3c4abc941a48b0cfa742bc, 9166408b4e8343fdb95191526cbc10e9; no voters: b1f3512320ab4958a4a6eb54c4a1a412
I20260709 12:12:08.845414 18079 raft_consensus.cc:2804] T 37cc70e1927a48768061af61190a22c8 P 1f075ccc8c3c4abc941a48b0cfa742bc [term 0 FOLLOWER]: Leader pre-election won for term 1
I20260709 12:12:08.844519 17994 consensus_queue.cc:1048] T e913f6dfdad24a6684856a75d1a5978f P 9166408b4e8343fdb95191526cbc10e9 [LEADER]: Connected to new peer: Peer: permanent_uuid: "1f075ccc8c3c4abc941a48b0cfa742bc" member_type: VOTER last_known_addr { host: "127.16.52.195" port: 43813 }, Status: LMP_MISMATCH, Last received: 0.0, Next index: 1, Last known committed idx: 0, Time since last communication: 0.002s
I20260709 12:12:08.845873 18079 raft_consensus.cc:493] T 37cc70e1927a48768061af61190a22c8 P 1f075ccc8c3c4abc941a48b0cfa742bc [term 0 FOLLOWER]: Starting leader election (no leader contacted us within the election timeout)
I20260709 12:12:08.854344 18079 raft_consensus.cc:3060] T 37cc70e1927a48768061af61190a22c8 P 1f075ccc8c3c4abc941a48b0cfa742bc [term 0 FOLLOWER]: Advancing to term 1
I20260709 12:12:08.849084 17940 raft_consensus.cc:359] T cdfdc1b879624cae9e06f1728f8614b0 P 9166408b4e8343fdb95191526cbc10e9 [term 0 FOLLOWER]: Replica starting. Triggering 0 pending ops. Active config: opid_index: -1 OBSOLETE_local: false peers { permanent_uuid: "9166408b4e8343fdb95191526cbc10e9" member_type: VOTER last_known_addr { host: "127.16.52.193" port: 41987 } } peers { permanent_uuid: "b1f3512320ab4958a4a6eb54c4a1a412" member_type: VOTER last_known_addr { host: "127.16.52.194" port: 46783 } } peers { permanent_uuid: "1f075ccc8c3c4abc941a48b0cfa742bc" member_type: VOTER last_known_addr { host: "127.16.52.195" port: 43813 } }
I20260709 12:12:08.849444 17967 raft_consensus.cc:3060] T 177da04391ad4a159de15e3ddda501a7 P b1f3512320ab4958a4a6eb54c4a1a412 [term 0 FOLLOWER]: Advancing to term 1
I20260709 12:12:08.858804 17940 raft_consensus.cc:385] T cdfdc1b879624cae9e06f1728f8614b0 P 9166408b4e8343fdb95191526cbc10e9 [term 0 FOLLOWER]: Consensus starting up: Expiring failure detector timer to make a prompt election more likely
I20260709 12:12:08.859227 17940 raft_consensus.cc:740] T cdfdc1b879624cae9e06f1728f8614b0 P 9166408b4e8343fdb95191526cbc10e9 [term 0 FOLLOWER]: Becoming Follower/Learner. State: Replica: 9166408b4e8343fdb95191526cbc10e9, State: Initialized, Role: FOLLOWER
I20260709 12:12:08.859512 17942 ts_tablet_manager.cc:1434] T f8459c71e424427598f7f9adcb2686d2 P b1f3512320ab4958a4a6eb54c4a1a412: Time spent starting tablet: real 0.092s	user 0.007s	sys 0.002s
I20260709 12:12:08.860457 17942 tablet_bootstrap.cc:492] T cdfdc1b879624cae9e06f1728f8614b0 P b1f3512320ab4958a4a6eb54c4a1a412: Bootstrap starting.
I20260709 12:12:08.858850 18109 consensus_queue.cc:1048] T e913f6dfdad24a6684856a75d1a5978f P 9166408b4e8343fdb95191526cbc10e9 [LEADER]: Connected to new peer: Peer: permanent_uuid: "b1f3512320ab4958a4a6eb54c4a1a412" member_type: VOTER last_known_addr { host: "127.16.52.194" port: 46783 }, Status: LMP_MISMATCH, Last received: 0.0, Next index: 1, Last known committed idx: 0, Time since last communication: 0.006s
I20260709 12:12:08.865789 17990 consensus_queue.cc:1048] T 0934a620e3874c4bbb7e4ead1c356bed P b1f3512320ab4958a4a6eb54c4a1a412 [LEADER]: Connected to new peer: Peer: permanent_uuid: "9166408b4e8343fdb95191526cbc10e9" member_type: VOTER last_known_addr { host: "127.16.52.193" port: 41987 }, Status: LMP_MISMATCH, Last received: 0.0, Next index: 1, Last known committed idx: 0, Time since last communication: 0.000s
I20260709 12:12:08.864082 17940 consensus_queue.cc:260] T cdfdc1b879624cae9e06f1728f8614b0 P 9166408b4e8343fdb95191526cbc10e9 [NON_LEADER]: Queue going to NON_LEADER mode. State: All replicated index: 0, Majority replicated index: 0, Committed index: 0, Last appended: 0.0, Last appended by leader: 0, Current term: 0, Majority size: -1, State: 0, Mode: NON_LEADER, active raft config: opid_index: -1 OBSOLETE_local: false peers { permanent_uuid: "9166408b4e8343fdb95191526cbc10e9" member_type: VOTER last_known_addr { host: "127.16.52.193" port: 41987 } } peers { permanent_uuid: "b1f3512320ab4958a4a6eb54c4a1a412" member_type: VOTER last_known_addr { host: "127.16.52.194" port: 46783 } } peers { permanent_uuid: "1f075ccc8c3c4abc941a48b0cfa742bc" member_type: VOTER last_known_addr { host: "127.16.52.195" port: 43813 } }
I20260709 12:12:08.872927 17939 raft_consensus.cc:359] T 29f90ab0df0f47929908581bd4420204 P 1f075ccc8c3c4abc941a48b0cfa742bc [term 0 FOLLOWER]: Replica starting. Triggering 0 pending ops. Active config: opid_index: -1 OBSOLETE_local: false peers { permanent_uuid: "9166408b4e8343fdb95191526cbc10e9" member_type: VOTER last_known_addr { host: "127.16.52.193" port: 41987 } } peers { permanent_uuid: "b1f3512320ab4958a4a6eb54c4a1a412" member_type: VOTER last_known_addr { host: "127.16.52.194" port: 46783 } } peers { permanent_uuid: "1f075ccc8c3c4abc941a48b0cfa742bc" member_type: VOTER last_known_addr { host: "127.16.52.195" port: 43813 } }
I20260709 12:12:08.873622 17939 raft_consensus.cc:385] T 29f90ab0df0f47929908581bd4420204 P 1f075ccc8c3c4abc941a48b0cfa742bc [term 0 FOLLOWER]: Consensus starting up: Expiring failure detector timer to make a prompt election more likely
I20260709 12:12:08.873842 17939 raft_consensus.cc:740] T 29f90ab0df0f47929908581bd4420204 P 1f075ccc8c3c4abc941a48b0cfa742bc [term 0 FOLLOWER]: Becoming Follower/Learner. State: Replica: 1f075ccc8c3c4abc941a48b0cfa742bc, State: Initialized, Role: FOLLOWER
I20260709 12:12:08.874377 17939 consensus_queue.cc:260] T 29f90ab0df0f47929908581bd4420204 P 1f075ccc8c3c4abc941a48b0cfa742bc [NON_LEADER]: Queue going to NON_LEADER mode. State: All replicated index: 0, Majority replicated index: 0, Committed index: 0, Last appended: 0.0, Last appended by leader: 0, Current term: 0, Majority size: -1, State: 0, Mode: NON_LEADER, active raft config: opid_index: -1 OBSOLETE_local: false peers { permanent_uuid: "9166408b4e8343fdb95191526cbc10e9" member_type: VOTER last_known_addr { host: "127.16.52.193" port: 41987 } } peers { permanent_uuid: "b1f3512320ab4958a4a6eb54c4a1a412" member_type: VOTER last_known_addr { host: "127.16.52.194" port: 46783 } } peers { permanent_uuid: "1f075ccc8c3c4abc941a48b0cfa742bc" member_type: VOTER last_known_addr { host: "127.16.52.195" port: 43813 } }
I20260709 12:12:08.882217 17940 ts_tablet_manager.cc:1434] T cdfdc1b879624cae9e06f1728f8614b0 P 9166408b4e8343fdb95191526cbc10e9: Time spent starting tablet: real 0.055s	user 0.006s	sys 0.000s
I20260709 12:12:08.883040 17940 tablet_bootstrap.cc:492] T 0797e260a91e4c5bb4aec843984f17d4 P 9166408b4e8343fdb95191526cbc10e9: Bootstrap starting.
I20260709 12:12:08.883787 17939 ts_tablet_manager.cc:1434] T 29f90ab0df0f47929908581bd4420204 P 1f075ccc8c3c4abc941a48b0cfa742bc: Time spent starting tablet: real 0.055s	user 0.004s	sys 0.002s
I20260709 12:12:08.884593 17939 tablet_bootstrap.cc:492] T a017000b8fc642278add7007ebc7b157 P 1f075ccc8c3c4abc941a48b0cfa742bc: Bootstrap starting.
I20260709 12:12:08.872442 17967 raft_consensus.cc:2749] T 177da04391ad4a159de15e3ddda501a7 P b1f3512320ab4958a4a6eb54c4a1a412 [term 1 FOLLOWER]: Leader pre-election lost for term 1. Reason: could not achieve majority
I20260709 12:12:08.903400 17825 raft_consensus.cc:3060] T f8459c71e424427598f7f9adcb2686d2 P b1f3512320ab4958a4a6eb54c4a1a412 [term 0 FOLLOWER]: Advancing to term 1
