I20260709 12:09:19.688477 30669 raft_consensus.cc:2804] T 4aa234b65ef746ebbcd6afb3036c0338 P 6403f19d1bc944fc9bb2408a4c5cebcd [term 1 FOLLOWER]: Leader election won for term 1
I20260709 12:09:19.689078 30669 raft_consensus.cc:697] T 4aa234b65ef746ebbcd6afb3036c0338 P 6403f19d1bc944fc9bb2408a4c5cebcd [term 1 LEADER]: Becoming Leader. State: Replica: 6403f19d1bc944fc9bb2408a4c5cebcd, State: Running, Role: LEADER
I20260709 12:09:19.690325 30492 tablet_service.cc:1917] Received RequestConsensusVote() RPC: tablet_id: "f7cce698775549068fede9bbc375eaae" candidate_uuid: "f59cee711d3b42a1a6e437098f2bcc97" candidate_term: 1 candidate_status { last_received { term: 0 index: 0 } } ignore_live_leader: false dest_uuid: "193df7278f7845648ec056780d6d29e7" is_pre_election: true
I20260709 12:09:19.690039 30669 consensus_queue.cc:237] T 4aa234b65ef746ebbcd6afb3036c0338 P 6403f19d1bc944fc9bb2408a4c5cebcd [LEADER]: Queue going to LEADER mode. State: All replicated index: 0, Majority replicated index: 0, Committed index: 0, Last appended: 0.0, Last appended by leader: 0, Current term: 1, Majority size: 2, State: 0, Mode: LEADER, active raft config: opid_index: -1 OBSOLETE_local: false peers { permanent_uuid: "f59cee711d3b42a1a6e437098f2bcc97" member_type: VOTER last_known_addr { host: "127.28.133.65" port: 43085 } } peers { permanent_uuid: "193df7278f7845648ec056780d6d29e7" member_type: VOTER last_known_addr { host: "127.28.133.66" port: 36395 } } peers { permanent_uuid: "6403f19d1bc944fc9bb2408a4c5cebcd" member_type: VOTER last_known_addr { host: "127.28.133.67" port: 32879 } }
I20260709 12:09:19.692134 30416 raft_consensus.cc:2468] T b54b16c334ee455f8126527bc47f2051 P f59cee711d3b42a1a6e437098f2bcc97 [term 1 FOLLOWER]: Leader election vote request: Granting yes vote for candidate 193df7278f7845648ec056780d6d29e7 in term 1.
I20260709 12:09:19.691046 30492 raft_consensus.cc:2468] T f7cce698775549068fede9bbc375eaae P 193df7278f7845648ec056780d6d29e7 [term 0 FOLLOWER]: Leader pre-election vote request: Granting yes vote for candidate f59cee711d3b42a1a6e437098f2bcc97 in term 0.
I20260709 12:09:19.692756 30491 raft_consensus.cc:2468] T 4aa234b65ef746ebbcd6afb3036c0338 P 193df7278f7845648ec056780d6d29e7 [term 1 FOLLOWER]: Leader election vote request: Granting yes vote for candidate 6403f19d1bc944fc9bb2408a4c5cebcd in term 1.
I20260709 12:09:19.693558 30384 leader_election.cc:304] T f7cce698775549068fede9bbc375eaae P f59cee711d3b42a1a6e437098f2bcc97 [CANDIDATE]: Term 1 pre-election: Election decided. Result: candidate won. Election summary: received 2 responses out of 3 voters: 2 yes votes; 0 no votes. yes voters: 193df7278f7845648ec056780d6d29e7, f59cee711d3b42a1a6e437098f2bcc97; no voters: 
I20260709 12:09:19.693747 30459 leader_election.cc:304] T b54b16c334ee455f8126527bc47f2051 P 193df7278f7845648ec056780d6d29e7 [CANDIDATE]: Term 1 election: Election decided. Result: candidate won. Election summary: received 2 responses out of 3 voters: 2 yes votes; 0 no votes. yes voters: 193df7278f7845648ec056780d6d29e7, f59cee711d3b42a1a6e437098f2bcc97; no voters: 
I20260709 12:09:19.694425 30688 raft_consensus.cc:2804] T f7cce698775549068fede9bbc375eaae P f59cee711d3b42a1a6e437098f2bcc97 [term 0 FOLLOWER]: Leader pre-election won for term 1
I20260709 12:09:19.694820 30688 raft_consensus.cc:493] T f7cce698775549068fede9bbc375eaae P f59cee711d3b42a1a6e437098f2bcc97 [term 0 FOLLOWER]: Starting leader election (no leader contacted us within the election timeout)
I20260709 12:09:19.695189 30688 raft_consensus.cc:3060] T f7cce698775549068fede9bbc375eaae P f59cee711d3b42a1a6e437098f2bcc97 [term 0 FOLLOWER]: Advancing to term 1
I20260709 12:09:19.699859 30643 raft_consensus.cc:2804] T b54b16c334ee455f8126527bc47f2051 P 193df7278f7845648ec056780d6d29e7 [term 1 FOLLOWER]: Leader election won for term 1
I20260709 12:09:19.701581 30643 raft_consensus.cc:697] T b54b16c334ee455f8126527bc47f2051 P 193df7278f7845648ec056780d6d29e7 [term 1 LEADER]: Becoming Leader. State: Replica: 193df7278f7845648ec056780d6d29e7, State: Running, Role: LEADER
I20260709 12:09:19.702481 30643 consensus_queue.cc:237] T b54b16c334ee455f8126527bc47f2051 P 193df7278f7845648ec056780d6d29e7 [LEADER]: Queue going to LEADER mode. State: All replicated index: 0, Majority replicated index: 0, Committed index: 0, Last appended: 0.0, Last appended by leader: 0, Current term: 1, Majority size: 2, State: 0, Mode: LEADER, active raft config: opid_index: -1 OBSOLETE_local: false peers { permanent_uuid: "f59cee711d3b42a1a6e437098f2bcc97" member_type: VOTER last_known_addr { host: "127.28.133.65" port: 43085 } } peers { permanent_uuid: "193df7278f7845648ec056780d6d29e7" member_type: VOTER last_known_addr { host: "127.28.133.66" port: 36395 } } peers { permanent_uuid: "6403f19d1bc944fc9bb2408a4c5cebcd" member_type: VOTER last_known_addr { host: "127.28.133.67" port: 32879 } }
I20260709 12:09:19.703822 30567 raft_consensus.cc:2468] T b54b16c334ee455f8126527bc47f2051 P 6403f19d1bc944fc9bb2408a4c5cebcd [term 1 FOLLOWER]: Leader election vote request: Granting yes vote for candidate 193df7278f7845648ec056780d6d29e7 in term 1.
I20260709 12:09:19.705719 30691 raft_consensus.cc:515] T 47941914a29148acac42e1c89d9267c0 P f59cee711d3b42a1a6e437098f2bcc97 [term 1 FOLLOWER]: Starting leader election with config: opid_index: -1 OBSOLETE_local: false peers { permanent_uuid: "f59cee711d3b42a1a6e437098f2bcc97" member_type: VOTER last_known_addr { host: "127.28.133.65" port: 43085 } } peers { permanent_uuid: "193df7278f7845648ec056780d6d29e7" member_type: VOTER last_known_addr { host: "127.28.133.66" port: 36395 } } peers { permanent_uuid: "6403f19d1bc944fc9bb2408a4c5cebcd" member_type: VOTER last_known_addr { host: "127.28.133.67" port: 32879 } }
I20260709 12:09:19.708335 30607 tablet_bootstrap.cc:492] T f7cce698775549068fede9bbc375eaae P 6403f19d1bc944fc9bb2408a4c5cebcd: Bootstrap starting.
I20260709 12:09:19.710016 30688 raft_consensus.cc:515] T f7cce698775549068fede9bbc375eaae P f59cee711d3b42a1a6e437098f2bcc97 [term 1 FOLLOWER]: Starting leader election with config: opid_index: -1 OBSOLETE_local: false peers { permanent_uuid: "f59cee711d3b42a1a6e437098f2bcc97" member_type: VOTER last_known_addr { host: "127.28.133.65" port: 43085 } } peers { permanent_uuid: "193df7278f7845648ec056780d6d29e7" member_type: VOTER last_known_addr { host: "127.28.133.66" port: 36395 } } peers { permanent_uuid: "6403f19d1bc944fc9bb2408a4c5cebcd" member_type: VOTER last_known_addr { host: "127.28.133.67" port: 32879 } }
I20260709 12:09:19.711279 30567 tablet_service.cc:1917] Received RequestConsensusVote() RPC: tablet_id: "47941914a29148acac42e1c89d9267c0" candidate_uuid: "f59cee711d3b42a1a6e437098f2bcc97" candidate_term: 1 candidate_status { last_received { term: 0 index: 0 } } ignore_live_leader: false dest_uuid: "6403f19d1bc944fc9bb2408a4c5cebcd"
I20260709 12:09:19.711813 30691 leader_election.cc:290] T 47941914a29148acac42e1c89d9267c0 P f59cee711d3b42a1a6e437098f2bcc97 [CANDIDATE]: Term 1 election: Requested vote from peers 193df7278f7845648ec056780d6d29e7 (127.28.133.66:36395), 6403f19d1bc944fc9bb2408a4c5cebcd (127.28.133.67:32879)
I20260709 12:09:19.712194 30688 leader_election.cc:290] T f7cce698775549068fede9bbc375eaae P f59cee711d3b42a1a6e437098f2bcc97 [CANDIDATE]: Term 1 election: Requested vote from peers 193df7278f7845648ec056780d6d29e7 (127.28.133.66:36395), 6403f19d1bc944fc9bb2408a4c5cebcd (127.28.133.67:32879)
I20260709 12:09:19.715091 30567 raft_consensus.cc:3060] T 47941914a29148acac42e1c89d9267c0 P 6403f19d1bc944fc9bb2408a4c5cebcd [term 0 FOLLOWER]: Advancing to term 1
I20260709 12:09:19.717772 30564 tablet_service.cc:1917] Received RequestConsensusVote() RPC: tablet_id: "f7cce698775549068fede9bbc375eaae" candidate_uuid: "f59cee711d3b42a1a6e437098f2bcc97" candidate_term: 1 candidate_status { last_received { term: 0 index: 0 } } ignore_live_leader: false dest_uuid: "6403f19d1bc944fc9bb2408a4c5cebcd" is_pre_election: true
I20260709 12:09:19.715925 30565 tablet_service.cc:1917] Received RequestConsensusVote() RPC: tablet_id: "f7cce698775549068fede9bbc375eaae" candidate_uuid: "f59cee711d3b42a1a6e437098f2bcc97" candidate_term: 1 candidate_status { last_received { term: 0 index: 0 } } ignore_live_leader: false dest_uuid: "6403f19d1bc944fc9bb2408a4c5cebcd"
I20260709 12:09:19.727213 30614 raft_consensus.cc:493] T a0068640bbb44af7aef12d24c0ada9a9 P 6403f19d1bc944fc9bb2408a4c5cebcd [term 0 FOLLOWER]: Starting pre-election (no leader contacted us within the election timeout)
W20260709 12:09:19.727375 30383 leader_election.cc:343] T f7cce698775549068fede9bbc375eaae P f59cee711d3b42a1a6e437098f2bcc97 [CANDIDATE]: Term 1 pre-election: Tablet error from VoteRequest() call to peer 6403f19d1bc944fc9bb2408a4c5cebcd (127.28.133.67:32879): Illegal state: must be running to vote when last-logged opid is not known
I20260709 12:09:19.727718 30614 raft_consensus.cc:515] T a0068640bbb44af7aef12d24c0ada9a9 P 6403f19d1bc944fc9bb2408a4c5cebcd [term 0 FOLLOWER]: Starting pre-election with config: opid_index: -1 OBSOLETE_local: false peers { permanent_uuid: "f59cee711d3b42a1a6e437098f2bcc97" member_type: VOTER last_known_addr { host: "127.28.133.65" port: 43085 } } peers { permanent_uuid: "193df7278f7845648ec056780d6d29e7" member_type: VOTER last_known_addr { host: "127.28.133.66" port: 36395 } } peers { permanent_uuid: "6403f19d1bc944fc9bb2408a4c5cebcd" member_type: VOTER last_known_addr { host: "127.28.133.67" port: 32879 } }
W20260709 12:09:19.728366 30383 leader_election.cc:343] T f7cce698775549068fede9bbc375eaae P f59cee711d3b42a1a6e437098f2bcc97 [CANDIDATE]: Term 1 election: Tablet error from VoteRequest() call to peer 6403f19d1bc944fc9bb2408a4c5cebcd (127.28.133.67:32879): Illegal state: must be running to vote when last-logged opid is not known
I20260709 12:09:19.730024 30614 leader_election.cc:290] T a0068640bbb44af7aef12d24c0ada9a9 P 6403f19d1bc944fc9bb2408a4c5cebcd [CANDIDATE]: Term 1 pre-election: Requested pre-vote from peers f59cee711d3b42a1a6e437098f2bcc97 (127.28.133.65:43085), 193df7278f7845648ec056780d6d29e7 (127.28.133.66:36395)
I20260709 12:09:19.722429 30610 tablet_bootstrap.cc:654] T 52c83e96dc1a4611b38d8c1a61193d18 P 193df7278f7845648ec056780d6d29e7: Neither blocks nor log segments found. Creating new log.
I20260709 12:09:19.730875 30691 consensus_queue.cc:1048] T 046d7e9858794c86ba3526129de37239 P f59cee711d3b42a1a6e437098f2bcc97 [LEADER]: Connected to new peer: Peer: permanent_uuid: "6403f19d1bc944fc9bb2408a4c5cebcd" member_type: VOTER last_known_addr { host: "127.28.133.67" port: 32879 }, Status: LMP_MISMATCH, Last received: 0.0, Next index: 1, Last known committed idx: 0, Time since last communication: 0.001s
I20260709 12:09:19.729799 30638 consensus_queue.cc:1048] T db99d1cf152143f8a9bbffbdb64548bb P 193df7278f7845648ec056780d6d29e7 [LEADER]: Connected to new peer: Peer: permanent_uuid: "f59cee711d3b42a1a6e437098f2bcc97" member_type: VOTER last_known_addr { host: "127.28.133.65" port: 43085 }, Status: LMP_MISMATCH, Last received: 0.0, Next index: 1, Last known committed idx: 0, Time since last communication: 0.000s
I20260709 12:09:19.731791 30616 raft_consensus.cc:493] T 2b7967698317497a9cc11248908ec306 P 193df7278f7845648ec056780d6d29e7 [term 0 FOLLOWER]: Starting pre-election (no leader contacted us within the election timeout)
I20260709 12:09:19.732446 30616 raft_consensus.cc:515] T 2b7967698317497a9cc11248908ec306 P 193df7278f7845648ec056780d6d29e7 [term 0 FOLLOWER]: Starting pre-election with config: opid_index: -1 OBSOLETE_local: false peers { permanent_uuid: "f59cee711d3b42a1a6e437098f2bcc97" member_type: VOTER last_known_addr { host: "127.28.133.65" port: 43085 } } peers { permanent_uuid: "193df7278f7845648ec056780d6d29e7" member_type: VOTER last_known_addr { host: "127.28.133.66" port: 36395 } } peers { permanent_uuid: "6403f19d1bc944fc9bb2408a4c5cebcd" member_type: VOTER last_known_addr { host: "127.28.133.67" port: 32879 } }
I20260709 12:09:19.736533 30417 tablet_service.cc:1917] Received RequestConsensusVote() RPC: tablet_id: "2b7967698317497a9cc11248908ec306" candidate_uuid: "193df7278f7845648ec056780d6d29e7" candidate_term: 1 candidate_status { last_received { term: 0 index: 0 } } ignore_live_leader: false dest_uuid: "f59cee711d3b42a1a6e437098f2bcc97" is_pre_election: true
I20260709 12:09:19.737749 30566 tablet_service.cc:1917] Received RequestConsensusVote() RPC: tablet_id: "2b7967698317497a9cc11248908ec306" candidate_uuid: "193df7278f7845648ec056780d6d29e7" candidate_term: 1 candidate_status { last_received { term: 0 index: 0 } } ignore_live_leader: false dest_uuid: "6403f19d1bc944fc9bb2408a4c5cebcd" is_pre_election: true
I20260709 12:09:19.738830 30616 leader_election.cc:290] T 2b7967698317497a9cc11248908ec306 P 193df7278f7845648ec056780d6d29e7 [CANDIDATE]: Term 1 pre-election: Requested pre-vote from peers f59cee711d3b42a1a6e437098f2bcc97 (127.28.133.65:43085), 6403f19d1bc944fc9bb2408a4c5cebcd (127.28.133.67:32879)
W20260709 12:09:19.739239 30458 leader_election.cc:343] T 2b7967698317497a9cc11248908ec306 P 193df7278f7845648ec056780d6d29e7 [CANDIDATE]: Term 1 pre-election: Tablet error from VoteRequest() call to peer 6403f19d1bc944fc9bb2408a4c5cebcd (127.28.133.67:32879): Illegal state: must be running to vote when last-logged opid is not known
I20260709 12:09:19.740121 30607 tablet_bootstrap.cc:654] T f7cce698775549068fede9bbc375eaae P 6403f19d1bc944fc9bb2408a4c5cebcd: Neither blocks nor log segments found. Creating new log.
W20260709 12:09:19.741251 30459 leader_election.cc:343] T 2b7967698317497a9cc11248908ec306 P 193df7278f7845648ec056780d6d29e7 [CANDIDATE]: Term 1 pre-election: Tablet error from VoteRequest() call to peer f59cee711d3b42a1a6e437098f2bcc97 (127.28.133.65:43085): Illegal state: must be running to vote when last-logged opid is not known
I20260709 12:09:19.741806 30459 leader_election.cc:304] T 2b7967698317497a9cc11248908ec306 P 193df7278f7845648ec056780d6d29e7 [CANDIDATE]: Term 1 pre-election: Election decided. Result: candidate lost. Election summary: received 3 responses out of 3 voters: 1 yes votes; 2 no votes. yes voters: 193df7278f7845648ec056780d6d29e7; no voters: 6403f19d1bc944fc9bb2408a4c5cebcd, f59cee711d3b42a1a6e437098f2bcc97
I20260709 12:09:19.743060 30616 raft_consensus.cc:2749] T 2b7967698317497a9cc11248908ec306 P 193df7278f7845648ec056780d6d29e7 [term 0 FOLLOWER]: Leader pre-election lost for term 1. Reason: could not achieve majority
I20260709 12:09:19.720045 30657 leader_election.cc:290] T f7cce698775549068fede9bbc375eaae P f59cee711d3b42a1a6e437098f2bcc97 [CANDIDATE]: Term 1 pre-election: Requested pre-vote from peers 193df7278f7845648ec056780d6d29e7 (127.28.133.66:36395), 6403f19d1bc944fc9bb2408a4c5cebcd (127.28.133.67:32879)
I20260709 12:09:19.745543 30491 tablet_service.cc:1917] Received RequestConsensusVote() RPC: tablet_id: "a0068640bbb44af7aef12d24c0ada9a9" candidate_uuid: "6403f19d1bc944fc9bb2408a4c5cebcd" candidate_term: 1 candidate_status { last_received { term: 0 index: 0 } } ignore_live_leader: false dest_uuid: "193df7278f7845648ec056780d6d29e7" is_pre_election: true
I20260709 12:09:19.746464 30491 raft_consensus.cc:2393] T a0068640bbb44af7aef12d24c0ada9a9 P 193df7278f7845648ec056780d6d29e7 [term 1 FOLLOWER]: Leader pre-election vote request: Denying vote to candidate 6403f19d1bc944fc9bb2408a4c5cebcd in current term 1: Already voted for candidate f59cee711d3b42a1a6e437098f2bcc97 in this term.
I20260709 12:09:19.750509 30316 catalog_manager.cc:5697] T 4aa234b65ef746ebbcd6afb3036c0338 P 6403f19d1bc944fc9bb2408a4c5cebcd reported cstate change: term changed from 0 to 1, leader changed from <none> to 6403f19d1bc944fc9bb2408a4c5cebcd (127.28.133.67). New cstate: current_term: 1 leader_uuid: "6403f19d1bc944fc9bb2408a4c5cebcd" committed_config { opid_index: -1 OBSOLETE_local: false peers { permanent_uuid: "f59cee711d3b42a1a6e437098f2bcc97" member_type: VOTER last_known_addr { host: "127.28.133.65" port: 43085 } health_report { overall_health: UNKNOWN } } peers { permanent_uuid: "193df7278f7845648ec056780d6d29e7" member_type: VOTER last_known_addr { host: "127.28.133.66" port: 36395 } health_report { overall_health: UNKNOWN } } peers { permanent_uuid: "6403f19d1bc944fc9bb2408a4c5cebcd" member_type: VOTER last_known_addr { host: "127.28.133.67" port: 32879 } health_report { overall_health: HEALTHY } } }
I20260709 12:09:19.722198 30608 tablet_bootstrap.cc:654] T 2b7967698317497a9cc11248908ec306 P f59cee711d3b42a1a6e437098f2bcc97: Neither blocks nor log segments found. Creating new log.
I20260709 12:09:19.766883 30567 raft_consensus.cc:2468] T 47941914a29148acac42e1c89d9267c0 P 6403f19d1bc944fc9bb2408a4c5cebcd [term 1 FOLLOWER]: Leader election vote request: Granting yes vote for candidate f59cee711d3b42a1a6e437098f2bcc97 in term 1.
I20260709 12:09:19.768344 30383 leader_election.cc:304] T 47941914a29148acac42e1c89d9267c0 P f59cee711d3b42a1a6e437098f2bcc97 [CANDIDATE]: Term 1 election: Election decided. Result: candidate won. Election summary: received 2 responses out of 3 voters: 2 yes votes; 0 no votes. yes voters: 6403f19d1bc944fc9bb2408a4c5cebcd, f59cee711d3b42a1a6e437098f2bcc97; no voters: 
I20260709 12:09:19.770134 30691 raft_consensus.cc:2804] T 47941914a29148acac42e1c89d9267c0 P f59cee711d3b42a1a6e437098f2bcc97 [term 1 FOLLOWER]: Leader election won for term 1
I20260709 12:09:19.770615 30691 raft_consensus.cc:697] T 47941914a29148acac42e1c89d9267c0 P f59cee711d3b42a1a6e437098f2bcc97 [term 1 LEADER]: Becoming Leader. State: Replica: f59cee711d3b42a1a6e437098f2bcc97, State: Running, Role: LEADER
I20260709 12:09:19.775177 30691 consensus_queue.cc:237] T 47941914a29148acac42e1c89d9267c0 P f59cee711d3b42a1a6e437098f2bcc97 [LEADER]: Queue going to LEADER mode. State: All replicated index: 0, Majority replicated index: 0, Committed index: 0, Last appended: 0.0, Last appended by leader: 0, Current term: 1, Majority size: 2, State: 0, Mode: LEADER, active raft config: opid_index: -1 OBSOLETE_local: false peers { permanent_uuid: "f59cee711d3b42a1a6e437098f2bcc97" member_type: VOTER last_known_addr { host: "127.28.133.65" port: 43085 } } peers { permanent_uuid: "193df7278f7845648ec056780d6d29e7" member_type: VOTER last_known_addr { host: "127.28.133.66" port: 36395 } } peers { permanent_uuid: "6403f19d1bc944fc9bb2408a4c5cebcd" member_type: VOTER last_known_addr { host: "127.28.133.67" port: 32879 } }
I20260709 12:09:19.798985 30607 tablet_bootstrap.cc:492] T f7cce698775549068fede9bbc375eaae P 6403f19d1bc944fc9bb2408a4c5cebcd: No bootstrap required, opened a new log
I20260709 12:09:19.799849 30607 ts_tablet_manager.cc:1403] T f7cce698775549068fede9bbc375eaae P 6403f19d1bc944fc9bb2408a4c5cebcd: Time spent bootstrapping tablet: real 0.092s	user 0.013s	sys 0.018s
I20260709 12:09:19.803107 30610 tablet_bootstrap.cc:492] T 52c83e96dc1a4611b38d8c1a61193d18 P 193df7278f7845648ec056780d6d29e7: No bootstrap required, opened a new log
I20260709 12:09:19.803676 30610 ts_tablet_manager.cc:1403] T 52c83e96dc1a4611b38d8c1a61193d18 P 193df7278f7845648ec056780d6d29e7: Time spent bootstrapping tablet: real 0.126s	user 0.017s	sys 0.002s
I20260709 12:09:19.804574 30614 consensus_queue.cc:1048] T 653c555d411d4caaa48c0580aa996b22 P 6403f19d1bc944fc9bb2408a4c5cebcd [LEADER]: Connected to new peer: Peer: permanent_uuid: "193df7278f7845648ec056780d6d29e7" member_type: VOTER last_known_addr { host: "127.28.133.66" port: 36395 }, Status: LMP_MISMATCH, Last received: 0.0, Next index: 1, Last known committed idx: 0, Time since last communication: 0.001s
I20260709 12:09:19.815196 30491 tablet_service.cc:1917] Received RequestConsensusVote() RPC: tablet_id: "47941914a29148acac42e1c89d9267c0" candidate_uuid: "f59cee711d3b42a1a6e437098f2bcc97" candidate_term: 1 candidate_status { last_received { term: 0 index: 0 } } ignore_live_leader: false dest_uuid: "193df7278f7845648ec056780d6d29e7"
I20260709 12:09:19.815965 30491 raft_consensus.cc:3060] T 47941914a29148acac42e1c89d9267c0 P 193df7278f7845648ec056780d6d29e7 [term 0 FOLLOWER]: Advancing to term 1
I20260709 12:09:19.816526 30313 catalog_manager.cc:5697] T b54b16c334ee455f8126527bc47f2051 P 193df7278f7845648ec056780d6d29e7 reported cstate change: term changed from 0 to 1, leader changed from <none> to 193df7278f7845648ec056780d6d29e7 (127.28.133.66). New cstate: current_term: 1 leader_uuid: "193df7278f7845648ec056780d6d29e7" committed_config { opid_index: -1 OBSOLETE_local: false peers { permanent_uuid: "f59cee711d3b42a1a6e437098f2bcc97" member_type: VOTER last_known_addr { host: "127.28.133.65" port: 43085 } health_report { overall_health: UNKNOWN } } peers { permanent_uuid: "193df7278f7845648ec056780d6d29e7" member_type: VOTER last_known_addr { host: "127.28.133.66" port: 36395 } health_report { overall_health: HEALTHY } } peers { permanent_uuid: "6403f19d1bc944fc9bb2408a4c5cebcd" member_type: VOTER last_known_addr { host: "127.28.133.67" port: 32879 } health_report { overall_health: UNKNOWN } } }
I20260709 12:09:19.822469 30492 tablet_service.cc:1917] Received RequestConsensusVote() RPC: tablet_id: "f7cce698775549068fede9bbc375eaae" candidate_uuid: "f59cee711d3b42a1a6e437098f2bcc97" candidate_term: 1 candidate_status { last_received { term: 0 index: 0 } } ignore_live_leader: false dest_uuid: "193df7278f7845648ec056780d6d29e7"
I20260709 12:09:19.823167 30492 raft_consensus.cc:3060] T f7cce698775549068fede9bbc375eaae P 193df7278f7845648ec056780d6d29e7 [term 0 FOLLOWER]: Advancing to term 1
I20260709 12:09:19.824990 30610 raft_consensus.cc:359] T 52c83e96dc1a4611b38d8c1a61193d18 P 193df7278f7845648ec056780d6d29e7 [term 0 FOLLOWER]: Replica starting. Triggering 0 pending ops. Active config: opid_index: -1 OBSOLETE_local: false peers { permanent_uuid: "f59cee711d3b42a1a6e437098f2bcc97" member_type: VOTER last_known_addr { host: "127.28.133.65" port: 43085 } } peers { permanent_uuid: "193df7278f7845648ec056780d6d29e7" member_type: VOTER last_known_addr { host: "127.28.133.66" port: 36395 } } peers { permanent_uuid: "6403f19d1bc944fc9bb2408a4c5cebcd" member_type: VOTER last_known_addr { host: "127.28.133.67" port: 32879 } }
I20260709 12:09:19.825722 30610 raft_consensus.cc:385] T 52c83e96dc1a4611b38d8c1a61193d18 P 193df7278f7845648ec056780d6d29e7 [term 0 FOLLOWER]: Consensus starting up: Expiring failure detector timer to make a prompt election more likely
I20260709 12:09:19.826012 30610 raft_consensus.cc:740] T 52c83e96dc1a4611b38d8c1a61193d18 P 193df7278f7845648ec056780d6d29e7 [term 0 FOLLOWER]: Becoming Follower/Learner. State: Replica: 193df7278f7845648ec056780d6d29e7, State: Initialized, Role: FOLLOWER
I20260709 12:09:19.833134 30416 tablet_service.cc:1917] Received RequestConsensusVote() RPC: tablet_id: "a0068640bbb44af7aef12d24c0ada9a9" candidate_uuid: "6403f19d1bc944fc9bb2408a4c5cebcd" candidate_term: 1 candidate_status { last_received { term: 0 index: 0 } } ignore_live_leader: false dest_uuid: "f59cee711d3b42a1a6e437098f2bcc97" is_pre_election: true
I20260709 12:09:19.834537 30610 consensus_queue.cc:260] T 52c83e96dc1a4611b38d8c1a61193d18 P 193df7278f7845648ec056780d6d29e7 [NON_LEADER]: Queue going to NON_LEADER mode. State: All replicated index: 0, Majority replicated index: 0, Committed index: 0, Last appended: 0.0, Last appended by leader: 0, Current term: 0, Majority size: -1, State: 0, Mode: NON_LEADER, active raft config: opid_index: -1 OBSOLETE_local: false peers { permanent_uuid: "f59cee711d3b42a1a6e437098f2bcc97" member_type: VOTER last_known_addr { host: "127.28.133.65" port: 43085 } } peers { permanent_uuid: "193df7278f7845648ec056780d6d29e7" member_type: VOTER last_known_addr { host: "127.28.133.66" port: 36395 } } peers { permanent_uuid: "6403f19d1bc944fc9bb2408a4c5cebcd" member_type: VOTER last_known_addr { host: "127.28.133.67" port: 32879 } }
I20260709 12:09:19.832614 30491 raft_consensus.cc:2468] T 47941914a29148acac42e1c89d9267c0 P 193df7278f7845648ec056780d6d29e7 [term 1 FOLLOWER]: Leader election vote request: Granting yes vote for candidate f59cee711d3b42a1a6e437098f2bcc97 in term 1.
I20260709 12:09:19.838989 30533 leader_election.cc:304] T a0068640bbb44af7aef12d24c0ada9a9 P 6403f19d1bc944fc9bb2408a4c5cebcd [CANDIDATE]: Term 1 pre-election: Election decided. Result: candidate lost. Election summary: received 3 responses out of 3 voters: 1 yes votes; 2 no votes. yes voters: 6403f19d1bc944fc9bb2408a4c5cebcd; no voters: 193df7278f7845648ec056780d6d29e7, f59cee711d3b42a1a6e437098f2bcc97
I20260709 12:09:19.840010 30614 raft_consensus.cc:3060] T a0068640bbb44af7aef12d24c0ada9a9 P 6403f19d1bc944fc9bb2408a4c5cebcd [term 0 FOLLOWER]: Advancing to term 1
I20260709 12:09:19.842949 30492 raft_consensus.cc:2468] T f7cce698775549068fede9bbc375eaae P 193df7278f7845648ec056780d6d29e7 [term 1 FOLLOWER]: Leader election vote request: Granting yes vote for candidate f59cee711d3b42a1a6e437098f2bcc97 in term 1.
I20260709 12:09:19.843624 30657 consensus_queue.cc:1048] T a0068640bbb44af7aef12d24c0ada9a9 P f59cee711d3b42a1a6e437098f2bcc97 [LEADER]: Connected to new peer: Peer: permanent_uuid: "193df7278f7845648ec056780d6d29e7" member_type: VOTER last_known_addr { host: "127.28.133.66" port: 36395 }, Status: LMP_MISMATCH, Last received: 0.0, Next index: 1, Last known committed idx: 0, Time since last communication: 0.000s
I20260709 12:09:19.845906 30610 ts_tablet_manager.cc:1434] T 52c83e96dc1a4611b38d8c1a61193d18 P 193df7278f7845648ec056780d6d29e7: Time spent starting tablet: real 0.042s	user 0.007s	sys 0.001s
I20260709 12:09:19.847340 30610 tablet_bootstrap.cc:492] T e1c85603f27e4e379d11127274e873b3 P 193df7278f7845648ec056780d6d29e7: Bootstrap starting.
I20260709 12:09:19.847337 30384 leader_election.cc:304] T f7cce698775549068fede9bbc375eaae P f59cee711d3b42a1a6e437098f2bcc97 [CANDIDATE]: Term 1 election: Election decided. Result: candidate won. Election summary: received 3 responses out of 3 voters: 2 yes votes; 1 no votes. yes voters: 193df7278f7845648ec056780d6d29e7, f59cee711d3b42a1a6e437098f2bcc97; no voters: 6403f19d1bc944fc9bb2408a4c5cebcd
I20260709 12:09:19.846199 30657 consensus_queue.cc:1048] T 046d7e9858794c86ba3526129de37239 P f59cee711d3b42a1a6e437098f2bcc97 [LEADER]: Connected to new peer: Peer: permanent_uuid: "193df7278f7845648ec056780d6d29e7" member_type: VOTER last_known_addr { host: "127.28.133.66" port: 36395 }, Status: LMP_MISMATCH, Last received: 0.0, Next index: 1, Last known committed idx: 0, Time since last communication: 0.002s
I20260709 12:09:19.848367 30688 raft_consensus.cc:2804] T f7cce698775549068fede9bbc375eaae P f59cee711d3b42a1a6e437098f2bcc97 [term 1 FOLLOWER]: Leader election won for term 1
I20260709 12:09:19.855171 30313 catalog_manager.cc:5697] T 47941914a29148acac42e1c89d9267c0 P f59cee711d3b42a1a6e437098f2bcc97 reported cstate change: term changed from 0 to 1, leader changed from <none> to f59cee711d3b42a1a6e437098f2bcc97 (127.28.133.65). New cstate: current_term: 1 leader_uuid: "f59cee711d3b42a1a6e437098f2bcc97" committed_config { opid_index: -1 OBSOLETE_local: false peers { permanent_uuid: "f59cee711d3b42a1a6e437098f2bcc97" member_type: VOTER last_known_addr { host: "127.28.133.65" port: 43085 } health_report { overall_health: HEALTHY } } peers { permanent_uuid: "193df7278f7845648ec056780d6d29e7" member_type: VOTER last_known_addr { host: "127.28.133.66" port: 36395 } health_report { overall_health: UNKNOWN } } peers { permanent_uuid: "6403f19d1bc944fc9bb2408a4c5cebcd" member_type: VOTER last_known_addr { host: "127.28.133.67" port: 32879 } health_report { overall_health: UNKNOWN } } }
I20260709 12:09:19.867719 30616 consensus_queue.cc:1048] T 2d9faff9a7144dbb80c16c2e4175f839 P 193df7278f7845648ec056780d6d29e7 [LEADER]: Connected to new peer: Peer: permanent_uuid: "6403f19d1bc944fc9bb2408a4c5cebcd" member_type: VOTER last_known_addr { host: "127.28.133.67" port: 32879 }, Status: LMP_MISMATCH, Last received: 0.0, Next index: 1, Last known committed idx: 0, Time since last communication: 0.001s
I20260709 12:09:19.871474 30608 tablet_bootstrap.cc:492] T 2b7967698317497a9cc11248908ec306 P f59cee711d3b42a1a6e437098f2bcc97: No bootstrap required, opened a new log
I20260709 12:09:19.872174 30608 ts_tablet_manager.cc:1403] T 2b7967698317497a9cc11248908ec306 P f59cee711d3b42a1a6e437098f2bcc97: Time spent bootstrapping tablet: real 0.198s	user 0.017s	sys 0.012s
I20260709 12:09:19.856134 30614 raft_consensus.cc:2749] T a0068640bbb44af7aef12d24c0ada9a9 P 6403f19d1bc944fc9bb2408a4c5cebcd [term 1 FOLLOWER]: Leader pre-election lost for term 1. Reason: could not achieve majority
I20260709 12:09:19.862818 30717 consensus_queue.cc:1048] T fe330fcf76fc487f874dac05fbdcb458 P f59cee711d3b42a1a6e437098f2bcc97 [LEADER]: Connected to new peer: Peer: permanent_uuid: "6403f19d1bc944fc9bb2408a4c5cebcd" member_type: VOTER last_known_addr { host: "127.28.133.67" port: 32879 }, Status: LMP_MISMATCH, Last received: 0.0, Next index: 1, Last known committed idx: 0, Time since last communication: 0.001s
I20260709 12:09:19.895022 30607 raft_consensus.cc:359] T f7cce698775549068fede9bbc375eaae P 6403f19d1bc944fc9bb2408a4c5cebcd [term 0 FOLLOWER]: Replica starting. Triggering 0 pending ops. Active config: opid_index: -1 OBSOLETE_local: false peers { permanent_uuid: "f59cee711d3b42a1a6e437098f2bcc97" member_type: VOTER last_known_addr { host: "127.28.133.65" port: 43085 } } peers { permanent_uuid: "193df7278f7845648ec056780d6d29e7" member_type: VOTER last_known_addr { host: "127.28.133.66" port: 36395 } } peers { permanent_uuid: "6403f19d1bc944fc9bb2408a4c5cebcd" member_type: VOTER last_known_addr { host: "127.28.133.67" port: 32879 } }
I20260709 12:09:19.917695 30607 raft_consensus.cc:385] T f7cce698775549068fede9bbc375eaae P 6403f19d1bc944fc9bb2408a4c5cebcd [term 0 FOLLOWER]: Consensus starting up: Expiring failure detector timer to make a prompt election more likely
I20260709 12:09:19.918130 30607 raft_consensus.cc:740] T f7cce698775549068fede9bbc375eaae P 6403f19d1bc944fc9bb2408a4c5cebcd [term 0 FOLLOWER]: Becoming Follower/Learner. State: Replica: 6403f19d1bc944fc9bb2408a4c5cebcd, State: Initialized, Role: FOLLOWER
I20260709 12:09:19.919312 30607 consensus_queue.cc:260] T f7cce698775549068fede9bbc375eaae P 6403f19d1bc944fc9bb2408a4c5cebcd [NON_LEADER]: Queue going to NON_LEADER mode. State: All replicated index: 0, Majority replicated index: 0, Committed index: 0, Last appended: 0.0, Last appended by leader: 0, Current term: 0, Majority size: -1, State: 0, Mode: NON_LEADER, active raft config: opid_index: -1 OBSOLETE_local: false peers { permanent_uuid: "f59cee711d3b42a1a6e437098f2bcc97" member_type: VOTER last_known_addr { host: "127.28.133.65" port: 43085 } } peers { permanent_uuid: "193df7278f7845648ec056780d6d29e7" member_type: VOTER last_known_addr { host: "127.28.133.66" port: 36395 } } peers { permanent_uuid: "6403f19d1bc944fc9bb2408a4c5cebcd" member_type: VOTER last_known_addr { host: "127.28.133.67" port: 32879 } }
I20260709 12:09:19.923707 30608 raft_consensus.cc:359] T 2b7967698317497a9cc11248908ec306 P f59cee711d3b42a1a6e437098f2bcc97 [term 0 FOLLOWER]: Replica starting. Triggering 0 pending ops. Active config: opid_index: -1 OBSOLETE_local: false peers { permanent_uuid: "f59cee711d3b42a1a6e437098f2bcc97" member_type: VOTER last_known_addr { host: "127.28.133.65" port: 43085 } } peers { permanent_uuid: "193df7278f7845648ec056780d6d29e7" member_type: VOTER last_known_addr { host: "127.28.133.66" port: 36395 } } peers { permanent_uuid: "6403f19d1bc944fc9bb2408a4c5cebcd" member_type: VOTER last_known_addr { host: "127.28.133.67" port: 32879 } }
I20260709 12:09:19.924449 30608 raft_consensus.cc:385] T 2b7967698317497a9cc11248908ec306 P f59cee711d3b42a1a6e437098f2bcc97 [term 0 FOLLOWER]: Consensus starting up: Expiring failure detector timer to make a prompt election more likely
I20260709 12:09:19.924728 30608 raft_consensus.cc:740] T 2b7967698317497a9cc11248908ec306 P f59cee711d3b42a1a6e437098f2bcc97 [term 0 FOLLOWER]: Becoming Follower/Learner. State: Replica: f59cee711d3b42a1a6e437098f2bcc97, State: Initialized, Role: FOLLOWER
I20260709 12:09:19.925596 30608 consensus_queue.cc:260] T 2b7967698317497a9cc11248908ec306 P f59cee711d3b42a1a6e437098f2bcc97 [NON_LEADER]: Queue going to NON_LEADER mode. State: All replicated index: 0, Majority replicated index: 0, Committed index: 0, Last appended: 0.0, Last appended by leader: 0, Current term: 0, Majority size: -1, State: 0, Mode: NON_LEADER, active raft config: opid_index: -1 OBSOLETE_local: false peers { permanent_uuid: "f59cee711d3b42a1a6e437098f2bcc97" member_type: VOTER last_known_addr { host: "127.28.133.65" port: 43085 } } peers { permanent_uuid: "193df7278f7845648ec056780d6d29e7" member_type: VOTER last_known_addr { host: "127.28.133.66" port: 36395 } } peers { permanent_uuid: "6403f19d1bc944fc9bb2408a4c5cebcd" member_type: VOTER last_known_addr { host: "127.28.133.67" port: 32879 } }
I20260709 12:09:19.929952 30608 ts_tablet_manager.cc:1434] T 2b7967698317497a9cc11248908ec306 P f59cee711d3b42a1a6e437098f2bcc97: Time spent starting tablet: real 0.057s	user 0.008s	sys 0.000s
I20260709 12:09:19.919727 30688 raft_consensus.cc:697] T f7cce698775549068fede9bbc375eaae P f59cee711d3b42a1a6e437098f2bcc97 [term 1 LEADER]: Becoming Leader. State: Replica: f59cee711d3b42a1a6e437098f2bcc97, State: Running, Role: LEADER
I20260709 12:09:19.933084 30607 ts_tablet_manager.cc:1434] T f7cce698775549068fede9bbc375eaae P 6403f19d1bc944fc9bb2408a4c5cebcd: Time spent starting tablet: real 0.133s	user 0.010s	sys 0.000s
W20260709 12:09:19.935572 30726 log.cc:927] Time spent T 653c555d411d4caaa48c0580aa996b22 P 193df7278f7845648ec056780d6d29e7: Append to log took a long time: real 0.065s	user 0.001s	sys 0.000s
I20260709 12:09:19.940526 30669 raft_consensus.cc:493] T f7cce698775549068fede9bbc375eaae P 6403f19d1bc944fc9bb2408a4c5cebcd [term 0 FOLLOWER]: Starting pre-election (no leader contacted us within the election timeout)
I20260709 12:09:19.941120 30669 raft_consensus.cc:515] T f7cce698775549068fede9bbc375eaae P 6403f19d1bc944fc9bb2408a4c5cebcd [term 0 FOLLOWER]: Starting pre-election with config: opid_index: -1 OBSOLETE_local: false peers { permanent_uuid: "f59cee711d3b42a1a6e437098f2bcc97" member_type: VOTER last_known_addr { host: "127.28.133.65" port: 43085 } } peers { permanent_uuid: "193df7278f7845648ec056780d6d29e7" member_type: VOTER last_known_addr { host: "127.28.133.66" port: 36395 } } peers { permanent_uuid: "6403f19d1bc944fc9bb2408a4c5cebcd" member_type: VOTER last_known_addr { host: "127.28.133.67" port: 32879 } }
I20260709 12:09:19.943570 30669 leader_election.cc:290] T f7cce698775549068fede9bbc375eaae P 6403f19d1bc944fc9bb2408a4c5cebcd [CANDIDATE]: Term 1 pre-election: Requested pre-vote from peers f59cee711d3b42a1a6e437098f2bcc97 (127.28.133.65:43085), 193df7278f7845648ec056780d6d29e7 (127.28.133.66:36395)
I20260709 12:09:19.944617 30492 tablet_service.cc:1917] Received RequestConsensusVote() RPC: tablet_id: "f7cce698775549068fede9bbc375eaae" candidate_uuid: "6403f19d1bc944fc9bb2408a4c5cebcd" candidate_term: 1 candidate_status { last_received { term: 0 index: 0 } } ignore_live_leader: false dest_uuid: "193df7278f7845648ec056780d6d29e7" is_pre_election: true
I20260709 12:09:19.945452 30417 tablet_service.cc:1917] Received RequestConsensusVote() RPC: tablet_id: "f7cce698775549068fede9bbc375eaae" candidate_uuid: "6403f19d1bc944fc9bb2408a4c5cebcd" candidate_term: 1 candidate_status { last_received { term: 0 index: 0 } } ignore_live_leader: false dest_uuid: "f59cee711d3b42a1a6e437098f2bcc97" is_pre_election: true
I20260709 12:09:19.946101 30717 consensus_queue.cc:1048] T fe330fcf76fc487f874dac05fbdcb458 P f59cee711d3b42a1a6e437098f2bcc97 [LEADER]: Connected to new peer: Peer: permanent_uuid: "193df7278f7845648ec056780d6d29e7" member_type: VOTER last_known_addr { host: "127.28.133.66" port: 36395 }, Status: LMP_MISMATCH, Last received: 0.0, Next index: 1, Last known committed idx: 0, Time since last communication: 0.001s
I20260709 12:09:19.945472 30492 raft_consensus.cc:2393] T f7cce698775549068fede9bbc375eaae P 193df7278f7845648ec056780d6d29e7 [term 1 FOLLOWER]: Leader pre-election vote request: Denying vote to candidate 6403f19d1bc944fc9bb2408a4c5cebcd in current term 1: Already voted for candidate f59cee711d3b42a1a6e437098f2bcc97 in this term.
I20260709 12:09:19.950888 30607 tablet_bootstrap.cc:492] T 2b7967698317497a9cc11248908ec306 P 6403f19d1bc944fc9bb2408a4c5cebcd: Bootstrap starting.
I20260709 12:09:19.952862 30608 tablet_bootstrap.cc:492] T e1c85603f27e4e379d11127274e873b3 P f59cee711d3b42a1a6e437098f2bcc97: Bootstrap starting.
I20260709 12:09:19.947551 30657 consensus_queue.cc:1048] T a0068640bbb44af7aef12d24c0ada9a9 P f59cee711d3b42a1a6e437098f2bcc97 [LEADER]: Connected to new peer: Peer: permanent_uuid: "6403f19d1bc944fc9bb2408a4c5cebcd" member_type: VOTER last_known_addr { host: "127.28.133.67" port: 32879 }, Status: LMP_MISMATCH, Last received: 0.0, Next index: 1, Last known committed idx: 0, Time since last communication: 0.001s
I20260709 12:09:19.944286 30688 consensus_queue.cc:237] T f7cce698775549068fede9bbc375eaae P f59cee711d3b42a1a6e437098f2bcc97 [LEADER]: Queue going to LEADER mode. State: All replicated index: 0, Majority replicated index: 0, Committed index: 0, Last appended: 0.0, Last appended by leader: 0, Current term: 1, Majority size: 2, State: 0, Mode: LEADER, active raft config: opid_index: -1 OBSOLETE_local: false peers { permanent_uuid: "f59cee711d3b42a1a6e437098f2bcc97" member_type: VOTER last_known_addr { host: "127.28.133.65" port: 43085 } } peers { permanent_uuid: "193df7278f7845648ec056780d6d29e7" member_type: VOTER last_known_addr { host: "127.28.133.66" port: 36395 } } peers { permanent_uuid: "6403f19d1bc944fc9bb2408a4c5cebcd" member_type: VOTER last_known_addr { host: "127.28.133.67" port: 32879 } }
I20260709 12:09:19.968431 30533 leader_election.cc:304] T f7cce698775549068fede9bbc375eaae P 6403f19d1bc944fc9bb2408a4c5cebcd [CANDIDATE]: Term 1 pre-election: Election decided. Result: candidate lost. Election summary: received 3 responses out of 3 voters: 1 yes votes; 2 no votes. yes voters: 6403f19d1bc944fc9bb2408a4c5cebcd; no voters: 193df7278f7845648ec056780d6d29e7, f59cee711d3b42a1a6e437098f2bcc97
I20260709 12:09:19.973260 30711 raft_consensus.cc:3060] T f7cce698775549068fede9bbc375eaae P 6403f19d1bc944fc9bb2408a4c5cebcd [term 0 FOLLOWER]: Advancing to term 1
I20260709 12:09:19.983289 30616 consensus_queue.cc:1048] T 2d9faff9a7144dbb80c16c2e4175f839 P 193df7278f7845648ec056780d6d29e7 [LEADER]: Connected to new peer: Peer: permanent_uuid: "f59cee711d3b42a1a6e437098f2bcc97" member_type: VOTER last_known_addr { host: "127.28.133.65" port: 43085 }, Status: LMP_MISMATCH, Last received: 0.0, Next index: 1, Last known committed idx: 0, Time since last communication: 0.001s
I20260709 12:09:20.013309 30610 tablet_bootstrap.cc:654] T e1c85603f27e4e379d11127274e873b3 P 193df7278f7845648ec056780d6d29e7: Neither blocks nor log segments found. Creating new log.
I20260709 12:09:20.023098 30607 tablet_bootstrap.cc:654] T 2b7967698317497a9cc11248908ec306 P 6403f19d1bc944fc9bb2408a4c5cebcd: Neither blocks nor log segments found. Creating new log.
I20260709 12:09:20.042881 30643 raft_consensus.cc:493] T 52c83e96dc1a4611b38d8c1a61193d18 P 193df7278f7845648ec056780d6d29e7 [term 0 FOLLOWER]: Starting pre-election (no leader contacted us within the election timeout)
I20260709 12:09:20.060961 30643 raft_consensus.cc:515] T 52c83e96dc1a4611b38d8c1a61193d18 P 193df7278f7845648ec056780d6d29e7 [term 0 FOLLOWER]: Starting pre-election with config: opid_index: -1 OBSOLETE_local: false peers { permanent_uuid: "f59cee711d3b42a1a6e437098f2bcc97" member_type: VOTER last_known_addr { host: "127.28.133.65" port: 43085 } } peers { permanent_uuid: "193df7278f7845648ec056780d6d29e7" member_type: VOTER last_known_addr { host: "127.28.133.66" port: 36395 } } peers { permanent_uuid: "6403f19d1bc944fc9bb2408a4c5cebcd" member_type: VOTER last_known_addr { host: "127.28.133.67" port: 32879 } }
I20260709 12:09:20.066726 30643 leader_election.cc:290] T 52c83e96dc1a4611b38d8c1a61193d18 P 193df7278f7845648ec056780d6d29e7 [CANDIDATE]: Term 1 pre-election: Requested pre-vote from peers f59cee711d3b42a1a6e437098f2bcc97 (127.28.133.65:43085), 6403f19d1bc944fc9bb2408a4c5cebcd (127.28.133.67:32879)
I20260709 12:09:20.067952 30711 raft_consensus.cc:2749] T f7cce698775549068fede9bbc375eaae P 6403f19d1bc944fc9bb2408a4c5cebcd [term 1 FOLLOWER]: Leader pre-election lost for term 1. Reason: could not achieve majority
I20260709 12:09:20.080855 30417 tablet_service.cc:1917] Received RequestConsensusVote() RPC: tablet_id: "52c83e96dc1a4611b38d8c1a61193d18" candidate_uuid: "193df7278f7845648ec056780d6d29e7" candidate_term: 1 candidate_status { last_received { term: 0 index: 0 } } ignore_live_leader: false dest_uuid: "f59cee711d3b42a1a6e437098f2bcc97" is_pre_election: true
I20260709 12:09:20.082396 30608 tablet_bootstrap.cc:654] T e1c85603f27e4e379d11127274e873b3 P f59cee711d3b42a1a6e437098f2bcc97: Neither blocks nor log segments found. Creating new log.
I20260709 12:09:20.086966 30610 tablet_bootstrap.cc:492] T e1c85603f27e4e379d11127274e873b3 P 193df7278f7845648ec056780d6d29e7: No bootstrap required, opened a new log
I20260709 12:09:20.087387 30610 ts_tablet_manager.cc:1403] T e1c85603f27e4e379d11127274e873b3 P 193df7278f7845648ec056780d6d29e7: Time spent bootstrapping tablet: real 0.240s	user 0.011s	sys 0.014s
W20260709 12:09:20.092311 30459 leader_election.cc:343] T 52c83e96dc1a4611b38d8c1a61193d18 P 193df7278f7845648ec056780d6d29e7 [CANDIDATE]: Term 1 pre-election: Tablet error from VoteRequest() call to peer f59cee711d3b42a1a6e437098f2bcc97 (127.28.133.65:43085): Illegal state: must be running to vote when last-logged opid is not known
I20260709 12:09:20.097332 30565 tablet_service.cc:1917] Received RequestConsensusVote() RPC: tablet_id: "52c83e96dc1a4611b38d8c1a61193d18" candidate_uuid: "193df7278f7845648ec056780d6d29e7" candidate_term: 1 candidate_status { last_received { term: 0 index: 0 } } ignore_live_leader: false dest_uuid: "6403f19d1bc944fc9bb2408a4c5cebcd" is_pre_election: true
I20260709 12:09:20.100518 30610 raft_consensus.cc:359] T e1c85603f27e4e379d11127274e873b3 P 193df7278f7845648ec056780d6d29e7 [term 0 FOLLOWER]: Replica starting. Triggering 0 pending ops. Active config: opid_index: -1 OBSOLETE_local: false peers { permanent_uuid: "f59cee711d3b42a1a6e437098f2bcc97" member_type: VOTER last_known_addr { host: "127.28.133.65" port: 43085 } } peers { permanent_uuid: "193df7278f7845648ec056780d6d29e7" member_type: VOTER last_known_addr { host: "127.28.133.66" port: 36395 } } peers { permanent_uuid: "6403f19d1bc944fc9bb2408a4c5cebcd" member_type: VOTER last_known_addr { host: "127.28.133.67" port: 32879 } }
I20260709 12:09:20.101333 30610 raft_consensus.cc:385] T e1c85603f27e4e379d11127274e873b3 P 193df7278f7845648ec056780d6d29e7 [term 0 FOLLOWER]: Consensus starting up: Expiring failure detector timer to make a prompt election more likely
I20260709 12:09:20.101627 30610 raft_consensus.cc:740] T e1c85603f27e4e379d11127274e873b3 P 193df7278f7845648ec056780d6d29e7 [term 0 FOLLOWER]: Becoming Follower/Learner. State: Replica: 193df7278f7845648ec056780d6d29e7, State: Initialized, Role: FOLLOWER
I20260709 12:09:20.100880 30314 catalog_manager.cc:5697] T f7cce698775549068fede9bbc375eaae P f59cee711d3b42a1a6e437098f2bcc97 reported cstate change: term changed from 0 to 1, leader changed from <none> to f59cee711d3b42a1a6e437098f2bcc97 (127.28.133.65). New cstate: current_term: 1 leader_uuid: "f59cee711d3b42a1a6e437098f2bcc97" committed_config { opid_index: -1 OBSOLETE_local: false peers { permanent_uuid: "f59cee711d3b42a1a6e437098f2bcc97" member_type: VOTER last_known_addr { host: "127.28.133.65" port: 43085 } health_report { overall_health: HEALTHY } } peers { permanent_uuid: "193df7278f7845648ec056780d6d29e7" member_type: VOTER last_known_addr { host: "127.28.133.66" port: 36395 } health_report { overall_health: UNKNOWN } } peers { permanent_uuid: "6403f19d1bc944fc9bb2408a4c5cebcd" member_type: VOTER last_known_addr { host: "127.28.133.67" port: 32879 } health_report { overall_health: UNKNOWN } } }
I20260709 12:09:20.102290 30610 consensus_queue.cc:260] T e1c85603f27e4e379d11127274e873b3 P 193df7278f7845648ec056780d6d29e7 [NON_LEADER]: Queue going to NON_LEADER mode. State: All replicated index: 0, Majority replicated index: 0, Committed index: 0, Last appended: 0.0, Last appended by leader: 0, Current term: 0, Majority size: -1, State: 0, Mode: NON_LEADER, active raft config: opid_index: -1 OBSOLETE_local: false peers { permanent_uuid: "f59cee711d3b42a1a6e437098f2bcc97" member_type: VOTER last_known_addr { host: "127.28.133.65" port: 43085 } } peers { permanent_uuid: "193df7278f7845648ec056780d6d29e7" member_type: VOTER last_known_addr { host: "127.28.133.66" port: 36395 } } peers { permanent_uuid: "6403f19d1bc944fc9bb2408a4c5cebcd" member_type: VOTER last_known_addr { host: "127.28.133.67" port: 32879 } }
I20260709 12:09:20.106096 30735 consensus_queue.cc:1048] T 653c555d411d4caaa48c0580aa996b22 P 6403f19d1bc944fc9bb2408a4c5cebcd [LEADER]: Connected to new peer: Peer: permanent_uuid: "f59cee711d3b42a1a6e437098f2bcc97" member_type: VOTER last_known_addr { host: "127.28.133.65" port: 43085 }, Status: LMP_MISMATCH, Last received: 0.0, Next index: 1, Last known committed idx: 0, Time since last communication: 0.001s
I20260709 12:09:20.107674 30608 tablet_bootstrap.cc:492] T e1c85603f27e4e379d11127274e873b3 P f59cee711d3b42a1a6e437098f2bcc97: No bootstrap required, opened a new log
I20260709 12:09:20.108160 30608 ts_tablet_manager.cc:1403] T e1c85603f27e4e379d11127274e873b3 P f59cee711d3b42a1a6e437098f2bcc97: Time spent bootstrapping tablet: real 0.156s	user 0.023s	sys 0.010s
W20260709 12:09:20.114382 30458 leader_election.cc:343] T 52c83e96dc1a4611b38d8c1a61193d18 P 193df7278f7845648ec056780d6d29e7 [CANDIDATE]: Term 1 pre-election: Tablet error from VoteRequest() call to peer 6403f19d1bc944fc9bb2408a4c5cebcd (127.28.133.67:32879): Illegal state: must be running to vote when last-logged opid is not known
I20260709 12:09:20.114899 30458 leader_election.cc:304] T 52c83e96dc1a4611b38d8c1a61193d18 P 193df7278f7845648ec056780d6d29e7 [CANDIDATE]: Term 1 pre-election: Election decided. Result: candidate lost. Election summary: received 3 responses out of 3 voters: 1 yes votes; 2 no votes. yes voters: 193df7278f7845648ec056780d6d29e7; no voters: 6403f19d1bc944fc9bb2408a4c5cebcd, f59cee711d3b42a1a6e437098f2bcc97
I20260709 12:09:20.115634 30610 ts_tablet_manager.cc:1434] T e1c85603f27e4e379d11127274e873b3 P 193df7278f7845648ec056780d6d29e7: Time spent starting tablet: real 0.028s	user 0.007s	sys 0.000s
I20260709 12:09:20.115456 30608 raft_consensus.cc:359] T e1c85603f27e4e379d11127274e873b3 P f59cee711d3b42a1a6e437098f2bcc97 [term 0 FOLLOWER]: Replica starting. Triggering 0 pending ops. Active config: opid_index: -1 OBSOLETE_local: false peers { permanent_uuid: "f59cee711d3b42a1a6e437098f2bcc97" member_type: VOTER last_known_addr { host: "127.28.133.65" port: 43085 } } peers { permanent_uuid: "193df7278f7845648ec056780d6d29e7" member_type: VOTER last_known_addr { host: "127.28.133.66" port: 36395 } } peers { permanent_uuid: "6403f19d1bc944fc9bb2408a4c5cebcd" member_type: VOTER last_known_addr { host: "127.28.133.67" port: 32879 } }
I20260709 12:09:20.116143 30608 raft_consensus.cc:385] T e1c85603f27e4e379d11127274e873b3 P f59cee711d3b42a1a6e437098f2bcc97 [term 0 FOLLOWER]: Consensus starting up: Expiring failure detector timer to make a prompt election more likely
I20260709 12:09:20.116272 30720 raft_consensus.cc:2749] T 52c83e96dc1a4611b38d8c1a61193d18 P 193df7278f7845648ec056780d6d29e7 [term 0 FOLLOWER]: Leader pre-election lost for term 1. Reason: could not achieve majority
I20260709 12:09:20.116423 30608 raft_consensus.cc:740] T e1c85603f27e4e379d11127274e873b3 P f59cee711d3b42a1a6e437098f2bcc97 [term 0 FOLLOWER]: Becoming Follower/Learner. State: Replica: f59cee711d3b42a1a6e437098f2bcc97, State: Initialized, Role: FOLLOWER
I20260709 12:09:20.116549 30610 tablet_bootstrap.cc:492] T 14180d0e585b4b66a1bc2b440dba0ab7 P 193df7278f7845648ec056780d6d29e7: Bootstrap starting.
I20260709 12:09:20.121611 30607 tablet_bootstrap.cc:492] T 2b7967698317497a9cc11248908ec306 P 6403f19d1bc944fc9bb2408a4c5cebcd: No bootstrap required, opened a new log
I20260709 12:09:20.121361 30608 consensus_queue.cc:260] T e1c85603f27e4e379d11127274e873b3 P f59cee711d3b42a1a6e437098f2bcc97 [NON_LEADER]: Queue going to NON_LEADER mode. State: All replicated index: 0, Majority replicated index: 0, Committed index: 0, Last appended: 0.0, Last appended by leader: 0, Current term: 0, Majority size: -1, State: 0, Mode: NON_LEADER, active raft config: opid_index: -1 OBSOLETE_local: false peers { permanent_uuid: "f59cee711d3b42a1a6e437098f2bcc97" member_type: VOTER last_known_addr { host: "127.28.133.65" port: 43085 } } peers { permanent_uuid: "193df7278f7845648ec056780d6d29e7" member_type: VOTER last_known_addr { host: "127.28.133.66" port: 36395 } } peers { permanent_uuid: "6403f19d1bc944fc9bb2408a4c5cebcd" member_type: VOTER last_known_addr { host: "127.28.133.67" port: 32879 } }
I20260709 12:09:20.122211 30607 ts_tablet_manager.cc:1403] T 2b7967698317497a9cc11248908ec306 P 6403f19d1bc944fc9bb2408a4c5cebcd: Time spent bootstrapping tablet: real 0.172s	user 0.010s	sys 0.013s
I20260709 12:09:20.123641 30610 tablet_bootstrap.cc:654] T 14180d0e585b4b66a1bc2b440dba0ab7 P 193df7278f7845648ec056780d6d29e7: Neither blocks nor log segments found. Creating new log.
I20260709 12:09:20.123730 30608 ts_tablet_manager.cc:1434] T e1c85603f27e4e379d11127274e873b3 P f59cee711d3b42a1a6e437098f2bcc97: Time spent starting tablet: real 0.015s	user 0.008s	sys 0.000s
I20260709 12:09:20.124707 30608 tablet_bootstrap.cc:492] T 52c83e96dc1a4611b38d8c1a61193d18 P f59cee711d3b42a1a6e437098f2bcc97: Bootstrap starting.
