I20260709 12:08:15.415396  7397 raft_consensus.cc:515] T 9e60efcfb1c74508bee829644f13f4b3 P fecc62af64324ce0aa48ee88c5473463 [term 0 FOLLOWER]: Starting pre-election with config: opid_index: -1 OBSOLETE_local: false peers { permanent_uuid: "6bb8edf082b346a98d3841f078171438" member_type: VOTER last_known_addr { host: "127.6.224.129" port: 38379 } } peers { permanent_uuid: "b790f165e7c34408b97e5602234cacfa" member_type: VOTER last_known_addr { host: "127.6.224.130" port: 37281 } } peers { permanent_uuid: "fecc62af64324ce0aa48ee88c5473463" member_type: VOTER last_known_addr { host: "127.6.224.131" port: 41225 } }
I20260709 12:08:15.415791  7143 leader_election.cc:304] T be4f660ca3304ffa83071fcaac27d9f4 P 6bb8edf082b346a98d3841f078171438 [CANDIDATE]: Term 1 pre-election: Election decided. Result: candidate won. Election summary: received 2 responses out of 3 voters: 2 yes votes; 0 no votes. yes voters: 6bb8edf082b346a98d3841f078171438, fecc62af64324ce0aa48ee88c5473463; no voters: 
I20260709 12:08:15.416608  7379 raft_consensus.cc:2804] T be4f660ca3304ffa83071fcaac27d9f4 P 6bb8edf082b346a98d3841f078171438 [term 0 FOLLOWER]: Leader pre-election won for term 1
I20260709 12:08:15.417088  7379 raft_consensus.cc:493] T be4f660ca3304ffa83071fcaac27d9f4 P 6bb8edf082b346a98d3841f078171438 [term 0 FOLLOWER]: Starting leader election (no leader contacted us within the election timeout)
I20260709 12:08:15.417258  7397 leader_election.cc:290] T 9e60efcfb1c74508bee829644f13f4b3 P fecc62af64324ce0aa48ee88c5473463 [CANDIDATE]: Term 1 pre-election: Requested pre-vote from peers 6bb8edf082b346a98d3841f078171438 (127.6.224.129:38379), b790f165e7c34408b97e5602234cacfa (127.6.224.130:37281)
I20260709 12:08:15.417580  7379 raft_consensus.cc:3060] T be4f660ca3304ffa83071fcaac27d9f4 P 6bb8edf082b346a98d3841f078171438 [term 0 FOLLOWER]: Advancing to term 1
I20260709 12:08:15.418773  7176 tablet_service.cc:1917] Received RequestConsensusVote() RPC: tablet_id: "9e60efcfb1c74508bee829644f13f4b3" candidate_uuid: "fecc62af64324ce0aa48ee88c5473463" candidate_term: 1 candidate_status { last_received { term: 0 index: 0 } } ignore_live_leader: false dest_uuid: "6bb8edf082b346a98d3841f078171438" is_pre_election: true
I20260709 12:08:15.419584  7176 raft_consensus.cc:2468] T 9e60efcfb1c74508bee829644f13f4b3 P 6bb8edf082b346a98d3841f078171438 [term 0 FOLLOWER]: Leader pre-election vote request: Granting yes vote for candidate fecc62af64324ce0aa48ee88c5473463 in term 0.
I20260709 12:08:15.421871  7370 tablet_bootstrap.cc:654] T 6acfe4c97d864715aaa79293beeb6e5a P 6bb8edf082b346a98d3841f078171438: Neither blocks nor log segments found. Creating new log.
I20260709 12:08:15.422005  7290 leader_election.cc:304] T 9e60efcfb1c74508bee829644f13f4b3 P fecc62af64324ce0aa48ee88c5473463 [CANDIDATE]: Term 1 pre-election: Election decided. Result: candidate won. Election summary: received 2 responses out of 3 voters: 2 yes votes; 0 no votes. yes voters: 6bb8edf082b346a98d3841f078171438, fecc62af64324ce0aa48ee88c5473463; no voters: 
I20260709 12:08:15.420334  7252 tablet_service.cc:1917] Received RequestConsensusVote() RPC: tablet_id: "9e60efcfb1c74508bee829644f13f4b3" candidate_uuid: "fecc62af64324ce0aa48ee88c5473463" candidate_term: 1 candidate_status { last_received { term: 0 index: 0 } } ignore_live_leader: false dest_uuid: "b790f165e7c34408b97e5602234cacfa" is_pre_election: true
I20260709 12:08:15.431167  7397 raft_consensus.cc:2804] T 9e60efcfb1c74508bee829644f13f4b3 P fecc62af64324ce0aa48ee88c5473463 [term 0 FOLLOWER]: Leader pre-election won for term 1
I20260709 12:08:15.431950  7397 raft_consensus.cc:493] T 9e60efcfb1c74508bee829644f13f4b3 P fecc62af64324ce0aa48ee88c5473463 [term 0 FOLLOWER]: Starting leader election (no leader contacted us within the election timeout)
I20260709 12:08:15.432382  7397 raft_consensus.cc:3060] T 9e60efcfb1c74508bee829644f13f4b3 P fecc62af64324ce0aa48ee88c5473463 [term 0 FOLLOWER]: Advancing to term 1
I20260709 12:08:15.423166  7369 raft_consensus.cc:359] T 055c6f8bbe424031a16148049f26454e P b790f165e7c34408b97e5602234cacfa [term 0 FOLLOWER]: Replica starting. Triggering 0 pending ops. Active config: opid_index: -1 OBSOLETE_local: false peers { permanent_uuid: "6bb8edf082b346a98d3841f078171438" member_type: VOTER last_known_addr { host: "127.6.224.129" port: 38379 } } peers { permanent_uuid: "b790f165e7c34408b97e5602234cacfa" member_type: VOTER last_known_addr { host: "127.6.224.130" port: 37281 } } peers { permanent_uuid: "fecc62af64324ce0aa48ee88c5473463" member_type: VOTER last_known_addr { host: "127.6.224.131" port: 41225 } }
I20260709 12:08:15.434042  7369 raft_consensus.cc:385] T 055c6f8bbe424031a16148049f26454e P b790f165e7c34408b97e5602234cacfa [term 0 FOLLOWER]: Consensus starting up: Expiring failure detector timer to make a prompt election more likely
I20260709 12:08:15.434455  7369 raft_consensus.cc:740] T 055c6f8bbe424031a16148049f26454e P b790f165e7c34408b97e5602234cacfa [term 0 FOLLOWER]: Becoming Follower/Learner. State: Replica: b790f165e7c34408b97e5602234cacfa, State: Initialized, Role: FOLLOWER
I20260709 12:08:15.435130  7369 consensus_queue.cc:260] T 055c6f8bbe424031a16148049f26454e P b790f165e7c34408b97e5602234cacfa [NON_LEADER]: Queue going to NON_LEADER mode. State: All replicated index: 0, Majority replicated index: 0, Committed index: 0, Last appended: 0.0, Last appended by leader: 0, Current term: 0, Majority size: -1, State: 0, Mode: NON_LEADER, active raft config: opid_index: -1 OBSOLETE_local: false peers { permanent_uuid: "6bb8edf082b346a98d3841f078171438" member_type: VOTER last_known_addr { host: "127.6.224.129" port: 38379 } } peers { permanent_uuid: "b790f165e7c34408b97e5602234cacfa" member_type: VOTER last_known_addr { host: "127.6.224.130" port: 37281 } } peers { permanent_uuid: "fecc62af64324ce0aa48ee88c5473463" member_type: VOTER last_known_addr { host: "127.6.224.131" port: 41225 } }
I20260709 12:08:15.432404  7252 raft_consensus.cc:2468] T 9e60efcfb1c74508bee829644f13f4b3 P b790f165e7c34408b97e5602234cacfa [term 0 FOLLOWER]: Leader pre-election vote request: Granting yes vote for candidate fecc62af64324ce0aa48ee88c5473463 in term 0.
I20260709 12:08:15.440119  7369 ts_tablet_manager.cc:1434] T 055c6f8bbe424031a16148049f26454e P b790f165e7c34408b97e5602234cacfa: Time spent starting tablet: real 0.029s	user 0.004s	sys 0.006s
I20260709 12:08:15.443727  7371 tablet_bootstrap.cc:492] T e06989d5bb8f49e3933464384082f603 P fecc62af64324ce0aa48ee88c5473463: No bootstrap required, opened a new log
I20260709 12:08:15.446141  7371 ts_tablet_manager.cc:1403] T e06989d5bb8f49e3933464384082f603 P fecc62af64324ce0aa48ee88c5473463: Time spent bootstrapping tablet: real 0.057s	user 0.002s	sys 0.019s
I20260709 12:08:15.445981  7397 raft_consensus.cc:515] T 9e60efcfb1c74508bee829644f13f4b3 P fecc62af64324ce0aa48ee88c5473463 [term 1 FOLLOWER]: Starting leader election with config: opid_index: -1 OBSOLETE_local: false peers { permanent_uuid: "6bb8edf082b346a98d3841f078171438" member_type: VOTER last_known_addr { host: "127.6.224.129" port: 38379 } } peers { permanent_uuid: "b790f165e7c34408b97e5602234cacfa" member_type: VOTER last_known_addr { host: "127.6.224.130" port: 37281 } } peers { permanent_uuid: "fecc62af64324ce0aa48ee88c5473463" member_type: VOTER last_known_addr { host: "127.6.224.131" port: 41225 } }
I20260709 12:08:15.447005  7379 raft_consensus.cc:515] T be4f660ca3304ffa83071fcaac27d9f4 P 6bb8edf082b346a98d3841f078171438 [term 1 FOLLOWER]: Starting leader election with config: opid_index: -1 OBSOLETE_local: false peers { permanent_uuid: "6bb8edf082b346a98d3841f078171438" member_type: VOTER last_known_addr { host: "127.6.224.129" port: 38379 } } peers { permanent_uuid: "b790f165e7c34408b97e5602234cacfa" member_type: VOTER last_known_addr { host: "127.6.224.130" port: 37281 } } peers { permanent_uuid: "fecc62af64324ce0aa48ee88c5473463" member_type: VOTER last_known_addr { host: "127.6.224.131" port: 41225 } }
I20260709 12:08:15.448576  7397 leader_election.cc:290] T 9e60efcfb1c74508bee829644f13f4b3 P fecc62af64324ce0aa48ee88c5473463 [CANDIDATE]: Term 1 election: Requested vote from peers 6bb8edf082b346a98d3841f078171438 (127.6.224.129:38379), b790f165e7c34408b97e5602234cacfa (127.6.224.130:37281)
I20260709 12:08:15.450367  7371 raft_consensus.cc:359] T e06989d5bb8f49e3933464384082f603 P fecc62af64324ce0aa48ee88c5473463 [term 0 FOLLOWER]: Replica starting. Triggering 0 pending ops. Active config: opid_index: -1 OBSOLETE_local: false peers { permanent_uuid: "6bb8edf082b346a98d3841f078171438" member_type: VOTER last_known_addr { host: "127.6.224.129" port: 38379 } } peers { permanent_uuid: "b790f165e7c34408b97e5602234cacfa" member_type: VOTER last_known_addr { host: "127.6.224.130" port: 37281 } } peers { permanent_uuid: "fecc62af64324ce0aa48ee88c5473463" member_type: VOTER last_known_addr { host: "127.6.224.131" port: 41225 } }
I20260709 12:08:15.450865  7176 tablet_service.cc:1917] Received RequestConsensusVote() RPC: tablet_id: "9e60efcfb1c74508bee829644f13f4b3" candidate_uuid: "fecc62af64324ce0aa48ee88c5473463" candidate_term: 1 candidate_status { last_received { term: 0 index: 0 } } ignore_live_leader: false dest_uuid: "6bb8edf082b346a98d3841f078171438"
I20260709 12:08:15.451566  7176 raft_consensus.cc:3060] T 9e60efcfb1c74508bee829644f13f4b3 P 6bb8edf082b346a98d3841f078171438 [term 0 FOLLOWER]: Advancing to term 1
I20260709 12:08:15.451284  7371 raft_consensus.cc:385] T e06989d5bb8f49e3933464384082f603 P fecc62af64324ce0aa48ee88c5473463 [term 0 FOLLOWER]: Consensus starting up: Expiring failure detector timer to make a prompt election more likely
I20260709 12:08:15.452802  7371 raft_consensus.cc:740] T e06989d5bb8f49e3933464384082f603 P fecc62af64324ce0aa48ee88c5473463 [term 0 FOLLOWER]: Becoming Follower/Learner. State: Replica: fecc62af64324ce0aa48ee88c5473463, State: Initialized, Role: FOLLOWER
I20260709 12:08:15.453025  7379 leader_election.cc:290] T be4f660ca3304ffa83071fcaac27d9f4 P 6bb8edf082b346a98d3841f078171438 [CANDIDATE]: Term 1 election: Requested vote from peers b790f165e7c34408b97e5602234cacfa (127.6.224.130:37281), fecc62af64324ce0aa48ee88c5473463 (127.6.224.131:41225)
I20260709 12:08:15.452708  7326 tablet_service.cc:1917] Received RequestConsensusVote() RPC: tablet_id: "be4f660ca3304ffa83071fcaac27d9f4" candidate_uuid: "6bb8edf082b346a98d3841f078171438" candidate_term: 1 candidate_status { last_received { term: 0 index: 0 } } ignore_live_leader: false dest_uuid: "fecc62af64324ce0aa48ee88c5473463"
I20260709 12:08:15.453902  7326 raft_consensus.cc:3060] T be4f660ca3304ffa83071fcaac27d9f4 P fecc62af64324ce0aa48ee88c5473463 [term 0 FOLLOWER]: Advancing to term 1
I20260709 12:08:15.453626  7371 consensus_queue.cc:260] T e06989d5bb8f49e3933464384082f603 P fecc62af64324ce0aa48ee88c5473463 [NON_LEADER]: Queue going to NON_LEADER mode. State: All replicated index: 0, Majority replicated index: 0, Committed index: 0, Last appended: 0.0, Last appended by leader: 0, Current term: 0, Majority size: -1, State: 0, Mode: NON_LEADER, active raft config: opid_index: -1 OBSOLETE_local: false peers { permanent_uuid: "6bb8edf082b346a98d3841f078171438" member_type: VOTER last_known_addr { host: "127.6.224.129" port: 38379 } } peers { permanent_uuid: "b790f165e7c34408b97e5602234cacfa" member_type: VOTER last_known_addr { host: "127.6.224.130" port: 37281 } } peers { permanent_uuid: "fecc62af64324ce0aa48ee88c5473463" member_type: VOTER last_known_addr { host: "127.6.224.131" port: 41225 } }
I20260709 12:08:15.455942  7371 ts_tablet_manager.cc:1434] T e06989d5bb8f49e3933464384082f603 P fecc62af64324ce0aa48ee88c5473463: Time spent starting tablet: real 0.009s	user 0.006s	sys 0.000s
I20260709 12:08:15.456910  7371 tablet_bootstrap.cc:492] T 6acfe4c97d864715aaa79293beeb6e5a P fecc62af64324ce0aa48ee88c5473463: Bootstrap starting.
I20260709 12:08:15.457182  7252 tablet_service.cc:1917] Received RequestConsensusVote() RPC: tablet_id: "9e60efcfb1c74508bee829644f13f4b3" candidate_uuid: "fecc62af64324ce0aa48ee88c5473463" candidate_term: 1 candidate_status { last_received { term: 0 index: 0 } } ignore_live_leader: false dest_uuid: "b790f165e7c34408b97e5602234cacfa"
I20260709 12:08:15.457909  7252 raft_consensus.cc:3060] T 9e60efcfb1c74508bee829644f13f4b3 P b790f165e7c34408b97e5602234cacfa [term 0 FOLLOWER]: Advancing to term 1
I20260709 12:08:15.457859  7251 tablet_service.cc:1917] Received RequestConsensusVote() RPC: tablet_id: "be4f660ca3304ffa83071fcaac27d9f4" candidate_uuid: "6bb8edf082b346a98d3841f078171438" candidate_term: 1 candidate_status { last_received { term: 0 index: 0 } } ignore_live_leader: false dest_uuid: "b790f165e7c34408b97e5602234cacfa"
I20260709 12:08:15.464665  7251 raft_consensus.cc:3060] T be4f660ca3304ffa83071fcaac27d9f4 P b790f165e7c34408b97e5602234cacfa [term 0 FOLLOWER]: Advancing to term 1
I20260709 12:08:15.475629  7371 tablet_bootstrap.cc:654] T 6acfe4c97d864715aaa79293beeb6e5a P fecc62af64324ce0aa48ee88c5473463: Neither blocks nor log segments found. Creating new log.
I20260709 12:08:15.476248  7176 raft_consensus.cc:2468] T 9e60efcfb1c74508bee829644f13f4b3 P 6bb8edf082b346a98d3841f078171438 [term 1 FOLLOWER]: Leader election vote request: Granting yes vote for candidate fecc62af64324ce0aa48ee88c5473463 in term 1.
I20260709 12:08:15.477571  7290 leader_election.cc:304] T 9e60efcfb1c74508bee829644f13f4b3 P fecc62af64324ce0aa48ee88c5473463 [CANDIDATE]: Term 1 election: Election decided. Result: candidate won. Election summary: received 2 responses out of 3 voters: 2 yes votes; 0 no votes. yes voters: 6bb8edf082b346a98d3841f078171438, fecc62af64324ce0aa48ee88c5473463; no voters: 
I20260709 12:08:15.478381  7397 raft_consensus.cc:2804] T 9e60efcfb1c74508bee829644f13f4b3 P fecc62af64324ce0aa48ee88c5473463 [term 1 FOLLOWER]: Leader election won for term 1
I20260709 12:08:15.478863  7397 raft_consensus.cc:697] T 9e60efcfb1c74508bee829644f13f4b3 P fecc62af64324ce0aa48ee88c5473463 [term 1 LEADER]: Becoming Leader. State: Replica: fecc62af64324ce0aa48ee88c5473463, State: Running, Role: LEADER
I20260709 12:08:15.479704  7397 consensus_queue.cc:237] T 9e60efcfb1c74508bee829644f13f4b3 P fecc62af64324ce0aa48ee88c5473463 [LEADER]: Queue going to LEADER mode. State: All replicated index: 0, Majority replicated index: 0, Committed index: 0, Last appended: 0.0, Last appended by leader: 0, Current term: 1, Majority size: 2, State: 0, Mode: LEADER, active raft config: opid_index: -1 OBSOLETE_local: false peers { permanent_uuid: "6bb8edf082b346a98d3841f078171438" member_type: VOTER last_known_addr { host: "127.6.224.129" port: 38379 } } peers { permanent_uuid: "b790f165e7c34408b97e5602234cacfa" member_type: VOTER last_known_addr { host: "127.6.224.130" port: 37281 } } peers { permanent_uuid: "fecc62af64324ce0aa48ee88c5473463" member_type: VOTER last_known_addr { host: "127.6.224.131" port: 41225 } }
I20260709 12:08:15.483024  7252 raft_consensus.cc:2468] T 9e60efcfb1c74508bee829644f13f4b3 P b790f165e7c34408b97e5602234cacfa [term 1 FOLLOWER]: Leader election vote request: Granting yes vote for candidate fecc62af64324ce0aa48ee88c5473463 in term 1.
I20260709 12:08:15.488215  7326 raft_consensus.cc:2468] T be4f660ca3304ffa83071fcaac27d9f4 P fecc62af64324ce0aa48ee88c5473463 [term 1 FOLLOWER]: Leader election vote request: Granting yes vote for candidate 6bb8edf082b346a98d3841f078171438 in term 1.
I20260709 12:08:15.489512  7143 leader_election.cc:304] T be4f660ca3304ffa83071fcaac27d9f4 P 6bb8edf082b346a98d3841f078171438 [CANDIDATE]: Term 1 election: Election decided. Result: candidate won. Election summary: received 2 responses out of 3 voters: 2 yes votes; 0 no votes. yes voters: 6bb8edf082b346a98d3841f078171438, fecc62af64324ce0aa48ee88c5473463; no voters: 
I20260709 12:08:15.490518  7379 raft_consensus.cc:2804] T be4f660ca3304ffa83071fcaac27d9f4 P 6bb8edf082b346a98d3841f078171438 [term 1 FOLLOWER]: Leader election won for term 1
I20260709 12:08:15.493245  7396 raft_consensus.cc:493] T e06989d5bb8f49e3933464384082f603 P fecc62af64324ce0aa48ee88c5473463 [term 0 FOLLOWER]: Starting pre-election (no leader contacted us within the election timeout)
I20260709 12:08:15.493849  7396 raft_consensus.cc:515] T e06989d5bb8f49e3933464384082f603 P fecc62af64324ce0aa48ee88c5473463 [term 0 FOLLOWER]: Starting pre-election with config: opid_index: -1 OBSOLETE_local: false peers { permanent_uuid: "6bb8edf082b346a98d3841f078171438" member_type: VOTER last_known_addr { host: "127.6.224.129" port: 38379 } } peers { permanent_uuid: "b790f165e7c34408b97e5602234cacfa" member_type: VOTER last_known_addr { host: "127.6.224.130" port: 37281 } } peers { permanent_uuid: "fecc62af64324ce0aa48ee88c5473463" member_type: VOTER last_known_addr { host: "127.6.224.131" port: 41225 } }
I20260709 12:08:15.494840  7251 raft_consensus.cc:2468] T be4f660ca3304ffa83071fcaac27d9f4 P b790f165e7c34408b97e5602234cacfa [term 1 FOLLOWER]: Leader election vote request: Granting yes vote for candidate 6bb8edf082b346a98d3841f078171438 in term 1.
I20260709 12:08:15.495793  7396 leader_election.cc:290] T e06989d5bb8f49e3933464384082f603 P fecc62af64324ce0aa48ee88c5473463 [CANDIDATE]: Term 1 pre-election: Requested pre-vote from peers 6bb8edf082b346a98d3841f078171438 (127.6.224.129:38379), b790f165e7c34408b97e5602234cacfa (127.6.224.130:37281)
I20260709 12:08:15.497949  7176 tablet_service.cc:1917] Received RequestConsensusVote() RPC: tablet_id: "e06989d5bb8f49e3933464384082f603" candidate_uuid: "fecc62af64324ce0aa48ee88c5473463" candidate_term: 1 candidate_status { last_received { term: 0 index: 0 } } ignore_live_leader: false dest_uuid: "6bb8edf082b346a98d3841f078171438" is_pre_election: true
I20260709 12:08:15.498762  7176 raft_consensus.cc:2468] T e06989d5bb8f49e3933464384082f603 P 6bb8edf082b346a98d3841f078171438 [term 0 FOLLOWER]: Leader pre-election vote request: Granting yes vote for candidate fecc62af64324ce0aa48ee88c5473463 in term 0.
I20260709 12:08:15.500164  7290 leader_election.cc:304] T e06989d5bb8f49e3933464384082f603 P fecc62af64324ce0aa48ee88c5473463 [CANDIDATE]: Term 1 pre-election: Election decided. Result: candidate won. Election summary: received 2 responses out of 3 voters: 2 yes votes; 0 no votes. yes voters: 6bb8edf082b346a98d3841f078171438, fecc62af64324ce0aa48ee88c5473463; no voters: 
I20260709 12:08:15.501020  7396 raft_consensus.cc:2804] T e06989d5bb8f49e3933464384082f603 P fecc62af64324ce0aa48ee88c5473463 [term 0 FOLLOWER]: Leader pre-election won for term 1
I20260709 12:08:15.501392  7396 raft_consensus.cc:493] T e06989d5bb8f49e3933464384082f603 P fecc62af64324ce0aa48ee88c5473463 [term 0 FOLLOWER]: Starting leader election (no leader contacted us within the election timeout)
I20260709 12:08:15.501742  7396 raft_consensus.cc:3060] T e06989d5bb8f49e3933464384082f603 P fecc62af64324ce0aa48ee88c5473463 [term 0 FOLLOWER]: Advancing to term 1
I20260709 12:08:15.502861  7252 tablet_service.cc:1917] Received RequestConsensusVote() RPC: tablet_id: "e06989d5bb8f49e3933464384082f603" candidate_uuid: "fecc62af64324ce0aa48ee88c5473463" candidate_term: 1 candidate_status { last_received { term: 0 index: 0 } } ignore_live_leader: false dest_uuid: "b790f165e7c34408b97e5602234cacfa" is_pre_election: true
I20260709 12:08:15.503018  7379 raft_consensus.cc:697] T be4f660ca3304ffa83071fcaac27d9f4 P 6bb8edf082b346a98d3841f078171438 [term 1 LEADER]: Becoming Leader. State: Replica: 6bb8edf082b346a98d3841f078171438, State: Running, Role: LEADER
I20260709 12:08:15.503571  7252 raft_consensus.cc:2468] T e06989d5bb8f49e3933464384082f603 P b790f165e7c34408b97e5602234cacfa [term 0 FOLLOWER]: Leader pre-election vote request: Granting yes vote for candidate fecc62af64324ce0aa48ee88c5473463 in term 0.
I20260709 12:08:15.504223  7379 consensus_queue.cc:237] T be4f660ca3304ffa83071fcaac27d9f4 P 6bb8edf082b346a98d3841f078171438 [LEADER]: Queue going to LEADER mode. State: All replicated index: 0, Majority replicated index: 0, Committed index: 0, Last appended: 0.0, Last appended by leader: 0, Current term: 1, Majority size: 2, State: 0, Mode: LEADER, active raft config: opid_index: -1 OBSOLETE_local: false peers { permanent_uuid: "6bb8edf082b346a98d3841f078171438" member_type: VOTER last_known_addr { host: "127.6.224.129" port: 38379 } } peers { permanent_uuid: "b790f165e7c34408b97e5602234cacfa" member_type: VOTER last_known_addr { host: "127.6.224.130" port: 37281 } } peers { permanent_uuid: "fecc62af64324ce0aa48ee88c5473463" member_type: VOTER last_known_addr { host: "127.6.224.131" port: 41225 } }
I20260709 12:08:15.506711  7370 tablet_bootstrap.cc:492] T 6acfe4c97d864715aaa79293beeb6e5a P 6bb8edf082b346a98d3841f078171438: No bootstrap required, opened a new log
I20260709 12:08:15.507197  7370 ts_tablet_manager.cc:1403] T 6acfe4c97d864715aaa79293beeb6e5a P 6bb8edf082b346a98d3841f078171438: Time spent bootstrapping tablet: real 0.107s	user 0.016s	sys 0.012s
I20260709 12:08:15.512753  7370 raft_consensus.cc:359] T 6acfe4c97d864715aaa79293beeb6e5a P 6bb8edf082b346a98d3841f078171438 [term 0 FOLLOWER]: Replica starting. Triggering 0 pending ops. Active config: opid_index: -1 OBSOLETE_local: false peers { permanent_uuid: "6bb8edf082b346a98d3841f078171438" member_type: VOTER last_known_addr { host: "127.6.224.129" port: 38379 } } peers { permanent_uuid: "b790f165e7c34408b97e5602234cacfa" member_type: VOTER last_known_addr { host: "127.6.224.130" port: 37281 } } peers { permanent_uuid: "fecc62af64324ce0aa48ee88c5473463" member_type: VOTER last_known_addr { host: "127.6.224.131" port: 41225 } }
I20260709 12:08:15.513653  7370 raft_consensus.cc:385] T 6acfe4c97d864715aaa79293beeb6e5a P 6bb8edf082b346a98d3841f078171438 [term 0 FOLLOWER]: Consensus starting up: Expiring failure detector timer to make a prompt election more likely
I20260709 12:08:15.514006  7370 raft_consensus.cc:740] T 6acfe4c97d864715aaa79293beeb6e5a P 6bb8edf082b346a98d3841f078171438 [term 0 FOLLOWER]: Becoming Follower/Learner. State: Replica: 6bb8edf082b346a98d3841f078171438, State: Initialized, Role: FOLLOWER
I20260709 12:08:15.514755  7370 consensus_queue.cc:260] T 6acfe4c97d864715aaa79293beeb6e5a P 6bb8edf082b346a98d3841f078171438 [NON_LEADER]: Queue going to NON_LEADER mode. State: All replicated index: 0, Majority replicated index: 0, Committed index: 0, Last appended: 0.0, Last appended by leader: 0, Current term: 0, Majority size: -1, State: 0, Mode: NON_LEADER, active raft config: opid_index: -1 OBSOLETE_local: false peers { permanent_uuid: "6bb8edf082b346a98d3841f078171438" member_type: VOTER last_known_addr { host: "127.6.224.129" port: 38379 } } peers { permanent_uuid: "b790f165e7c34408b97e5602234cacfa" member_type: VOTER last_known_addr { host: "127.6.224.130" port: 37281 } } peers { permanent_uuid: "fecc62af64324ce0aa48ee88c5473463" member_type: VOTER last_known_addr { host: "127.6.224.131" port: 41225 } }
I20260709 12:08:15.517035  7370 ts_tablet_manager.cc:1434] T 6acfe4c97d864715aaa79293beeb6e5a P 6bb8edf082b346a98d3841f078171438: Time spent starting tablet: real 0.010s	user 0.005s	sys 0.000s
I20260709 12:08:15.518117  7378 raft_consensus.cc:493] T 055c6f8bbe424031a16148049f26454e P b790f165e7c34408b97e5602234cacfa [term 0 FOLLOWER]: Starting pre-election (no leader contacted us within the election timeout)
I20260709 12:08:15.518597  7378 raft_consensus.cc:515] T 055c6f8bbe424031a16148049f26454e P b790f165e7c34408b97e5602234cacfa [term 0 FOLLOWER]: Starting pre-election with config: opid_index: -1 OBSOLETE_local: false peers { permanent_uuid: "6bb8edf082b346a98d3841f078171438" member_type: VOTER last_known_addr { host: "127.6.224.129" port: 38379 } } peers { permanent_uuid: "b790f165e7c34408b97e5602234cacfa" member_type: VOTER last_known_addr { host: "127.6.224.130" port: 37281 } } peers { permanent_uuid: "fecc62af64324ce0aa48ee88c5473463" member_type: VOTER last_known_addr { host: "127.6.224.131" port: 41225 } }
I20260709 12:08:15.522225  7378 leader_election.cc:290] T 055c6f8bbe424031a16148049f26454e P b790f165e7c34408b97e5602234cacfa [CANDIDATE]: Term 1 pre-election: Requested pre-vote from peers 6bb8edf082b346a98d3841f078171438 (127.6.224.129:38379), fecc62af64324ce0aa48ee88c5473463 (127.6.224.131:41225)
I20260709 12:08:15.523644  7326 tablet_service.cc:1917] Received RequestConsensusVote() RPC: tablet_id: "055c6f8bbe424031a16148049f26454e" candidate_uuid: "b790f165e7c34408b97e5602234cacfa" candidate_term: 1 candidate_status { last_received { term: 0 index: 0 } } ignore_live_leader: false dest_uuid: "fecc62af64324ce0aa48ee88c5473463" is_pre_election: true
W20260709 12:08:15.525349  7218 leader_election.cc:343] T 055c6f8bbe424031a16148049f26454e P b790f165e7c34408b97e5602234cacfa [CANDIDATE]: Term 1 pre-election: Tablet error from VoteRequest() call to peer fecc62af64324ce0aa48ee88c5473463 (127.6.224.131:41225): Illegal state: must be running to vote when last-logged opid is not known
I20260709 12:08:15.526557  7396 raft_consensus.cc:515] T e06989d5bb8f49e3933464384082f603 P fecc62af64324ce0aa48ee88c5473463 [term 1 FOLLOWER]: Starting leader election with config: opid_index: -1 OBSOLETE_local: false peers { permanent_uuid: "6bb8edf082b346a98d3841f078171438" member_type: VOTER last_known_addr { host: "127.6.224.129" port: 38379 } } peers { permanent_uuid: "b790f165e7c34408b97e5602234cacfa" member_type: VOTER last_known_addr { host: "127.6.224.130" port: 37281 } } peers { permanent_uuid: "fecc62af64324ce0aa48ee88c5473463" member_type: VOTER last_known_addr { host: "127.6.224.131" port: 41225 } }
I20260709 12:08:15.525691  7071 catalog_manager.cc:5697] T be4f660ca3304ffa83071fcaac27d9f4 P 6bb8edf082b346a98d3841f078171438 reported cstate change: term changed from 0 to 1, leader changed from <none> to 6bb8edf082b346a98d3841f078171438 (127.6.224.129). New cstate: current_term: 1 leader_uuid: "6bb8edf082b346a98d3841f078171438" committed_config { opid_index: -1 OBSOLETE_local: false peers { permanent_uuid: "6bb8edf082b346a98d3841f078171438" member_type: VOTER last_known_addr { host: "127.6.224.129" port: 38379 } health_report { overall_health: HEALTHY } } peers { permanent_uuid: "b790f165e7c34408b97e5602234cacfa" member_type: VOTER last_known_addr { host: "127.6.224.130" port: 37281 } health_report { overall_health: UNKNOWN } } peers { permanent_uuid: "fecc62af64324ce0aa48ee88c5473463" member_type: VOTER last_known_addr { host: "127.6.224.131" port: 41225 } health_report { overall_health: UNKNOWN } } }
I20260709 12:08:15.528741  7396 leader_election.cc:290] T e06989d5bb8f49e3933464384082f603 P fecc62af64324ce0aa48ee88c5473463 [CANDIDATE]: Term 1 election: Requested vote from peers 6bb8edf082b346a98d3841f078171438 (127.6.224.129:38379), b790f165e7c34408b97e5602234cacfa (127.6.224.130:37281)
I20260709 12:08:15.530131  7176 tablet_service.cc:1917] Received RequestConsensusVote() RPC: tablet_id: "055c6f8bbe424031a16148049f26454e" candidate_uuid: "b790f165e7c34408b97e5602234cacfa" candidate_term: 1 candidate_status { last_received { term: 0 index: 0 } } ignore_live_leader: false dest_uuid: "6bb8edf082b346a98d3841f078171438" is_pre_election: true
I20260709 12:08:15.530776  7176 raft_consensus.cc:2468] T 055c6f8bbe424031a16148049f26454e P 6bb8edf082b346a98d3841f078171438 [term 0 FOLLOWER]: Leader pre-election vote request: Granting yes vote for candidate b790f165e7c34408b97e5602234cacfa in term 0.
I20260709 12:08:15.533463  7216 leader_election.cc:304] T 055c6f8bbe424031a16148049f26454e P b790f165e7c34408b97e5602234cacfa [CANDIDATE]: Term 1 pre-election: Election decided. Result: candidate won. Election summary: received 3 responses out of 3 voters: 2 yes votes; 1 no votes. yes voters: 6bb8edf082b346a98d3841f078171438, b790f165e7c34408b97e5602234cacfa; no voters: fecc62af64324ce0aa48ee88c5473463
I20260709 12:08:15.534073  7378 consensus_queue.cc:1048] T d252d2a0e6ba4fa59e5662020f331582 P b790f165e7c34408b97e5602234cacfa [LEADER]: Connected to new peer: Peer: permanent_uuid: "6bb8edf082b346a98d3841f078171438" member_type: VOTER last_known_addr { host: "127.6.224.129" port: 38379 }, Status: LMP_MISMATCH, Last received: 0.0, Next index: 1, Last known committed idx: 0, Time since last communication: 0.000s
I20260709 12:08:15.534777  7176 tablet_service.cc:1917] Received RequestConsensusVote() RPC: tablet_id: "e06989d5bb8f49e3933464384082f603" candidate_uuid: "fecc62af64324ce0aa48ee88c5473463" candidate_term: 1 candidate_status { last_received { term: 0 index: 0 } } ignore_live_leader: false dest_uuid: "6bb8edf082b346a98d3841f078171438"
I20260709 12:08:15.535657  7389 raft_consensus.cc:2804] T 055c6f8bbe424031a16148049f26454e P b790f165e7c34408b97e5602234cacfa [term 0 FOLLOWER]: Leader pre-election won for term 1
I20260709 12:08:15.536019  7389 raft_consensus.cc:493] T 055c6f8bbe424031a16148049f26454e P b790f165e7c34408b97e5602234cacfa [term 0 FOLLOWER]: Starting leader election (no leader contacted us within the election timeout)
I20260709 12:08:15.536355  7389 raft_consensus.cc:3060] T 055c6f8bbe424031a16148049f26454e P b790f165e7c34408b97e5602234cacfa [term 0 FOLLOWER]: Advancing to term 1
I20260709 12:08:15.535327  7176 raft_consensus.cc:3060] T e06989d5bb8f49e3933464384082f603 P 6bb8edf082b346a98d3841f078171438 [term 0 FOLLOWER]: Advancing to term 1
I20260709 12:08:15.540822  7252 tablet_service.cc:1917] Received RequestConsensusVote() RPC: tablet_id: "e06989d5bb8f49e3933464384082f603" candidate_uuid: "fecc62af64324ce0aa48ee88c5473463" candidate_term: 1 candidate_status { last_received { term: 0 index: 0 } } ignore_live_leader: false dest_uuid: "b790f165e7c34408b97e5602234cacfa"
I20260709 12:08:15.538534  7074 catalog_manager.cc:5697] T 9e60efcfb1c74508bee829644f13f4b3 P fecc62af64324ce0aa48ee88c5473463 reported cstate change: term changed from 0 to 1, leader changed from <none> to fecc62af64324ce0aa48ee88c5473463 (127.6.224.131). New cstate: current_term: 1 leader_uuid: "fecc62af64324ce0aa48ee88c5473463" committed_config { opid_index: -1 OBSOLETE_local: false peers { permanent_uuid: "6bb8edf082b346a98d3841f078171438" member_type: VOTER last_known_addr { host: "127.6.224.129" port: 38379 } health_report { overall_health: UNKNOWN } } peers { permanent_uuid: "b790f165e7c34408b97e5602234cacfa" member_type: VOTER last_known_addr { host: "127.6.224.130" port: 37281 } health_report { overall_health: UNKNOWN } } peers { permanent_uuid: "fecc62af64324ce0aa48ee88c5473463" member_type: VOTER last_known_addr { host: "127.6.224.131" port: 41225 } health_report { overall_health: HEALTHY } } }
I20260709 12:08:15.541446  7252 raft_consensus.cc:3060] T e06989d5bb8f49e3933464384082f603 P b790f165e7c34408b97e5602234cacfa [term 0 FOLLOWER]: Advancing to term 1
I20260709 12:08:15.544600  7326 raft_consensus.cc:3060] T d252d2a0e6ba4fa59e5662020f331582 P fecc62af64324ce0aa48ee88c5473463 [term 0 FOLLOWER]: Advancing to term 1
I20260709 12:08:15.548527  7252 raft_consensus.cc:2468] T e06989d5bb8f49e3933464384082f603 P b790f165e7c34408b97e5602234cacfa [term 1 FOLLOWER]: Leader election vote request: Granting yes vote for candidate fecc62af64324ce0aa48ee88c5473463 in term 1.
I20260709 12:08:15.549749  7290 leader_election.cc:304] T e06989d5bb8f49e3933464384082f603 P fecc62af64324ce0aa48ee88c5473463 [CANDIDATE]: Term 1 election: Election decided. Result: candidate won. Election summary: received 2 responses out of 3 voters: 2 yes votes; 0 no votes. yes voters: b790f165e7c34408b97e5602234cacfa, fecc62af64324ce0aa48ee88c5473463; no voters: 
I20260709 12:08:15.557746  7389 raft_consensus.cc:515] T 055c6f8bbe424031a16148049f26454e P b790f165e7c34408b97e5602234cacfa [term 1 FOLLOWER]: Starting leader election with config: opid_index: -1 OBSOLETE_local: false peers { permanent_uuid: "6bb8edf082b346a98d3841f078171438" member_type: VOTER last_known_addr { host: "127.6.224.129" port: 38379 } } peers { permanent_uuid: "b790f165e7c34408b97e5602234cacfa" member_type: VOTER last_known_addr { host: "127.6.224.130" port: 37281 } } peers { permanent_uuid: "fecc62af64324ce0aa48ee88c5473463" member_type: VOTER last_known_addr { host: "127.6.224.131" port: 41225 } }
I20260709 12:08:15.562915  7389 leader_election.cc:290] T 055c6f8bbe424031a16148049f26454e P b790f165e7c34408b97e5602234cacfa [CANDIDATE]: Term 1 election: Requested vote from peers 6bb8edf082b346a98d3841f078171438 (127.6.224.129:38379), fecc62af64324ce0aa48ee88c5473463 (127.6.224.131:41225)
I20260709 12:08:15.563956  7177 tablet_service.cc:1917] Received RequestConsensusVote() RPC: tablet_id: "055c6f8bbe424031a16148049f26454e" candidate_uuid: "b790f165e7c34408b97e5602234cacfa" candidate_term: 1 candidate_status { last_received { term: 0 index: 0 } } ignore_live_leader: false dest_uuid: "6bb8edf082b346a98d3841f078171438"
I20260709 12:08:15.564643  7177 raft_consensus.cc:3060] T 055c6f8bbe424031a16148049f26454e P 6bb8edf082b346a98d3841f078171438 [term 0 FOLLOWER]: Advancing to term 1
I20260709 12:08:15.560130  7397 raft_consensus.cc:2804] T e06989d5bb8f49e3933464384082f603 P fecc62af64324ce0aa48ee88c5473463 [term 1 FOLLOWER]: Leader election won for term 1
I20260709 12:08:15.568593  7397 raft_consensus.cc:697] T e06989d5bb8f49e3933464384082f603 P fecc62af64324ce0aa48ee88c5473463 [term 1 LEADER]: Becoming Leader. State: Replica: fecc62af64324ce0aa48ee88c5473463, State: Running, Role: LEADER
I20260709 12:08:15.569561  7371 tablet_bootstrap.cc:492] T 6acfe4c97d864715aaa79293beeb6e5a P fecc62af64324ce0aa48ee88c5473463: No bootstrap required, opened a new log
I20260709 12:08:15.570788  7371 ts_tablet_manager.cc:1403] T 6acfe4c97d864715aaa79293beeb6e5a P fecc62af64324ce0aa48ee88c5473463: Time spent bootstrapping tablet: real 0.114s	user 0.011s	sys 0.032s
I20260709 12:08:15.571868  7177 raft_consensus.cc:2468] T 055c6f8bbe424031a16148049f26454e P 6bb8edf082b346a98d3841f078171438 [term 1 FOLLOWER]: Leader election vote request: Granting yes vote for candidate b790f165e7c34408b97e5602234cacfa in term 1.
I20260709 12:08:15.572245  7176 raft_consensus.cc:2468] T e06989d5bb8f49e3933464384082f603 P 6bb8edf082b346a98d3841f078171438 [term 1 FOLLOWER]: Leader election vote request: Granting yes vote for candidate fecc62af64324ce0aa48ee88c5473463 in term 1.
I20260709 12:08:15.573207  7216 leader_election.cc:304] T 055c6f8bbe424031a16148049f26454e P b790f165e7c34408b97e5602234cacfa [CANDIDATE]: Term 1 election: Election decided. Result: candidate won. Election summary: received 2 responses out of 3 voters: 2 yes votes; 0 no votes. yes voters: 6bb8edf082b346a98d3841f078171438, b790f165e7c34408b97e5602234cacfa; no voters: 
I20260709 12:08:15.569435  7397 consensus_queue.cc:237] T e06989d5bb8f49e3933464384082f603 P fecc62af64324ce0aa48ee88c5473463 [LEADER]: Queue going to LEADER mode. State: All replicated index: 0, Majority replicated index: 0, Committed index: 0, Last appended: 0.0, Last appended by leader: 0, Current term: 1, Majority size: 2, State: 0, Mode: LEADER, active raft config: opid_index: -1 OBSOLETE_local: false peers { permanent_uuid: "6bb8edf082b346a98d3841f078171438" member_type: VOTER last_known_addr { host: "127.6.224.129" port: 38379 } } peers { permanent_uuid: "b790f165e7c34408b97e5602234cacfa" member_type: VOTER last_known_addr { host: "127.6.224.130" port: 37281 } } peers { permanent_uuid: "fecc62af64324ce0aa48ee88c5473463" member_type: VOTER last_known_addr { host: "127.6.224.131" port: 41225 } }
I20260709 12:08:15.574254  7371 raft_consensus.cc:359] T 6acfe4c97d864715aaa79293beeb6e5a P fecc62af64324ce0aa48ee88c5473463 [term 0 FOLLOWER]: Replica starting. Triggering 0 pending ops. Active config: opid_index: -1 OBSOLETE_local: false peers { permanent_uuid: "6bb8edf082b346a98d3841f078171438" member_type: VOTER last_known_addr { host: "127.6.224.129" port: 38379 } } peers { permanent_uuid: "b790f165e7c34408b97e5602234cacfa" member_type: VOTER last_known_addr { host: "127.6.224.130" port: 37281 } } peers { permanent_uuid: "fecc62af64324ce0aa48ee88c5473463" member_type: VOTER last_known_addr { host: "127.6.224.131" port: 41225 } }
I20260709 12:08:15.575037  7371 raft_consensus.cc:385] T 6acfe4c97d864715aaa79293beeb6e5a P fecc62af64324ce0aa48ee88c5473463 [term 0 FOLLOWER]: Consensus starting up: Expiring failure detector timer to make a prompt election more likely
I20260709 12:08:15.575578  7371 raft_consensus.cc:740] T 6acfe4c97d864715aaa79293beeb6e5a P fecc62af64324ce0aa48ee88c5473463 [term 0 FOLLOWER]: Becoming Follower/Learner. State: Replica: fecc62af64324ce0aa48ee88c5473463, State: Initialized, Role: FOLLOWER
I20260709 12:08:15.576553  7371 consensus_queue.cc:260] T 6acfe4c97d864715aaa79293beeb6e5a P fecc62af64324ce0aa48ee88c5473463 [NON_LEADER]: Queue going to NON_LEADER mode. State: All replicated index: 0, Majority replicated index: 0, Committed index: 0, Last appended: 0.0, Last appended by leader: 0, Current term: 0, Majority size: -1, State: 0, Mode: NON_LEADER, active raft config: opid_index: -1 OBSOLETE_local: false peers { permanent_uuid: "6bb8edf082b346a98d3841f078171438" member_type: VOTER last_known_addr { host: "127.6.224.129" port: 38379 } } peers { permanent_uuid: "b790f165e7c34408b97e5602234cacfa" member_type: VOTER last_known_addr { host: "127.6.224.130" port: 37281 } } peers { permanent_uuid: "fecc62af64324ce0aa48ee88c5473463" member_type: VOTER last_known_addr { host: "127.6.224.131" port: 41225 } }
I20260709 12:08:15.579213  7371 ts_tablet_manager.cc:1434] T 6acfe4c97d864715aaa79293beeb6e5a P fecc62af64324ce0aa48ee88c5473463: Time spent starting tablet: real 0.008s	user 0.000s	sys 0.006s
I20260709 12:08:15.580969  7371 tablet_bootstrap.cc:492] T 055c6f8bbe424031a16148049f26454e P fecc62af64324ce0aa48ee88c5473463: Bootstrap starting.
I20260709 12:08:15.584251  7389 consensus_queue.cc:1048] T d252d2a0e6ba4fa59e5662020f331582 P b790f165e7c34408b97e5602234cacfa [LEADER]: Connected to new peer: Peer: permanent_uuid: "fecc62af64324ce0aa48ee88c5473463" member_type: VOTER last_known_addr { host: "127.6.224.131" port: 41225 }, Status: LMP_MISMATCH, Last received: 0.0, Next index: 1, Last known committed idx: 0, Time since last communication: 0.000s
I20260709 12:08:15.587308  7425 raft_consensus.cc:2804] T 055c6f8bbe424031a16148049f26454e P b790f165e7c34408b97e5602234cacfa [term 1 FOLLOWER]: Leader election won for term 1
I20260709 12:08:15.596307  7425 raft_consensus.cc:697] T 055c6f8bbe424031a16148049f26454e P b790f165e7c34408b97e5602234cacfa [term 1 LEADER]: Becoming Leader. State: Replica: b790f165e7c34408b97e5602234cacfa, State: Running, Role: LEADER
I20260709 12:08:15.595716  7074 catalog_manager.cc:5697] T e06989d5bb8f49e3933464384082f603 P fecc62af64324ce0aa48ee88c5473463 reported cstate change: term changed from 0 to 1, leader changed from <none> to fecc62af64324ce0aa48ee88c5473463 (127.6.224.131). New cstate: current_term: 1 leader_uuid: "fecc62af64324ce0aa48ee88c5473463" committed_config { opid_index: -1 OBSOLETE_local: false peers { permanent_uuid: "6bb8edf082b346a98d3841f078171438" member_type: VOTER last_known_addr { host: "127.6.224.129" port: 38379 } health_report { overall_health: UNKNOWN } } peers { permanent_uuid: "b790f165e7c34408b97e5602234cacfa" member_type: VOTER last_known_addr { host: "127.6.224.130" port: 37281 } health_report { overall_health: UNKNOWN } } peers { permanent_uuid: "fecc62af64324ce0aa48ee88c5473463" member_type: VOTER last_known_addr { host: "127.6.224.131" port: 41225 } health_report { overall_health: HEALTHY } } }
W20260709 12:08:15.601027  7218 outbound_call.cc:321] RPC callback for RPC call kudu.consensus.ConsensusService.UpdateConsensus -> {remote=127.6.224.131:41225, user_credentials={real_user=slave}} blocked reactor thread for 43822us
I20260709 12:08:15.600931  7425 consensus_queue.cc:237] T 055c6f8bbe424031a16148049f26454e P b790f165e7c34408b97e5602234cacfa [LEADER]: Queue going to LEADER mode. State: All replicated index: 0, Majority replicated index: 0, Committed index: 0, Last appended: 0.0, Last appended by leader: 0, Current term: 1, Majority size: 2, State: 0, Mode: LEADER, active raft config: opid_index: -1 OBSOLETE_local: false peers { permanent_uuid: "6bb8edf082b346a98d3841f078171438" member_type: VOTER last_known_addr { host: "127.6.224.129" port: 38379 } } peers { permanent_uuid: "b790f165e7c34408b97e5602234cacfa" member_type: VOTER last_known_addr { host: "127.6.224.130" port: 37281 } } peers { permanent_uuid: "fecc62af64324ce0aa48ee88c5473463" member_type: VOTER last_known_addr { host: "127.6.224.131" port: 41225 } }
I20260709 12:08:15.603088  7326 tablet_service.cc:1917] Received RequestConsensusVote() RPC: tablet_id: "055c6f8bbe424031a16148049f26454e" candidate_uuid: "b790f165e7c34408b97e5602234cacfa" candidate_term: 1 candidate_status { last_received { term: 0 index: 0 } } ignore_live_leader: false dest_uuid: "fecc62af64324ce0aa48ee88c5473463"
I20260709 12:08:15.599978  7371 tablet_bootstrap.cc:654] T 055c6f8bbe424031a16148049f26454e P fecc62af64324ce0aa48ee88c5473463: Neither blocks nor log segments found. Creating new log.
I20260709 12:08:15.609879  7396 consensus_queue.cc:1048] T 4c04ac7bc7c642039f96e40c26878309 P fecc62af64324ce0aa48ee88c5473463 [LEADER]: Connected to new peer: Peer: permanent_uuid: "b790f165e7c34408b97e5602234cacfa" member_type: VOTER last_known_addr { host: "127.6.224.130" port: 37281 }, Status: LMP_MISMATCH, Last received: 0.0, Next index: 1, Last known committed idx: 0, Time since last communication: 0.000s
W20260709 12:08:15.614172  7218 leader_election.cc:343] T 055c6f8bbe424031a16148049f26454e P b790f165e7c34408b97e5602234cacfa [CANDIDATE]: Term 1 election: Tablet error from VoteRequest() call to peer fecc62af64324ce0aa48ee88c5473463 (127.6.224.131:41225): Illegal state: must be running to vote when last-logged opid is not known
I20260709 12:08:15.636101  7371 tablet_bootstrap.cc:492] T 055c6f8bbe424031a16148049f26454e P fecc62af64324ce0aa48ee88c5473463: No bootstrap required, opened a new log
I20260709 12:08:15.636601  7371 ts_tablet_manager.cc:1403] T 055c6f8bbe424031a16148049f26454e P fecc62af64324ce0aa48ee88c5473463: Time spent bootstrapping tablet: real 0.056s	user 0.012s	sys 0.009s
I20260709 12:08:15.639146  7371 raft_consensus.cc:359] T 055c6f8bbe424031a16148049f26454e P fecc62af64324ce0aa48ee88c5473463 [term 0 FOLLOWER]: Replica starting. Triggering 0 pending ops. Active config: opid_index: -1 OBSOLETE_local: false peers { permanent_uuid: "6bb8edf082b346a98d3841f078171438" member_type: VOTER last_known_addr { host: "127.6.224.129" port: 38379 } } peers { permanent_uuid: "b790f165e7c34408b97e5602234cacfa" member_type: VOTER last_known_addr { host: "127.6.224.130" port: 37281 } } peers { permanent_uuid: "fecc62af64324ce0aa48ee88c5473463" member_type: VOTER last_known_addr { host: "127.6.224.131" port: 41225 } }
I20260709 12:08:15.639792  7371 raft_consensus.cc:385] T 055c6f8bbe424031a16148049f26454e P fecc62af64324ce0aa48ee88c5473463 [term 0 FOLLOWER]: Consensus starting up: Expiring failure detector timer to make a prompt election more likely
I20260709 12:08:15.640040  7371 raft_consensus.cc:740] T 055c6f8bbe424031a16148049f26454e P fecc62af64324ce0aa48ee88c5473463 [term 0 FOLLOWER]: Becoming Follower/Learner. State: Replica: fecc62af64324ce0aa48ee88c5473463, State: Initialized, Role: FOLLOWER
I20260709 12:08:15.640676  7371 consensus_queue.cc:260] T 055c6f8bbe424031a16148049f26454e P fecc62af64324ce0aa48ee88c5473463 [NON_LEADER]: Queue going to NON_LEADER mode. State: All replicated index: 0, Majority replicated index: 0, Committed index: 0, Last appended: 0.0, Last appended by leader: 0, Current term: 0, Majority size: -1, State: 0, Mode: NON_LEADER, active raft config: opid_index: -1 OBSOLETE_local: false peers { permanent_uuid: "6bb8edf082b346a98d3841f078171438" member_type: VOTER last_known_addr { host: "127.6.224.129" port: 38379 } } peers { permanent_uuid: "b790f165e7c34408b97e5602234cacfa" member_type: VOTER last_known_addr { host: "127.6.224.130" port: 37281 } } peers { permanent_uuid: "fecc62af64324ce0aa48ee88c5473463" member_type: VOTER last_known_addr { host: "127.6.224.131" port: 41225 } }
I20260709 12:08:15.643571  7371 ts_tablet_manager.cc:1434] T 055c6f8bbe424031a16148049f26454e P fecc62af64324ce0aa48ee88c5473463: Time spent starting tablet: real 0.007s	user 0.007s	sys 0.000s
I20260709 12:08:15.643060  7074 catalog_manager.cc:5697] T 055c6f8bbe424031a16148049f26454e P b790f165e7c34408b97e5602234cacfa reported cstate change: term changed from 0 to 1, leader changed from <none> to b790f165e7c34408b97e5602234cacfa (127.6.224.130). New cstate: current_term: 1 leader_uuid: "b790f165e7c34408b97e5602234cacfa" committed_config { opid_index: -1 OBSOLETE_local: false peers { permanent_uuid: "6bb8edf082b346a98d3841f078171438" member_type: VOTER last_known_addr { host: "127.6.224.129" port: 38379 } health_report { overall_health: UNKNOWN } } peers { permanent_uuid: "b790f165e7c34408b97e5602234cacfa" member_type: VOTER last_known_addr { host: "127.6.224.130" port: 37281 } health_report { overall_health: HEALTHY } } peers { permanent_uuid: "fecc62af64324ce0aa48ee88c5473463" member_type: VOTER last_known_addr { host: "127.6.224.131" port: 41225 } health_report { overall_health: UNKNOWN } } }
I20260709 12:08:15.652704  7374 consensus_queue.cc:1048] T 4c04ac7bc7c642039f96e40c26878309 P fecc62af64324ce0aa48ee88c5473463 [LEADER]: Connected to new peer: Peer: permanent_uuid: "6bb8edf082b346a98d3841f078171438" member_type: VOTER last_known_addr { host: "127.6.224.129" port: 38379 }, Status: LMP_MISMATCH, Last received: 0.0, Next index: 1, Last known committed idx: 0, Time since last communication: 0.000s
W20260709 12:08:15.676102  7121 auto_rebalancer.cc:288] Could not retrieve cluster info: Service unavailable: Tablet not running
I20260709 12:08:15.704957  7374 consensus_queue.cc:1048] T e67225c6d85740b99bf04760c4cb2066 P fecc62af64324ce0aa48ee88c5473463 [LEADER]: Connected to new peer: Peer: permanent_uuid: "6bb8edf082b346a98d3841f078171438" member_type: VOTER last_known_addr { host: "127.6.224.129" port: 38379 }, Status: LMP_MISMATCH, Last received: 0.0, Next index: 1, Last known committed idx: 0, Time since last communication: 0.000s
I20260709 12:08:15.716684  7396 consensus_queue.cc:1048] T e67225c6d85740b99bf04760c4cb2066 P fecc62af64324ce0aa48ee88c5473463 [LEADER]: Connected to new peer: Peer: permanent_uuid: "b790f165e7c34408b97e5602234cacfa" member_type: VOTER last_known_addr { host: "127.6.224.130" port: 37281 }, Status: LMP_MISMATCH, Last received: 0.0, Next index: 1, Last known committed idx: 0, Time since last communication: 0.000s
I20260709 12:08:15.750257  7396 consensus_queue.cc:1048] T e0a573854d0a459e841278c93c7c80fa P fecc62af64324ce0aa48ee88c5473463 [LEADER]: Connected to new peer: Peer: permanent_uuid: "b790f165e7c34408b97e5602234cacfa" member_type: VOTER last_known_addr { host: "127.6.224.130" port: 37281 }, Status: LMP_MISMATCH, Last received: 0.0, Next index: 1, Last known committed idx: 0, Time since last communication: 0.000s
I20260709 12:08:15.760645  7397 consensus_queue.cc:1048] T e0a573854d0a459e841278c93c7c80fa P fecc62af64324ce0aa48ee88c5473463 [LEADER]: Connected to new peer: Peer: permanent_uuid: "6bb8edf082b346a98d3841f078171438" member_type: VOTER last_known_addr { host: "127.6.224.129" port: 38379 }, Status: LMP_MISMATCH, Last received: 0.0, Next index: 1, Last known committed idx: 0, Time since last communication: 0.000s
I20260709 12:08:15.810094  7396 raft_consensus.cc:493] T 6acfe4c97d864715aaa79293beeb6e5a P fecc62af64324ce0aa48ee88c5473463 [term 0 FOLLOWER]: Starting pre-election (no leader contacted us within the election timeout)
I20260709 12:08:15.810531  7396 raft_consensus.cc:515] T 6acfe4c97d864715aaa79293beeb6e5a P fecc62af64324ce0aa48ee88c5473463 [term 0 FOLLOWER]: Starting pre-election with config: opid_index: -1 OBSOLETE_local: false peers { permanent_uuid: "6bb8edf082b346a98d3841f078171438" member_type: VOTER last_known_addr { host: "127.6.224.129" port: 38379 } } peers { permanent_uuid: "b790f165e7c34408b97e5602234cacfa" member_type: VOTER last_known_addr { host: "127.6.224.130" port: 37281 } } peers { permanent_uuid: "fecc62af64324ce0aa48ee88c5473463" member_type: VOTER last_known_addr { host: "127.6.224.131" port: 41225 } }
I20260709 12:08:15.812151  7396 leader_election.cc:290] T 6acfe4c97d864715aaa79293beeb6e5a P fecc62af64324ce0aa48ee88c5473463 [CANDIDATE]: Term 1 pre-election: Requested pre-vote from peers 6bb8edf082b346a98d3841f078171438 (127.6.224.129:38379), b790f165e7c34408b97e5602234cacfa (127.6.224.130:37281)
I20260709 12:08:15.812968  7177 tablet_service.cc:1917] Received RequestConsensusVote() RPC: tablet_id: "6acfe4c97d864715aaa79293beeb6e5a" candidate_uuid: "fecc62af64324ce0aa48ee88c5473463" candidate_term: 1 candidate_status { last_received { term: 0 index: 0 } } ignore_live_leader: false dest_uuid: "6bb8edf082b346a98d3841f078171438" is_pre_election: true
I20260709 12:08:15.813246  7252 tablet_service.cc:1917] Received RequestConsensusVote() RPC: tablet_id: "6acfe4c97d864715aaa79293beeb6e5a" candidate_uuid: "fecc62af64324ce0aa48ee88c5473463" candidate_term: 1 candidate_status { last_received { term: 0 index: 0 } } ignore_live_leader: false dest_uuid: "b790f165e7c34408b97e5602234cacfa" is_pre_election: true
I20260709 12:08:15.813499  7177 raft_consensus.cc:2468] T 6acfe4c97d864715aaa79293beeb6e5a P 6bb8edf082b346a98d3841f078171438 [term 0 FOLLOWER]: Leader pre-election vote request: Granting yes vote for candidate fecc62af64324ce0aa48ee88c5473463 in term 0.
I20260709 12:08:15.813932  7252 raft_consensus.cc:2468] T 6acfe4c97d864715aaa79293beeb6e5a P b790f165e7c34408b97e5602234cacfa [term 0 FOLLOWER]: Leader pre-election vote request: Granting yes vote for candidate fecc62af64324ce0aa48ee88c5473463 in term 0.
