I20260709 12:09:18.866707   806 raft_consensus.cc:740] T 397bdc0ed1eb4fce8ac023fe1147d341 P df36f8f95f8046e6ac3b4f2e77103424 [term 0 FOLLOWER]: Becoming Follower/Learner. State: Replica: df36f8f95f8046e6ac3b4f2e77103424, State: Initialized, Role: FOLLOWER
I20260709 12:09:18.866647   873 consensus_queue.cc:1048] T b2700c8e4f6640bbbbeaa179f46ee16b P ea9e01f7bdbe4827aa0db3b04ea7c09d [LEADER]: Connected to new peer: Peer: permanent_uuid: "df36f8f95f8046e6ac3b4f2e77103424" member_type: VOTER last_known_addr { host: "127.31.39.195" port: 35113 }, Status: LMP_MISMATCH, Last received: 0.0, Next index: 1, Last known committed idx: 0, Time since last communication: 0.001s
I20260709 12:09:18.867936   691 tablet_service.cc:1917] Received RequestConsensusVote() RPC: tablet_id: "b2700c8e4f6640bbbbeaa179f46ee16b" candidate_uuid: "58db823a9b1948dea6b761a4b43f78d0" candidate_term: 1 candidate_status { last_received { term: 0 index: 0 } } ignore_live_leader: false dest_uuid: "ea9e01f7bdbe4827aa0db3b04ea7c09d" is_pre_election: true
I20260709 12:09:18.870289   766 tablet_service.cc:1917] Received RequestConsensusVote() RPC: tablet_id: "b2700c8e4f6640bbbbeaa179f46ee16b" candidate_uuid: "58db823a9b1948dea6b761a4b43f78d0" candidate_term: 1 candidate_status { last_received { term: 0 index: 0 } } ignore_live_leader: false dest_uuid: "df36f8f95f8046e6ac3b4f2e77103424" is_pre_election: true
I20260709 12:09:18.867691   806 consensus_queue.cc:260] T 397bdc0ed1eb4fce8ac023fe1147d341 P df36f8f95f8046e6ac3b4f2e77103424 [NON_LEADER]: Queue going to NON_LEADER mode. State: All replicated index: 0, Majority replicated index: 0, Committed index: 0, Last appended: 0.0, Last appended by leader: 0, Current term: 0, Majority size: -1, State: 0, Mode: NON_LEADER, active raft config: opid_index: -1 OBSOLETE_local: false peers { permanent_uuid: "58db823a9b1948dea6b761a4b43f78d0" member_type: VOTER last_known_addr { host: "127.31.39.193" port: 43907 } } peers { permanent_uuid: "ea9e01f7bdbe4827aa0db3b04ea7c09d" member_type: VOTER last_known_addr { host: "127.31.39.194" port: 44471 } } peers { permanent_uuid: "df36f8f95f8046e6ac3b4f2e77103424" member_type: VOTER last_known_addr { host: "127.31.39.195" port: 35113 } }
I20260709 12:09:18.866745   884 leader_election.cc:290] T b2700c8e4f6640bbbbeaa179f46ee16b P 58db823a9b1948dea6b761a4b43f78d0 [CANDIDATE]: Term 1 pre-election: Requested pre-vote from peers ea9e01f7bdbe4827aa0db3b04ea7c09d (127.31.39.194:44471), df36f8f95f8046e6ac3b4f2e77103424 (127.31.39.195:35113)
I20260709 12:09:18.875223   580 leader_election.cc:304] T b2700c8e4f6640bbbbeaa179f46ee16b P 58db823a9b1948dea6b761a4b43f78d0 [CANDIDATE]: Term 1 pre-election: Election decided. Result: candidate lost. Election summary: received 3 responses out of 3 voters: 1 yes votes; 2 no votes. yes voters: 58db823a9b1948dea6b761a4b43f78d0; no voters: df36f8f95f8046e6ac3b4f2e77103424, ea9e01f7bdbe4827aa0db3b04ea7c09d
I20260709 12:09:18.876538   884 raft_consensus.cc:2749] T b2700c8e4f6640bbbbeaa179f46ee16b P 58db823a9b1948dea6b761a4b43f78d0 [term 0 FOLLOWER]: Leader pre-election lost for term 1. Reason: could not achieve majority
I20260709 12:09:18.877115   806 ts_tablet_manager.cc:1434] T 397bdc0ed1eb4fce8ac023fe1147d341 P df36f8f95f8046e6ac3b4f2e77103424: Time spent starting tablet: real 0.020s	user 0.006s	sys 0.000s
I20260709 12:09:18.877955   806 tablet_bootstrap.cc:492] T 92c6e4d0260544d2a970ee663c67a330 P df36f8f95f8046e6ac3b4f2e77103424: Bootstrap starting.
I20260709 12:09:18.888761   806 tablet_bootstrap.cc:654] T 92c6e4d0260544d2a970ee663c67a330 P df36f8f95f8046e6ac3b4f2e77103424: Neither blocks nor log segments found. Creating new log.
I20260709 12:09:18.889734   808 tablet_bootstrap.cc:654] T 97e668d0edab4e2bbfd7dd2729e8a8fe P 58db823a9b1948dea6b761a4b43f78d0: Neither blocks nor log segments found. Creating new log.
I20260709 12:09:18.890954   762 raft_consensus.cc:2468] T aff07803629147dfa79b05e16849019e P df36f8f95f8046e6ac3b4f2e77103424 [term 1 FOLLOWER]: Leader election vote request: Granting yes vote for candidate ea9e01f7bdbe4827aa0db3b04ea7c09d in term 1.
I20260709 12:09:18.891458   807 tablet_bootstrap.cc:492] T 92c6e4d0260544d2a970ee663c67a330 P ea9e01f7bdbe4827aa0db3b04ea7c09d: No bootstrap required, opened a new log
I20260709 12:09:18.891942   807 ts_tablet_manager.cc:1403] T 92c6e4d0260544d2a970ee663c67a330 P ea9e01f7bdbe4827aa0db3b04ea7c09d: Time spent bootstrapping tablet: real 0.093s	user 0.028s	sys 0.047s
I20260709 12:09:18.893385   616 raft_consensus.cc:3060] T 8f34affc047544b6954455fecd1200aa P 58db823a9b1948dea6b761a4b43f78d0 [term 0 FOLLOWER]: Advancing to term 1
I20260709 12:09:18.897290   807 raft_consensus.cc:359] T 92c6e4d0260544d2a970ee663c67a330 P ea9e01f7bdbe4827aa0db3b04ea7c09d [term 0 FOLLOWER]: Replica starting. Triggering 0 pending ops. Active config: opid_index: -1 OBSOLETE_local: false peers { permanent_uuid: "58db823a9b1948dea6b761a4b43f78d0" member_type: VOTER last_known_addr { host: "127.31.39.193" port: 43907 } } peers { permanent_uuid: "ea9e01f7bdbe4827aa0db3b04ea7c09d" member_type: VOTER last_known_addr { host: "127.31.39.194" port: 44471 } } peers { permanent_uuid: "df36f8f95f8046e6ac3b4f2e77103424" member_type: VOTER last_known_addr { host: "127.31.39.195" port: 35113 } }
I20260709 12:09:18.898864   807 raft_consensus.cc:385] T 92c6e4d0260544d2a970ee663c67a330 P ea9e01f7bdbe4827aa0db3b04ea7c09d [term 0 FOLLOWER]: Consensus starting up: Expiring failure detector timer to make a prompt election more likely
I20260709 12:09:18.899119   807 raft_consensus.cc:740] T 92c6e4d0260544d2a970ee663c67a330 P ea9e01f7bdbe4827aa0db3b04ea7c09d [term 0 FOLLOWER]: Becoming Follower/Learner. State: Replica: ea9e01f7bdbe4827aa0db3b04ea7c09d, State: Initialized, Role: FOLLOWER
I20260709 12:09:18.899757   807 consensus_queue.cc:260] T 92c6e4d0260544d2a970ee663c67a330 P ea9e01f7bdbe4827aa0db3b04ea7c09d [NON_LEADER]: Queue going to NON_LEADER mode. State: All replicated index: 0, Majority replicated index: 0, Committed index: 0, Last appended: 0.0, Last appended by leader: 0, Current term: 0, Majority size: -1, State: 0, Mode: NON_LEADER, active raft config: opid_index: -1 OBSOLETE_local: false peers { permanent_uuid: "58db823a9b1948dea6b761a4b43f78d0" member_type: VOTER last_known_addr { host: "127.31.39.193" port: 43907 } } peers { permanent_uuid: "ea9e01f7bdbe4827aa0db3b04ea7c09d" member_type: VOTER last_known_addr { host: "127.31.39.194" port: 44471 } } peers { permanent_uuid: "df36f8f95f8046e6ac3b4f2e77103424" member_type: VOTER last_known_addr { host: "127.31.39.195" port: 35113 } }
I20260709 12:09:18.901108   617 raft_consensus.cc:3060] T b2700c8e4f6640bbbbeaa179f46ee16b P 58db823a9b1948dea6b761a4b43f78d0 [term 0 FOLLOWER]: Advancing to term 1
I20260709 12:09:18.901750   807 ts_tablet_manager.cc:1434] T 92c6e4d0260544d2a970ee663c67a330 P ea9e01f7bdbe4827aa0db3b04ea7c09d: Time spent starting tablet: real 0.010s	user 0.004s	sys 0.000s
I20260709 12:09:18.902733   807 tablet_bootstrap.cc:492] T 9fe11f3580df42a7b1e23f650ecddd73 P ea9e01f7bdbe4827aa0db3b04ea7c09d: Bootstrap starting.
I20260709 12:09:18.909960   811 consensus_queue.cc:1048] T b2700c8e4f6640bbbbeaa179f46ee16b P ea9e01f7bdbe4827aa0db3b04ea7c09d [LEADER]: Connected to new peer: Peer: permanent_uuid: "58db823a9b1948dea6b761a4b43f78d0" member_type: VOTER last_known_addr { host: "127.31.39.193" port: 43907 }, Status: LMP_MISMATCH, Last received: 0.0, Next index: 1, Last known committed idx: 0, Time since last communication: 0.000s
I20260709 12:09:18.910645   807 tablet_bootstrap.cc:654] T 9fe11f3580df42a7b1e23f650ecddd73 P ea9e01f7bdbe4827aa0db3b04ea7c09d: Neither blocks nor log segments found. Creating new log.
I20260709 12:09:18.914711   867 raft_consensus.cc:493] T f721f3f79aef46488f42cc4e0496d303 P df36f8f95f8046e6ac3b4f2e77103424 [term 0 FOLLOWER]: Starting pre-election (no leader contacted us within the election timeout)
I20260709 12:09:18.915161   867 raft_consensus.cc:515] T f721f3f79aef46488f42cc4e0496d303 P df36f8f95f8046e6ac3b4f2e77103424 [term 0 FOLLOWER]: Starting pre-election with config: opid_index: -1 OBSOLETE_local: false peers { permanent_uuid: "58db823a9b1948dea6b761a4b43f78d0" member_type: VOTER last_known_addr { host: "127.31.39.193" port: 43907 } } peers { permanent_uuid: "ea9e01f7bdbe4827aa0db3b04ea7c09d" member_type: VOTER last_known_addr { host: "127.31.39.194" port: 44471 } } peers { permanent_uuid: "df36f8f95f8046e6ac3b4f2e77103424" member_type: VOTER last_known_addr { host: "127.31.39.195" port: 35113 } }
I20260709 12:09:18.917240   867 leader_election.cc:290] T f721f3f79aef46488f42cc4e0496d303 P df36f8f95f8046e6ac3b4f2e77103424 [CANDIDATE]: Term 1 pre-election: Requested pre-vote from peers 58db823a9b1948dea6b761a4b43f78d0 (127.31.39.193:43907), ea9e01f7bdbe4827aa0db3b04ea7c09d (127.31.39.194:44471)
I20260709 12:09:18.918591   808 tablet_bootstrap.cc:492] T 97e668d0edab4e2bbfd7dd2729e8a8fe P 58db823a9b1948dea6b761a4b43f78d0: No bootstrap required, opened a new log
I20260709 12:09:18.918334   692 tablet_service.cc:1917] Received RequestConsensusVote() RPC: tablet_id: "f721f3f79aef46488f42cc4e0496d303" candidate_uuid: "df36f8f95f8046e6ac3b4f2e77103424" candidate_term: 1 candidate_status { last_received { term: 0 index: 0 } } ignore_live_leader: false dest_uuid: "ea9e01f7bdbe4827aa0db3b04ea7c09d" is_pre_election: true
I20260709 12:09:18.918790   614 tablet_service.cc:1917] Received RequestConsensusVote() RPC: tablet_id: "f721f3f79aef46488f42cc4e0496d303" candidate_uuid: "df36f8f95f8046e6ac3b4f2e77103424" candidate_term: 1 candidate_status { last_received { term: 0 index: 0 } } ignore_live_leader: false dest_uuid: "58db823a9b1948dea6b761a4b43f78d0" is_pre_election: true
I20260709 12:09:18.919054   808 ts_tablet_manager.cc:1403] T 97e668d0edab4e2bbfd7dd2729e8a8fe P 58db823a9b1948dea6b761a4b43f78d0: Time spent bootstrapping tablet: real 0.066s	user 0.007s	sys 0.009s
W20260709 12:09:18.920145   731 leader_election.cc:343] T f721f3f79aef46488f42cc4e0496d303 P df36f8f95f8046e6ac3b4f2e77103424 [CANDIDATE]: Term 1 pre-election: Tablet error from VoteRequest() call to peer 58db823a9b1948dea6b761a4b43f78d0 (127.31.39.193:43907): Illegal state: must be running to vote when last-logged opid is not known
W20260709 12:09:18.921092   730 leader_election.cc:343] T f721f3f79aef46488f42cc4e0496d303 P df36f8f95f8046e6ac3b4f2e77103424 [CANDIDATE]: Term 1 pre-election: Tablet error from VoteRequest() call to peer ea9e01f7bdbe4827aa0db3b04ea7c09d (127.31.39.194:44471): Illegal state: must be running to vote when last-logged opid is not known
I20260709 12:09:18.921490   730 leader_election.cc:304] T f721f3f79aef46488f42cc4e0496d303 P df36f8f95f8046e6ac3b4f2e77103424 [CANDIDATE]: Term 1 pre-election: Election decided. Result: candidate lost. Election summary: received 3 responses out of 3 voters: 1 yes votes; 2 no votes. yes voters: df36f8f95f8046e6ac3b4f2e77103424; no voters: 58db823a9b1948dea6b761a4b43f78d0, ea9e01f7bdbe4827aa0db3b04ea7c09d
I20260709 12:09:18.921684   808 raft_consensus.cc:359] T 97e668d0edab4e2bbfd7dd2729e8a8fe P 58db823a9b1948dea6b761a4b43f78d0 [term 0 FOLLOWER]: Replica starting. Triggering 0 pending ops. Active config: opid_index: -1 OBSOLETE_local: false peers { permanent_uuid: "58db823a9b1948dea6b761a4b43f78d0" member_type: VOTER last_known_addr { host: "127.31.39.193" port: 43907 } } peers { permanent_uuid: "ea9e01f7bdbe4827aa0db3b04ea7c09d" member_type: VOTER last_known_addr { host: "127.31.39.194" port: 44471 } } peers { permanent_uuid: "df36f8f95f8046e6ac3b4f2e77103424" member_type: VOTER last_known_addr { host: "127.31.39.195" port: 35113 } }
I20260709 12:09:18.922307   808 raft_consensus.cc:385] T 97e668d0edab4e2bbfd7dd2729e8a8fe P 58db823a9b1948dea6b761a4b43f78d0 [term 0 FOLLOWER]: Consensus starting up: Expiring failure detector timer to make a prompt election more likely
I20260709 12:09:18.924454   806 tablet_bootstrap.cc:492] T 92c6e4d0260544d2a970ee663c67a330 P df36f8f95f8046e6ac3b4f2e77103424: No bootstrap required, opened a new log
I20260709 12:09:18.924867   806 ts_tablet_manager.cc:1403] T 92c6e4d0260544d2a970ee663c67a330 P df36f8f95f8046e6ac3b4f2e77103424: Time spent bootstrapping tablet: real 0.047s	user 0.004s	sys 0.012s
I20260709 12:09:18.927304   806 raft_consensus.cc:359] T 92c6e4d0260544d2a970ee663c67a330 P df36f8f95f8046e6ac3b4f2e77103424 [term 0 FOLLOWER]: Replica starting. Triggering 0 pending ops. Active config: opid_index: -1 OBSOLETE_local: false peers { permanent_uuid: "58db823a9b1948dea6b761a4b43f78d0" member_type: VOTER last_known_addr { host: "127.31.39.193" port: 43907 } } peers { permanent_uuid: "ea9e01f7bdbe4827aa0db3b04ea7c09d" member_type: VOTER last_known_addr { host: "127.31.39.194" port: 44471 } } peers { permanent_uuid: "df36f8f95f8046e6ac3b4f2e77103424" member_type: VOTER last_known_addr { host: "127.31.39.195" port: 35113 } }
I20260709 12:09:18.927927   806 raft_consensus.cc:385] T 92c6e4d0260544d2a970ee663c67a330 P df36f8f95f8046e6ac3b4f2e77103424 [term 0 FOLLOWER]: Consensus starting up: Expiring failure detector timer to make a prompt election more likely
I20260709 12:09:18.928175   806 raft_consensus.cc:740] T 92c6e4d0260544d2a970ee663c67a330 P df36f8f95f8046e6ac3b4f2e77103424 [term 0 FOLLOWER]: Becoming Follower/Learner. State: Replica: df36f8f95f8046e6ac3b4f2e77103424, State: Initialized, Role: FOLLOWER
I20260709 12:09:18.928716   806 consensus_queue.cc:260] T 92c6e4d0260544d2a970ee663c67a330 P df36f8f95f8046e6ac3b4f2e77103424 [NON_LEADER]: Queue going to NON_LEADER mode. State: All replicated index: 0, Majority replicated index: 0, Committed index: 0, Last appended: 0.0, Last appended by leader: 0, Current term: 0, Majority size: -1, State: 0, Mode: NON_LEADER, active raft config: opid_index: -1 OBSOLETE_local: false peers { permanent_uuid: "58db823a9b1948dea6b761a4b43f78d0" member_type: VOTER last_known_addr { host: "127.31.39.193" port: 43907 } } peers { permanent_uuid: "ea9e01f7bdbe4827aa0db3b04ea7c09d" member_type: VOTER last_known_addr { host: "127.31.39.194" port: 44471 } } peers { permanent_uuid: "df36f8f95f8046e6ac3b4f2e77103424" member_type: VOTER last_known_addr { host: "127.31.39.195" port: 35113 } }
I20260709 12:09:18.922700   808 raft_consensus.cc:740] T 97e668d0edab4e2bbfd7dd2729e8a8fe P 58db823a9b1948dea6b761a4b43f78d0 [term 0 FOLLOWER]: Becoming Follower/Learner. State: Replica: 58db823a9b1948dea6b761a4b43f78d0, State: Initialized, Role: FOLLOWER
I20260709 12:09:18.929953   808 consensus_queue.cc:260] T 97e668d0edab4e2bbfd7dd2729e8a8fe P 58db823a9b1948dea6b761a4b43f78d0 [NON_LEADER]: Queue going to NON_LEADER mode. State: All replicated index: 0, Majority replicated index: 0, Committed index: 0, Last appended: 0.0, Last appended by leader: 0, Current term: 0, Majority size: -1, State: 0, Mode: NON_LEADER, active raft config: opid_index: -1 OBSOLETE_local: false peers { permanent_uuid: "58db823a9b1948dea6b761a4b43f78d0" member_type: VOTER last_known_addr { host: "127.31.39.193" port: 43907 } } peers { permanent_uuid: "ea9e01f7bdbe4827aa0db3b04ea7c09d" member_type: VOTER last_known_addr { host: "127.31.39.194" port: 44471 } } peers { permanent_uuid: "df36f8f95f8046e6ac3b4f2e77103424" member_type: VOTER last_known_addr { host: "127.31.39.195" port: 35113 } }
I20260709 12:09:18.931948   808 ts_tablet_manager.cc:1434] T 97e668d0edab4e2bbfd7dd2729e8a8fe P 58db823a9b1948dea6b761a4b43f78d0: Time spent starting tablet: real 0.013s	user 0.005s	sys 0.000s
I20260709 12:09:18.932835   808 tablet_bootstrap.cc:492] T 98c7ce1c50114fa09f9bca065ebd47e7 P 58db823a9b1948dea6b761a4b43f78d0: Bootstrap starting.
I20260709 12:09:18.937740   806 ts_tablet_manager.cc:1434] T 92c6e4d0260544d2a970ee663c67a330 P df36f8f95f8046e6ac3b4f2e77103424: Time spent starting tablet: real 0.013s	user 0.005s	sys 0.001s
I20260709 12:09:18.938581   806 tablet_bootstrap.cc:492] T b3b6da78ff964e3ab6b4b8732282bfc7 P df36f8f95f8046e6ac3b4f2e77103424: Bootstrap starting.
I20260709 12:09:18.922514   867 raft_consensus.cc:2749] T f721f3f79aef46488f42cc4e0496d303 P df36f8f95f8046e6ac3b4f2e77103424 [term 0 FOLLOWER]: Leader pre-election lost for term 1. Reason: could not achieve majority
I20260709 12:09:18.941345   807 tablet_bootstrap.cc:492] T 9fe11f3580df42a7b1e23f650ecddd73 P ea9e01f7bdbe4827aa0db3b04ea7c09d: No bootstrap required, opened a new log
I20260709 12:09:18.941762   807 ts_tablet_manager.cc:1403] T 9fe11f3580df42a7b1e23f650ecddd73 P ea9e01f7bdbe4827aa0db3b04ea7c09d: Time spent bootstrapping tablet: real 0.039s	user 0.012s	sys 0.005s
I20260709 12:09:18.944192   807 raft_consensus.cc:359] T 9fe11f3580df42a7b1e23f650ecddd73 P ea9e01f7bdbe4827aa0db3b04ea7c09d [term 0 FOLLOWER]: Replica starting. Triggering 0 pending ops. Active config: opid_index: -1 OBSOLETE_local: false peers { permanent_uuid: "58db823a9b1948dea6b761a4b43f78d0" member_type: VOTER last_known_addr { host: "127.31.39.193" port: 43907 } } peers { permanent_uuid: "ea9e01f7bdbe4827aa0db3b04ea7c09d" member_type: VOTER last_known_addr { host: "127.31.39.194" port: 44471 } } peers { permanent_uuid: "df36f8f95f8046e6ac3b4f2e77103424" member_type: VOTER last_known_addr { host: "127.31.39.195" port: 35113 } }
I20260709 12:09:18.944907   807 raft_consensus.cc:385] T 9fe11f3580df42a7b1e23f650ecddd73 P ea9e01f7bdbe4827aa0db3b04ea7c09d [term 0 FOLLOWER]: Consensus starting up: Expiring failure detector timer to make a prompt election more likely
I20260709 12:09:18.945178   807 raft_consensus.cc:740] T 9fe11f3580df42a7b1e23f650ecddd73 P ea9e01f7bdbe4827aa0db3b04ea7c09d [term 0 FOLLOWER]: Becoming Follower/Learner. State: Replica: ea9e01f7bdbe4827aa0db3b04ea7c09d, State: Initialized, Role: FOLLOWER
I20260709 12:09:18.945925   807 consensus_queue.cc:260] T 9fe11f3580df42a7b1e23f650ecddd73 P ea9e01f7bdbe4827aa0db3b04ea7c09d [NON_LEADER]: Queue going to NON_LEADER mode. State: All replicated index: 0, Majority replicated index: 0, Committed index: 0, Last appended: 0.0, Last appended by leader: 0, Current term: 0, Majority size: -1, State: 0, Mode: NON_LEADER, active raft config: opid_index: -1 OBSOLETE_local: false peers { permanent_uuid: "58db823a9b1948dea6b761a4b43f78d0" member_type: VOTER last_known_addr { host: "127.31.39.193" port: 43907 } } peers { permanent_uuid: "ea9e01f7bdbe4827aa0db3b04ea7c09d" member_type: VOTER last_known_addr { host: "127.31.39.194" port: 44471 } } peers { permanent_uuid: "df36f8f95f8046e6ac3b4f2e77103424" member_type: VOTER last_known_addr { host: "127.31.39.195" port: 35113 } }
I20260709 12:09:18.944129   806 tablet_bootstrap.cc:654] T b3b6da78ff964e3ab6b4b8732282bfc7 P df36f8f95f8046e6ac3b4f2e77103424: Neither blocks nor log segments found. Creating new log.
I20260709 12:09:18.946534   808 tablet_bootstrap.cc:654] T 98c7ce1c50114fa09f9bca065ebd47e7 P 58db823a9b1948dea6b761a4b43f78d0: Neither blocks nor log segments found. Creating new log.
I20260709 12:09:18.949581   807 ts_tablet_manager.cc:1434] T 9fe11f3580df42a7b1e23f650ecddd73 P ea9e01f7bdbe4827aa0db3b04ea7c09d: Time spent starting tablet: real 0.008s	user 0.007s	sys 0.000s
I20260709 12:09:18.950434   807 tablet_bootstrap.cc:492] T 3f5df05aafef4be2bf9c5a8d9cc7d69c P ea9e01f7bdbe4827aa0db3b04ea7c09d: Bootstrap starting.
I20260709 12:09:18.963246   807 tablet_bootstrap.cc:654] T 3f5df05aafef4be2bf9c5a8d9cc7d69c P ea9e01f7bdbe4827aa0db3b04ea7c09d: Neither blocks nor log segments found. Creating new log.
I20260709 12:09:18.963961   808 tablet_bootstrap.cc:492] T 98c7ce1c50114fa09f9bca065ebd47e7 P 58db823a9b1948dea6b761a4b43f78d0: No bootstrap required, opened a new log
I20260709 12:09:18.964347   808 ts_tablet_manager.cc:1403] T 98c7ce1c50114fa09f9bca065ebd47e7 P 58db823a9b1948dea6b761a4b43f78d0: Time spent bootstrapping tablet: real 0.032s	user 0.009s	sys 0.000s
I20260709 12:09:18.966140   806 tablet_bootstrap.cc:492] T b3b6da78ff964e3ab6b4b8732282bfc7 P df36f8f95f8046e6ac3b4f2e77103424: No bootstrap required, opened a new log
I20260709 12:09:18.966578   806 ts_tablet_manager.cc:1403] T b3b6da78ff964e3ab6b4b8732282bfc7 P df36f8f95f8046e6ac3b4f2e77103424: Time spent bootstrapping tablet: real 0.028s	user 0.009s	sys 0.008s
I20260709 12:09:18.968602   867 consensus_queue.cc:1048] T aed5b3a3afa949b1a979d98028bd7922 P df36f8f95f8046e6ac3b4f2e77103424 [LEADER]: Connected to new peer: Peer: permanent_uuid: "ea9e01f7bdbe4827aa0db3b04ea7c09d" member_type: VOTER last_known_addr { host: "127.31.39.194" port: 44471 }, Status: LMP_MISMATCH, Last received: 0.0, Next index: 1, Last known committed idx: 0, Time since last communication: 0.000s
I20260709 12:09:18.975970   807 tablet_bootstrap.cc:492] T 3f5df05aafef4be2bf9c5a8d9cc7d69c P ea9e01f7bdbe4827aa0db3b04ea7c09d: No bootstrap required, opened a new log
I20260709 12:09:18.970502   806 raft_consensus.cc:359] T b3b6da78ff964e3ab6b4b8732282bfc7 P df36f8f95f8046e6ac3b4f2e77103424 [term 0 FOLLOWER]: Replica starting. Triggering 0 pending ops. Active config: opid_index: -1 OBSOLETE_local: false peers { permanent_uuid: "58db823a9b1948dea6b761a4b43f78d0" member_type: VOTER last_known_addr { host: "127.31.39.193" port: 43907 } } peers { permanent_uuid: "ea9e01f7bdbe4827aa0db3b04ea7c09d" member_type: VOTER last_known_addr { host: "127.31.39.194" port: 44471 } } peers { permanent_uuid: "df36f8f95f8046e6ac3b4f2e77103424" member_type: VOTER last_known_addr { host: "127.31.39.195" port: 35113 } }
I20260709 12:09:18.976675   807 ts_tablet_manager.cc:1403] T 3f5df05aafef4be2bf9c5a8d9cc7d69c P ea9e01f7bdbe4827aa0db3b04ea7c09d: Time spent bootstrapping tablet: real 0.026s	user 0.006s	sys 0.006s
I20260709 12:09:18.969843   808 raft_consensus.cc:359] T 98c7ce1c50114fa09f9bca065ebd47e7 P 58db823a9b1948dea6b761a4b43f78d0 [term 0 FOLLOWER]: Replica starting. Triggering 0 pending ops. Active config: opid_index: -1 OBSOLETE_local: false peers { permanent_uuid: "58db823a9b1948dea6b761a4b43f78d0" member_type: VOTER last_known_addr { host: "127.31.39.193" port: 43907 } } peers { permanent_uuid: "ea9e01f7bdbe4827aa0db3b04ea7c09d" member_type: VOTER last_known_addr { host: "127.31.39.194" port: 44471 } } peers { permanent_uuid: "df36f8f95f8046e6ac3b4f2e77103424" member_type: VOTER last_known_addr { host: "127.31.39.195" port: 35113 } }
I20260709 12:09:18.977710   808 raft_consensus.cc:385] T 98c7ce1c50114fa09f9bca065ebd47e7 P 58db823a9b1948dea6b761a4b43f78d0 [term 0 FOLLOWER]: Consensus starting up: Expiring failure detector timer to make a prompt election more likely
I20260709 12:09:18.978029   808 raft_consensus.cc:740] T 98c7ce1c50114fa09f9bca065ebd47e7 P 58db823a9b1948dea6b761a4b43f78d0 [term 0 FOLLOWER]: Becoming Follower/Learner. State: Replica: 58db823a9b1948dea6b761a4b43f78d0, State: Initialized, Role: FOLLOWER
I20260709 12:09:18.978780   808 consensus_queue.cc:260] T 98c7ce1c50114fa09f9bca065ebd47e7 P 58db823a9b1948dea6b761a4b43f78d0 [NON_LEADER]: Queue going to NON_LEADER mode. State: All replicated index: 0, Majority replicated index: 0, Committed index: 0, Last appended: 0.0, Last appended by leader: 0, Current term: 0, Majority size: -1, State: 0, Mode: NON_LEADER, active raft config: opid_index: -1 OBSOLETE_local: false peers { permanent_uuid: "58db823a9b1948dea6b761a4b43f78d0" member_type: VOTER last_known_addr { host: "127.31.39.193" port: 43907 } } peers { permanent_uuid: "ea9e01f7bdbe4827aa0db3b04ea7c09d" member_type: VOTER last_known_addr { host: "127.31.39.194" port: 44471 } } peers { permanent_uuid: "df36f8f95f8046e6ac3b4f2e77103424" member_type: VOTER last_known_addr { host: "127.31.39.195" port: 35113 } }
I20260709 12:09:18.979399   884 consensus_queue.cc:1048] T 7bf2ef500da140919395d4c953cf6b6f P 58db823a9b1948dea6b761a4b43f78d0 [LEADER]: Connected to new peer: Peer: permanent_uuid: "df36f8f95f8046e6ac3b4f2e77103424" member_type: VOTER last_known_addr { host: "127.31.39.195" port: 35113 }, Status: LMP_MISMATCH, Last received: 0.0, Next index: 1, Last known committed idx: 0, Time since last communication: 0.001s
I20260709 12:09:18.979506   807 raft_consensus.cc:359] T 3f5df05aafef4be2bf9c5a8d9cc7d69c P ea9e01f7bdbe4827aa0db3b04ea7c09d [term 0 FOLLOWER]: Replica starting. Triggering 0 pending ops. Active config: opid_index: -1 OBSOLETE_local: false peers { permanent_uuid: "58db823a9b1948dea6b761a4b43f78d0" member_type: VOTER last_known_addr { host: "127.31.39.193" port: 43907 } } peers { permanent_uuid: "ea9e01f7bdbe4827aa0db3b04ea7c09d" member_type: VOTER last_known_addr { host: "127.31.39.194" port: 44471 } } peers { permanent_uuid: "df36f8f95f8046e6ac3b4f2e77103424" member_type: VOTER last_known_addr { host: "127.31.39.195" port: 35113 } }
I20260709 12:09:18.980225   807 raft_consensus.cc:385] T 3f5df05aafef4be2bf9c5a8d9cc7d69c P ea9e01f7bdbe4827aa0db3b04ea7c09d [term 0 FOLLOWER]: Consensus starting up: Expiring failure detector timer to make a prompt election more likely
I20260709 12:09:18.980490   807 raft_consensus.cc:740] T 3f5df05aafef4be2bf9c5a8d9cc7d69c P ea9e01f7bdbe4827aa0db3b04ea7c09d [term 0 FOLLOWER]: Becoming Follower/Learner. State: Replica: ea9e01f7bdbe4827aa0db3b04ea7c09d, State: Initialized, Role: FOLLOWER
I20260709 12:09:18.981190   807 consensus_queue.cc:260] T 3f5df05aafef4be2bf9c5a8d9cc7d69c P ea9e01f7bdbe4827aa0db3b04ea7c09d [NON_LEADER]: Queue going to NON_LEADER mode. State: All replicated index: 0, Majority replicated index: 0, Committed index: 0, Last appended: 0.0, Last appended by leader: 0, Current term: 0, Majority size: -1, State: 0, Mode: NON_LEADER, active raft config: opid_index: -1 OBSOLETE_local: false peers { permanent_uuid: "58db823a9b1948dea6b761a4b43f78d0" member_type: VOTER last_known_addr { host: "127.31.39.193" port: 43907 } } peers { permanent_uuid: "ea9e01f7bdbe4827aa0db3b04ea7c09d" member_type: VOTER last_known_addr { host: "127.31.39.194" port: 44471 } } peers { permanent_uuid: "df36f8f95f8046e6ac3b4f2e77103424" member_type: VOTER last_known_addr { host: "127.31.39.195" port: 35113 } }
I20260709 12:09:18.983155   807 ts_tablet_manager.cc:1434] T 3f5df05aafef4be2bf9c5a8d9cc7d69c P ea9e01f7bdbe4827aa0db3b04ea7c09d: Time spent starting tablet: real 0.006s	user 0.006s	sys 0.000s
I20260709 12:09:18.983975   807 tablet_bootstrap.cc:492] T 397bdc0ed1eb4fce8ac023fe1147d341 P ea9e01f7bdbe4827aa0db3b04ea7c09d: Bootstrap starting.
I20260709 12:09:18.988375   808 ts_tablet_manager.cc:1434] T 98c7ce1c50114fa09f9bca065ebd47e7 P 58db823a9b1948dea6b761a4b43f78d0: Time spent starting tablet: real 0.021s	user 0.005s	sys 0.007s
I20260709 12:09:18.976663   806 raft_consensus.cc:385] T b3b6da78ff964e3ab6b4b8732282bfc7 P df36f8f95f8046e6ac3b4f2e77103424 [term 0 FOLLOWER]: Consensus starting up: Expiring failure detector timer to make a prompt election more likely
I20260709 12:09:18.988922   806 raft_consensus.cc:740] T b3b6da78ff964e3ab6b4b8732282bfc7 P df36f8f95f8046e6ac3b4f2e77103424 [term 0 FOLLOWER]: Becoming Follower/Learner. State: Replica: df36f8f95f8046e6ac3b4f2e77103424, State: Initialized, Role: FOLLOWER
I20260709 12:09:18.989493   807 tablet_bootstrap.cc:654] T 397bdc0ed1eb4fce8ac023fe1147d341 P ea9e01f7bdbe4827aa0db3b04ea7c09d: Neither blocks nor log segments found. Creating new log.
I20260709 12:09:18.989693   806 consensus_queue.cc:260] T b3b6da78ff964e3ab6b4b8732282bfc7 P df36f8f95f8046e6ac3b4f2e77103424 [NON_LEADER]: Queue going to NON_LEADER mode. State: All replicated index: 0, Majority replicated index: 0, Committed index: 0, Last appended: 0.0, Last appended by leader: 0, Current term: 0, Majority size: -1, State: 0, Mode: NON_LEADER, active raft config: opid_index: -1 OBSOLETE_local: false peers { permanent_uuid: "58db823a9b1948dea6b761a4b43f78d0" member_type: VOTER last_known_addr { host: "127.31.39.193" port: 43907 } } peers { permanent_uuid: "ea9e01f7bdbe4827aa0db3b04ea7c09d" member_type: VOTER last_known_addr { host: "127.31.39.194" port: 44471 } } peers { permanent_uuid: "df36f8f95f8046e6ac3b4f2e77103424" member_type: VOTER last_known_addr { host: "127.31.39.195" port: 35113 } }
I20260709 12:09:18.992106   806 ts_tablet_manager.cc:1434] T b3b6da78ff964e3ab6b4b8732282bfc7 P df36f8f95f8046e6ac3b4f2e77103424: Time spent starting tablet: real 0.025s	user 0.005s	sys 0.007s
I20260709 12:09:18.996234   808 tablet_bootstrap.cc:492] T 92c6e4d0260544d2a970ee663c67a330 P 58db823a9b1948dea6b761a4b43f78d0: Bootstrap starting.
I20260709 12:09:18.997695   806 tablet_bootstrap.cc:492] T b25aebedc9c44d908c7e7c7edb8951fe P df36f8f95f8046e6ac3b4f2e77103424: Bootstrap starting.
I20260709 12:09:18.998190   873 raft_consensus.cc:493] T 9fe11f3580df42a7b1e23f650ecddd73 P ea9e01f7bdbe4827aa0db3b04ea7c09d [term 0 FOLLOWER]: Starting pre-election (no leader contacted us within the election timeout)
I20260709 12:09:18.998667   873 raft_consensus.cc:515] T 9fe11f3580df42a7b1e23f650ecddd73 P ea9e01f7bdbe4827aa0db3b04ea7c09d [term 0 FOLLOWER]: Starting pre-election with config: opid_index: -1 OBSOLETE_local: false peers { permanent_uuid: "58db823a9b1948dea6b761a4b43f78d0" member_type: VOTER last_known_addr { host: "127.31.39.193" port: 43907 } } peers { permanent_uuid: "ea9e01f7bdbe4827aa0db3b04ea7c09d" member_type: VOTER last_known_addr { host: "127.31.39.194" port: 44471 } } peers { permanent_uuid: "df36f8f95f8046e6ac3b4f2e77103424" member_type: VOTER last_known_addr { host: "127.31.39.195" port: 35113 } }
I20260709 12:09:19.000787   873 leader_election.cc:290] T 9fe11f3580df42a7b1e23f650ecddd73 P ea9e01f7bdbe4827aa0db3b04ea7c09d [CANDIDATE]: Term 1 pre-election: Requested pre-vote from peers 58db823a9b1948dea6b761a4b43f78d0 (127.31.39.193:43907), df36f8f95f8046e6ac3b4f2e77103424 (127.31.39.195:35113)
I20260709 12:09:19.003297   806 tablet_bootstrap.cc:654] T b25aebedc9c44d908c7e7c7edb8951fe P df36f8f95f8046e6ac3b4f2e77103424: Neither blocks nor log segments found. Creating new log.
I20260709 12:09:19.003414   616 tablet_service.cc:1917] Received RequestConsensusVote() RPC: tablet_id: "9fe11f3580df42a7b1e23f650ecddd73" candidate_uuid: "ea9e01f7bdbe4827aa0db3b04ea7c09d" candidate_term: 1 candidate_status { last_received { term: 0 index: 0 } } ignore_live_leader: false dest_uuid: "58db823a9b1948dea6b761a4b43f78d0" is_pre_election: true
I20260709 12:09:19.005160   762 tablet_service.cc:1917] Received RequestConsensusVote() RPC: tablet_id: "9fe11f3580df42a7b1e23f650ecddd73" candidate_uuid: "ea9e01f7bdbe4827aa0db3b04ea7c09d" candidate_term: 1 candidate_status { last_received { term: 0 index: 0 } } ignore_live_leader: false dest_uuid: "df36f8f95f8046e6ac3b4f2e77103424" is_pre_election: true
I20260709 12:09:19.006218   762 raft_consensus.cc:2393] T 9fe11f3580df42a7b1e23f650ecddd73 P df36f8f95f8046e6ac3b4f2e77103424 [term 1 FOLLOWER]: Leader pre-election vote request: Denying vote to candidate ea9e01f7bdbe4827aa0db3b04ea7c09d in current term 1: Already voted for candidate 58db823a9b1948dea6b761a4b43f78d0 in this term.
I20260709 12:09:19.008764   655 leader_election.cc:304] T 9fe11f3580df42a7b1e23f650ecddd73 P ea9e01f7bdbe4827aa0db3b04ea7c09d [CANDIDATE]: Term 1 pre-election: Election decided. Result: candidate lost. Election summary: received 3 responses out of 3 voters: 1 yes votes; 2 no votes. yes voters: ea9e01f7bdbe4827aa0db3b04ea7c09d; no voters: 58db823a9b1948dea6b761a4b43f78d0, df36f8f95f8046e6ac3b4f2e77103424
I20260709 12:09:19.010669   873 raft_consensus.cc:3060] T 9fe11f3580df42a7b1e23f650ecddd73 P ea9e01f7bdbe4827aa0db3b04ea7c09d [term 0 FOLLOWER]: Advancing to term 1
I20260709 12:09:19.014158   867 raft_consensus.cc:493] T 397bdc0ed1eb4fce8ac023fe1147d341 P df36f8f95f8046e6ac3b4f2e77103424 [term 0 FOLLOWER]: Starting pre-election (no leader contacted us within the election timeout)
I20260709 12:09:19.014637   867 raft_consensus.cc:515] T 397bdc0ed1eb4fce8ac023fe1147d341 P df36f8f95f8046e6ac3b4f2e77103424 [term 0 FOLLOWER]: Starting pre-election with config: opid_index: -1 OBSOLETE_local: false peers { permanent_uuid: "58db823a9b1948dea6b761a4b43f78d0" member_type: VOTER last_known_addr { host: "127.31.39.193" port: 43907 } } peers { permanent_uuid: "ea9e01f7bdbe4827aa0db3b04ea7c09d" member_type: VOTER last_known_addr { host: "127.31.39.194" port: 44471 } } peers { permanent_uuid: "df36f8f95f8046e6ac3b4f2e77103424" member_type: VOTER last_known_addr { host: "127.31.39.195" port: 35113 } }
I20260709 12:09:19.016662   867 leader_election.cc:290] T 397bdc0ed1eb4fce8ac023fe1147d341 P df36f8f95f8046e6ac3b4f2e77103424 [CANDIDATE]: Term 1 pre-election: Requested pre-vote from peers 58db823a9b1948dea6b761a4b43f78d0 (127.31.39.193:43907), ea9e01f7bdbe4827aa0db3b04ea7c09d (127.31.39.194:44471)
I20260709 12:09:19.018019   616 tablet_service.cc:1917] Received RequestConsensusVote() RPC: tablet_id: "397bdc0ed1eb4fce8ac023fe1147d341" candidate_uuid: "df36f8f95f8046e6ac3b4f2e77103424" candidate_term: 1 candidate_status { last_received { term: 0 index: 0 } } ignore_live_leader: false dest_uuid: "58db823a9b1948dea6b761a4b43f78d0" is_pre_election: true
I20260709 12:09:19.018187   691 tablet_service.cc:1917] Received RequestConsensusVote() RPC: tablet_id: "397bdc0ed1eb4fce8ac023fe1147d341" candidate_uuid: "df36f8f95f8046e6ac3b4f2e77103424" candidate_term: 1 candidate_status { last_received { term: 0 index: 0 } } ignore_live_leader: false dest_uuid: "ea9e01f7bdbe4827aa0db3b04ea7c09d" is_pre_election: true
I20260709 12:09:19.018626   616 raft_consensus.cc:2468] T 397bdc0ed1eb4fce8ac023fe1147d341 P 58db823a9b1948dea6b761a4b43f78d0 [term 0 FOLLOWER]: Leader pre-election vote request: Granting yes vote for candidate df36f8f95f8046e6ac3b4f2e77103424 in term 0.
I20260709 12:09:19.020100   731 leader_election.cc:304] T 397bdc0ed1eb4fce8ac023fe1147d341 P df36f8f95f8046e6ac3b4f2e77103424 [CANDIDATE]: Term 1 pre-election: Election decided. Result: candidate won. Election summary: received 2 responses out of 3 voters: 2 yes votes; 0 no votes. yes voters: 58db823a9b1948dea6b761a4b43f78d0, df36f8f95f8046e6ac3b4f2e77103424; no voters: 
I20260709 12:09:19.021438   860 raft_consensus.cc:2804] T 397bdc0ed1eb4fce8ac023fe1147d341 P df36f8f95f8046e6ac3b4f2e77103424 [term 0 FOLLOWER]: Leader pre-election won for term 1
I20260709 12:09:19.021778   860 raft_consensus.cc:493] T 397bdc0ed1eb4fce8ac023fe1147d341 P df36f8f95f8046e6ac3b4f2e77103424 [term 0 FOLLOWER]: Starting leader election (no leader contacted us within the election timeout)
I20260709 12:09:19.022090   860 raft_consensus.cc:3060] T 397bdc0ed1eb4fce8ac023fe1147d341 P df36f8f95f8046e6ac3b4f2e77103424 [term 0 FOLLOWER]: Advancing to term 1
I20260709 12:09:19.028839   885 consensus_queue.cc:1048] T 7bf2ef500da140919395d4c953cf6b6f P 58db823a9b1948dea6b761a4b43f78d0 [LEADER]: Connected to new peer: Peer: permanent_uuid: "ea9e01f7bdbe4827aa0db3b04ea7c09d" member_type: VOTER last_known_addr { host: "127.31.39.194" port: 44471 }, Status: LMP_MISMATCH, Last received: 0.0, Next index: 1, Last known committed idx: 0, Time since last communication: 0.001s
I20260709 12:09:19.029769   812 consensus_queue.cc:1048] T aed5b3a3afa949b1a979d98028bd7922 P df36f8f95f8046e6ac3b4f2e77103424 [LEADER]: Connected to new peer: Peer: permanent_uuid: "58db823a9b1948dea6b761a4b43f78d0" member_type: VOTER last_known_addr { host: "127.31.39.193" port: 43907 }, Status: LMP_MISMATCH, Last received: 0.0, Next index: 1, Last known committed idx: 0, Time since last communication: 0.000s
W20260709 12:09:19.034767   730 leader_election.cc:343] T 397bdc0ed1eb4fce8ac023fe1147d341 P df36f8f95f8046e6ac3b4f2e77103424 [CANDIDATE]: Term 1 pre-election: Tablet error from VoteRequest() call to peer ea9e01f7bdbe4827aa0db3b04ea7c09d (127.31.39.194:44471): Illegal state: must be running to vote when last-logged opid is not known
I20260709 12:09:19.034888   807 tablet_bootstrap.cc:492] T 397bdc0ed1eb4fce8ac023fe1147d341 P ea9e01f7bdbe4827aa0db3b04ea7c09d: No bootstrap required, opened a new log
I20260709 12:09:19.034906   806 tablet_bootstrap.cc:492] T b25aebedc9c44d908c7e7c7edb8951fe P df36f8f95f8046e6ac3b4f2e77103424: No bootstrap required, opened a new log
I20260709 12:09:19.035394   807 ts_tablet_manager.cc:1403] T 397bdc0ed1eb4fce8ac023fe1147d341 P ea9e01f7bdbe4827aa0db3b04ea7c09d: Time spent bootstrapping tablet: real 0.052s	user 0.030s	sys 0.018s
I20260709 12:09:19.035468   806 ts_tablet_manager.cc:1403] T b25aebedc9c44d908c7e7c7edb8951fe P df36f8f95f8046e6ac3b4f2e77103424: Time spent bootstrapping tablet: real 0.043s	user 0.008s	sys 0.003s
I20260709 12:09:19.036270   867 raft_consensus.cc:493] T b3b6da78ff964e3ab6b4b8732282bfc7 P df36f8f95f8046e6ac3b4f2e77103424 [term 0 FOLLOWER]: Starting pre-election (no leader contacted us within the election timeout)
I20260709 12:09:19.036801   867 raft_consensus.cc:515] T b3b6da78ff964e3ab6b4b8732282bfc7 P df36f8f95f8046e6ac3b4f2e77103424 [term 0 FOLLOWER]: Starting pre-election with config: opid_index: -1 OBSOLETE_local: false peers { permanent_uuid: "58db823a9b1948dea6b761a4b43f78d0" member_type: VOTER last_known_addr { host: "127.31.39.193" port: 43907 } } peers { permanent_uuid: "ea9e01f7bdbe4827aa0db3b04ea7c09d" member_type: VOTER last_known_addr { host: "127.31.39.194" port: 44471 } } peers { permanent_uuid: "df36f8f95f8046e6ac3b4f2e77103424" member_type: VOTER last_known_addr { host: "127.31.39.195" port: 35113 } }
I20260709 12:09:19.038141   807 raft_consensus.cc:359] T 397bdc0ed1eb4fce8ac023fe1147d341 P ea9e01f7bdbe4827aa0db3b04ea7c09d [term 0 FOLLOWER]: Replica starting. Triggering 0 pending ops. Active config: opid_index: -1 OBSOLETE_local: false peers { permanent_uuid: "58db823a9b1948dea6b761a4b43f78d0" member_type: VOTER last_known_addr { host: "127.31.39.193" port: 43907 } } peers { permanent_uuid: "ea9e01f7bdbe4827aa0db3b04ea7c09d" member_type: VOTER last_known_addr { host: "127.31.39.194" port: 44471 } } peers { permanent_uuid: "df36f8f95f8046e6ac3b4f2e77103424" member_type: VOTER last_known_addr { host: "127.31.39.195" port: 35113 } }
I20260709 12:09:19.036212   885 consensus_queue.cc:1048] T b46defad07534292870430c936a4d8af P 58db823a9b1948dea6b761a4b43f78d0 [LEADER]: Connected to new peer: Peer: permanent_uuid: "df36f8f95f8046e6ac3b4f2e77103424" member_type: VOTER last_known_addr { host: "127.31.39.195" port: 35113 }, Status: LMP_MISMATCH, Last received: 0.0, Next index: 1, Last known committed idx: 0, Time since last communication: 0.000s
I20260709 12:09:19.038373   806 raft_consensus.cc:359] T b25aebedc9c44d908c7e7c7edb8951fe P df36f8f95f8046e6ac3b4f2e77103424 [term 0 FOLLOWER]: Replica starting. Triggering 0 pending ops. Active config: opid_index: -1 OBSOLETE_local: false peers { permanent_uuid: "58db823a9b1948dea6b761a4b43f78d0" member_type: VOTER last_known_addr { host: "127.31.39.193" port: 43907 } } peers { permanent_uuid: "ea9e01f7bdbe4827aa0db3b04ea7c09d" member_type: VOTER last_known_addr { host: "127.31.39.194" port: 44471 } } peers { permanent_uuid: "df36f8f95f8046e6ac3b4f2e77103424" member_type: VOTER last_known_addr { host: "127.31.39.195" port: 35113 } }
I20260709 12:09:19.038817   807 raft_consensus.cc:385] T 397bdc0ed1eb4fce8ac023fe1147d341 P ea9e01f7bdbe4827aa0db3b04ea7c09d [term 0 FOLLOWER]: Consensus starting up: Expiring failure detector timer to make a prompt election more likely
I20260709 12:09:19.039065   806 raft_consensus.cc:385] T b25aebedc9c44d908c7e7c7edb8951fe P df36f8f95f8046e6ac3b4f2e77103424 [term 0 FOLLOWER]: Consensus starting up: Expiring failure detector timer to make a prompt election more likely
I20260709 12:09:19.039357   806 raft_consensus.cc:740] T b25aebedc9c44d908c7e7c7edb8951fe P df36f8f95f8046e6ac3b4f2e77103424 [term 0 FOLLOWER]: Becoming Follower/Learner. State: Replica: df36f8f95f8046e6ac3b4f2e77103424, State: Initialized, Role: FOLLOWER
I20260709 12:09:19.039472   615 tablet_service.cc:1917] Received RequestConsensusVote() RPC: tablet_id: "b3b6da78ff964e3ab6b4b8732282bfc7" candidate_uuid: "df36f8f95f8046e6ac3b4f2e77103424" candidate_term: 1 candidate_status { last_received { term: 0 index: 0 } } ignore_live_leader: false dest_uuid: "58db823a9b1948dea6b761a4b43f78d0" is_pre_election: true
I20260709 12:09:19.039911   867 leader_election.cc:290] T b3b6da78ff964e3ab6b4b8732282bfc7 P df36f8f95f8046e6ac3b4f2e77103424 [CANDIDATE]: Term 1 pre-election: Requested pre-vote from peers 58db823a9b1948dea6b761a4b43f78d0 (127.31.39.193:43907), ea9e01f7bdbe4827aa0db3b04ea7c09d (127.31.39.194:44471)
W20260709 12:09:19.040786   731 leader_election.cc:343] T b3b6da78ff964e3ab6b4b8732282bfc7 P df36f8f95f8046e6ac3b4f2e77103424 [CANDIDATE]: Term 1 pre-election: Tablet error from VoteRequest() call to peer 58db823a9b1948dea6b761a4b43f78d0 (127.31.39.193:43907): Illegal state: must be running to vote when last-logged opid is not known
I20260709 12:09:19.039109   807 raft_consensus.cc:740] T 397bdc0ed1eb4fce8ac023fe1147d341 P ea9e01f7bdbe4827aa0db3b04ea7c09d [term 0 FOLLOWER]: Becoming Follower/Learner. State: Replica: ea9e01f7bdbe4827aa0db3b04ea7c09d, State: Initialized, Role: FOLLOWER
I20260709 12:09:19.041968   690 tablet_service.cc:1917] Received RequestConsensusVote() RPC: tablet_id: "b3b6da78ff964e3ab6b4b8732282bfc7" candidate_uuid: "df36f8f95f8046e6ac3b4f2e77103424" candidate_term: 1 candidate_status { last_received { term: 0 index: 0 } } ignore_live_leader: false dest_uuid: "ea9e01f7bdbe4827aa0db3b04ea7c09d" is_pre_election: true
I20260709 12:09:19.042390   807 consensus_queue.cc:260] T 397bdc0ed1eb4fce8ac023fe1147d341 P ea9e01f7bdbe4827aa0db3b04ea7c09d [NON_LEADER]: Queue going to NON_LEADER mode. State: All replicated index: 0, Majority replicated index: 0, Committed index: 0, Last appended: 0.0, Last appended by leader: 0, Current term: 0, Majority size: -1, State: 0, Mode: NON_LEADER, active raft config: opid_index: -1 OBSOLETE_local: false peers { permanent_uuid: "58db823a9b1948dea6b761a4b43f78d0" member_type: VOTER last_known_addr { host: "127.31.39.193" port: 43907 } } peers { permanent_uuid: "ea9e01f7bdbe4827aa0db3b04ea7c09d" member_type: VOTER last_known_addr { host: "127.31.39.194" port: 44471 } } peers { permanent_uuid: "df36f8f95f8046e6ac3b4f2e77103424" member_type: VOTER last_known_addr { host: "127.31.39.195" port: 35113 } }
W20260709 12:09:19.043407   730 leader_election.cc:343] T b3b6da78ff964e3ab6b4b8732282bfc7 P df36f8f95f8046e6ac3b4f2e77103424 [CANDIDATE]: Term 1 pre-election: Tablet error from VoteRequest() call to peer ea9e01f7bdbe4827aa0db3b04ea7c09d (127.31.39.194:44471): Illegal state: must be running to vote when last-logged opid is not known
I20260709 12:09:19.043838   730 leader_election.cc:304] T b3b6da78ff964e3ab6b4b8732282bfc7 P df36f8f95f8046e6ac3b4f2e77103424 [CANDIDATE]: Term 1 pre-election: Election decided. Result: candidate lost. Election summary: received 3 responses out of 3 voters: 1 yes votes; 2 no votes. yes voters: df36f8f95f8046e6ac3b4f2e77103424; no voters: 58db823a9b1948dea6b761a4b43f78d0, ea9e01f7bdbe4827aa0db3b04ea7c09d
I20260709 12:09:19.044162   807 ts_tablet_manager.cc:1434] T 397bdc0ed1eb4fce8ac023fe1147d341 P ea9e01f7bdbe4827aa0db3b04ea7c09d: Time spent starting tablet: real 0.008s	user 0.002s	sys 0.003s
I20260709 12:09:19.044466   812 raft_consensus.cc:2749] T b3b6da78ff964e3ab6b4b8732282bfc7 P df36f8f95f8046e6ac3b4f2e77103424 [term 0 FOLLOWER]: Leader pre-election lost for term 1. Reason: could not achieve majority
I20260709 12:09:19.045058   807 tablet_bootstrap.cc:492] T d3543195c2494b03982e50106fe02354 P ea9e01f7bdbe4827aa0db3b04ea7c09d: Bootstrap starting.
I20260709 12:09:19.047389   808 tablet_bootstrap.cc:654] T 92c6e4d0260544d2a970ee663c67a330 P 58db823a9b1948dea6b761a4b43f78d0: Neither blocks nor log segments found. Creating new log.
I20260709 12:09:19.046628   873 raft_consensus.cc:2749] T 9fe11f3580df42a7b1e23f650ecddd73 P ea9e01f7bdbe4827aa0db3b04ea7c09d [term 1 FOLLOWER]: Leader pre-election lost for term 1. Reason: could not achieve majority
I20260709 12:09:19.050882   860 raft_consensus.cc:515] T 397bdc0ed1eb4fce8ac023fe1147d341 P df36f8f95f8046e6ac3b4f2e77103424 [term 1 FOLLOWER]: Starting leader election with config: opid_index: -1 OBSOLETE_local: false peers { permanent_uuid: "58db823a9b1948dea6b761a4b43f78d0" member_type: VOTER last_known_addr { host: "127.31.39.193" port: 43907 } } peers { permanent_uuid: "ea9e01f7bdbe4827aa0db3b04ea7c09d" member_type: VOTER last_known_addr { host: "127.31.39.194" port: 44471 } } peers { permanent_uuid: "df36f8f95f8046e6ac3b4f2e77103424" member_type: VOTER last_known_addr { host: "127.31.39.195" port: 35113 } }
I20260709 12:09:19.051700   807 tablet_bootstrap.cc:654] T d3543195c2494b03982e50106fe02354 P ea9e01f7bdbe4827aa0db3b04ea7c09d: Neither blocks nor log segments found. Creating new log.
W20260709 12:09:19.052838   730 consensus_peers.cc:597] T d3543195c2494b03982e50106fe02354 P df36f8f95f8046e6ac3b4f2e77103424 -> Peer ea9e01f7bdbe4827aa0db3b04ea7c09d (127.31.39.194:44471): Couldn't send request to peer ea9e01f7bdbe4827aa0db3b04ea7c09d. Error code: TABLET_NOT_RUNNING (12). Status: Illegal state: Tablet not RUNNING: BOOTSTRAPPING. This is attempt 1: this message will repeat every 5th retry.
I20260709 12:09:19.040105   806 consensus_queue.cc:260] T b25aebedc9c44d908c7e7c7edb8951fe P df36f8f95f8046e6ac3b4f2e77103424 [NON_LEADER]: Queue going to NON_LEADER mode. State: All replicated index: 0, Majority replicated index: 0, Committed index: 0, Last appended: 0.0, Last appended by leader: 0, Current term: 0, Majority size: -1, State: 0, Mode: NON_LEADER, active raft config: opid_index: -1 OBSOLETE_local: false peers { permanent_uuid: "58db823a9b1948dea6b761a4b43f78d0" member_type: VOTER last_known_addr { host: "127.31.39.193" port: 43907 } } peers { permanent_uuid: "ea9e01f7bdbe4827aa0db3b04ea7c09d" member_type: VOTER last_known_addr { host: "127.31.39.194" port: 44471 } } peers { permanent_uuid: "df36f8f95f8046e6ac3b4f2e77103424" member_type: VOTER last_known_addr { host: "127.31.39.195" port: 35113 } }
I20260709 12:09:19.063627   806 ts_tablet_manager.cc:1434] T b25aebedc9c44d908c7e7c7edb8951fe P df36f8f95f8046e6ac3b4f2e77103424: Time spent starting tablet: real 0.028s	user 0.006s	sys 0.000s
W20260709 12:09:19.063743   562 auto_rebalancer.cc:288] Could not retrieve cluster info: Service unavailable: Tablet not running
I20260709 12:09:19.064522   806 tablet_bootstrap.cc:492] T 97e668d0edab4e2bbfd7dd2729e8a8fe P df36f8f95f8046e6ac3b4f2e77103424: Bootstrap starting.
I20260709 12:09:19.073391   690 raft_consensus.cc:3060] T b46defad07534292870430c936a4d8af P ea9e01f7bdbe4827aa0db3b04ea7c09d [term 0 FOLLOWER]: Advancing to term 1
I20260709 12:09:19.086213   808 tablet_bootstrap.cc:492] T 92c6e4d0260544d2a970ee663c67a330 P 58db823a9b1948dea6b761a4b43f78d0: No bootstrap required, opened a new log
I20260709 12:09:19.087122   808 ts_tablet_manager.cc:1403] T 92c6e4d0260544d2a970ee663c67a330 P 58db823a9b1948dea6b761a4b43f78d0: Time spent bootstrapping tablet: real 0.091s	user 0.009s	sys 0.015s
I20260709 12:09:19.089665   885 consensus_queue.cc:1048] T 9fe11f3580df42a7b1e23f650ecddd73 P 58db823a9b1948dea6b761a4b43f78d0 [LEADER]: Connected to new peer: Peer: permanent_uuid: "ea9e01f7bdbe4827aa0db3b04ea7c09d" member_type: VOTER last_known_addr { host: "127.31.39.194" port: 44471 }, Status: LMP_MISMATCH, Last received: 0.0, Next index: 1, Last known committed idx: 0, Time since last communication: 0.001s
I20260709 12:09:19.092305   617 tablet_service.cc:1917] Received RequestConsensusVote() RPC: tablet_id: "397bdc0ed1eb4fce8ac023fe1147d341" candidate_uuid: "df36f8f95f8046e6ac3b4f2e77103424" candidate_term: 1 candidate_status { last_received { term: 0 index: 0 } } ignore_live_leader: false dest_uuid: "58db823a9b1948dea6b761a4b43f78d0"
I20260709 12:09:19.093045   617 raft_consensus.cc:3060] T 397bdc0ed1eb4fce8ac023fe1147d341 P 58db823a9b1948dea6b761a4b43f78d0 [term 0 FOLLOWER]: Advancing to term 1
I20260709 12:09:19.093705   867 consensus_queue.cc:1048] T d3543195c2494b03982e50106fe02354 P df36f8f95f8046e6ac3b4f2e77103424 [LEADER]: Connected to new peer: Peer: permanent_uuid: "58db823a9b1948dea6b761a4b43f78d0" member_type: VOTER last_known_addr { host: "127.31.39.193" port: 43907 }, Status: LMP_MISMATCH, Last received: 0.0, Next index: 1, Last known committed idx: 0, Time since last communication: 0.001s
I20260709 12:09:19.111138   808 raft_consensus.cc:359] T 92c6e4d0260544d2a970ee663c67a330 P 58db823a9b1948dea6b761a4b43f78d0 [term 0 FOLLOWER]: Replica starting. Triggering 0 pending ops. Active config: opid_index: -1 OBSOLETE_local: false peers { permanent_uuid: "58db823a9b1948dea6b761a4b43f78d0" member_type: VOTER last_known_addr { host: "127.31.39.193" port: 43907 } } peers { permanent_uuid: "ea9e01f7bdbe4827aa0db3b04ea7c09d" member_type: VOTER last_known_addr { host: "127.31.39.194" port: 44471 } } peers { permanent_uuid: "df36f8f95f8046e6ac3b4f2e77103424" member_type: VOTER last_known_addr { host: "127.31.39.195" port: 35113 } }
I20260709 12:09:19.112020   808 raft_consensus.cc:385] T 92c6e4d0260544d2a970ee663c67a330 P 58db823a9b1948dea6b761a4b43f78d0 [term 0 FOLLOWER]: Consensus starting up: Expiring failure detector timer to make a prompt election more likely
I20260709 12:09:19.112367   808 raft_consensus.cc:740] T 92c6e4d0260544d2a970ee663c67a330 P 58db823a9b1948dea6b761a4b43f78d0 [term 0 FOLLOWER]: Becoming Follower/Learner. State: Replica: 58db823a9b1948dea6b761a4b43f78d0, State: Initialized, Role: FOLLOWER
I20260709 12:09:19.114750   860 leader_election.cc:290] T 397bdc0ed1eb4fce8ac023fe1147d341 P df36f8f95f8046e6ac3b4f2e77103424 [CANDIDATE]: Term 1 election: Requested vote from peers 58db823a9b1948dea6b761a4b43f78d0 (127.31.39.193:43907), ea9e01f7bdbe4827aa0db3b04ea7c09d (127.31.39.194:44471)
