I20260709 12:09:18.210006  8354 tablet_service.cc:1917] Received RequestConsensusVote() RPC: tablet_id: "f3c78db3ff8c42e9a11145843395dd7f" candidate_uuid: "cf6f577f239c4948bdce08d51a36f0d3" candidate_term: 1 candidate_status { last_received { term: 0 index: 0 } } ignore_live_leader: false dest_uuid: "4a1014a8b31a4d44b25d7b0d25a67eb5" is_pre_election: true
I20260709 12:09:18.210481  8204 tablet_service.cc:1917] Received RequestConsensusVote() RPC: tablet_id: "f3c78db3ff8c42e9a11145843395dd7f" candidate_uuid: "cf6f577f239c4948bdce08d51a36f0d3" candidate_term: 1 candidate_status { last_received { term: 0 index: 0 } } ignore_live_leader: false dest_uuid: "d959557deefd4cb287f612c0c2464e00" is_pre_election: true
W20260709 12:09:18.211277  8247 leader_election.cc:343] T f3c78db3ff8c42e9a11145843395dd7f P cf6f577f239c4948bdce08d51a36f0d3 [CANDIDATE]: Term 1 pre-election: Tablet error from VoteRequest() call to peer 4a1014a8b31a4d44b25d7b0d25a67eb5 (127.6.226.131:44793): Illegal state: must be running to vote when last-logged opid is not known
W20260709 12:09:18.211833  8246 leader_election.cc:343] T f3c78db3ff8c42e9a11145843395dd7f P cf6f577f239c4948bdce08d51a36f0d3 [CANDIDATE]: Term 1 pre-election: Tablet error from VoteRequest() call to peer d959557deefd4cb287f612c0c2464e00 (127.6.226.129:44023): Illegal state: must be running to vote when last-logged opid is not known
I20260709 12:09:18.212253  8246 leader_election.cc:304] T f3c78db3ff8c42e9a11145843395dd7f P cf6f577f239c4948bdce08d51a36f0d3 [CANDIDATE]: Term 1 pre-election: Election decided. Result: candidate lost. Election summary: received 3 responses out of 3 voters: 1 yes votes; 2 no votes. yes voters: cf6f577f239c4948bdce08d51a36f0d3; no voters: 4a1014a8b31a4d44b25d7b0d25a67eb5, d959557deefd4cb287f612c0c2464e00
I20260709 12:09:18.213245  8485 raft_consensus.cc:2749] T f3c78db3ff8c42e9a11145843395dd7f P cf6f577f239c4948bdce08d51a36f0d3 [term 0 FOLLOWER]: Leader pre-election lost for term 1. Reason: could not achieve majority
I20260709 12:09:18.212841  8103 catalog_manager.cc:5697] T 78d001b69342445db81b26d4aedc564c P cf6f577f239c4948bdce08d51a36f0d3 reported cstate change: term changed from 0 to 1, leader changed from <none> to cf6f577f239c4948bdce08d51a36f0d3 (127.6.226.130). New cstate: current_term: 1 leader_uuid: "cf6f577f239c4948bdce08d51a36f0d3" committed_config { opid_index: -1 OBSOLETE_local: false peers { permanent_uuid: "d959557deefd4cb287f612c0c2464e00" member_type: VOTER last_known_addr { host: "127.6.226.129" port: 44023 } health_report { overall_health: UNKNOWN } } peers { permanent_uuid: "cf6f577f239c4948bdce08d51a36f0d3" member_type: VOTER last_known_addr { host: "127.6.226.130" port: 41753 } health_report { overall_health: HEALTHY } } peers { permanent_uuid: "4a1014a8b31a4d44b25d7b0d25a67eb5" member_type: VOTER last_known_addr { host: "127.6.226.131" port: 44793 } health_report { overall_health: UNKNOWN } } }
I20260709 12:09:18.216245  8397 consensus_queue.cc:260] T 7423dabd76944781b8c1a66b1ffef0bb P d959557deefd4cb287f612c0c2464e00 [NON_LEADER]: Queue going to NON_LEADER mode. State: All replicated index: 0, Majority replicated index: 0, Committed index: 0, Last appended: 0.0, Last appended by leader: 0, Current term: 0, Majority size: -1, State: 0, Mode: NON_LEADER, active raft config: opid_index: -1 OBSOLETE_local: false peers { permanent_uuid: "d959557deefd4cb287f612c0c2464e00" member_type: VOTER last_known_addr { host: "127.6.226.129" port: 44023 } } peers { permanent_uuid: "cf6f577f239c4948bdce08d51a36f0d3" member_type: VOTER last_known_addr { host: "127.6.226.130" port: 41753 } } peers { permanent_uuid: "4a1014a8b31a4d44b25d7b0d25a67eb5" member_type: VOTER last_known_addr { host: "127.6.226.131" port: 44793 } }
I20260709 12:09:18.217481  8396 tablet_bootstrap.cc:492] T 8a7fc7a0fa6a4bed95c203d1a9f0c5d6 P cf6f577f239c4948bdce08d51a36f0d3: No bootstrap required, opened a new log
I20260709 12:09:18.217949  8396 ts_tablet_manager.cc:1403] T 8a7fc7a0fa6a4bed95c203d1a9f0c5d6 P cf6f577f239c4948bdce08d51a36f0d3: Time spent bootstrapping tablet: real 0.107s	user 0.025s	sys 0.023s
I20260709 12:09:18.219542  8397 ts_tablet_manager.cc:1434] T 7423dabd76944781b8c1a66b1ffef0bb P d959557deefd4cb287f612c0c2464e00: Time spent starting tablet: real 0.035s	user 0.007s	sys 0.000s
I20260709 12:09:18.220445  8397 tablet_bootstrap.cc:492] T 1e3dfe9ebc9141c89d28e4a6850ce370 P d959557deefd4cb287f612c0c2464e00: Bootstrap starting.
I20260709 12:09:18.220918  8396 raft_consensus.cc:359] T 8a7fc7a0fa6a4bed95c203d1a9f0c5d6 P cf6f577f239c4948bdce08d51a36f0d3 [term 0 FOLLOWER]: Replica starting. Triggering 0 pending ops. Active config: opid_index: -1 OBSOLETE_local: false peers { permanent_uuid: "d959557deefd4cb287f612c0c2464e00" member_type: VOTER last_known_addr { host: "127.6.226.129" port: 44023 } } peers { permanent_uuid: "cf6f577f239c4948bdce08d51a36f0d3" member_type: VOTER last_known_addr { host: "127.6.226.130" port: 41753 } } peers { permanent_uuid: "4a1014a8b31a4d44b25d7b0d25a67eb5" member_type: VOTER last_known_addr { host: "127.6.226.131" port: 44793 } }
I20260709 12:09:18.221529  8396 raft_consensus.cc:385] T 8a7fc7a0fa6a4bed95c203d1a9f0c5d6 P cf6f577f239c4948bdce08d51a36f0d3 [term 0 FOLLOWER]: Consensus starting up: Expiring failure detector timer to make a prompt election more likely
I20260709 12:09:18.221809  8396 raft_consensus.cc:740] T 8a7fc7a0fa6a4bed95c203d1a9f0c5d6 P cf6f577f239c4948bdce08d51a36f0d3 [term 0 FOLLOWER]: Becoming Follower/Learner. State: Replica: cf6f577f239c4948bdce08d51a36f0d3, State: Initialized, Role: FOLLOWER
I20260709 12:09:18.222503  8396 consensus_queue.cc:260] T 8a7fc7a0fa6a4bed95c203d1a9f0c5d6 P cf6f577f239c4948bdce08d51a36f0d3 [NON_LEADER]: Queue going to NON_LEADER mode. State: All replicated index: 0, Majority replicated index: 0, Committed index: 0, Last appended: 0.0, Last appended by leader: 0, Current term: 0, Majority size: -1, State: 0, Mode: NON_LEADER, active raft config: opid_index: -1 OBSOLETE_local: false peers { permanent_uuid: "d959557deefd4cb287f612c0c2464e00" member_type: VOTER last_known_addr { host: "127.6.226.129" port: 44023 } } peers { permanent_uuid: "cf6f577f239c4948bdce08d51a36f0d3" member_type: VOTER last_known_addr { host: "127.6.226.130" port: 41753 } } peers { permanent_uuid: "4a1014a8b31a4d44b25d7b0d25a67eb5" member_type: VOTER last_known_addr { host: "127.6.226.131" port: 44793 } }
I20260709 12:09:18.224596  8399 tablet_bootstrap.cc:654] T 6556ef3abe7243658a7b3dd6ae336a72 P 4a1014a8b31a4d44b25d7b0d25a67eb5: Neither blocks nor log segments found. Creating new log.
I20260709 12:09:18.224751  8396 ts_tablet_manager.cc:1434] T 8a7fc7a0fa6a4bed95c203d1a9f0c5d6 P cf6f577f239c4948bdce08d51a36f0d3: Time spent starting tablet: real 0.007s	user 0.006s	sys 0.000s
I20260709 12:09:18.228408  8396 tablet_bootstrap.cc:492] T 6556ef3abe7243658a7b3dd6ae336a72 P cf6f577f239c4948bdce08d51a36f0d3: Bootstrap starting.
I20260709 12:09:18.229617  8397 tablet_bootstrap.cc:654] T 1e3dfe9ebc9141c89d28e4a6850ce370 P d959557deefd4cb287f612c0c2464e00: Neither blocks nor log segments found. Creating new log.
I20260709 12:09:18.229517  8279 tablet_service.cc:1917] Received RequestConsensusVote() RPC: tablet_id: "8a7fc7a0fa6a4bed95c203d1a9f0c5d6" candidate_uuid: "4a1014a8b31a4d44b25d7b0d25a67eb5" candidate_term: 1 candidate_status { last_received { term: 0 index: 0 } } ignore_live_leader: false dest_uuid: "cf6f577f239c4948bdce08d51a36f0d3"
I20260709 12:09:18.230091  8279 raft_consensus.cc:3060] T 8a7fc7a0fa6a4bed95c203d1a9f0c5d6 P cf6f577f239c4948bdce08d51a36f0d3 [term 0 FOLLOWER]: Advancing to term 1
I20260709 12:09:18.233355  8396 tablet_bootstrap.cc:654] T 6556ef3abe7243658a7b3dd6ae336a72 P cf6f577f239c4948bdce08d51a36f0d3: Neither blocks nor log segments found. Creating new log.
I20260709 12:09:18.225850  8103 catalog_manager.cc:5697] T df009c3943e843698f14b9016b83cbde P cf6f577f239c4948bdce08d51a36f0d3 reported cstate change: term changed from 0 to 1, leader changed from <none> to cf6f577f239c4948bdce08d51a36f0d3 (127.6.226.130). New cstate: current_term: 1 leader_uuid: "cf6f577f239c4948bdce08d51a36f0d3" committed_config { opid_index: -1 OBSOLETE_local: false peers { permanent_uuid: "d959557deefd4cb287f612c0c2464e00" member_type: VOTER last_known_addr { host: "127.6.226.129" port: 44023 } health_report { overall_health: UNKNOWN } } peers { permanent_uuid: "cf6f577f239c4948bdce08d51a36f0d3" member_type: VOTER last_known_addr { host: "127.6.226.130" port: 41753 } health_report { overall_health: HEALTHY } } peers { permanent_uuid: "4a1014a8b31a4d44b25d7b0d25a67eb5" member_type: VOTER last_known_addr { host: "127.6.226.131" port: 44793 } health_report { overall_health: UNKNOWN } } }
I20260709 12:09:18.237058  8279 raft_consensus.cc:2468] T 8a7fc7a0fa6a4bed95c203d1a9f0c5d6 P cf6f577f239c4948bdce08d51a36f0d3 [term 1 FOLLOWER]: Leader election vote request: Granting yes vote for candidate 4a1014a8b31a4d44b25d7b0d25a67eb5 in term 1.
I20260709 12:09:18.239789  8397 tablet_bootstrap.cc:492] T 1e3dfe9ebc9141c89d28e4a6850ce370 P d959557deefd4cb287f612c0c2464e00: No bootstrap required, opened a new log
I20260709 12:09:18.240216  8397 ts_tablet_manager.cc:1403] T 1e3dfe9ebc9141c89d28e4a6850ce370 P d959557deefd4cb287f612c0c2464e00: Time spent bootstrapping tablet: real 0.020s	user 0.009s	sys 0.000s
I20260709 12:09:18.241055  8396 tablet_bootstrap.cc:492] T 6556ef3abe7243658a7b3dd6ae336a72 P cf6f577f239c4948bdce08d51a36f0d3: No bootstrap required, opened a new log
I20260709 12:09:18.241479  8396 ts_tablet_manager.cc:1403] T 6556ef3abe7243658a7b3dd6ae336a72 P cf6f577f239c4948bdce08d51a36f0d3: Time spent bootstrapping tablet: real 0.013s	user 0.006s	sys 0.001s
I20260709 12:09:18.243115  8397 raft_consensus.cc:359] T 1e3dfe9ebc9141c89d28e4a6850ce370 P d959557deefd4cb287f612c0c2464e00 [term 0 FOLLOWER]: Replica starting. Triggering 0 pending ops. Active config: opid_index: -1 OBSOLETE_local: false peers { permanent_uuid: "d959557deefd4cb287f612c0c2464e00" member_type: VOTER last_known_addr { host: "127.6.226.129" port: 44023 } } peers { permanent_uuid: "cf6f577f239c4948bdce08d51a36f0d3" member_type: VOTER last_known_addr { host: "127.6.226.130" port: 41753 } } peers { permanent_uuid: "4a1014a8b31a4d44b25d7b0d25a67eb5" member_type: VOTER last_known_addr { host: "127.6.226.131" port: 44793 } }
I20260709 12:09:18.243782  8397 raft_consensus.cc:385] T 1e3dfe9ebc9141c89d28e4a6850ce370 P d959557deefd4cb287f612c0c2464e00 [term 0 FOLLOWER]: Consensus starting up: Expiring failure detector timer to make a prompt election more likely
I20260709 12:09:18.244117  8397 raft_consensus.cc:740] T 1e3dfe9ebc9141c89d28e4a6850ce370 P d959557deefd4cb287f612c0c2464e00 [term 0 FOLLOWER]: Becoming Follower/Learner. State: Replica: d959557deefd4cb287f612c0c2464e00, State: Initialized, Role: FOLLOWER
I20260709 12:09:18.243821  8396 raft_consensus.cc:359] T 6556ef3abe7243658a7b3dd6ae336a72 P cf6f577f239c4948bdce08d51a36f0d3 [term 0 FOLLOWER]: Replica starting. Triggering 0 pending ops. Active config: opid_index: -1 OBSOLETE_local: false peers { permanent_uuid: "d959557deefd4cb287f612c0c2464e00" member_type: VOTER last_known_addr { host: "127.6.226.129" port: 44023 } } peers { permanent_uuid: "cf6f577f239c4948bdce08d51a36f0d3" member_type: VOTER last_known_addr { host: "127.6.226.130" port: 41753 } } peers { permanent_uuid: "4a1014a8b31a4d44b25d7b0d25a67eb5" member_type: VOTER last_known_addr { host: "127.6.226.131" port: 44793 } }
I20260709 12:09:18.244520  8396 raft_consensus.cc:385] T 6556ef3abe7243658a7b3dd6ae336a72 P cf6f577f239c4948bdce08d51a36f0d3 [term 0 FOLLOWER]: Consensus starting up: Expiring failure detector timer to make a prompt election more likely
I20260709 12:09:18.244769  8396 raft_consensus.cc:740] T 6556ef3abe7243658a7b3dd6ae336a72 P cf6f577f239c4948bdce08d51a36f0d3 [term 0 FOLLOWER]: Becoming Follower/Learner. State: Replica: cf6f577f239c4948bdce08d51a36f0d3, State: Initialized, Role: FOLLOWER
I20260709 12:09:18.227437  8523 leader_election.cc:290] T 8a7fc7a0fa6a4bed95c203d1a9f0c5d6 P 4a1014a8b31a4d44b25d7b0d25a67eb5 [CANDIDATE]: Term 1 election: Requested vote from peers d959557deefd4cb287f612c0c2464e00 (127.6.226.129:44023), cf6f577f239c4948bdce08d51a36f0d3 (127.6.226.130:41753)
I20260709 12:09:18.244844  8397 consensus_queue.cc:260] T 1e3dfe9ebc9141c89d28e4a6850ce370 P d959557deefd4cb287f612c0c2464e00 [NON_LEADER]: Queue going to NON_LEADER mode. State: All replicated index: 0, Majority replicated index: 0, Committed index: 0, Last appended: 0.0, Last appended by leader: 0, Current term: 0, Majority size: -1, State: 0, Mode: NON_LEADER, active raft config: opid_index: -1 OBSOLETE_local: false peers { permanent_uuid: "d959557deefd4cb287f612c0c2464e00" member_type: VOTER last_known_addr { host: "127.6.226.129" port: 44023 } } peers { permanent_uuid: "cf6f577f239c4948bdce08d51a36f0d3" member_type: VOTER last_known_addr { host: "127.6.226.130" port: 41753 } } peers { permanent_uuid: "4a1014a8b31a4d44b25d7b0d25a67eb5" member_type: VOTER last_known_addr { host: "127.6.226.131" port: 44793 } }
I20260709 12:09:18.245389  8396 consensus_queue.cc:260] T 6556ef3abe7243658a7b3dd6ae336a72 P cf6f577f239c4948bdce08d51a36f0d3 [NON_LEADER]: Queue going to NON_LEADER mode. State: All replicated index: 0, Majority replicated index: 0, Committed index: 0, Last appended: 0.0, Last appended by leader: 0, Current term: 0, Majority size: -1, State: 0, Mode: NON_LEADER, active raft config: opid_index: -1 OBSOLETE_local: false peers { permanent_uuid: "d959557deefd4cb287f612c0c2464e00" member_type: VOTER last_known_addr { host: "127.6.226.129" port: 44023 } } peers { permanent_uuid: "cf6f577f239c4948bdce08d51a36f0d3" member_type: VOTER last_known_addr { host: "127.6.226.130" port: 41753 } } peers { permanent_uuid: "4a1014a8b31a4d44b25d7b0d25a67eb5" member_type: VOTER last_known_addr { host: "127.6.226.131" port: 44793 } }
I20260709 12:09:18.246532  8397 ts_tablet_manager.cc:1434] T 1e3dfe9ebc9141c89d28e4a6850ce370 P d959557deefd4cb287f612c0c2464e00: Time spent starting tablet: real 0.006s	user 0.005s	sys 0.000s
I20260709 12:09:18.247371  8397 tablet_bootstrap.cc:492] T ed86c66d549748a3a4ba6cc478115b05 P d959557deefd4cb287f612c0c2464e00: Bootstrap starting.
I20260709 12:09:18.247426  8396 ts_tablet_manager.cc:1434] T 6556ef3abe7243658a7b3dd6ae336a72 P cf6f577f239c4948bdce08d51a36f0d3: Time spent starting tablet: real 0.006s	user 0.006s	sys 0.001s
I20260709 12:09:18.248294  8396 tablet_bootstrap.cc:492] T 15576229c3a24ec29aa3eccab982a1eb P cf6f577f239c4948bdce08d51a36f0d3: Bootstrap starting.
I20260709 12:09:18.248457  8105 catalog_manager.cc:5697] T 15576229c3a24ec29aa3eccab982a1eb P d959557deefd4cb287f612c0c2464e00 reported cstate change: term changed from 0 to 1, leader changed from <none> to d959557deefd4cb287f612c0c2464e00 (127.6.226.129). New cstate: current_term: 1 leader_uuid: "d959557deefd4cb287f612c0c2464e00" committed_config { opid_index: -1 OBSOLETE_local: false peers { permanent_uuid: "d959557deefd4cb287f612c0c2464e00" member_type: VOTER last_known_addr { host: "127.6.226.129" port: 44023 } health_report { overall_health: HEALTHY } } peers { permanent_uuid: "cf6f577f239c4948bdce08d51a36f0d3" member_type: VOTER last_known_addr { host: "127.6.226.130" port: 41753 } health_report { overall_health: UNKNOWN } } peers { permanent_uuid: "4a1014a8b31a4d44b25d7b0d25a67eb5" member_type: VOTER last_known_addr { host: "127.6.226.131" port: 44793 } health_report { overall_health: UNKNOWN } } }
I20260709 12:09:18.254161  8397 tablet_bootstrap.cc:654] T ed86c66d549748a3a4ba6cc478115b05 P d959557deefd4cb287f612c0c2464e00: Neither blocks nor log segments found. Creating new log.
I20260709 12:09:18.253958  8477 raft_consensus.cc:493] T 1e3dfe9ebc9141c89d28e4a6850ce370 P d959557deefd4cb287f612c0c2464e00 [term 0 FOLLOWER]: Starting pre-election (no leader contacted us within the election timeout)
I20260709 12:09:18.255257  8477 raft_consensus.cc:515] T 1e3dfe9ebc9141c89d28e4a6850ce370 P d959557deefd4cb287f612c0c2464e00 [term 0 FOLLOWER]: Starting pre-election with config: opid_index: -1 OBSOLETE_local: false peers { permanent_uuid: "d959557deefd4cb287f612c0c2464e00" member_type: VOTER last_known_addr { host: "127.6.226.129" port: 44023 } } peers { permanent_uuid: "cf6f577f239c4948bdce08d51a36f0d3" member_type: VOTER last_known_addr { host: "127.6.226.130" port: 41753 } } peers { permanent_uuid: "4a1014a8b31a4d44b25d7b0d25a67eb5" member_type: VOTER last_known_addr { host: "127.6.226.131" port: 44793 } }
I20260709 12:09:18.257344  8477 leader_election.cc:290] T 1e3dfe9ebc9141c89d28e4a6850ce370 P d959557deefd4cb287f612c0c2464e00 [CANDIDATE]: Term 1 pre-election: Requested pre-vote from peers cf6f577f239c4948bdce08d51a36f0d3 (127.6.226.130:41753), 4a1014a8b31a4d44b25d7b0d25a67eb5 (127.6.226.131:44793)
I20260709 12:09:18.258896  8396 tablet_bootstrap.cc:654] T 15576229c3a24ec29aa3eccab982a1eb P cf6f577f239c4948bdce08d51a36f0d3: Neither blocks nor log segments found. Creating new log.
I20260709 12:09:18.258759  8354 tablet_service.cc:1917] Received RequestConsensusVote() RPC: tablet_id: "1e3dfe9ebc9141c89d28e4a6850ce370" candidate_uuid: "d959557deefd4cb287f612c0c2464e00" candidate_term: 1 candidate_status { last_received { term: 0 index: 0 } } ignore_live_leader: false dest_uuid: "4a1014a8b31a4d44b25d7b0d25a67eb5" is_pre_election: true
I20260709 12:09:18.259948  8279 tablet_service.cc:1917] Received RequestConsensusVote() RPC: tablet_id: "1e3dfe9ebc9141c89d28e4a6850ce370" candidate_uuid: "d959557deefd4cb287f612c0c2464e00" candidate_term: 1 candidate_status { last_received { term: 0 index: 0 } } ignore_live_leader: false dest_uuid: "cf6f577f239c4948bdce08d51a36f0d3" is_pre_election: true
I20260709 12:09:18.260596  8104 catalog_manager.cc:5697] T 7805e8cf77dc479cac00cbb9d7ae10fb P 4a1014a8b31a4d44b25d7b0d25a67eb5 reported cstate change: term changed from 0 to 1, leader changed from <none> to 4a1014a8b31a4d44b25d7b0d25a67eb5 (127.6.226.131). New cstate: current_term: 1 leader_uuid: "4a1014a8b31a4d44b25d7b0d25a67eb5" committed_config { opid_index: -1 OBSOLETE_local: false peers { permanent_uuid: "d959557deefd4cb287f612c0c2464e00" member_type: VOTER last_known_addr { host: "127.6.226.129" port: 44023 } health_report { overall_health: UNKNOWN } } peers { permanent_uuid: "cf6f577f239c4948bdce08d51a36f0d3" member_type: VOTER last_known_addr { host: "127.6.226.130" port: 41753 } health_report { overall_health: UNKNOWN } } peers { permanent_uuid: "4a1014a8b31a4d44b25d7b0d25a67eb5" member_type: VOTER last_known_addr { host: "127.6.226.131" port: 44793 } health_report { overall_health: HEALTHY } } }
W20260709 12:09:18.261363  8172 leader_election.cc:343] T 1e3dfe9ebc9141c89d28e4a6850ce370 P d959557deefd4cb287f612c0c2464e00 [CANDIDATE]: Term 1 pre-election: Tablet error from VoteRequest() call to peer 4a1014a8b31a4d44b25d7b0d25a67eb5 (127.6.226.131:44793): Illegal state: must be running to vote when last-logged opid is not known
W20260709 12:09:18.262266  8170 leader_election.cc:343] T 1e3dfe9ebc9141c89d28e4a6850ce370 P d959557deefd4cb287f612c0c2464e00 [CANDIDATE]: Term 1 pre-election: Tablet error from VoteRequest() call to peer cf6f577f239c4948bdce08d51a36f0d3 (127.6.226.130:41753): Illegal state: must be running to vote when last-logged opid is not known
I20260709 12:09:18.261976  8104 catalog_manager.cc:5697] T 8a7fc7a0fa6a4bed95c203d1a9f0c5d6 P 4a1014a8b31a4d44b25d7b0d25a67eb5 reported cstate change: term changed from 0 to 1, leader changed from <none> to 4a1014a8b31a4d44b25d7b0d25a67eb5 (127.6.226.131). New cstate: current_term: 1 leader_uuid: "4a1014a8b31a4d44b25d7b0d25a67eb5" committed_config { opid_index: -1 OBSOLETE_local: false peers { permanent_uuid: "d959557deefd4cb287f612c0c2464e00" member_type: VOTER last_known_addr { host: "127.6.226.129" port: 44023 } health_report { overall_health: UNKNOWN } } peers { permanent_uuid: "cf6f577f239c4948bdce08d51a36f0d3" member_type: VOTER last_known_addr { host: "127.6.226.130" port: 41753 } health_report { overall_health: UNKNOWN } } peers { permanent_uuid: "4a1014a8b31a4d44b25d7b0d25a67eb5" member_type: VOTER last_known_addr { host: "127.6.226.131" port: 44793 } health_report { overall_health: HEALTHY } } }
I20260709 12:09:18.262681  8170 leader_election.cc:304] T 1e3dfe9ebc9141c89d28e4a6850ce370 P d959557deefd4cb287f612c0c2464e00 [CANDIDATE]: Term 1 pre-election: Election decided. Result: candidate lost. Election summary: received 3 responses out of 3 voters: 1 yes votes; 2 no votes. yes voters: d959557deefd4cb287f612c0c2464e00; no voters: 4a1014a8b31a4d44b25d7b0d25a67eb5, cf6f577f239c4948bdce08d51a36f0d3
I20260709 12:09:18.263422  8477 raft_consensus.cc:2749] T 1e3dfe9ebc9141c89d28e4a6850ce370 P d959557deefd4cb287f612c0c2464e00 [term 0 FOLLOWER]: Leader pre-election lost for term 1. Reason: could not achieve majority
I20260709 12:09:18.265301  8399 tablet_bootstrap.cc:492] T 6556ef3abe7243658a7b3dd6ae336a72 P 4a1014a8b31a4d44b25d7b0d25a67eb5: No bootstrap required, opened a new log
I20260709 12:09:18.265791  8399 ts_tablet_manager.cc:1403] T 6556ef3abe7243658a7b3dd6ae336a72 P 4a1014a8b31a4d44b25d7b0d25a67eb5: Time spent bootstrapping tablet: real 0.104s	user 0.009s	sys 0.001s
I20260709 12:09:18.265872  8396 tablet_bootstrap.cc:492] T 15576229c3a24ec29aa3eccab982a1eb P cf6f577f239c4948bdce08d51a36f0d3: No bootstrap required, opened a new log
I20260709 12:09:18.266307  8396 ts_tablet_manager.cc:1403] T 15576229c3a24ec29aa3eccab982a1eb P cf6f577f239c4948bdce08d51a36f0d3: Time spent bootstrapping tablet: real 0.018s	user 0.007s	sys 0.002s
I20260709 12:09:18.268570  8399 raft_consensus.cc:359] T 6556ef3abe7243658a7b3dd6ae336a72 P 4a1014a8b31a4d44b25d7b0d25a67eb5 [term 0 FOLLOWER]: Replica starting. Triggering 0 pending ops. Active config: opid_index: -1 OBSOLETE_local: false peers { permanent_uuid: "d959557deefd4cb287f612c0c2464e00" member_type: VOTER last_known_addr { host: "127.6.226.129" port: 44023 } } peers { permanent_uuid: "cf6f577f239c4948bdce08d51a36f0d3" member_type: VOTER last_known_addr { host: "127.6.226.130" port: 41753 } } peers { permanent_uuid: "4a1014a8b31a4d44b25d7b0d25a67eb5" member_type: VOTER last_known_addr { host: "127.6.226.131" port: 44793 } }
I20260709 12:09:18.268728  8396 raft_consensus.cc:359] T 15576229c3a24ec29aa3eccab982a1eb P cf6f577f239c4948bdce08d51a36f0d3 [term 0 FOLLOWER]: Replica starting. Triggering 0 pending ops. Active config: opid_index: -1 OBSOLETE_local: false peers { permanent_uuid: "d959557deefd4cb287f612c0c2464e00" member_type: VOTER last_known_addr { host: "127.6.226.129" port: 44023 } } peers { permanent_uuid: "cf6f577f239c4948bdce08d51a36f0d3" member_type: VOTER last_known_addr { host: "127.6.226.130" port: 41753 } } peers { permanent_uuid: "4a1014a8b31a4d44b25d7b0d25a67eb5" member_type: VOTER last_known_addr { host: "127.6.226.131" port: 44793 } }
I20260709 12:09:18.269335  8399 raft_consensus.cc:385] T 6556ef3abe7243658a7b3dd6ae336a72 P 4a1014a8b31a4d44b25d7b0d25a67eb5 [term 0 FOLLOWER]: Consensus starting up: Expiring failure detector timer to make a prompt election more likely
I20260709 12:09:18.269429  8396 raft_consensus.cc:385] T 15576229c3a24ec29aa3eccab982a1eb P cf6f577f239c4948bdce08d51a36f0d3 [term 0 FOLLOWER]: Consensus starting up: Expiring failure detector timer to make a prompt election more likely
I20260709 12:09:18.269706  8399 raft_consensus.cc:740] T 6556ef3abe7243658a7b3dd6ae336a72 P 4a1014a8b31a4d44b25d7b0d25a67eb5 [term 0 FOLLOWER]: Becoming Follower/Learner. State: Replica: 4a1014a8b31a4d44b25d7b0d25a67eb5, State: Initialized, Role: FOLLOWER
I20260709 12:09:18.269768  8396 raft_consensus.cc:740] T 15576229c3a24ec29aa3eccab982a1eb P cf6f577f239c4948bdce08d51a36f0d3 [term 0 FOLLOWER]: Becoming Follower/Learner. State: Replica: cf6f577f239c4948bdce08d51a36f0d3, State: Initialized, Role: FOLLOWER
I20260709 12:09:18.270511  8396 consensus_queue.cc:260] T 15576229c3a24ec29aa3eccab982a1eb P cf6f577f239c4948bdce08d51a36f0d3 [NON_LEADER]: Queue going to NON_LEADER mode. State: All replicated index: 0, Majority replicated index: 0, Committed index: 0, Last appended: 0.0, Last appended by leader: 0, Current term: 0, Majority size: -1, State: 0, Mode: NON_LEADER, active raft config: opid_index: -1 OBSOLETE_local: false peers { permanent_uuid: "d959557deefd4cb287f612c0c2464e00" member_type: VOTER last_known_addr { host: "127.6.226.129" port: 44023 } } peers { permanent_uuid: "cf6f577f239c4948bdce08d51a36f0d3" member_type: VOTER last_known_addr { host: "127.6.226.130" port: 41753 } } peers { permanent_uuid: "4a1014a8b31a4d44b25d7b0d25a67eb5" member_type: VOTER last_known_addr { host: "127.6.226.131" port: 44793 } }
I20260709 12:09:18.271252  8399 consensus_queue.cc:260] T 6556ef3abe7243658a7b3dd6ae336a72 P 4a1014a8b31a4d44b25d7b0d25a67eb5 [NON_LEADER]: Queue going to NON_LEADER mode. State: All replicated index: 0, Majority replicated index: 0, Committed index: 0, Last appended: 0.0, Last appended by leader: 0, Current term: 0, Majority size: -1, State: 0, Mode: NON_LEADER, active raft config: opid_index: -1 OBSOLETE_local: false peers { permanent_uuid: "d959557deefd4cb287f612c0c2464e00" member_type: VOTER last_known_addr { host: "127.6.226.129" port: 44023 } } peers { permanent_uuid: "cf6f577f239c4948bdce08d51a36f0d3" member_type: VOTER last_known_addr { host: "127.6.226.130" port: 41753 } } peers { permanent_uuid: "4a1014a8b31a4d44b25d7b0d25a67eb5" member_type: VOTER last_known_addr { host: "127.6.226.131" port: 44793 } }
I20260709 12:09:18.272755  8396 ts_tablet_manager.cc:1434] T 15576229c3a24ec29aa3eccab982a1eb P cf6f577f239c4948bdce08d51a36f0d3: Time spent starting tablet: real 0.006s	user 0.004s	sys 0.003s
I20260709 12:09:18.273625  8396 tablet_bootstrap.cc:492] T cbf342c8cc5347c58b4eed3df79d70c5 P cf6f577f239c4948bdce08d51a36f0d3: Bootstrap starting.
I20260709 12:09:18.273638  8399 ts_tablet_manager.cc:1434] T 6556ef3abe7243658a7b3dd6ae336a72 P 4a1014a8b31a4d44b25d7b0d25a67eb5: Time spent starting tablet: real 0.008s	user 0.008s	sys 0.000s
I20260709 12:09:18.274762  8399 tablet_bootstrap.cc:492] T 7423dabd76944781b8c1a66b1ffef0bb P 4a1014a8b31a4d44b25d7b0d25a67eb5: Bootstrap starting.
I20260709 12:09:18.279384  8396 tablet_bootstrap.cc:654] T cbf342c8cc5347c58b4eed3df79d70c5 P cf6f577f239c4948bdce08d51a36f0d3: Neither blocks nor log segments found. Creating new log.
I20260709 12:09:18.280567  8399 tablet_bootstrap.cc:654] T 7423dabd76944781b8c1a66b1ffef0bb P 4a1014a8b31a4d44b25d7b0d25a67eb5: Neither blocks nor log segments found. Creating new log.
I20260709 12:09:18.285812  8397 tablet_bootstrap.cc:492] T ed86c66d549748a3a4ba6cc478115b05 P d959557deefd4cb287f612c0c2464e00: No bootstrap required, opened a new log
I20260709 12:09:18.286684  8397 ts_tablet_manager.cc:1403] T ed86c66d549748a3a4ba6cc478115b05 P d959557deefd4cb287f612c0c2464e00: Time spent bootstrapping tablet: real 0.039s	user 0.020s	sys 0.010s
I20260709 12:09:18.287037  8396 tablet_bootstrap.cc:492] T cbf342c8cc5347c58b4eed3df79d70c5 P cf6f577f239c4948bdce08d51a36f0d3: No bootstrap required, opened a new log
I20260709 12:09:18.287451  8396 ts_tablet_manager.cc:1403] T cbf342c8cc5347c58b4eed3df79d70c5 P cf6f577f239c4948bdce08d51a36f0d3: Time spent bootstrapping tablet: real 0.014s	user 0.010s	sys 0.001s
I20260709 12:09:18.289182  8397 raft_consensus.cc:359] T ed86c66d549748a3a4ba6cc478115b05 P d959557deefd4cb287f612c0c2464e00 [term 0 FOLLOWER]: Replica starting. Triggering 0 pending ops. Active config: opid_index: -1 OBSOLETE_local: false peers { permanent_uuid: "d959557deefd4cb287f612c0c2464e00" member_type: VOTER last_known_addr { host: "127.6.226.129" port: 44023 } } peers { permanent_uuid: "cf6f577f239c4948bdce08d51a36f0d3" member_type: VOTER last_known_addr { host: "127.6.226.130" port: 41753 } } peers { permanent_uuid: "4a1014a8b31a4d44b25d7b0d25a67eb5" member_type: VOTER last_known_addr { host: "127.6.226.131" port: 44793 } }
I20260709 12:09:18.289840  8397 raft_consensus.cc:385] T ed86c66d549748a3a4ba6cc478115b05 P d959557deefd4cb287f612c0c2464e00 [term 0 FOLLOWER]: Consensus starting up: Expiring failure detector timer to make a prompt election more likely
I20260709 12:09:18.289752  8396 raft_consensus.cc:359] T cbf342c8cc5347c58b4eed3df79d70c5 P cf6f577f239c4948bdce08d51a36f0d3 [term 0 FOLLOWER]: Replica starting. Triggering 0 pending ops. Active config: opid_index: -1 OBSOLETE_local: false peers { permanent_uuid: "d959557deefd4cb287f612c0c2464e00" member_type: VOTER last_known_addr { host: "127.6.226.129" port: 44023 } } peers { permanent_uuid: "cf6f577f239c4948bdce08d51a36f0d3" member_type: VOTER last_known_addr { host: "127.6.226.130" port: 41753 } } peers { permanent_uuid: "4a1014a8b31a4d44b25d7b0d25a67eb5" member_type: VOTER last_known_addr { host: "127.6.226.131" port: 44793 } }
I20260709 12:09:18.290189  8397 raft_consensus.cc:740] T ed86c66d549748a3a4ba6cc478115b05 P d959557deefd4cb287f612c0c2464e00 [term 0 FOLLOWER]: Becoming Follower/Learner. State: Replica: d959557deefd4cb287f612c0c2464e00, State: Initialized, Role: FOLLOWER
I20260709 12:09:18.290416  8396 raft_consensus.cc:385] T cbf342c8cc5347c58b4eed3df79d70c5 P cf6f577f239c4948bdce08d51a36f0d3 [term 0 FOLLOWER]: Consensus starting up: Expiring failure detector timer to make a prompt election more likely
I20260709 12:09:18.290690  8396 raft_consensus.cc:740] T cbf342c8cc5347c58b4eed3df79d70c5 P cf6f577f239c4948bdce08d51a36f0d3 [term 0 FOLLOWER]: Becoming Follower/Learner. State: Replica: cf6f577f239c4948bdce08d51a36f0d3, State: Initialized, Role: FOLLOWER
I20260709 12:09:18.290923  8397 consensus_queue.cc:260] T ed86c66d549748a3a4ba6cc478115b05 P d959557deefd4cb287f612c0c2464e00 [NON_LEADER]: Queue going to NON_LEADER mode. State: All replicated index: 0, Majority replicated index: 0, Committed index: 0, Last appended: 0.0, Last appended by leader: 0, Current term: 0, Majority size: -1, State: 0, Mode: NON_LEADER, active raft config: opid_index: -1 OBSOLETE_local: false peers { permanent_uuid: "d959557deefd4cb287f612c0c2464e00" member_type: VOTER last_known_addr { host: "127.6.226.129" port: 44023 } } peers { permanent_uuid: "cf6f577f239c4948bdce08d51a36f0d3" member_type: VOTER last_known_addr { host: "127.6.226.130" port: 41753 } } peers { permanent_uuid: "4a1014a8b31a4d44b25d7b0d25a67eb5" member_type: VOTER last_known_addr { host: "127.6.226.131" port: 44793 } }
I20260709 12:09:18.291270  8396 consensus_queue.cc:260] T cbf342c8cc5347c58b4eed3df79d70c5 P cf6f577f239c4948bdce08d51a36f0d3 [NON_LEADER]: Queue going to NON_LEADER mode. State: All replicated index: 0, Majority replicated index: 0, Committed index: 0, Last appended: 0.0, Last appended by leader: 0, Current term: 0, Majority size: -1, State: 0, Mode: NON_LEADER, active raft config: opid_index: -1 OBSOLETE_local: false peers { permanent_uuid: "d959557deefd4cb287f612c0c2464e00" member_type: VOTER last_known_addr { host: "127.6.226.129" port: 44023 } } peers { permanent_uuid: "cf6f577f239c4948bdce08d51a36f0d3" member_type: VOTER last_known_addr { host: "127.6.226.130" port: 41753 } } peers { permanent_uuid: "4a1014a8b31a4d44b25d7b0d25a67eb5" member_type: VOTER last_known_addr { host: "127.6.226.131" port: 44793 } }
I20260709 12:09:18.293500  8396 ts_tablet_manager.cc:1434] T cbf342c8cc5347c58b4eed3df79d70c5 P cf6f577f239c4948bdce08d51a36f0d3: Time spent starting tablet: real 0.006s	user 0.005s	sys 0.000s
I20260709 12:09:18.294602  8396 tablet_bootstrap.cc:492] T 1f9d47fb03be4134a74e3c4e7b994072 P cf6f577f239c4948bdce08d51a36f0d3: Bootstrap starting.
I20260709 12:09:18.296792  8397 ts_tablet_manager.cc:1434] T ed86c66d549748a3a4ba6cc478115b05 P d959557deefd4cb287f612c0c2464e00: Time spent starting tablet: real 0.010s	user 0.006s	sys 0.000s
I20260709 12:09:18.297755  8397 tablet_bootstrap.cc:492] T 89749e8a179047d4963131669df991fc P d959557deefd4cb287f612c0c2464e00: Bootstrap starting.
I20260709 12:09:18.299988  8396 tablet_bootstrap.cc:654] T 1f9d47fb03be4134a74e3c4e7b994072 P cf6f577f239c4948bdce08d51a36f0d3: Neither blocks nor log segments found. Creating new log.
I20260709 12:09:18.309026  8477 raft_consensus.cc:493] T ed86c66d549748a3a4ba6cc478115b05 P d959557deefd4cb287f612c0c2464e00 [term 0 FOLLOWER]: Starting pre-election (no leader contacted us within the election timeout)
I20260709 12:09:18.309608  8477 raft_consensus.cc:515] T ed86c66d549748a3a4ba6cc478115b05 P d959557deefd4cb287f612c0c2464e00 [term 0 FOLLOWER]: Starting pre-election with config: opid_index: -1 OBSOLETE_local: false peers { permanent_uuid: "d959557deefd4cb287f612c0c2464e00" member_type: VOTER last_known_addr { host: "127.6.226.129" port: 44023 } } peers { permanent_uuid: "cf6f577f239c4948bdce08d51a36f0d3" member_type: VOTER last_known_addr { host: "127.6.226.130" port: 41753 } } peers { permanent_uuid: "4a1014a8b31a4d44b25d7b0d25a67eb5" member_type: VOTER last_known_addr { host: "127.6.226.131" port: 44793 } }
I20260709 12:09:18.314617  8477 leader_election.cc:290] T ed86c66d549748a3a4ba6cc478115b05 P d959557deefd4cb287f612c0c2464e00 [CANDIDATE]: Term 1 pre-election: Requested pre-vote from peers cf6f577f239c4948bdce08d51a36f0d3 (127.6.226.130:41753), 4a1014a8b31a4d44b25d7b0d25a67eb5 (127.6.226.131:44793)
I20260709 12:09:18.314527  8279 tablet_service.cc:1917] Received RequestConsensusVote() RPC: tablet_id: "ed86c66d549748a3a4ba6cc478115b05" candidate_uuid: "d959557deefd4cb287f612c0c2464e00" candidate_term: 1 candidate_status { last_received { term: 0 index: 0 } } ignore_live_leader: false dest_uuid: "cf6f577f239c4948bdce08d51a36f0d3" is_pre_election: true
I20260709 12:09:18.316325  8397 tablet_bootstrap.cc:654] T 89749e8a179047d4963131669df991fc P d959557deefd4cb287f612c0c2464e00: Neither blocks nor log segments found. Creating new log.
I20260709 12:09:18.316418  8354 tablet_service.cc:1917] Received RequestConsensusVote() RPC: tablet_id: "ed86c66d549748a3a4ba6cc478115b05" candidate_uuid: "d959557deefd4cb287f612c0c2464e00" candidate_term: 1 candidate_status { last_received { term: 0 index: 0 } } ignore_live_leader: false dest_uuid: "4a1014a8b31a4d44b25d7b0d25a67eb5" is_pre_election: true
W20260709 12:09:18.317802  8170 leader_election.cc:343] T ed86c66d549748a3a4ba6cc478115b05 P d959557deefd4cb287f612c0c2464e00 [CANDIDATE]: Term 1 pre-election: Tablet error from VoteRequest() call to peer cf6f577f239c4948bdce08d51a36f0d3 (127.6.226.130:41753): Illegal state: must be running to vote when last-logged opid is not known
W20260709 12:09:18.318504  8172 leader_election.cc:343] T ed86c66d549748a3a4ba6cc478115b05 P d959557deefd4cb287f612c0c2464e00 [CANDIDATE]: Term 1 pre-election: Tablet error from VoteRequest() call to peer 4a1014a8b31a4d44b25d7b0d25a67eb5 (127.6.226.131:44793): Illegal state: must be running to vote when last-logged opid is not known
I20260709 12:09:18.318917  8172 leader_election.cc:304] T ed86c66d549748a3a4ba6cc478115b05 P d959557deefd4cb287f612c0c2464e00 [CANDIDATE]: Term 1 pre-election: Election decided. Result: candidate lost. Election summary: received 3 responses out of 3 voters: 1 yes votes; 2 no votes. yes voters: d959557deefd4cb287f612c0c2464e00; no voters: 4a1014a8b31a4d44b25d7b0d25a67eb5, cf6f577f239c4948bdce08d51a36f0d3
I20260709 12:09:18.320266  8477 raft_consensus.cc:2749] T ed86c66d549748a3a4ba6cc478115b05 P d959557deefd4cb287f612c0c2464e00 [term 0 FOLLOWER]: Leader pre-election lost for term 1. Reason: could not achieve majority
I20260709 12:09:18.325474  8399 tablet_bootstrap.cc:492] T 7423dabd76944781b8c1a66b1ffef0bb P 4a1014a8b31a4d44b25d7b0d25a67eb5: No bootstrap required, opened a new log
I20260709 12:09:18.325914  8399 ts_tablet_manager.cc:1403] T 7423dabd76944781b8c1a66b1ffef0bb P 4a1014a8b31a4d44b25d7b0d25a67eb5: Time spent bootstrapping tablet: real 0.051s	user 0.017s	sys 0.017s
I20260709 12:09:18.327859  8523 raft_consensus.cc:493] T 6556ef3abe7243658a7b3dd6ae336a72 P 4a1014a8b31a4d44b25d7b0d25a67eb5 [term 0 FOLLOWER]: Starting pre-election (no leader contacted us within the election timeout)
I20260709 12:09:18.328298  8523 raft_consensus.cc:515] T 6556ef3abe7243658a7b3dd6ae336a72 P 4a1014a8b31a4d44b25d7b0d25a67eb5 [term 0 FOLLOWER]: Starting pre-election with config: opid_index: -1 OBSOLETE_local: false peers { permanent_uuid: "d959557deefd4cb287f612c0c2464e00" member_type: VOTER last_known_addr { host: "127.6.226.129" port: 44023 } } peers { permanent_uuid: "cf6f577f239c4948bdce08d51a36f0d3" member_type: VOTER last_known_addr { host: "127.6.226.130" port: 41753 } } peers { permanent_uuid: "4a1014a8b31a4d44b25d7b0d25a67eb5" member_type: VOTER last_known_addr { host: "127.6.226.131" port: 44793 } }
I20260709 12:09:18.329453  8397 tablet_bootstrap.cc:492] T 89749e8a179047d4963131669df991fc P d959557deefd4cb287f612c0c2464e00: No bootstrap required, opened a new log
I20260709 12:09:18.329892  8397 ts_tablet_manager.cc:1403] T 89749e8a179047d4963131669df991fc P d959557deefd4cb287f612c0c2464e00: Time spent bootstrapping tablet: real 0.032s	user 0.006s	sys 0.005s
I20260709 12:09:18.330248  8523 leader_election.cc:290] T 6556ef3abe7243658a7b3dd6ae336a72 P 4a1014a8b31a4d44b25d7b0d25a67eb5 [CANDIDATE]: Term 1 pre-election: Requested pre-vote from peers d959557deefd4cb287f612c0c2464e00 (127.6.226.129:44023), cf6f577f239c4948bdce08d51a36f0d3 (127.6.226.130:41753)
I20260709 12:09:18.330951  8205 tablet_service.cc:1917] Received RequestConsensusVote() RPC: tablet_id: "6556ef3abe7243658a7b3dd6ae336a72" candidate_uuid: "4a1014a8b31a4d44b25d7b0d25a67eb5" candidate_term: 1 candidate_status { last_received { term: 0 index: 0 } } ignore_live_leader: false dest_uuid: "d959557deefd4cb287f612c0c2464e00" is_pre_election: true
I20260709 12:09:18.331238  8396 tablet_bootstrap.cc:492] T 1f9d47fb03be4134a74e3c4e7b994072 P cf6f577f239c4948bdce08d51a36f0d3: No bootstrap required, opened a new log
I20260709 12:09:18.331599  8205 raft_consensus.cc:2468] T 6556ef3abe7243658a7b3dd6ae336a72 P d959557deefd4cb287f612c0c2464e00 [term 0 FOLLOWER]: Leader pre-election vote request: Granting yes vote for candidate 4a1014a8b31a4d44b25d7b0d25a67eb5 in term 0.
I20260709 12:09:18.331776  8396 ts_tablet_manager.cc:1403] T 1f9d47fb03be4134a74e3c4e7b994072 P cf6f577f239c4948bdce08d51a36f0d3: Time spent bootstrapping tablet: real 0.037s	user 0.024s	sys 0.011s
I20260709 12:09:18.331700  8279 tablet_service.cc:1917] Received RequestConsensusVote() RPC: tablet_id: "6556ef3abe7243658a7b3dd6ae336a72" candidate_uuid: "4a1014a8b31a4d44b25d7b0d25a67eb5" candidate_term: 1 candidate_status { last_received { term: 0 index: 0 } } ignore_live_leader: false dest_uuid: "cf6f577f239c4948bdce08d51a36f0d3" is_pre_election: true
I20260709 12:09:18.331619  8399 raft_consensus.cc:359] T 7423dabd76944781b8c1a66b1ffef0bb P 4a1014a8b31a4d44b25d7b0d25a67eb5 [term 0 FOLLOWER]: Replica starting. Triggering 0 pending ops. Active config: opid_index: -1 OBSOLETE_local: false peers { permanent_uuid: "d959557deefd4cb287f612c0c2464e00" member_type: VOTER last_known_addr { host: "127.6.226.129" port: 44023 } } peers { permanent_uuid: "cf6f577f239c4948bdce08d51a36f0d3" member_type: VOTER last_known_addr { host: "127.6.226.130" port: 41753 } } peers { permanent_uuid: "4a1014a8b31a4d44b25d7b0d25a67eb5" member_type: VOTER last_known_addr { host: "127.6.226.131" port: 44793 } }
I20260709 12:09:18.332559  8399 raft_consensus.cc:385] T 7423dabd76944781b8c1a66b1ffef0bb P 4a1014a8b31a4d44b25d7b0d25a67eb5 [term 0 FOLLOWER]: Consensus starting up: Expiring failure detector timer to make a prompt election more likely
I20260709 12:09:18.332567  8279 raft_consensus.cc:2468] T 6556ef3abe7243658a7b3dd6ae336a72 P cf6f577f239c4948bdce08d51a36f0d3 [term 0 FOLLOWER]: Leader pre-election vote request: Granting yes vote for candidate 4a1014a8b31a4d44b25d7b0d25a67eb5 in term 0.
I20260709 12:09:18.332862  8320 leader_election.cc:304] T 6556ef3abe7243658a7b3dd6ae336a72 P 4a1014a8b31a4d44b25d7b0d25a67eb5 [CANDIDATE]: Term 1 pre-election: Election decided. Result: candidate won. Election summary: received 2 responses out of 3 voters: 2 yes votes; 0 no votes. yes voters: 4a1014a8b31a4d44b25d7b0d25a67eb5, d959557deefd4cb287f612c0c2464e00; no voters: 
I20260709 12:09:18.333760  8523 raft_consensus.cc:2804] T 6556ef3abe7243658a7b3dd6ae336a72 P 4a1014a8b31a4d44b25d7b0d25a67eb5 [term 0 FOLLOWER]: Leader pre-election won for term 1
I20260709 12:09:18.334107  8523 raft_consensus.cc:493] T 6556ef3abe7243658a7b3dd6ae336a72 P 4a1014a8b31a4d44b25d7b0d25a67eb5 [term 0 FOLLOWER]: Starting leader election (no leader contacted us within the election timeout)
I20260709 12:09:18.332960  8399 raft_consensus.cc:740] T 7423dabd76944781b8c1a66b1ffef0bb P 4a1014a8b31a4d44b25d7b0d25a67eb5 [term 0 FOLLOWER]: Becoming Follower/Learner. State: Replica: 4a1014a8b31a4d44b25d7b0d25a67eb5, State: Initialized, Role: FOLLOWER
I20260709 12:09:18.334435  8523 raft_consensus.cc:3060] T 6556ef3abe7243658a7b3dd6ae336a72 P 4a1014a8b31a4d44b25d7b0d25a67eb5 [term 0 FOLLOWER]: Advancing to term 1
I20260709 12:09:18.335078  8399 consensus_queue.cc:260] T 7423dabd76944781b8c1a66b1ffef0bb P 4a1014a8b31a4d44b25d7b0d25a67eb5 [NON_LEADER]: Queue going to NON_LEADER mode. State: All replicated index: 0, Majority replicated index: 0, Committed index: 0, Last appended: 0.0, Last appended by leader: 0, Current term: 0, Majority size: -1, State: 0, Mode: NON_LEADER, active raft config: opid_index: -1 OBSOLETE_local: false peers { permanent_uuid: "d959557deefd4cb287f612c0c2464e00" member_type: VOTER last_known_addr { host: "127.6.226.129" port: 44023 } } peers { permanent_uuid: "cf6f577f239c4948bdce08d51a36f0d3" member_type: VOTER last_known_addr { host: "127.6.226.130" port: 41753 } } peers { permanent_uuid: "4a1014a8b31a4d44b25d7b0d25a67eb5" member_type: VOTER last_known_addr { host: "127.6.226.131" port: 44793 } }
I20260709 12:09:18.335489  8396 raft_consensus.cc:359] T 1f9d47fb03be4134a74e3c4e7b994072 P cf6f577f239c4948bdce08d51a36f0d3 [term 0 FOLLOWER]: Replica starting. Triggering 0 pending ops. Active config: opid_index: -1 OBSOLETE_local: false peers { permanent_uuid: "d959557deefd4cb287f612c0c2464e00" member_type: VOTER last_known_addr { host: "127.6.226.129" port: 44023 } } peers { permanent_uuid: "cf6f577f239c4948bdce08d51a36f0d3" member_type: VOTER last_known_addr { host: "127.6.226.130" port: 41753 } } peers { permanent_uuid: "4a1014a8b31a4d44b25d7b0d25a67eb5" member_type: VOTER last_known_addr { host: "127.6.226.131" port: 44793 } }
I20260709 12:09:18.336261  8396 raft_consensus.cc:385] T 1f9d47fb03be4134a74e3c4e7b994072 P cf6f577f239c4948bdce08d51a36f0d3 [term 0 FOLLOWER]: Consensus starting up: Expiring failure detector timer to make a prompt election more likely
I20260709 12:09:18.336570  8396 raft_consensus.cc:740] T 1f9d47fb03be4134a74e3c4e7b994072 P cf6f577f239c4948bdce08d51a36f0d3 [term 0 FOLLOWER]: Becoming Follower/Learner. State: Replica: cf6f577f239c4948bdce08d51a36f0d3, State: Initialized, Role: FOLLOWER
I20260709 12:09:18.337329  8396 consensus_queue.cc:260] T 1f9d47fb03be4134a74e3c4e7b994072 P cf6f577f239c4948bdce08d51a36f0d3 [NON_LEADER]: Queue going to NON_LEADER mode. State: All replicated index: 0, Majority replicated index: 0, Committed index: 0, Last appended: 0.0, Last appended by leader: 0, Current term: 0, Majority size: -1, State: 0, Mode: NON_LEADER, active raft config: opid_index: -1 OBSOLETE_local: false peers { permanent_uuid: "d959557deefd4cb287f612c0c2464e00" member_type: VOTER last_known_addr { host: "127.6.226.129" port: 44023 } } peers { permanent_uuid: "cf6f577f239c4948bdce08d51a36f0d3" member_type: VOTER last_known_addr { host: "127.6.226.130" port: 41753 } } peers { permanent_uuid: "4a1014a8b31a4d44b25d7b0d25a67eb5" member_type: VOTER last_known_addr { host: "127.6.226.131" port: 44793 } }
I20260709 12:09:18.338469  8397 raft_consensus.cc:359] T 89749e8a179047d4963131669df991fc P d959557deefd4cb287f612c0c2464e00 [term 0 FOLLOWER]: Replica starting. Triggering 0 pending ops. Active config: opid_index: -1 OBSOLETE_local: false peers { permanent_uuid: "d959557deefd4cb287f612c0c2464e00" member_type: VOTER last_known_addr { host: "127.6.226.129" port: 44023 } } peers { permanent_uuid: "cf6f577f239c4948bdce08d51a36f0d3" member_type: VOTER last_known_addr { host: "127.6.226.130" port: 41753 } } peers { permanent_uuid: "4a1014a8b31a4d44b25d7b0d25a67eb5" member_type: VOTER last_known_addr { host: "127.6.226.131" port: 44793 } }
I20260709 12:09:18.339104  8397 raft_consensus.cc:385] T 89749e8a179047d4963131669df991fc P d959557deefd4cb287f612c0c2464e00 [term 0 FOLLOWER]: Consensus starting up: Expiring failure detector timer to make a prompt election more likely
I20260709 12:09:18.339346  8397 raft_consensus.cc:740] T 89749e8a179047d4963131669df991fc P d959557deefd4cb287f612c0c2464e00 [term 0 FOLLOWER]: Becoming Follower/Learner. State: Replica: d959557deefd4cb287f612c0c2464e00, State: Initialized, Role: FOLLOWER
I20260709 12:09:18.340147  8399 ts_tablet_manager.cc:1434] T 7423dabd76944781b8c1a66b1ffef0bb P 4a1014a8b31a4d44b25d7b0d25a67eb5: Time spent starting tablet: real 0.014s	user 0.006s	sys 0.000s
I20260709 12:09:18.339952  8397 consensus_queue.cc:260] T 89749e8a179047d4963131669df991fc P d959557deefd4cb287f612c0c2464e00 [NON_LEADER]: Queue going to NON_LEADER mode. State: All replicated index: 0, Majority replicated index: 0, Committed index: 0, Last appended: 0.0, Last appended by leader: 0, Current term: 0, Majority size: -1, State: 0, Mode: NON_LEADER, active raft config: opid_index: -1 OBSOLETE_local: false peers { permanent_uuid: "d959557deefd4cb287f612c0c2464e00" member_type: VOTER last_known_addr { host: "127.6.226.129" port: 44023 } } peers { permanent_uuid: "cf6f577f239c4948bdce08d51a36f0d3" member_type: VOTER last_known_addr { host: "127.6.226.130" port: 41753 } } peers { permanent_uuid: "4a1014a8b31a4d44b25d7b0d25a67eb5" member_type: VOTER last_known_addr { host: "127.6.226.131" port: 44793 } }
I20260709 12:09:18.342330  8396 ts_tablet_manager.cc:1434] T 1f9d47fb03be4134a74e3c4e7b994072 P cf6f577f239c4948bdce08d51a36f0d3: Time spent starting tablet: real 0.010s	user 0.005s	sys 0.000s
I20260709 12:09:18.343242  8396 tablet_bootstrap.cc:492] T 89749e8a179047d4963131669df991fc P cf6f577f239c4948bdce08d51a36f0d3: Bootstrap starting.
I20260709 12:09:18.344969  8397 ts_tablet_manager.cc:1434] T 89749e8a179047d4963131669df991fc P d959557deefd4cb287f612c0c2464e00: Time spent starting tablet: real 0.015s	user 0.005s	sys 0.001s
I20260709 12:09:18.345846  8397 tablet_bootstrap.cc:492] T 1f9d47fb03be4134a74e3c4e7b994072 P d959557deefd4cb287f612c0c2464e00: Bootstrap starting.
I20260709 12:09:18.349036  8396 tablet_bootstrap.cc:654] T 89749e8a179047d4963131669df991fc P cf6f577f239c4948bdce08d51a36f0d3: Neither blocks nor log segments found. Creating new log.
I20260709 12:09:18.351296  8397 tablet_bootstrap.cc:654] T 1f9d47fb03be4134a74e3c4e7b994072 P d959557deefd4cb287f612c0c2464e00: Neither blocks nor log segments found. Creating new log.
I20260709 12:09:18.340998  8399 tablet_bootstrap.cc:492] T 78d001b69342445db81b26d4aedc564c P 4a1014a8b31a4d44b25d7b0d25a67eb5: Bootstrap starting.
I20260709 12:09:18.360929  8396 tablet_bootstrap.cc:492] T 89749e8a179047d4963131669df991fc P cf6f577f239c4948bdce08d51a36f0d3: No bootstrap required, opened a new log
I20260709 12:09:18.361454  8396 ts_tablet_manager.cc:1403] T 89749e8a179047d4963131669df991fc P cf6f577f239c4948bdce08d51a36f0d3: Time spent bootstrapping tablet: real 0.018s	user 0.011s	sys 0.006s
I20260709 12:09:18.362946  8399 tablet_bootstrap.cc:654] T 78d001b69342445db81b26d4aedc564c P 4a1014a8b31a4d44b25d7b0d25a67eb5: Neither blocks nor log segments found. Creating new log.
I20260709 12:09:18.364420  8396 raft_consensus.cc:359] T 89749e8a179047d4963131669df991fc P cf6f577f239c4948bdce08d51a36f0d3 [term 0 FOLLOWER]: Replica starting. Triggering 0 pending ops. Active config: opid_index: -1 OBSOLETE_local: false peers { permanent_uuid: "d959557deefd4cb287f612c0c2464e00" member_type: VOTER last_known_addr { host: "127.6.226.129" port: 44023 } } peers { permanent_uuid: "cf6f577f239c4948bdce08d51a36f0d3" member_type: VOTER last_known_addr { host: "127.6.226.130" port: 41753 } } peers { permanent_uuid: "4a1014a8b31a4d44b25d7b0d25a67eb5" member_type: VOTER last_known_addr { host: "127.6.226.131" port: 44793 } }
I20260709 12:09:18.365224  8396 raft_consensus.cc:385] T 89749e8a179047d4963131669df991fc P cf6f577f239c4948bdce08d51a36f0d3 [term 0 FOLLOWER]: Consensus starting up: Expiring failure detector timer to make a prompt election more likely
I20260709 12:09:18.365528  8396 raft_consensus.cc:740] T 89749e8a179047d4963131669df991fc P cf6f577f239c4948bdce08d51a36f0d3 [term 0 FOLLOWER]: Becoming Follower/Learner. State: Replica: cf6f577f239c4948bdce08d51a36f0d3, State: Initialized, Role: FOLLOWER
I20260709 12:09:18.366030  8523 raft_consensus.cc:515] T 6556ef3abe7243658a7b3dd6ae336a72 P 4a1014a8b31a4d44b25d7b0d25a67eb5 [term 1 FOLLOWER]: Starting leader election with config: opid_index: -1 OBSOLETE_local: false peers { permanent_uuid: "d959557deefd4cb287f612c0c2464e00" member_type: VOTER last_known_addr { host: "127.6.226.129" port: 44023 } } peers { permanent_uuid: "cf6f577f239c4948bdce08d51a36f0d3" member_type: VOTER last_known_addr { host: "127.6.226.130" port: 41753 } } peers { permanent_uuid: "4a1014a8b31a4d44b25d7b0d25a67eb5" member_type: VOTER last_known_addr { host: "127.6.226.131" port: 44793 } }
