I20260709 12:08:48.109352  7775 raft_consensus.cc:515] T 73d07d8418c74187ba50ed88830e0367 P 8f7c8034875349f39653f1268f33587a [term 2 FOLLOWER]: Starting forced leader election with config: opid_index: -1 OBSOLETE_local: false peers { permanent_uuid: "74dd11ed9b334cce9cfaa9bd93ab4324" member_type: VOTER last_known_addr { host: "127.6.226.129" port: 39815 } } peers { permanent_uuid: "8f7c8034875349f39653f1268f33587a" member_type: VOTER last_known_addr { host: "127.6.226.130" port: 40623 } } peers { permanent_uuid: "93b4a4f9986842b0a9b30d4d482d7b53" member_type: VOTER last_known_addr { host: "127.6.226.131" port: 38649 } }
I20260709 12:08:48.111898  7701 tablet_service.cc:1917] Received RequestConsensusVote() RPC: tablet_id: "73d07d8418c74187ba50ed88830e0367" candidate_uuid: "8f7c8034875349f39653f1268f33587a" candidate_term: 2 candidate_status { last_received { term: 1 index: 1 } } ignore_live_leader: true dest_uuid: "74dd11ed9b334cce9cfaa9bd93ab4324"
I20260709 12:08:48.112051  7775 leader_election.cc:290] T 73d07d8418c74187ba50ed88830e0367 P 8f7c8034875349f39653f1268f33587a [CANDIDATE]: Term 2 election: Requested vote from peers 74dd11ed9b334cce9cfaa9bd93ab4324 (127.6.226.129:39815), 93b4a4f9986842b0a9b30d4d482d7b53 (127.6.226.131:38649)
I20260709 12:08:48.112449  7701 raft_consensus.cc:3055] T 73d07d8418c74187ba50ed88830e0367 P 74dd11ed9b334cce9cfaa9bd93ab4324 [term 1 LEADER]: Stepping down as leader of term 1
I20260709 12:08:48.112767  7701 raft_consensus.cc:740] T 73d07d8418c74187ba50ed88830e0367 P 74dd11ed9b334cce9cfaa9bd93ab4324 [term 1 LEADER]: Becoming Follower/Learner. State: Replica: 74dd11ed9b334cce9cfaa9bd93ab4324, State: Running, Role: LEADER
I20260709 12:08:48.113476  7701 consensus_queue.cc:260] T 73d07d8418c74187ba50ed88830e0367 P 74dd11ed9b334cce9cfaa9bd93ab4324 [NON_LEADER]: Queue going to NON_LEADER mode. State: All replicated index: 0, Majority replicated index: 1, Committed index: 1, Last appended: 1.1, Last appended by leader: 1, Current term: 1, Majority size: -1, State: 0, Mode: NON_LEADER, active raft config: opid_index: -1 OBSOLETE_local: false peers { permanent_uuid: "74dd11ed9b334cce9cfaa9bd93ab4324" member_type: VOTER last_known_addr { host: "127.6.226.129" port: 39815 } } peers { permanent_uuid: "8f7c8034875349f39653f1268f33587a" member_type: VOTER last_known_addr { host: "127.6.226.130" port: 40623 } } peers { permanent_uuid: "93b4a4f9986842b0a9b30d4d482d7b53" member_type: VOTER last_known_addr { host: "127.6.226.131" port: 38649 } }
I20260709 12:08:48.114710  7701 raft_consensus.cc:3060] T 73d07d8418c74187ba50ed88830e0367 P 74dd11ed9b334cce9cfaa9bd93ab4324 [term 1 FOLLOWER]: Advancing to term 2
I20260709 12:08:48.115357  7849 tablet_service.cc:1917] Received RequestConsensusVote() RPC: tablet_id: "73d07d8418c74187ba50ed88830e0367" candidate_uuid: "8f7c8034875349f39653f1268f33587a" candidate_term: 2 candidate_status { last_received { term: 1 index: 1 } } ignore_live_leader: true dest_uuid: "93b4a4f9986842b0a9b30d4d482d7b53"
I20260709 12:08:48.115991  7849 raft_consensus.cc:3060] T 73d07d8418c74187ba50ed88830e0367 P 93b4a4f9986842b0a9b30d4d482d7b53 [term 1 FOLLOWER]: Advancing to term 2
I20260709 12:08:48.117972  7700 raft_consensus.cc:515] T 058cb060c32a479683d722e8cf47d2ad P 74dd11ed9b334cce9cfaa9bd93ab4324 [term 2 FOLLOWER]: Starting forced leader election with config: opid_index: -1 OBSOLETE_local: false peers { permanent_uuid: "74dd11ed9b334cce9cfaa9bd93ab4324" member_type: VOTER last_known_addr { host: "127.6.226.129" port: 39815 } } peers { permanent_uuid: "8f7c8034875349f39653f1268f33587a" member_type: VOTER last_known_addr { host: "127.6.226.130" port: 40623 } } peers { permanent_uuid: "93b4a4f9986842b0a9b30d4d482d7b53" member_type: VOTER last_known_addr { host: "127.6.226.131" port: 38649 } }
I20260709 12:08:48.120623  7775 tablet_service.cc:1917] Received RequestConsensusVote() RPC: tablet_id: "058cb060c32a479683d722e8cf47d2ad" candidate_uuid: "74dd11ed9b334cce9cfaa9bd93ab4324" candidate_term: 2 candidate_status { last_received { term: 1 index: 1 } } ignore_live_leader: true dest_uuid: "8f7c8034875349f39653f1268f33587a"
I20260709 12:08:48.121141  7775 raft_consensus.cc:3060] T 058cb060c32a479683d722e8cf47d2ad P 8f7c8034875349f39653f1268f33587a [term 1 FOLLOWER]: Advancing to term 2
I20260709 12:08:48.121229  7701 raft_consensus.cc:2468] T 73d07d8418c74187ba50ed88830e0367 P 74dd11ed9b334cce9cfaa9bd93ab4324 [term 2 FOLLOWER]: Leader election vote request: Granting yes vote for candidate 8f7c8034875349f39653f1268f33587a in term 2.
I20260709 12:08:48.122520  7849 raft_consensus.cc:2468] T 73d07d8418c74187ba50ed88830e0367 P 93b4a4f9986842b0a9b30d4d482d7b53 [term 2 FOLLOWER]: Leader election vote request: Granting yes vote for candidate 8f7c8034875349f39653f1268f33587a in term 2.
I20260709 12:08:48.122568  7741 leader_election.cc:304] T 73d07d8418c74187ba50ed88830e0367 P 8f7c8034875349f39653f1268f33587a [CANDIDATE]: Term 2 election: Election decided. Result: candidate won. Election summary: received 2 responses out of 3 voters: 2 yes votes; 0 no votes. yes voters: 74dd11ed9b334cce9cfaa9bd93ab4324, 8f7c8034875349f39653f1268f33587a; no voters: 
I20260709 12:08:48.123656  7901 raft_consensus.cc:2804] T 73d07d8418c74187ba50ed88830e0367 P 8f7c8034875349f39653f1268f33587a [term 2 FOLLOWER]: Leader election won for term 2
I20260709 12:08:48.124411  7700 leader_election.cc:290] T 058cb060c32a479683d722e8cf47d2ad P 74dd11ed9b334cce9cfaa9bd93ab4324 [CANDIDATE]: Term 2 election: Requested vote from peers 8f7c8034875349f39653f1268f33587a (127.6.226.130:40623), 93b4a4f9986842b0a9b30d4d482d7b53 (127.6.226.131:38649)
I20260709 12:08:48.125388  7901 raft_consensus.cc:697] T 73d07d8418c74187ba50ed88830e0367 P 8f7c8034875349f39653f1268f33587a [term 2 LEADER]: Becoming Leader. State: Replica: 8f7c8034875349f39653f1268f33587a, State: Running, Role: LEADER
I20260709 12:08:48.125689  7849 tablet_service.cc:1917] Received RequestConsensusVote() RPC: tablet_id: "058cb060c32a479683d722e8cf47d2ad" candidate_uuid: "74dd11ed9b334cce9cfaa9bd93ab4324" candidate_term: 2 candidate_status { last_received { term: 1 index: 1 } } ignore_live_leader: true dest_uuid: "93b4a4f9986842b0a9b30d4d482d7b53"
I20260709 12:08:48.126209  7849 raft_consensus.cc:3055] T 058cb060c32a479683d722e8cf47d2ad P 93b4a4f9986842b0a9b30d4d482d7b53 [term 1 LEADER]: Stepping down as leader of term 1
I20260709 12:08:48.126549  7849 raft_consensus.cc:740] T 058cb060c32a479683d722e8cf47d2ad P 93b4a4f9986842b0a9b30d4d482d7b53 [term 1 LEADER]: Becoming Follower/Learner. State: Replica: 93b4a4f9986842b0a9b30d4d482d7b53, State: Running, Role: LEADER
I20260709 12:08:48.126341  7901 consensus_queue.cc:237] T 73d07d8418c74187ba50ed88830e0367 P 8f7c8034875349f39653f1268f33587a [LEADER]: Queue going to LEADER mode. State: All replicated index: 0, Majority replicated index: 1, Committed index: 1, Last appended: 1.1, Last appended by leader: 1, Current term: 2, Majority size: 2, State: 0, Mode: LEADER, active raft config: opid_index: -1 OBSOLETE_local: false peers { permanent_uuid: "74dd11ed9b334cce9cfaa9bd93ab4324" member_type: VOTER last_known_addr { host: "127.6.226.129" port: 39815 } } peers { permanent_uuid: "8f7c8034875349f39653f1268f33587a" member_type: VOTER last_known_addr { host: "127.6.226.130" port: 40623 } } peers { permanent_uuid: "93b4a4f9986842b0a9b30d4d482d7b53" member_type: VOTER last_known_addr { host: "127.6.226.131" port: 38649 } }
I20260709 12:08:48.127115  7775 raft_consensus.cc:2468] T 058cb060c32a479683d722e8cf47d2ad P 8f7c8034875349f39653f1268f33587a [term 2 FOLLOWER]: Leader election vote request: Granting yes vote for candidate 74dd11ed9b334cce9cfaa9bd93ab4324 in term 2.
I20260709 12:08:48.127393  7849 consensus_queue.cc:260] T 058cb060c32a479683d722e8cf47d2ad P 93b4a4f9986842b0a9b30d4d482d7b53 [NON_LEADER]: Queue going to NON_LEADER mode. State: All replicated index: 0, Majority replicated index: 1, Committed index: 1, Last appended: 1.1, Last appended by leader: 1, Current term: 1, Majority size: -1, State: 0, Mode: NON_LEADER, active raft config: opid_index: -1 OBSOLETE_local: false peers { permanent_uuid: "74dd11ed9b334cce9cfaa9bd93ab4324" member_type: VOTER last_known_addr { host: "127.6.226.129" port: 39815 } } peers { permanent_uuid: "8f7c8034875349f39653f1268f33587a" member_type: VOTER last_known_addr { host: "127.6.226.130" port: 40623 } } peers { permanent_uuid: "93b4a4f9986842b0a9b30d4d482d7b53" member_type: VOTER last_known_addr { host: "127.6.226.131" port: 38649 } }
I20260709 12:08:48.128072  7668 leader_election.cc:304] T 058cb060c32a479683d722e8cf47d2ad P 74dd11ed9b334cce9cfaa9bd93ab4324 [CANDIDATE]: Term 2 election: Election decided. Result: candidate won. Election summary: received 2 responses out of 3 voters: 2 yes votes; 0 no votes. yes voters: 74dd11ed9b334cce9cfaa9bd93ab4324, 8f7c8034875349f39653f1268f33587a; no voters: 
I20260709 12:08:48.128603  7849 raft_consensus.cc:3060] T 058cb060c32a479683d722e8cf47d2ad P 93b4a4f9986842b0a9b30d4d482d7b53 [term 1 FOLLOWER]: Advancing to term 2
I20260709 12:08:48.128746  7931 raft_consensus.cc:2804] T 058cb060c32a479683d722e8cf47d2ad P 74dd11ed9b334cce9cfaa9bd93ab4324 [term 2 FOLLOWER]: Leader election won for term 2
I20260709 12:08:48.129205  7931 raft_consensus.cc:697] T 058cb060c32a479683d722e8cf47d2ad P 74dd11ed9b334cce9cfaa9bd93ab4324 [term 2 LEADER]: Becoming Leader. State: Replica: 74dd11ed9b334cce9cfaa9bd93ab4324, State: Running, Role: LEADER
I20260709 12:08:48.129971  7931 consensus_queue.cc:237] T 058cb060c32a479683d722e8cf47d2ad P 74dd11ed9b334cce9cfaa9bd93ab4324 [LEADER]: Queue going to LEADER mode. State: All replicated index: 0, Majority replicated index: 1, Committed index: 1, Last appended: 1.1, Last appended by leader: 1, Current term: 2, Majority size: 2, State: 0, Mode: LEADER, active raft config: opid_index: -1 OBSOLETE_local: false peers { permanent_uuid: "74dd11ed9b334cce9cfaa9bd93ab4324" member_type: VOTER last_known_addr { host: "127.6.226.129" port: 39815 } } peers { permanent_uuid: "8f7c8034875349f39653f1268f33587a" member_type: VOTER last_known_addr { host: "127.6.226.130" port: 40623 } } peers { permanent_uuid: "93b4a4f9986842b0a9b30d4d482d7b53" member_type: VOTER last_known_addr { host: "127.6.226.131" port: 38649 } }
I20260709 12:08:48.133898  7849 raft_consensus.cc:2468] T 058cb060c32a479683d722e8cf47d2ad P 93b4a4f9986842b0a9b30d4d482d7b53 [term 2 FOLLOWER]: Leader election vote request: Granting yes vote for candidate 74dd11ed9b334cce9cfaa9bd93ab4324 in term 2.
I20260709 12:08:48.134438  7598 catalog_manager.cc:5697] T 73d07d8418c74187ba50ed88830e0367 P 8f7c8034875349f39653f1268f33587a reported cstate change: term changed from 1 to 2, leader changed from 74dd11ed9b334cce9cfaa9bd93ab4324 (127.6.226.129) to 8f7c8034875349f39653f1268f33587a (127.6.226.130). New cstate: current_term: 2 leader_uuid: "8f7c8034875349f39653f1268f33587a" committed_config { opid_index: -1 OBSOLETE_local: false peers { permanent_uuid: "74dd11ed9b334cce9cfaa9bd93ab4324" member_type: VOTER last_known_addr { host: "127.6.226.129" port: 39815 } health_report { overall_health: UNKNOWN } } peers { permanent_uuid: "8f7c8034875349f39653f1268f33587a" member_type: VOTER last_known_addr { host: "127.6.226.130" port: 40623 } health_report { overall_health: HEALTHY } } peers { permanent_uuid: "93b4a4f9986842b0a9b30d4d482d7b53" member_type: VOTER last_known_addr { host: "127.6.226.131" port: 38649 } health_report { overall_health: UNKNOWN } } }
I20260709 12:08:48.136821  7600 catalog_manager.cc:5697] T 058cb060c32a479683d722e8cf47d2ad P 74dd11ed9b334cce9cfaa9bd93ab4324 reported cstate change: term changed from 1 to 2, leader changed from 93b4a4f9986842b0a9b30d4d482d7b53 (127.6.226.131) to 74dd11ed9b334cce9cfaa9bd93ab4324 (127.6.226.129). New cstate: current_term: 2 leader_uuid: "74dd11ed9b334cce9cfaa9bd93ab4324" committed_config { opid_index: -1 OBSOLETE_local: false peers { permanent_uuid: "74dd11ed9b334cce9cfaa9bd93ab4324" member_type: VOTER last_known_addr { host: "127.6.226.129" port: 39815 } health_report { overall_health: HEALTHY } } peers { permanent_uuid: "8f7c8034875349f39653f1268f33587a" member_type: VOTER last_known_addr { host: "127.6.226.130" port: 40623 } health_report { overall_health: UNKNOWN } } peers { permanent_uuid: "93b4a4f9986842b0a9b30d4d482d7b53" member_type: VOTER last_known_addr { host: "127.6.226.131" port: 38649 } health_report { overall_health: UNKNOWN } } }
I20260709 12:08:48.172776  7849 raft_consensus.cc:1275] T 41b35985ec134c30a55bc1f78a4b52c6 P 93b4a4f9986842b0a9b30d4d482d7b53 [term 2 FOLLOWER]: Refusing update from remote peer 8f7c8034875349f39653f1268f33587a: Log matching property violated. Preceding OpId in replica: term: 1 index: 1. Preceding OpId from leader: term: 2 index: 2. (index mismatch)
I20260709 12:08:48.173826  7901 consensus_queue.cc:1048] T 41b35985ec134c30a55bc1f78a4b52c6 P 8f7c8034875349f39653f1268f33587a [LEADER]: Connected to new peer: Peer: permanent_uuid: "93b4a4f9986842b0a9b30d4d482d7b53" member_type: VOTER last_known_addr { host: "127.6.226.131" port: 38649 }, Status: LMP_MISMATCH, Last received: 0.0, Next index: 2, Last known committed idx: 1, Time since last communication: 0.000s
I20260709 12:08:48.178735  7775 raft_consensus.cc:1275] T 69bf8109622743cb952057b41fe3a96d P 8f7c8034875349f39653f1268f33587a [term 2 FOLLOWER]: Refusing update from remote peer 74dd11ed9b334cce9cfaa9bd93ab4324: Log matching property violated. Preceding OpId in replica: term: 1 index: 1. Preceding OpId from leader: term: 2 index: 2. (index mismatch)
I20260709 12:08:48.181428  7931 consensus_queue.cc:1048] T 69bf8109622743cb952057b41fe3a96d P 74dd11ed9b334cce9cfaa9bd93ab4324 [LEADER]: Connected to new peer: Peer: permanent_uuid: "8f7c8034875349f39653f1268f33587a" member_type: VOTER last_known_addr { host: "127.6.226.130" port: 40623 }, Status: LMP_MISMATCH, Last received: 0.0, Next index: 2, Last known committed idx: 1, Time since last communication: 0.000s
I20260709 12:08:48.182375  7701 raft_consensus.cc:1275] T 41b35985ec134c30a55bc1f78a4b52c6 P 74dd11ed9b334cce9cfaa9bd93ab4324 [term 2 FOLLOWER]: Refusing update from remote peer 8f7c8034875349f39653f1268f33587a: Log matching property violated. Preceding OpId in replica: term: 1 index: 1. Preceding OpId from leader: term: 2 index: 2. (index mismatch)
I20260709 12:08:48.183990  7901 consensus_queue.cc:1048] T 41b35985ec134c30a55bc1f78a4b52c6 P 8f7c8034875349f39653f1268f33587a [LEADER]: Connected to new peer: Peer: permanent_uuid: "74dd11ed9b334cce9cfaa9bd93ab4324" member_type: VOTER last_known_addr { host: "127.6.226.129" port: 39815 }, Status: LMP_MISMATCH, Last received: 0.0, Next index: 2, Last known committed idx: 1, Time since last communication: 0.000s
I20260709 12:08:48.187352  7849 raft_consensus.cc:3060] T c356fa68876d4b04a825950d9a966157 P 93b4a4f9986842b0a9b30d4d482d7b53 [term 1 FOLLOWER]: Advancing to term 2
I20260709 12:08:48.190869  7850 raft_consensus.cc:1275] T 69bf8109622743cb952057b41fe3a96d P 93b4a4f9986842b0a9b30d4d482d7b53 [term 2 FOLLOWER]: Refusing update from remote peer 74dd11ed9b334cce9cfaa9bd93ab4324: Log matching property violated. Preceding OpId in replica: term: 1 index: 1. Preceding OpId from leader: term: 2 index: 2. (index mismatch)
I20260709 12:08:48.192504  7933 consensus_queue.cc:1048] T 69bf8109622743cb952057b41fe3a96d P 74dd11ed9b334cce9cfaa9bd93ab4324 [LEADER]: Connected to new peer: Peer: permanent_uuid: "93b4a4f9986842b0a9b30d4d482d7b53" member_type: VOTER last_known_addr { host: "127.6.226.131" port: 38649 }, Status: LMP_MISMATCH, Last received: 0.0, Next index: 2, Last known committed idx: 1, Time since last communication: 0.000s
I20260709 12:08:48.198227  7849 raft_consensus.cc:1275] T c356fa68876d4b04a825950d9a966157 P 93b4a4f9986842b0a9b30d4d482d7b53 [term 2 FOLLOWER]: Refusing update from remote peer 74dd11ed9b334cce9cfaa9bd93ab4324: Log matching property violated. Preceding OpId in replica: term: 1 index: 1. Preceding OpId from leader: term: 2 index: 2. (index mismatch)
I20260709 12:08:48.200145  7933 consensus_queue.cc:1048] T c356fa68876d4b04a825950d9a966157 P 74dd11ed9b334cce9cfaa9bd93ab4324 [LEADER]: Connected to new peer: Peer: permanent_uuid: "93b4a4f9986842b0a9b30d4d482d7b53" member_type: VOTER last_known_addr { host: "127.6.226.131" port: 38649 }, Status: LMP_MISMATCH, Last received: 0.0, Next index: 2, Last known committed idx: 1, Time since last communication: 0.000s
I20260709 12:08:48.208493  7775 raft_consensus.cc:1275] T c356fa68876d4b04a825950d9a966157 P 8f7c8034875349f39653f1268f33587a [term 2 FOLLOWER]: Refusing update from remote peer 74dd11ed9b334cce9cfaa9bd93ab4324: Log matching property violated. Preceding OpId in replica: term: 1 index: 1. Preceding OpId from leader: term: 2 index: 2. (index mismatch)
I20260709 12:08:48.209849  7896 consensus_queue.cc:1048] T c356fa68876d4b04a825950d9a966157 P 74dd11ed9b334cce9cfaa9bd93ab4324 [LEADER]: Connected to new peer: Peer: permanent_uuid: "8f7c8034875349f39653f1268f33587a" member_type: VOTER last_known_addr { host: "127.6.226.130" port: 40623 }, Status: LMP_MISMATCH, Last received: 0.0, Next index: 2, Last known committed idx: 1, Time since last communication: 0.000s
I20260709 12:08:48.279304  7775 raft_consensus.cc:1275] T 5b074b8a5cc349a3b07acbc885791e93 P 8f7c8034875349f39653f1268f33587a [term 2 FOLLOWER]: Refusing update from remote peer 93b4a4f9986842b0a9b30d4d482d7b53: Log matching property violated. Preceding OpId in replica: term: 1 index: 1. Preceding OpId from leader: term: 2 index: 2. (index mismatch)
I20260709 12:08:48.280561  7929 consensus_queue.cc:1048] T 5b074b8a5cc349a3b07acbc885791e93 P 93b4a4f9986842b0a9b30d4d482d7b53 [LEADER]: Connected to new peer: Peer: permanent_uuid: "8f7c8034875349f39653f1268f33587a" member_type: VOTER last_known_addr { host: "127.6.226.130" port: 40623 }, Status: LMP_MISMATCH, Last received: 0.0, Next index: 2, Last known committed idx: 1, Time since last communication: 0.000s
I20260709 12:08:48.287106  7701 raft_consensus.cc:3060] T 5b074b8a5cc349a3b07acbc885791e93 P 74dd11ed9b334cce9cfaa9bd93ab4324 [term 1 FOLLOWER]: Advancing to term 2
I20260709 12:08:48.292876  7701 raft_consensus.cc:1275] T 5b074b8a5cc349a3b07acbc885791e93 P 74dd11ed9b334cce9cfaa9bd93ab4324 [term 2 FOLLOWER]: Refusing update from remote peer 93b4a4f9986842b0a9b30d4d482d7b53: Log matching property violated. Preceding OpId in replica: term: 1 index: 1. Preceding OpId from leader: term: 2 index: 2. (index mismatch)
I20260709 12:08:48.293946  7917 consensus_queue.cc:1048] T 5b074b8a5cc349a3b07acbc885791e93 P 93b4a4f9986842b0a9b30d4d482d7b53 [LEADER]: Connected to new peer: Peer: permanent_uuid: "74dd11ed9b334cce9cfaa9bd93ab4324" member_type: VOTER last_known_addr { host: "127.6.226.129" port: 39815 }, Status: LMP_MISMATCH, Last received: 0.0, Next index: 2, Last known committed idx: 1, Time since last communication: 0.000s
I20260709 12:08:48.321847  7850 raft_consensus.cc:1275] T 3b87bbe5c25e474199d5a8e51a1bfbde P 93b4a4f9986842b0a9b30d4d482d7b53 [term 2 FOLLOWER]: Refusing update from remote peer 74dd11ed9b334cce9cfaa9bd93ab4324: Log matching property violated. Preceding OpId in replica: term: 1 index: 1. Preceding OpId from leader: term: 2 index: 2. (index mismatch)
I20260709 12:08:48.322990  7896 consensus_queue.cc:1048] T 3b87bbe5c25e474199d5a8e51a1bfbde P 74dd11ed9b334cce9cfaa9bd93ab4324 [LEADER]: Connected to new peer: Peer: permanent_uuid: "93b4a4f9986842b0a9b30d4d482d7b53" member_type: VOTER last_known_addr { host: "127.6.226.131" port: 38649 }, Status: LMP_MISMATCH, Last received: 0.0, Next index: 2, Last known committed idx: 1, Time since last communication: 0.000s
I20260709 12:08:48.329826  7775 raft_consensus.cc:1275] T 3b87bbe5c25e474199d5a8e51a1bfbde P 8f7c8034875349f39653f1268f33587a [term 2 FOLLOWER]: Refusing update from remote peer 74dd11ed9b334cce9cfaa9bd93ab4324: Log matching property violated. Preceding OpId in replica: term: 1 index: 1. Preceding OpId from leader: term: 2 index: 2. (index mismatch)
I20260709 12:08:48.331377  7931 consensus_queue.cc:1048] T 3b87bbe5c25e474199d5a8e51a1bfbde P 74dd11ed9b334cce9cfaa9bd93ab4324 [LEADER]: Connected to new peer: Peer: permanent_uuid: "8f7c8034875349f39653f1268f33587a" member_type: VOTER last_known_addr { host: "127.6.226.130" port: 40623 }, Status: LMP_MISMATCH, Last received: 0.0, Next index: 2, Last known committed idx: 1, Time since last communication: 0.000s
I20260709 12:08:48.357086  7850 raft_consensus.cc:1275] T f83255c9df9b4b1eac781e1a0a6fc4ac P 93b4a4f9986842b0a9b30d4d482d7b53 [term 2 FOLLOWER]: Refusing update from remote peer 8f7c8034875349f39653f1268f33587a: Log matching property violated. Preceding OpId in replica: term: 1 index: 1. Preceding OpId from leader: term: 2 index: 2. (index mismatch)
I20260709 12:08:48.358215  7901 consensus_queue.cc:1048] T f83255c9df9b4b1eac781e1a0a6fc4ac P 8f7c8034875349f39653f1268f33587a [LEADER]: Connected to new peer: Peer: permanent_uuid: "93b4a4f9986842b0a9b30d4d482d7b53" member_type: VOTER last_known_addr { host: "127.6.226.131" port: 38649 }, Status: LMP_MISMATCH, Last received: 0.0, Next index: 2, Last known committed idx: 1, Time since last communication: 0.000s
I20260709 12:08:48.365393  7701 raft_consensus.cc:1275] T f83255c9df9b4b1eac781e1a0a6fc4ac P 74dd11ed9b334cce9cfaa9bd93ab4324 [term 2 FOLLOWER]: Refusing update from remote peer 8f7c8034875349f39653f1268f33587a: Log matching property violated. Preceding OpId in replica: term: 1 index: 1. Preceding OpId from leader: term: 2 index: 2. (index mismatch)
I20260709 12:08:48.366605  7939 consensus_queue.cc:1048] T f83255c9df9b4b1eac781e1a0a6fc4ac P 8f7c8034875349f39653f1268f33587a [LEADER]: Connected to new peer: Peer: permanent_uuid: "74dd11ed9b334cce9cfaa9bd93ab4324" member_type: VOTER last_known_addr { host: "127.6.226.129" port: 39815 }, Status: LMP_MISMATCH, Last received: 0.0, Next index: 2, Last known committed idx: 1, Time since last communication: 0.000s
I20260709 12:08:48.372924  7850 raft_consensus.cc:1275] T 14d713babc8c4db2b5c16cb008f3cdc3 P 93b4a4f9986842b0a9b30d4d482d7b53 [term 2 FOLLOWER]: Refusing update from remote peer 74dd11ed9b334cce9cfaa9bd93ab4324: Log matching property violated. Preceding OpId in replica: term: 1 index: 1. Preceding OpId from leader: term: 2 index: 2. (index mismatch)
I20260709 12:08:48.374100  7931 consensus_queue.cc:1048] T 14d713babc8c4db2b5c16cb008f3cdc3 P 74dd11ed9b334cce9cfaa9bd93ab4324 [LEADER]: Connected to new peer: Peer: permanent_uuid: "93b4a4f9986842b0a9b30d4d482d7b53" member_type: VOTER last_known_addr { host: "127.6.226.131" port: 38649 }, Status: LMP_MISMATCH, Last received: 0.0, Next index: 2, Last known committed idx: 1, Time since last communication: 0.000s
I20260709 12:08:48.381285  7775 raft_consensus.cc:1275] T 14d713babc8c4db2b5c16cb008f3cdc3 P 8f7c8034875349f39653f1268f33587a [term 2 FOLLOWER]: Refusing update from remote peer 74dd11ed9b334cce9cfaa9bd93ab4324: Log matching property violated. Preceding OpId in replica: term: 1 index: 1. Preceding OpId from leader: term: 2 index: 2. (index mismatch)
I20260709 12:08:48.382625  7931 consensus_queue.cc:1048] T 14d713babc8c4db2b5c16cb008f3cdc3 P 74dd11ed9b334cce9cfaa9bd93ab4324 [LEADER]: Connected to new peer: Peer: permanent_uuid: "8f7c8034875349f39653f1268f33587a" member_type: VOTER last_known_addr { host: "127.6.226.130" port: 40623 }, Status: LMP_MISMATCH, Last received: 0.0, Next index: 2, Last known committed idx: 1, Time since last communication: 0.000s
I20260709 12:08:48.511724  7701 raft_consensus.cc:1275] T e461d5dfe28c417db47a35730f6a2fde P 74dd11ed9b334cce9cfaa9bd93ab4324 [term 2 FOLLOWER]: Refusing update from remote peer 8f7c8034875349f39653f1268f33587a: Log matching property violated. Preceding OpId in replica: term: 1 index: 1. Preceding OpId from leader: term: 2 index: 2. (index mismatch)
I20260709 12:08:48.512887  7939 consensus_queue.cc:1048] T e461d5dfe28c417db47a35730f6a2fde P 8f7c8034875349f39653f1268f33587a [LEADER]: Connected to new peer: Peer: permanent_uuid: "74dd11ed9b334cce9cfaa9bd93ab4324" member_type: VOTER last_known_addr { host: "127.6.226.129" port: 39815 }, Status: LMP_MISMATCH, Last received: 0.0, Next index: 2, Last known committed idx: 1, Time since last communication: 0.000s
I20260709 12:08:48.519838  7850 raft_consensus.cc:1275] T e461d5dfe28c417db47a35730f6a2fde P 93b4a4f9986842b0a9b30d4d482d7b53 [term 2 FOLLOWER]: Refusing update from remote peer 8f7c8034875349f39653f1268f33587a: Log matching property violated. Preceding OpId in replica: term: 1 index: 1. Preceding OpId from leader: term: 2 index: 2. (index mismatch)
I20260709 12:08:48.521281  7930 consensus_queue.cc:1048] T e461d5dfe28c417db47a35730f6a2fde P 8f7c8034875349f39653f1268f33587a [LEADER]: Connected to new peer: Peer: permanent_uuid: "93b4a4f9986842b0a9b30d4d482d7b53" member_type: VOTER last_known_addr { host: "127.6.226.131" port: 38649 }, Status: LMP_MISMATCH, Last received: 0.0, Next index: 2, Last known committed idx: 1, Time since last communication: 0.000s
I20260709 12:08:48.633435  7775 raft_consensus.cc:1275] T 058cb060c32a479683d722e8cf47d2ad P 8f7c8034875349f39653f1268f33587a [term 2 FOLLOWER]: Refusing update from remote peer 74dd11ed9b334cce9cfaa9bd93ab4324: Log matching property violated. Preceding OpId in replica: term: 1 index: 1. Preceding OpId from leader: term: 2 index: 2. (index mismatch)
I20260709 12:08:48.634482  7933 consensus_queue.cc:1048] T 058cb060c32a479683d722e8cf47d2ad P 74dd11ed9b334cce9cfaa9bd93ab4324 [LEADER]: Connected to new peer: Peer: permanent_uuid: "8f7c8034875349f39653f1268f33587a" member_type: VOTER last_known_addr { host: "127.6.226.130" port: 40623 }, Status: LMP_MISMATCH, Last received: 0.0, Next index: 2, Last known committed idx: 1, Time since last communication: 0.000s
I20260709 12:08:48.641873  7850 raft_consensus.cc:1275] T 058cb060c32a479683d722e8cf47d2ad P 93b4a4f9986842b0a9b30d4d482d7b53 [term 2 FOLLOWER]: Refusing update from remote peer 74dd11ed9b334cce9cfaa9bd93ab4324: Log matching property violated. Preceding OpId in replica: term: 1 index: 1. Preceding OpId from leader: term: 2 index: 2. (index mismatch)
I20260709 12:08:48.644212  7896 consensus_queue.cc:1048] T 058cb060c32a479683d722e8cf47d2ad P 74dd11ed9b334cce9cfaa9bd93ab4324 [LEADER]: Connected to new peer: Peer: permanent_uuid: "93b4a4f9986842b0a9b30d4d482d7b53" member_type: VOTER last_known_addr { host: "127.6.226.131" port: 38649 }, Status: LMP_MISMATCH, Last received: 0.0, Next index: 2, Last known committed idx: 1, Time since last communication: 0.000s
I20260709 12:08:48.702929  7850 raft_consensus.cc:1275] T 73d07d8418c74187ba50ed88830e0367 P 93b4a4f9986842b0a9b30d4d482d7b53 [term 2 FOLLOWER]: Refusing update from remote peer 8f7c8034875349f39653f1268f33587a: Log matching property violated. Preceding OpId in replica: term: 1 index: 1. Preceding OpId from leader: term: 2 index: 2. (index mismatch)
I20260709 12:08:48.704064  7930 consensus_queue.cc:1048] T 73d07d8418c74187ba50ed88830e0367 P 8f7c8034875349f39653f1268f33587a [LEADER]: Connected to new peer: Peer: permanent_uuid: "93b4a4f9986842b0a9b30d4d482d7b53" member_type: VOTER last_known_addr { host: "127.6.226.131" port: 38649 }, Status: LMP_MISMATCH, Last received: 0.0, Next index: 2, Last known committed idx: 1, Time since last communication: 0.000s
I20260709 12:08:48.711803  7701 raft_consensus.cc:1275] T 73d07d8418c74187ba50ed88830e0367 P 74dd11ed9b334cce9cfaa9bd93ab4324 [term 2 FOLLOWER]: Refusing update from remote peer 8f7c8034875349f39653f1268f33587a: Log matching property violated. Preceding OpId in replica: term: 1 index: 1. Preceding OpId from leader: term: 2 index: 2. (index mismatch)
I20260709 12:08:48.713011  7930 consensus_queue.cc:1048] T 73d07d8418c74187ba50ed88830e0367 P 8f7c8034875349f39653f1268f33587a [LEADER]: Connected to new peer: Peer: permanent_uuid: "74dd11ed9b334cce9cfaa9bd93ab4324" member_type: VOTER last_known_addr { host: "127.6.226.129" port: 39815 }, Status: LMP_MISMATCH, Last received: 0.0, Next index: 2, Last known committed idx: 1, Time since last communication: 0.000s
I20260709 12:08:50.688383  7050 auto_leader_rebalancer-test.cc:365] The leader distribution is 
I20260709 12:08:50.689038  7050 auto_leader_rebalancer.cc:141] leader rebalance for table test-workload
I20260709 12:08:50.703388  7701 tablet_service.cc:2072] Received LeaderStepDown RPC: tablet_id: "14d713babc8c4db2b5c16cb008f3cdc3"
dest_uuid: "74dd11ed9b334cce9cfaa9bd93ab4324"
mode: GRACEFUL
new_leader_uuid: "93b4a4f9986842b0a9b30d4d482d7b53"
 from {username='slave'} at 127.0.0.1:56688
I20260709 12:08:50.703886  7701 raft_consensus.cc:606] T 14d713babc8c4db2b5c16cb008f3cdc3 P 74dd11ed9b334cce9cfaa9bd93ab4324 [term 2 LEADER]: Received request to transfer leadership to TS 93b4a4f9986842b0a9b30d4d482d7b53
I20260709 12:08:50.706015  7701 tablet_service.cc:2072] Received LeaderStepDown RPC: tablet_id: "c356fa68876d4b04a825950d9a966157"
dest_uuid: "74dd11ed9b334cce9cfaa9bd93ab4324"
mode: GRACEFUL
new_leader_uuid: "93b4a4f9986842b0a9b30d4d482d7b53"
 from {username='slave'} at 127.0.0.1:56688
I20260709 12:08:50.706414  7701 raft_consensus.cc:606] T c356fa68876d4b04a825950d9a966157 P 74dd11ed9b334cce9cfaa9bd93ab4324 [term 2 LEADER]: Received request to transfer leadership to TS 93b4a4f9986842b0a9b30d4d482d7b53
I20260709 12:08:50.707305  7050 auto_leader_rebalancer.cc:440] table: test-workload, leader rebalance finish, leader transfer count: 2
I20260709 12:08:50.707693  7050 auto_leader_rebalancer.cc:515] All tables' leader rebalancing finished this round
I20260709 12:08:51.150898  7990 raft_consensus.cc:993] T c356fa68876d4b04a825950d9a966157 P 74dd11ed9b334cce9cfaa9bd93ab4324: : Instructing follower 93b4a4f9986842b0a9b30d4d482d7b53 to start an election
I20260709 12:08:51.151342  7931 raft_consensus.cc:1081] T c356fa68876d4b04a825950d9a966157 P 74dd11ed9b334cce9cfaa9bd93ab4324 [term 2 LEADER]: Signalling peer 93b4a4f9986842b0a9b30d4d482d7b53 to start an election
I20260709 12:08:51.152845  7849 tablet_service.cc:2044] Received Run Leader Election RPC: tablet_id: "c356fa68876d4b04a825950d9a966157"
dest_uuid: "93b4a4f9986842b0a9b30d4d482d7b53"
 from {username='slave'} at 127.0.0.1:43896
I20260709 12:08:51.153242  7849 raft_consensus.cc:493] T c356fa68876d4b04a825950d9a966157 P 93b4a4f9986842b0a9b30d4d482d7b53 [term 2 FOLLOWER]: Starting forced leader election (received explicit request)
I20260709 12:08:51.153627  7849 raft_consensus.cc:3060] T c356fa68876d4b04a825950d9a966157 P 93b4a4f9986842b0a9b30d4d482d7b53 [term 2 FOLLOWER]: Advancing to term 3
I20260709 12:08:51.158247  7849 raft_consensus.cc:515] T c356fa68876d4b04a825950d9a966157 P 93b4a4f9986842b0a9b30d4d482d7b53 [term 3 FOLLOWER]: Starting forced leader election with config: opid_index: -1 OBSOLETE_local: false peers { permanent_uuid: "93b4a4f9986842b0a9b30d4d482d7b53" member_type: VOTER last_known_addr { host: "127.6.226.131" port: 38649 } } peers { permanent_uuid: "8f7c8034875349f39653f1268f33587a" member_type: VOTER last_known_addr { host: "127.6.226.130" port: 40623 } } peers { permanent_uuid: "74dd11ed9b334cce9cfaa9bd93ab4324" member_type: VOTER last_known_addr { host: "127.6.226.129" port: 39815 } }
I20260709 12:08:51.160064  7849 leader_election.cc:290] T c356fa68876d4b04a825950d9a966157 P 93b4a4f9986842b0a9b30d4d482d7b53 [CANDIDATE]: Term 3 election: Requested vote from peers 8f7c8034875349f39653f1268f33587a (127.6.226.130:40623), 74dd11ed9b334cce9cfaa9bd93ab4324 (127.6.226.129:39815)
I20260709 12:08:51.160502  7775 tablet_service.cc:1917] Received RequestConsensusVote() RPC: tablet_id: "c356fa68876d4b04a825950d9a966157" candidate_uuid: "93b4a4f9986842b0a9b30d4d482d7b53" candidate_term: 3 candidate_status { last_received { term: 2 index: 2 } } ignore_live_leader: true dest_uuid: "8f7c8034875349f39653f1268f33587a"
I20260709 12:08:51.160933  7701 tablet_service.cc:1917] Received RequestConsensusVote() RPC: tablet_id: "c356fa68876d4b04a825950d9a966157" candidate_uuid: "93b4a4f9986842b0a9b30d4d482d7b53" candidate_term: 3 candidate_status { last_received { term: 2 index: 2 } } ignore_live_leader: true dest_uuid: "74dd11ed9b334cce9cfaa9bd93ab4324"
I20260709 12:08:51.161173  7775 raft_consensus.cc:3060] T c356fa68876d4b04a825950d9a966157 P 8f7c8034875349f39653f1268f33587a [term 2 FOLLOWER]: Advancing to term 3
I20260709 12:08:51.161437  7701 raft_consensus.cc:3055] T c356fa68876d4b04a825950d9a966157 P 74dd11ed9b334cce9cfaa9bd93ab4324 [term 2 LEADER]: Stepping down as leader of term 2
I20260709 12:08:51.161751  7701 raft_consensus.cc:740] T c356fa68876d4b04a825950d9a966157 P 74dd11ed9b334cce9cfaa9bd93ab4324 [term 2 LEADER]: Becoming Follower/Learner. State: Replica: 74dd11ed9b334cce9cfaa9bd93ab4324, State: Running, Role: LEADER
I20260709 12:08:51.162387  7701 consensus_queue.cc:260] T c356fa68876d4b04a825950d9a966157 P 74dd11ed9b334cce9cfaa9bd93ab4324 [NON_LEADER]: Queue going to NON_LEADER mode. State: All replicated index: 0, Majority replicated index: 2, Committed index: 2, Last appended: 2.2, Last appended by leader: 2, Current term: 2, Majority size: -1, State: 0, Mode: NON_LEADER, active raft config: opid_index: -1 OBSOLETE_local: false peers { permanent_uuid: "93b4a4f9986842b0a9b30d4d482d7b53" member_type: VOTER last_known_addr { host: "127.6.226.131" port: 38649 } } peers { permanent_uuid: "8f7c8034875349f39653f1268f33587a" member_type: VOTER last_known_addr { host: "127.6.226.130" port: 40623 } } peers { permanent_uuid: "74dd11ed9b334cce9cfaa9bd93ab4324" member_type: VOTER last_known_addr { host: "127.6.226.129" port: 39815 } }
I20260709 12:08:51.163427  7701 raft_consensus.cc:3060] T c356fa68876d4b04a825950d9a966157 P 74dd11ed9b334cce9cfaa9bd93ab4324 [term 2 FOLLOWER]: Advancing to term 3
I20260709 12:08:51.165439  7775 raft_consensus.cc:2468] T c356fa68876d4b04a825950d9a966157 P 8f7c8034875349f39653f1268f33587a [term 3 FOLLOWER]: Leader election vote request: Granting yes vote for candidate 93b4a4f9986842b0a9b30d4d482d7b53 in term 3.
I20260709 12:08:51.166378  7817 leader_election.cc:304] T c356fa68876d4b04a825950d9a966157 P 93b4a4f9986842b0a9b30d4d482d7b53 [CANDIDATE]: Term 3 election: Election decided. Result: candidate won. Election summary: received 2 responses out of 3 voters: 2 yes votes; 0 no votes. yes voters: 8f7c8034875349f39653f1268f33587a, 93b4a4f9986842b0a9b30d4d482d7b53; no voters: 
I20260709 12:08:51.167145  7987 raft_consensus.cc:2804] T c356fa68876d4b04a825950d9a966157 P 93b4a4f9986842b0a9b30d4d482d7b53 [term 3 FOLLOWER]: Leader election won for term 3
I20260709 12:08:51.168238  7701 raft_consensus.cc:2468] T c356fa68876d4b04a825950d9a966157 P 74dd11ed9b334cce9cfaa9bd93ab4324 [term 3 FOLLOWER]: Leader election vote request: Granting yes vote for candidate 93b4a4f9986842b0a9b30d4d482d7b53 in term 3.
I20260709 12:08:51.168336  7987 raft_consensus.cc:697] T c356fa68876d4b04a825950d9a966157 P 93b4a4f9986842b0a9b30d4d482d7b53 [term 3 LEADER]: Becoming Leader. State: Replica: 93b4a4f9986842b0a9b30d4d482d7b53, State: Running, Role: LEADER
I20260709 12:08:51.169202  7987 consensus_queue.cc:237] T c356fa68876d4b04a825950d9a966157 P 93b4a4f9986842b0a9b30d4d482d7b53 [LEADER]: Queue going to LEADER mode. State: All replicated index: 0, Majority replicated index: 2, Committed index: 2, Last appended: 2.2, Last appended by leader: 2, Current term: 3, Majority size: 2, State: 0, Mode: LEADER, active raft config: opid_index: -1 OBSOLETE_local: false peers { permanent_uuid: "93b4a4f9986842b0a9b30d4d482d7b53" member_type: VOTER last_known_addr { host: "127.6.226.131" port: 38649 } } peers { permanent_uuid: "8f7c8034875349f39653f1268f33587a" member_type: VOTER last_known_addr { host: "127.6.226.130" port: 40623 } } peers { permanent_uuid: "74dd11ed9b334cce9cfaa9bd93ab4324" member_type: VOTER last_known_addr { host: "127.6.226.129" port: 39815 } }
I20260709 12:08:51.175398  7598 catalog_manager.cc:5697] T c356fa68876d4b04a825950d9a966157 P 93b4a4f9986842b0a9b30d4d482d7b53 reported cstate change: term changed from 2 to 3, leader changed from 74dd11ed9b334cce9cfaa9bd93ab4324 (127.6.226.129) to 93b4a4f9986842b0a9b30d4d482d7b53 (127.6.226.131). New cstate: current_term: 3 leader_uuid: "93b4a4f9986842b0a9b30d4d482d7b53" committed_config { opid_index: -1 OBSOLETE_local: false peers { permanent_uuid: "93b4a4f9986842b0a9b30d4d482d7b53" member_type: VOTER last_known_addr { host: "127.6.226.131" port: 38649 } health_report { overall_health: HEALTHY } } peers { permanent_uuid: "8f7c8034875349f39653f1268f33587a" member_type: VOTER last_known_addr { host: "127.6.226.130" port: 40623 } health_report { overall_health: UNKNOWN } } peers { permanent_uuid: "74dd11ed9b334cce9cfaa9bd93ab4324" member_type: VOTER last_known_addr { host: "127.6.226.129" port: 39815 } health_report { overall_health: UNKNOWN } } }
I20260709 12:08:51.265707  7990 raft_consensus.cc:993] T 14d713babc8c4db2b5c16cb008f3cdc3 P 74dd11ed9b334cce9cfaa9bd93ab4324: : Instructing follower 93b4a4f9986842b0a9b30d4d482d7b53 to start an election
I20260709 12:08:51.266088  7990 raft_consensus.cc:1081] T 14d713babc8c4db2b5c16cb008f3cdc3 P 74dd11ed9b334cce9cfaa9bd93ab4324 [term 2 LEADER]: Signalling peer 93b4a4f9986842b0a9b30d4d482d7b53 to start an election
I20260709 12:08:51.267347  7849 tablet_service.cc:2044] Received Run Leader Election RPC: tablet_id: "14d713babc8c4db2b5c16cb008f3cdc3"
dest_uuid: "93b4a4f9986842b0a9b30d4d482d7b53"
 from {username='slave'} at 127.0.0.1:43896
I20260709 12:08:51.267763  7849 raft_consensus.cc:493] T 14d713babc8c4db2b5c16cb008f3cdc3 P 93b4a4f9986842b0a9b30d4d482d7b53 [term 2 FOLLOWER]: Starting forced leader election (received explicit request)
I20260709 12:08:51.267983  7849 raft_consensus.cc:3060] T 14d713babc8c4db2b5c16cb008f3cdc3 P 93b4a4f9986842b0a9b30d4d482d7b53 [term 2 FOLLOWER]: Advancing to term 3
I20260709 12:08:51.271734  7849 raft_consensus.cc:515] T 14d713babc8c4db2b5c16cb008f3cdc3 P 93b4a4f9986842b0a9b30d4d482d7b53 [term 3 FOLLOWER]: Starting forced leader election with config: opid_index: -1 OBSOLETE_local: false peers { permanent_uuid: "74dd11ed9b334cce9cfaa9bd93ab4324" member_type: VOTER last_known_addr { host: "127.6.226.129" port: 39815 } } peers { permanent_uuid: "8f7c8034875349f39653f1268f33587a" member_type: VOTER last_known_addr { host: "127.6.226.130" port: 40623 } } peers { permanent_uuid: "93b4a4f9986842b0a9b30d4d482d7b53" member_type: VOTER last_known_addr { host: "127.6.226.131" port: 38649 } }
I20260709 12:08:51.272969  7849 leader_election.cc:290] T 14d713babc8c4db2b5c16cb008f3cdc3 P 93b4a4f9986842b0a9b30d4d482d7b53 [CANDIDATE]: Term 3 election: Requested vote from peers 74dd11ed9b334cce9cfaa9bd93ab4324 (127.6.226.129:39815), 8f7c8034875349f39653f1268f33587a (127.6.226.130:40623)
I20260709 12:08:51.273782  7701 tablet_service.cc:1917] Received RequestConsensusVote() RPC: tablet_id: "14d713babc8c4db2b5c16cb008f3cdc3" candidate_uuid: "93b4a4f9986842b0a9b30d4d482d7b53" candidate_term: 3 candidate_status { last_received { term: 2 index: 2 } } ignore_live_leader: true dest_uuid: "74dd11ed9b334cce9cfaa9bd93ab4324"
I20260709 12:08:51.273947  7775 tablet_service.cc:1917] Received RequestConsensusVote() RPC: tablet_id: "14d713babc8c4db2b5c16cb008f3cdc3" candidate_uuid: "93b4a4f9986842b0a9b30d4d482d7b53" candidate_term: 3 candidate_status { last_received { term: 2 index: 2 } } ignore_live_leader: true dest_uuid: "8f7c8034875349f39653f1268f33587a"
I20260709 12:08:51.274271  7701 raft_consensus.cc:3055] T 14d713babc8c4db2b5c16cb008f3cdc3 P 74dd11ed9b334cce9cfaa9bd93ab4324 [term 2 LEADER]: Stepping down as leader of term 2
I20260709 12:08:51.274401  7775 raft_consensus.cc:3060] T 14d713babc8c4db2b5c16cb008f3cdc3 P 8f7c8034875349f39653f1268f33587a [term 2 FOLLOWER]: Advancing to term 3
I20260709 12:08:51.274559  7701 raft_consensus.cc:740] T 14d713babc8c4db2b5c16cb008f3cdc3 P 74dd11ed9b334cce9cfaa9bd93ab4324 [term 2 LEADER]: Becoming Follower/Learner. State: Replica: 74dd11ed9b334cce9cfaa9bd93ab4324, State: Running, Role: LEADER
I20260709 12:08:51.275265  7701 consensus_queue.cc:260] T 14d713babc8c4db2b5c16cb008f3cdc3 P 74dd11ed9b334cce9cfaa9bd93ab4324 [NON_LEADER]: Queue going to NON_LEADER mode. State: All replicated index: 0, Majority replicated index: 2, Committed index: 2, Last appended: 2.2, Last appended by leader: 2, Current term: 2, Majority size: -1, State: 0, Mode: NON_LEADER, active raft config: opid_index: -1 OBSOLETE_local: false peers { permanent_uuid: "74dd11ed9b334cce9cfaa9bd93ab4324" member_type: VOTER last_known_addr { host: "127.6.226.129" port: 39815 } } peers { permanent_uuid: "8f7c8034875349f39653f1268f33587a" member_type: VOTER last_known_addr { host: "127.6.226.130" port: 40623 } } peers { permanent_uuid: "93b4a4f9986842b0a9b30d4d482d7b53" member_type: VOTER last_known_addr { host: "127.6.226.131" port: 38649 } }
I20260709 12:08:51.276124  7701 raft_consensus.cc:3060] T 14d713babc8c4db2b5c16cb008f3cdc3 P 74dd11ed9b334cce9cfaa9bd93ab4324 [term 2 FOLLOWER]: Advancing to term 3
I20260709 12:08:51.278281  7775 raft_consensus.cc:2468] T 14d713babc8c4db2b5c16cb008f3cdc3 P 8f7c8034875349f39653f1268f33587a [term 3 FOLLOWER]: Leader election vote request: Granting yes vote for candidate 93b4a4f9986842b0a9b30d4d482d7b53 in term 3.
I20260709 12:08:51.279191  7817 leader_election.cc:304] T 14d713babc8c4db2b5c16cb008f3cdc3 P 93b4a4f9986842b0a9b30d4d482d7b53 [CANDIDATE]: Term 3 election: Election decided. Result: candidate won. Election summary: received 2 responses out of 3 voters: 2 yes votes; 0 no votes. yes voters: 8f7c8034875349f39653f1268f33587a, 93b4a4f9986842b0a9b30d4d482d7b53; no voters: 
I20260709 12:08:51.279958  7987 raft_consensus.cc:2804] T 14d713babc8c4db2b5c16cb008f3cdc3 P 93b4a4f9986842b0a9b30d4d482d7b53 [term 3 FOLLOWER]: Leader election won for term 3
I20260709 12:08:51.280397  7987 raft_consensus.cc:697] T 14d713babc8c4db2b5c16cb008f3cdc3 P 93b4a4f9986842b0a9b30d4d482d7b53 [term 3 LEADER]: Becoming Leader. State: Replica: 93b4a4f9986842b0a9b30d4d482d7b53, State: Running, Role: LEADER
I20260709 12:08:51.280717  7701 raft_consensus.cc:2468] T 14d713babc8c4db2b5c16cb008f3cdc3 P 74dd11ed9b334cce9cfaa9bd93ab4324 [term 3 FOLLOWER]: Leader election vote request: Granting yes vote for candidate 93b4a4f9986842b0a9b30d4d482d7b53 in term 3.
I20260709 12:08:51.281095  7987 consensus_queue.cc:237] T 14d713babc8c4db2b5c16cb008f3cdc3 P 93b4a4f9986842b0a9b30d4d482d7b53 [LEADER]: Queue going to LEADER mode. State: All replicated index: 0, Majority replicated index: 2, Committed index: 2, Last appended: 2.2, Last appended by leader: 2, Current term: 3, Majority size: 2, State: 0, Mode: LEADER, active raft config: opid_index: -1 OBSOLETE_local: false peers { permanent_uuid: "74dd11ed9b334cce9cfaa9bd93ab4324" member_type: VOTER last_known_addr { host: "127.6.226.129" port: 39815 } } peers { permanent_uuid: "8f7c8034875349f39653f1268f33587a" member_type: VOTER last_known_addr { host: "127.6.226.130" port: 40623 } } peers { permanent_uuid: "93b4a4f9986842b0a9b30d4d482d7b53" member_type: VOTER last_known_addr { host: "127.6.226.131" port: 38649 } }
I20260709 12:08:51.286990  7597 catalog_manager.cc:5697] T 14d713babc8c4db2b5c16cb008f3cdc3 P 93b4a4f9986842b0a9b30d4d482d7b53 reported cstate change: term changed from 2 to 3, leader changed from 74dd11ed9b334cce9cfaa9bd93ab4324 (127.6.226.129) to 93b4a4f9986842b0a9b30d4d482d7b53 (127.6.226.131). New cstate: current_term: 3 leader_uuid: "93b4a4f9986842b0a9b30d4d482d7b53" committed_config { opid_index: -1 OBSOLETE_local: false peers { permanent_uuid: "74dd11ed9b334cce9cfaa9bd93ab4324" member_type: VOTER last_known_addr { host: "127.6.226.129" port: 39815 } health_report { overall_health: UNKNOWN } } peers { permanent_uuid: "8f7c8034875349f39653f1268f33587a" member_type: VOTER last_known_addr { host: "127.6.226.130" port: 40623 } health_report { overall_health: UNKNOWN } } peers { permanent_uuid: "93b4a4f9986842b0a9b30d4d482d7b53" member_type: VOTER last_known_addr { host: "127.6.226.131" port: 38649 } health_report { overall_health: HEALTHY } } }
I20260709 12:08:51.696478  7701 raft_consensus.cc:1275] T c356fa68876d4b04a825950d9a966157 P 74dd11ed9b334cce9cfaa9bd93ab4324 [term 3 FOLLOWER]: Refusing update from remote peer 93b4a4f9986842b0a9b30d4d482d7b53: Log matching property violated. Preceding OpId in replica: term: 2 index: 2. Preceding OpId from leader: term: 3 index: 3. (index mismatch)
I20260709 12:08:51.697474  7987 consensus_queue.cc:1048] T c356fa68876d4b04a825950d9a966157 P 93b4a4f9986842b0a9b30d4d482d7b53 [LEADER]: Connected to new peer: Peer: permanent_uuid: "74dd11ed9b334cce9cfaa9bd93ab4324" member_type: VOTER last_known_addr { host: "127.6.226.129" port: 39815 }, Status: LMP_MISMATCH, Last received: 0.0, Next index: 3, Last known committed idx: 2, Time since last communication: 0.000s
I20260709 12:08:51.708461  7775 raft_consensus.cc:1275] T c356fa68876d4b04a825950d9a966157 P 8f7c8034875349f39653f1268f33587a [term 3 FOLLOWER]: Refusing update from remote peer 93b4a4f9986842b0a9b30d4d482d7b53: Log matching property violated. Preceding OpId in replica: term: 2 index: 2. Preceding OpId from leader: term: 3 index: 3. (index mismatch)
I20260709 12:08:51.709885  8000 consensus_queue.cc:1048] T c356fa68876d4b04a825950d9a966157 P 93b4a4f9986842b0a9b30d4d482d7b53 [LEADER]: Connected to new peer: Peer: permanent_uuid: "8f7c8034875349f39653f1268f33587a" member_type: VOTER last_known_addr { host: "127.6.226.130" port: 40623 }, Status: LMP_MISMATCH, Last received: 0.0, Next index: 3, Last known committed idx: 2, Time since last communication: 0.000s
I20260709 12:08:51.711091  7050 auto_leader_rebalancer.cc:141] leader rebalance for table test-workload
I20260709 12:08:51.720286  7050 auto_leader_rebalancer.cc:440] table: test-workload, leader rebalance finish, leader transfer count: 0
I20260709 12:08:51.720811  7050 auto_leader_rebalancer.cc:515] All tables' leader rebalancing finished this round
I20260709 12:08:51.801179  7775 raft_consensus.cc:1275] T 14d713babc8c4db2b5c16cb008f3cdc3 P 8f7c8034875349f39653f1268f33587a [term 3 FOLLOWER]: Refusing update from remote peer 93b4a4f9986842b0a9b30d4d482d7b53: Log matching property violated. Preceding OpId in replica: term: 2 index: 2. Preceding OpId from leader: term: 3 index: 3. (index mismatch)
I20260709 12:08:51.802369  7991 consensus_queue.cc:1048] T 14d713babc8c4db2b5c16cb008f3cdc3 P 93b4a4f9986842b0a9b30d4d482d7b53 [LEADER]: Connected to new peer: Peer: permanent_uuid: "8f7c8034875349f39653f1268f33587a" member_type: VOTER last_known_addr { host: "127.6.226.130" port: 40623 }, Status: LMP_MISMATCH, Last received: 0.0, Next index: 3, Last known committed idx: 2, Time since last communication: 0.000s
I20260709 12:08:51.810250  7701 raft_consensus.cc:1275] T 14d713babc8c4db2b5c16cb008f3cdc3 P 74dd11ed9b334cce9cfaa9bd93ab4324 [term 3 FOLLOWER]: Refusing update from remote peer 93b4a4f9986842b0a9b30d4d482d7b53: Log matching property violated. Preceding OpId in replica: term: 2 index: 2. Preceding OpId from leader: term: 3 index: 3. (index mismatch)
I20260709 12:08:51.811748  7991 consensus_queue.cc:1048] T 14d713babc8c4db2b5c16cb008f3cdc3 P 93b4a4f9986842b0a9b30d4d482d7b53 [LEADER]: Connected to new peer: Peer: permanent_uuid: "74dd11ed9b334cce9cfaa9bd93ab4324" member_type: VOTER last_known_addr { host: "127.6.226.129" port: 39815 }, Status: LMP_MISMATCH, Last received: 0.0, Next index: 3, Last known committed idx: 2, Time since last communication: 0.000s
I20260709 12:08:52.722039  7050 auto_leader_rebalancer.cc:141] leader rebalance for table test-workload
I20260709 12:08:52.729892  7050 auto_leader_rebalancer.cc:440] table: test-workload, leader rebalance finish, leader transfer count: 0
I20260709 12:08:52.730423  7050 auto_leader_rebalancer.cc:515] All tables' leader rebalancing finished this round
I20260709 12:08:53.731352  7050 auto_leader_rebalancer.cc:141] leader rebalance for table test-workload
I20260709 12:08:53.736586  7050 auto_leader_rebalancer.cc:440] table: test-workload, leader rebalance finish, leader transfer count: 0
I20260709 12:08:53.736912  7050 auto_leader_rebalancer.cc:515] All tables' leader rebalancing finished this round
I20260709 12:08:54.737728  7050 auto_leader_rebalancer.cc:141] leader rebalance for table test-workload
I20260709 12:08:54.742975  7050 auto_leader_rebalancer.cc:440] table: test-workload, leader rebalance finish, leader transfer count: 0
I20260709 12:08:54.743335  7050 auto_leader_rebalancer.cc:515] All tables' leader rebalancing finished this round
I20260709 12:08:55.744338  7050 auto_leader_rebalancer.cc:141] leader rebalance for table test-workload
I20260709 12:08:55.749794  7050 auto_leader_rebalancer.cc:440] table: test-workload, leader rebalance finish, leader transfer count: 0
I20260709 12:08:55.750192  7050 auto_leader_rebalancer.cc:515] All tables' leader rebalancing finished this round
I20260709 12:08:56.751240  7050 auto_leader_rebalancer.cc:141] leader rebalance for table test-workload
I20260709 12:08:56.756366  7050 auto_leader_rebalancer.cc:440] table: test-workload, leader rebalance finish, leader transfer count: 0
I20260709 12:08:56.756748  7050 auto_leader_rebalancer.cc:515] All tables' leader rebalancing finished this round
I20260709 12:08:57.757640  7050 auto_leader_rebalancer.cc:141] leader rebalance for table test-workload
I20260709 12:08:57.762799  7050 auto_leader_rebalancer.cc:440] table: test-workload, leader rebalance finish, leader transfer count: 0
I20260709 12:08:57.763200  7050 auto_leader_rebalancer.cc:515] All tables' leader rebalancing finished this round
I20260709 12:08:58.764132  7050 auto_leader_rebalancer.cc:141] leader rebalance for table test-workload
I20260709 12:08:58.769589  7050 auto_leader_rebalancer.cc:440] table: test-workload, leader rebalance finish, leader transfer count: 0
I20260709 12:08:58.769958  7050 auto_leader_rebalancer.cc:515] All tables' leader rebalancing finished this round
