I20260709 12:08:19.664081 11355 raft_consensus.cc:515] T 379bdfd9e64b459fb5be1994d8cab237 P 78982a3684964fa9ac5e738c05c041d8 [term 2 FOLLOWER]: Starting forced leader election with config: opid_index: -1 OBSOLETE_local: false peers { permanent_uuid: "78982a3684964fa9ac5e738c05c041d8" member_type: VOTER last_known_addr { host: "127.10.245.65" port: 41189 } } peers { permanent_uuid: "a3cbc73a346343d08a64a866863b4a8d" member_type: VOTER last_known_addr { host: "127.10.245.66" port: 34217 } } peers { permanent_uuid: "e18af27216bf4f3a8eb9fab1eab96006" member_type: VOTER last_known_addr { host: "127.10.245.67" port: 33103 } }
I20260709 12:08:19.667191 11355 leader_election.cc:290] T 379bdfd9e64b459fb5be1994d8cab237 P 78982a3684964fa9ac5e738c05c041d8 [CANDIDATE]: Term 2 election: Requested vote from peers a3cbc73a346343d08a64a866863b4a8d (127.10.245.66:34217), e18af27216bf4f3a8eb9fab1eab96006 (127.10.245.67:33103)
I20260709 12:08:19.667380 11503 tablet_service.cc:1917] Received RequestConsensusVote() RPC: tablet_id: "379bdfd9e64b459fb5be1994d8cab237" candidate_uuid: "78982a3684964fa9ac5e738c05c041d8" candidate_term: 2 candidate_status { last_received { term: 1 index: 1 } } ignore_live_leader: true dest_uuid: "e18af27216bf4f3a8eb9fab1eab96006"
I20260709 12:08:19.667106 11430 tablet_service.cc:1917] Received RequestConsensusVote() RPC: tablet_id: "379bdfd9e64b459fb5be1994d8cab237" candidate_uuid: "78982a3684964fa9ac5e738c05c041d8" candidate_term: 2 candidate_status { last_received { term: 1 index: 1 } } ignore_live_leader: true dest_uuid: "a3cbc73a346343d08a64a866863b4a8d"
I20260709 12:08:19.667944 11503 raft_consensus.cc:3055] T 379bdfd9e64b459fb5be1994d8cab237 P e18af27216bf4f3a8eb9fab1eab96006 [term 1 LEADER]: Stepping down as leader of term 1
I20260709 12:08:19.668016 11430 raft_consensus.cc:3060] T 379bdfd9e64b459fb5be1994d8cab237 P a3cbc73a346343d08a64a866863b4a8d [term 1 FOLLOWER]: Advancing to term 2
I20260709 12:08:19.668332 11503 raft_consensus.cc:740] T 379bdfd9e64b459fb5be1994d8cab237 P e18af27216bf4f3a8eb9fab1eab96006 [term 1 LEADER]: Becoming Follower/Learner. State: Replica: e18af27216bf4f3a8eb9fab1eab96006, State: Running, Role: LEADER
I20260709 12:08:19.668790 11354 raft_consensus.cc:2468] T df9e31095e7348ab933aa6119851ec88 P 78982a3684964fa9ac5e738c05c041d8 [term 2 FOLLOWER]: Leader election vote request: Granting yes vote for candidate a3cbc73a346343d08a64a866863b4a8d in term 2.
I20260709 12:08:19.669178 11503 consensus_queue.cc:260] T 379bdfd9e64b459fb5be1994d8cab237 P e18af27216bf4f3a8eb9fab1eab96006 [NON_LEADER]: Queue going to NON_LEADER mode. State: All replicated index: 0, Majority replicated index: 1, Committed index: 1, Last appended: 1.1, Last appended by leader: 1, Current term: 1, Majority size: -1, State: 0, Mode: NON_LEADER, active raft config: opid_index: -1 OBSOLETE_local: false peers { permanent_uuid: "78982a3684964fa9ac5e738c05c041d8" member_type: VOTER last_known_addr { host: "127.10.245.65" port: 41189 } } peers { permanent_uuid: "a3cbc73a346343d08a64a866863b4a8d" member_type: VOTER last_known_addr { host: "127.10.245.66" port: 34217 } } peers { permanent_uuid: "e18af27216bf4f3a8eb9fab1eab96006" member_type: VOTER last_known_addr { host: "127.10.245.67" port: 33103 } }
I20260709 12:08:19.669940 11396 leader_election.cc:304] T df9e31095e7348ab933aa6119851ec88 P a3cbc73a346343d08a64a866863b4a8d [CANDIDATE]: Term 2 election: Election decided. Result: candidate won. Election summary: received 2 responses out of 3 voters: 2 yes votes; 0 no votes. yes voters: 78982a3684964fa9ac5e738c05c041d8, a3cbc73a346343d08a64a866863b4a8d; no voters: 
I20260709 12:08:19.670375 11503 raft_consensus.cc:3060] T 379bdfd9e64b459fb5be1994d8cab237 P e18af27216bf4f3a8eb9fab1eab96006 [term 1 FOLLOWER]: Advancing to term 2
I20260709 12:08:19.670815 11554 raft_consensus.cc:2804] T df9e31095e7348ab933aa6119851ec88 P a3cbc73a346343d08a64a866863b4a8d [term 2 FOLLOWER]: Leader election won for term 2
I20260709 12:08:19.671307 11554 raft_consensus.cc:697] T df9e31095e7348ab933aa6119851ec88 P a3cbc73a346343d08a64a866863b4a8d [term 2 LEADER]: Becoming Leader. State: Replica: a3cbc73a346343d08a64a866863b4a8d, State: Running, Role: LEADER
I20260709 12:08:19.672119 11554 consensus_queue.cc:237] T df9e31095e7348ab933aa6119851ec88 P a3cbc73a346343d08a64a866863b4a8d [LEADER]: Queue going to LEADER mode. State: All replicated index: 0, Majority replicated index: 1, Committed index: 1, Last appended: 1.1, Last appended by leader: 1, Current term: 2, Majority size: 2, State: 0, Mode: LEADER, active raft config: opid_index: -1 OBSOLETE_local: false peers { permanent_uuid: "78982a3684964fa9ac5e738c05c041d8" member_type: VOTER last_known_addr { host: "127.10.245.65" port: 41189 } } peers { permanent_uuid: "a3cbc73a346343d08a64a866863b4a8d" member_type: VOTER last_known_addr { host: "127.10.245.66" port: 34217 } } peers { permanent_uuid: "e18af27216bf4f3a8eb9fab1eab96006" member_type: VOTER last_known_addr { host: "127.10.245.67" port: 33103 } }
I20260709 12:08:19.674058 11430 raft_consensus.cc:2468] T 379bdfd9e64b459fb5be1994d8cab237 P a3cbc73a346343d08a64a866863b4a8d [term 2 FOLLOWER]: Leader election vote request: Granting yes vote for candidate 78982a3684964fa9ac5e738c05c041d8 in term 2.
I20260709 12:08:19.675515 11320 leader_election.cc:304] T 379bdfd9e64b459fb5be1994d8cab237 P 78982a3684964fa9ac5e738c05c041d8 [CANDIDATE]: Term 2 election: Election decided. Result: candidate won. Election summary: received 2 responses out of 3 voters: 2 yes votes; 0 no votes. yes voters: 78982a3684964fa9ac5e738c05c041d8, a3cbc73a346343d08a64a866863b4a8d; no voters: 
I20260709 12:08:19.676226 11555 raft_consensus.cc:2804] T 379bdfd9e64b459fb5be1994d8cab237 P 78982a3684964fa9ac5e738c05c041d8 [term 2 FOLLOWER]: Leader election won for term 2
I20260709 12:08:19.676673 11555 raft_consensus.cc:697] T 379bdfd9e64b459fb5be1994d8cab237 P 78982a3684964fa9ac5e738c05c041d8 [term 2 LEADER]: Becoming Leader. State: Replica: 78982a3684964fa9ac5e738c05c041d8, State: Running, Role: LEADER
I20260709 12:08:19.677273 11503 raft_consensus.cc:2468] T 379bdfd9e64b459fb5be1994d8cab237 P e18af27216bf4f3a8eb9fab1eab96006 [term 2 FOLLOWER]: Leader election vote request: Granting yes vote for candidate 78982a3684964fa9ac5e738c05c041d8 in term 2.
I20260709 12:08:19.677318 11555 consensus_queue.cc:237] T 379bdfd9e64b459fb5be1994d8cab237 P 78982a3684964fa9ac5e738c05c041d8 [LEADER]: Queue going to LEADER mode. State: All replicated index: 0, Majority replicated index: 1, Committed index: 1, Last appended: 1.1, Last appended by leader: 1, Current term: 2, Majority size: 2, State: 0, Mode: LEADER, active raft config: opid_index: -1 OBSOLETE_local: false peers { permanent_uuid: "78982a3684964fa9ac5e738c05c041d8" member_type: VOTER last_known_addr { host: "127.10.245.65" port: 41189 } } peers { permanent_uuid: "a3cbc73a346343d08a64a866863b4a8d" member_type: VOTER last_known_addr { host: "127.10.245.66" port: 34217 } } peers { permanent_uuid: "e18af27216bf4f3a8eb9fab1eab96006" member_type: VOTER last_known_addr { host: "127.10.245.67" port: 33103 } }
I20260709 12:08:19.683265 11505 raft_consensus.cc:2468] T df9e31095e7348ab933aa6119851ec88 P e18af27216bf4f3a8eb9fab1eab96006 [term 2 FOLLOWER]: Leader election vote request: Granting yes vote for candidate a3cbc73a346343d08a64a866863b4a8d in term 2.
I20260709 12:08:19.682485 11253 catalog_manager.cc:5697] T df9e31095e7348ab933aa6119851ec88 P a3cbc73a346343d08a64a866863b4a8d reported cstate change: term changed from 1 to 2, leader changed from 78982a3684964fa9ac5e738c05c041d8 (127.10.245.65) to a3cbc73a346343d08a64a866863b4a8d (127.10.245.66). New cstate: current_term: 2 leader_uuid: "a3cbc73a346343d08a64a866863b4a8d" committed_config { opid_index: -1 OBSOLETE_local: false peers { permanent_uuid: "78982a3684964fa9ac5e738c05c041d8" member_type: VOTER last_known_addr { host: "127.10.245.65" port: 41189 } health_report { overall_health: UNKNOWN } } peers { permanent_uuid: "a3cbc73a346343d08a64a866863b4a8d" member_type: VOTER last_known_addr { host: "127.10.245.66" port: 34217 } health_report { overall_health: HEALTHY } } peers { permanent_uuid: "e18af27216bf4f3a8eb9fab1eab96006" member_type: VOTER last_known_addr { host: "127.10.245.67" port: 33103 } health_report { overall_health: UNKNOWN } } }
I20260709 12:08:19.685832 11252 catalog_manager.cc:5697] T 379bdfd9e64b459fb5be1994d8cab237 P 78982a3684964fa9ac5e738c05c041d8 reported cstate change: term changed from 1 to 2, leader changed from e18af27216bf4f3a8eb9fab1eab96006 (127.10.245.67) to 78982a3684964fa9ac5e738c05c041d8 (127.10.245.65). New cstate: current_term: 2 leader_uuid: "78982a3684964fa9ac5e738c05c041d8" committed_config { opid_index: -1 OBSOLETE_local: false peers { permanent_uuid: "78982a3684964fa9ac5e738c05c041d8" member_type: VOTER last_known_addr { host: "127.10.245.65" port: 41189 } health_report { overall_health: HEALTHY } } peers { permanent_uuid: "a3cbc73a346343d08a64a866863b4a8d" member_type: VOTER last_known_addr { host: "127.10.245.66" port: 34217 } health_report { overall_health: UNKNOWN } } peers { permanent_uuid: "e18af27216bf4f3a8eb9fab1eab96006" member_type: VOTER last_known_addr { host: "127.10.245.67" port: 33103 } health_report { overall_health: UNKNOWN } } }
I20260709 12:08:19.880689 11430 raft_consensus.cc:1275] T 628cd734488346b58855ed0f3fab6394 P a3cbc73a346343d08a64a866863b4a8d [term 2 FOLLOWER]: Refusing update from remote peer 78982a3684964fa9ac5e738c05c041d8: Log matching property violated. Preceding OpId in replica: term: 1 index: 1. Preceding OpId from leader: term: 2 index: 2. (index mismatch)
I20260709 12:08:19.881878 11555 consensus_queue.cc:1048] T 628cd734488346b58855ed0f3fab6394 P 78982a3684964fa9ac5e738c05c041d8 [LEADER]: Connected to new peer: Peer: permanent_uuid: "a3cbc73a346343d08a64a866863b4a8d" member_type: VOTER last_known_addr { host: "127.10.245.66" port: 34217 }, Status: LMP_MISMATCH, Last received: 0.0, Next index: 2, Last known committed idx: 1, Time since last communication: 0.000s
I20260709 12:08:19.889074 11505 raft_consensus.cc:1275] T 628cd734488346b58855ed0f3fab6394 P e18af27216bf4f3a8eb9fab1eab96006 [term 2 FOLLOWER]: Refusing update from remote peer 78982a3684964fa9ac5e738c05c041d8: Log matching property violated. Preceding OpId in replica: term: 1 index: 1. Preceding OpId from leader: term: 2 index: 2. (index mismatch)
I20260709 12:08:19.891105 11631 consensus_queue.cc:1048] T 628cd734488346b58855ed0f3fab6394 P 78982a3684964fa9ac5e738c05c041d8 [LEADER]: Connected to new peer: Peer: permanent_uuid: "e18af27216bf4f3a8eb9fab1eab96006" member_type: VOTER last_known_addr { host: "127.10.245.67" port: 33103 }, Status: LMP_MISMATCH, Last received: 0.0, Next index: 2, Last known committed idx: 1, Time since last communication: 0.000s
I20260709 12:08:19.947333 11430 raft_consensus.cc:1275] T b1b9899a06504f77a570831b64fc6889 P a3cbc73a346343d08a64a866863b4a8d [term 2 FOLLOWER]: Refusing update from remote peer 78982a3684964fa9ac5e738c05c041d8: Log matching property violated. Preceding OpId in replica: term: 1 index: 1. Preceding OpId from leader: term: 2 index: 2. (index mismatch)
I20260709 12:08:19.948508 11631 consensus_queue.cc:1048] T b1b9899a06504f77a570831b64fc6889 P 78982a3684964fa9ac5e738c05c041d8 [LEADER]: Connected to new peer: Peer: permanent_uuid: "a3cbc73a346343d08a64a866863b4a8d" member_type: VOTER last_known_addr { host: "127.10.245.66" port: 34217 }, Status: LMP_MISMATCH, Last received: 0.0, Next index: 2, Last known committed idx: 1, Time since last communication: 0.000s
I20260709 12:08:19.955050 11505 raft_consensus.cc:1275] T b1b9899a06504f77a570831b64fc6889 P e18af27216bf4f3a8eb9fab1eab96006 [term 2 FOLLOWER]: Refusing update from remote peer 78982a3684964fa9ac5e738c05c041d8: Log matching property violated. Preceding OpId in replica: term: 1 index: 1. Preceding OpId from leader: term: 2 index: 2. (index mismatch)
I20260709 12:08:19.956373 11626 consensus_queue.cc:1048] T b1b9899a06504f77a570831b64fc6889 P 78982a3684964fa9ac5e738c05c041d8 [LEADER]: Connected to new peer: Peer: permanent_uuid: "e18af27216bf4f3a8eb9fab1eab96006" member_type: VOTER last_known_addr { host: "127.10.245.67" port: 33103 }, Status: LMP_MISMATCH, Last received: 0.0, Next index: 2, Last known committed idx: 1, Time since last communication: 0.000s
I20260709 12:08:19.957639 11354 raft_consensus.cc:1275] T 35be9a21858b4e3e98c02a081429592a P 78982a3684964fa9ac5e738c05c041d8 [term 2 FOLLOWER]: Refusing update from remote peer e18af27216bf4f3a8eb9fab1eab96006: Log matching property violated. Preceding OpId in replica: term: 1 index: 1. Preceding OpId from leader: term: 2 index: 2. (index mismatch)
I20260709 12:08:19.959048 11570 consensus_queue.cc:1048] T 35be9a21858b4e3e98c02a081429592a P e18af27216bf4f3a8eb9fab1eab96006 [LEADER]: Connected to new peer: Peer: permanent_uuid: "78982a3684964fa9ac5e738c05c041d8" member_type: VOTER last_known_addr { host: "127.10.245.65" port: 41189 }, Status: LMP_MISMATCH, Last received: 0.0, Next index: 2, Last known committed idx: 1, Time since last communication: 0.000s
I20260709 12:08:19.965508 11430 raft_consensus.cc:1275] T 35be9a21858b4e3e98c02a081429592a P a3cbc73a346343d08a64a866863b4a8d [term 2 FOLLOWER]: Refusing update from remote peer e18af27216bf4f3a8eb9fab1eab96006: Log matching property violated. Preceding OpId in replica: term: 1 index: 1. Preceding OpId from leader: term: 2 index: 2. (index mismatch)
I20260709 12:08:19.966823 11592 consensus_queue.cc:1048] T 35be9a21858b4e3e98c02a081429592a P e18af27216bf4f3a8eb9fab1eab96006 [LEADER]: Connected to new peer: Peer: permanent_uuid: "a3cbc73a346343d08a64a866863b4a8d" member_type: VOTER last_known_addr { host: "127.10.245.66" port: 34217 }, Status: LMP_MISMATCH, Last received: 0.0, Next index: 2, Last known committed idx: 1, Time since last communication: 0.000s
I20260709 12:08:20.062013 11505 raft_consensus.cc:1275] T 379bdfd9e64b459fb5be1994d8cab237 P e18af27216bf4f3a8eb9fab1eab96006 [term 2 FOLLOWER]: Refusing update from remote peer 78982a3684964fa9ac5e738c05c041d8: Log matching property violated. Preceding OpId in replica: term: 1 index: 1. Preceding OpId from leader: term: 2 index: 2. (index mismatch)
I20260709 12:08:20.063133 11631 consensus_queue.cc:1048] T 379bdfd9e64b459fb5be1994d8cab237 P 78982a3684964fa9ac5e738c05c041d8 [LEADER]: Connected to new peer: Peer: permanent_uuid: "e18af27216bf4f3a8eb9fab1eab96006" member_type: VOTER last_known_addr { host: "127.10.245.67" port: 33103 }, Status: LMP_MISMATCH, Last received: 0.0, Next index: 2, Last known committed idx: 1, Time since last communication: 0.000s
I20260709 12:08:20.068060 11430 raft_consensus.cc:1275] T 379bdfd9e64b459fb5be1994d8cab237 P a3cbc73a346343d08a64a866863b4a8d [term 2 FOLLOWER]: Refusing update from remote peer 78982a3684964fa9ac5e738c05c041d8: Log matching property violated. Preceding OpId in replica: term: 1 index: 1. Preceding OpId from leader: term: 2 index: 2. (index mismatch)
I20260709 12:08:20.069391 11631 consensus_queue.cc:1048] T 379bdfd9e64b459fb5be1994d8cab237 P 78982a3684964fa9ac5e738c05c041d8 [LEADER]: Connected to new peer: Peer: permanent_uuid: "a3cbc73a346343d08a64a866863b4a8d" member_type: VOTER last_known_addr { host: "127.10.245.66" port: 34217 }, Status: LMP_MISMATCH, Last received: 0.0, Next index: 2, Last known committed idx: 1, Time since last communication: 0.000s
I20260709 12:08:20.140082 11503 raft_consensus.cc:1275] T bfdb1b1a8d4c4c5188cff7882144464b P e18af27216bf4f3a8eb9fab1eab96006 [term 2 FOLLOWER]: Refusing update from remote peer a3cbc73a346343d08a64a866863b4a8d: Log matching property violated. Preceding OpId in replica: term: 1 index: 1. Preceding OpId from leader: term: 2 index: 2. (index mismatch)
I20260709 12:08:20.141191 11554 consensus_queue.cc:1048] T bfdb1b1a8d4c4c5188cff7882144464b P a3cbc73a346343d08a64a866863b4a8d [LEADER]: Connected to new peer: Peer: permanent_uuid: "e18af27216bf4f3a8eb9fab1eab96006" member_type: VOTER last_known_addr { host: "127.10.245.67" port: 33103 }, Status: LMP_MISMATCH, Last received: 0.0, Next index: 2, Last known committed idx: 1, Time since last communication: 0.000s
I20260709 12:08:20.150233 11354 raft_consensus.cc:1275] T bfdb1b1a8d4c4c5188cff7882144464b P 78982a3684964fa9ac5e738c05c041d8 [term 2 FOLLOWER]: Refusing update from remote peer a3cbc73a346343d08a64a866863b4a8d: Log matching property violated. Preceding OpId in replica: term: 1 index: 1. Preceding OpId from leader: term: 2 index: 2. (index mismatch)
I20260709 12:08:20.151760 11634 consensus_queue.cc:1048] T bfdb1b1a8d4c4c5188cff7882144464b P a3cbc73a346343d08a64a866863b4a8d [LEADER]: Connected to new peer: Peer: permanent_uuid: "78982a3684964fa9ac5e738c05c041d8" member_type: VOTER last_known_addr { host: "127.10.245.65" port: 41189 }, Status: LMP_MISMATCH, Last received: 0.0, Next index: 2, Last known committed idx: 1, Time since last communication: 0.000s
I20260709 12:08:20.179772 11503 raft_consensus.cc:1275] T df9e31095e7348ab933aa6119851ec88 P e18af27216bf4f3a8eb9fab1eab96006 [term 2 FOLLOWER]: Refusing update from remote peer a3cbc73a346343d08a64a866863b4a8d: Log matching property violated. Preceding OpId in replica: term: 1 index: 1. Preceding OpId from leader: term: 2 index: 2. (index mismatch)
I20260709 12:08:20.180881 11634 consensus_queue.cc:1048] T df9e31095e7348ab933aa6119851ec88 P a3cbc73a346343d08a64a866863b4a8d [LEADER]: Connected to new peer: Peer: permanent_uuid: "e18af27216bf4f3a8eb9fab1eab96006" member_type: VOTER last_known_addr { host: "127.10.245.67" port: 33103 }, Status: LMP_MISMATCH, Last received: 0.0, Next index: 2, Last known committed idx: 1, Time since last communication: 0.000s
I20260709 12:08:20.187654 11354 raft_consensus.cc:1275] T df9e31095e7348ab933aa6119851ec88 P 78982a3684964fa9ac5e738c05c041d8 [term 2 FOLLOWER]: Refusing update from remote peer a3cbc73a346343d08a64a866863b4a8d: Log matching property violated. Preceding OpId in replica: term: 1 index: 1. Preceding OpId from leader: term: 2 index: 2. (index mismatch)
I20260709 12:08:20.191184 11608 consensus_queue.cc:1048] T df9e31095e7348ab933aa6119851ec88 P a3cbc73a346343d08a64a866863b4a8d [LEADER]: Connected to new peer: Peer: permanent_uuid: "78982a3684964fa9ac5e738c05c041d8" member_type: VOTER last_known_addr { host: "127.10.245.65" port: 41189 }, Status: LMP_MISMATCH, Last received: 0.0, Next index: 2, Last known committed idx: 1, Time since last communication: 0.000s
I20260709 12:08:22.268608 11221 auto_leader_rebalancer-test.cc:294] The leader distribution is 
I20260709 12:08:22.269363 11221 auto_leader_rebalancer.cc:141] leader rebalance for table test-workload
I20260709 12:08:22.284770 11355 tablet_service.cc:2072] Received LeaderStepDown RPC: tablet_id: "1f57ef41761a426398c53c4c1a7f5411"
dest_uuid: "78982a3684964fa9ac5e738c05c041d8"
mode: GRACEFUL
new_leader_uuid: "e18af27216bf4f3a8eb9fab1eab96006"
 from {username='slave'} at 127.0.0.1:52774
I20260709 12:08:22.285379 11355 raft_consensus.cc:606] T 1f57ef41761a426398c53c4c1a7f5411 P 78982a3684964fa9ac5e738c05c041d8 [term 1 LEADER]: Received request to transfer leadership to TS e18af27216bf4f3a8eb9fab1eab96006
I20260709 12:08:22.295014 11430 tablet_service.cc:2072] Received LeaderStepDown RPC: tablet_id: "b1954387a2654f11b4fe71af68e632b1"
dest_uuid: "a3cbc73a346343d08a64a866863b4a8d"
mode: GRACEFUL
new_leader_uuid: "e18af27216bf4f3a8eb9fab1eab96006"
 from {username='slave'} at 127.0.0.1:33848
I20260709 12:08:22.295444 11430 raft_consensus.cc:606] T b1954387a2654f11b4fe71af68e632b1 P a3cbc73a346343d08a64a866863b4a8d [term 1 LEADER]: Received request to transfer leadership to TS e18af27216bf4f3a8eb9fab1eab96006
I20260709 12:08:22.296406 11221 auto_leader_rebalancer.cc:440] table: test-workload, leader rebalance finish, leader transfer count: 2
I20260709 12:08:22.296844 11221 auto_leader_rebalancer.cc:515] All tables' leader rebalancing finished this round
I20260709 12:08:22.532481 11626 raft_consensus.cc:993] T 1f57ef41761a426398c53c4c1a7f5411 P 78982a3684964fa9ac5e738c05c041d8: : Instructing follower e18af27216bf4f3a8eb9fab1eab96006 to start an election
I20260709 12:08:22.532923 11638 raft_consensus.cc:1081] T 1f57ef41761a426398c53c4c1a7f5411 P 78982a3684964fa9ac5e738c05c041d8 [term 1 LEADER]: Signalling peer e18af27216bf4f3a8eb9fab1eab96006 to start an election
I20260709 12:08:22.534384 11505 tablet_service.cc:2044] Received Run Leader Election RPC: tablet_id: "1f57ef41761a426398c53c4c1a7f5411"
dest_uuid: "e18af27216bf4f3a8eb9fab1eab96006"
 from {username='slave'} at 127.0.0.1:50366
I20260709 12:08:22.534816 11505 raft_consensus.cc:493] T 1f57ef41761a426398c53c4c1a7f5411 P e18af27216bf4f3a8eb9fab1eab96006 [term 1 FOLLOWER]: Starting forced leader election (received explicit request)
I20260709 12:08:22.535096 11505 raft_consensus.cc:3060] T 1f57ef41761a426398c53c4c1a7f5411 P e18af27216bf4f3a8eb9fab1eab96006 [term 1 FOLLOWER]: Advancing to term 2
I20260709 12:08:22.539274 11505 raft_consensus.cc:515] T 1f57ef41761a426398c53c4c1a7f5411 P e18af27216bf4f3a8eb9fab1eab96006 [term 2 FOLLOWER]: Starting forced leader election with config: opid_index: -1 OBSOLETE_local: false peers { permanent_uuid: "78982a3684964fa9ac5e738c05c041d8" member_type: VOTER last_known_addr { host: "127.10.245.65" port: 41189 } } peers { permanent_uuid: "a3cbc73a346343d08a64a866863b4a8d" member_type: VOTER last_known_addr { host: "127.10.245.66" port: 34217 } } peers { permanent_uuid: "e18af27216bf4f3a8eb9fab1eab96006" member_type: VOTER last_known_addr { host: "127.10.245.67" port: 33103 } }
I20260709 12:08:22.540907 11505 leader_election.cc:290] T 1f57ef41761a426398c53c4c1a7f5411 P e18af27216bf4f3a8eb9fab1eab96006 [CANDIDATE]: Term 2 election: Requested vote from peers 78982a3684964fa9ac5e738c05c041d8 (127.10.245.65:41189), a3cbc73a346343d08a64a866863b4a8d (127.10.245.66:34217)
I20260709 12:08:22.541673 11355 tablet_service.cc:1917] Received RequestConsensusVote() RPC: tablet_id: "1f57ef41761a426398c53c4c1a7f5411" candidate_uuid: "e18af27216bf4f3a8eb9fab1eab96006" candidate_term: 2 candidate_status { last_received { term: 1 index: 1 } } ignore_live_leader: true dest_uuid: "78982a3684964fa9ac5e738c05c041d8"
I20260709 12:08:22.541968 11430 tablet_service.cc:1917] Received RequestConsensusVote() RPC: tablet_id: "1f57ef41761a426398c53c4c1a7f5411" candidate_uuid: "e18af27216bf4f3a8eb9fab1eab96006" candidate_term: 2 candidate_status { last_received { term: 1 index: 1 } } ignore_live_leader: true dest_uuid: "a3cbc73a346343d08a64a866863b4a8d"
I20260709 12:08:22.542330 11355 raft_consensus.cc:3055] T 1f57ef41761a426398c53c4c1a7f5411 P 78982a3684964fa9ac5e738c05c041d8 [term 1 LEADER]: Stepping down as leader of term 1
I20260709 12:08:22.542462 11430 raft_consensus.cc:3060] T 1f57ef41761a426398c53c4c1a7f5411 P a3cbc73a346343d08a64a866863b4a8d [term 1 FOLLOWER]: Advancing to term 2
I20260709 12:08:22.542699 11355 raft_consensus.cc:740] T 1f57ef41761a426398c53c4c1a7f5411 P 78982a3684964fa9ac5e738c05c041d8 [term 1 LEADER]: Becoming Follower/Learner. State: Replica: 78982a3684964fa9ac5e738c05c041d8, State: Running, Role: LEADER
I20260709 12:08:22.543550 11355 consensus_queue.cc:260] T 1f57ef41761a426398c53c4c1a7f5411 P 78982a3684964fa9ac5e738c05c041d8 [NON_LEADER]: Queue going to NON_LEADER mode. State: All replicated index: 0, Majority replicated index: 1, Committed index: 1, Last appended: 1.1, Last appended by leader: 1, Current term: 1, Majority size: -1, State: 0, Mode: NON_LEADER, active raft config: opid_index: -1 OBSOLETE_local: false peers { permanent_uuid: "78982a3684964fa9ac5e738c05c041d8" member_type: VOTER last_known_addr { host: "127.10.245.65" port: 41189 } } peers { permanent_uuid: "a3cbc73a346343d08a64a866863b4a8d" member_type: VOTER last_known_addr { host: "127.10.245.66" port: 34217 } } peers { permanent_uuid: "e18af27216bf4f3a8eb9fab1eab96006" member_type: VOTER last_known_addr { host: "127.10.245.67" port: 33103 } }
I20260709 12:08:22.544799 11355 raft_consensus.cc:3060] T 1f57ef41761a426398c53c4c1a7f5411 P 78982a3684964fa9ac5e738c05c041d8 [term 1 FOLLOWER]: Advancing to term 2
I20260709 12:08:22.548583 11430 raft_consensus.cc:2468] T 1f57ef41761a426398c53c4c1a7f5411 P a3cbc73a346343d08a64a866863b4a8d [term 2 FOLLOWER]: Leader election vote request: Granting yes vote for candidate e18af27216bf4f3a8eb9fab1eab96006 in term 2.
I20260709 12:08:22.549883 11469 leader_election.cc:304] T 1f57ef41761a426398c53c4c1a7f5411 P e18af27216bf4f3a8eb9fab1eab96006 [CANDIDATE]: Term 2 election: Election decided. Result: candidate won. Election summary: received 2 responses out of 3 voters: 2 yes votes; 0 no votes. yes voters: a3cbc73a346343d08a64a866863b4a8d, e18af27216bf4f3a8eb9fab1eab96006; no voters: 
I20260709 12:08:22.550688 11637 raft_consensus.cc:2804] T 1f57ef41761a426398c53c4c1a7f5411 P e18af27216bf4f3a8eb9fab1eab96006 [term 2 FOLLOWER]: Leader election won for term 2
I20260709 12:08:22.551244 11355 raft_consensus.cc:2468] T 1f57ef41761a426398c53c4c1a7f5411 P 78982a3684964fa9ac5e738c05c041d8 [term 2 FOLLOWER]: Leader election vote request: Granting yes vote for candidate e18af27216bf4f3a8eb9fab1eab96006 in term 2.
I20260709 12:08:22.551909 11637 raft_consensus.cc:697] T 1f57ef41761a426398c53c4c1a7f5411 P e18af27216bf4f3a8eb9fab1eab96006 [term 2 LEADER]: Becoming Leader. State: Replica: e18af27216bf4f3a8eb9fab1eab96006, State: Running, Role: LEADER
I20260709 12:08:22.552826 11637 consensus_queue.cc:237] T 1f57ef41761a426398c53c4c1a7f5411 P e18af27216bf4f3a8eb9fab1eab96006 [LEADER]: Queue going to LEADER mode. State: All replicated index: 0, Majority replicated index: 1, Committed index: 1, Last appended: 1.1, Last appended by leader: 1, Current term: 2, Majority size: 2, State: 0, Mode: LEADER, active raft config: opid_index: -1 OBSOLETE_local: false peers { permanent_uuid: "78982a3684964fa9ac5e738c05c041d8" member_type: VOTER last_known_addr { host: "127.10.245.65" port: 41189 } } peers { permanent_uuid: "a3cbc73a346343d08a64a866863b4a8d" member_type: VOTER last_known_addr { host: "127.10.245.66" port: 34217 } } peers { permanent_uuid: "e18af27216bf4f3a8eb9fab1eab96006" member_type: VOTER last_known_addr { host: "127.10.245.67" port: 33103 } }
I20260709 12:08:22.559369 11253 catalog_manager.cc:5697] T 1f57ef41761a426398c53c4c1a7f5411 P e18af27216bf4f3a8eb9fab1eab96006 reported cstate change: term changed from 1 to 2, leader changed from 78982a3684964fa9ac5e738c05c041d8 (127.10.245.65) to e18af27216bf4f3a8eb9fab1eab96006 (127.10.245.67). New cstate: current_term: 2 leader_uuid: "e18af27216bf4f3a8eb9fab1eab96006" committed_config { opid_index: -1 OBSOLETE_local: false peers { permanent_uuid: "78982a3684964fa9ac5e738c05c041d8" member_type: VOTER last_known_addr { host: "127.10.245.65" port: 41189 } health_report { overall_health: UNKNOWN } } peers { permanent_uuid: "a3cbc73a346343d08a64a866863b4a8d" member_type: VOTER last_known_addr { host: "127.10.245.66" port: 34217 } health_report { overall_health: UNKNOWN } } peers { permanent_uuid: "e18af27216bf4f3a8eb9fab1eab96006" member_type: VOTER last_known_addr { host: "127.10.245.67" port: 33103 } health_report { overall_health: HEALTHY } } }
I20260709 12:08:22.693323 11639 raft_consensus.cc:993] T b1954387a2654f11b4fe71af68e632b1 P a3cbc73a346343d08a64a866863b4a8d: : Instructing follower e18af27216bf4f3a8eb9fab1eab96006 to start an election
I20260709 12:08:22.693697 11639 raft_consensus.cc:1081] T b1954387a2654f11b4fe71af68e632b1 P a3cbc73a346343d08a64a866863b4a8d [term 1 LEADER]: Signalling peer e18af27216bf4f3a8eb9fab1eab96006 to start an election
I20260709 12:08:22.694897 11505 tablet_service.cc:2044] Received Run Leader Election RPC: tablet_id: "b1954387a2654f11b4fe71af68e632b1"
dest_uuid: "e18af27216bf4f3a8eb9fab1eab96006"
 from {username='slave'} at 127.0.0.1:50356
I20260709 12:08:22.695313 11505 raft_consensus.cc:493] T b1954387a2654f11b4fe71af68e632b1 P e18af27216bf4f3a8eb9fab1eab96006 [term 1 FOLLOWER]: Starting forced leader election (received explicit request)
I20260709 12:08:22.695577 11505 raft_consensus.cc:3060] T b1954387a2654f11b4fe71af68e632b1 P e18af27216bf4f3a8eb9fab1eab96006 [term 1 FOLLOWER]: Advancing to term 2
I20260709 12:08:22.699721 11505 raft_consensus.cc:515] T b1954387a2654f11b4fe71af68e632b1 P e18af27216bf4f3a8eb9fab1eab96006 [term 2 FOLLOWER]: Starting forced leader election with config: opid_index: -1 OBSOLETE_local: false peers { permanent_uuid: "78982a3684964fa9ac5e738c05c041d8" member_type: VOTER last_known_addr { host: "127.10.245.65" port: 41189 } } peers { permanent_uuid: "a3cbc73a346343d08a64a866863b4a8d" member_type: VOTER last_known_addr { host: "127.10.245.66" port: 34217 } } peers { permanent_uuid: "e18af27216bf4f3a8eb9fab1eab96006" member_type: VOTER last_known_addr { host: "127.10.245.67" port: 33103 } }
I20260709 12:08:22.701215 11505 leader_election.cc:290] T b1954387a2654f11b4fe71af68e632b1 P e18af27216bf4f3a8eb9fab1eab96006 [CANDIDATE]: Term 2 election: Requested vote from peers 78982a3684964fa9ac5e738c05c041d8 (127.10.245.65:41189), a3cbc73a346343d08a64a866863b4a8d (127.10.245.66:34217)
I20260709 12:08:22.701928 11355 tablet_service.cc:1917] Received RequestConsensusVote() RPC: tablet_id: "b1954387a2654f11b4fe71af68e632b1" candidate_uuid: "e18af27216bf4f3a8eb9fab1eab96006" candidate_term: 2 candidate_status { last_received { term: 1 index: 1 } } ignore_live_leader: true dest_uuid: "78982a3684964fa9ac5e738c05c041d8"
I20260709 12:08:22.702138 11430 tablet_service.cc:1917] Received RequestConsensusVote() RPC: tablet_id: "b1954387a2654f11b4fe71af68e632b1" candidate_uuid: "e18af27216bf4f3a8eb9fab1eab96006" candidate_term: 2 candidate_status { last_received { term: 1 index: 1 } } ignore_live_leader: true dest_uuid: "a3cbc73a346343d08a64a866863b4a8d"
I20260709 12:08:22.702505 11355 raft_consensus.cc:3060] T b1954387a2654f11b4fe71af68e632b1 P 78982a3684964fa9ac5e738c05c041d8 [term 1 FOLLOWER]: Advancing to term 2
I20260709 12:08:22.702703 11430 raft_consensus.cc:3055] T b1954387a2654f11b4fe71af68e632b1 P a3cbc73a346343d08a64a866863b4a8d [term 1 LEADER]: Stepping down as leader of term 1
I20260709 12:08:22.702977 11430 raft_consensus.cc:740] T b1954387a2654f11b4fe71af68e632b1 P a3cbc73a346343d08a64a866863b4a8d [term 1 LEADER]: Becoming Follower/Learner. State: Replica: a3cbc73a346343d08a64a866863b4a8d, State: Running, Role: LEADER
I20260709 12:08:22.703512 11430 consensus_queue.cc:260] T b1954387a2654f11b4fe71af68e632b1 P a3cbc73a346343d08a64a866863b4a8d [NON_LEADER]: Queue going to NON_LEADER mode. State: All replicated index: 0, Majority replicated index: 1, Committed index: 1, Last appended: 1.1, Last appended by leader: 1, Current term: 1, Majority size: -1, State: 0, Mode: NON_LEADER, active raft config: opid_index: -1 OBSOLETE_local: false peers { permanent_uuid: "78982a3684964fa9ac5e738c05c041d8" member_type: VOTER last_known_addr { host: "127.10.245.65" port: 41189 } } peers { permanent_uuid: "a3cbc73a346343d08a64a866863b4a8d" member_type: VOTER last_known_addr { host: "127.10.245.66" port: 34217 } } peers { permanent_uuid: "e18af27216bf4f3a8eb9fab1eab96006" member_type: VOTER last_known_addr { host: "127.10.245.67" port: 33103 } }
I20260709 12:08:22.704361 11430 raft_consensus.cc:3060] T b1954387a2654f11b4fe71af68e632b1 P a3cbc73a346343d08a64a866863b4a8d [term 1 FOLLOWER]: Advancing to term 2
I20260709 12:08:22.706980 11355 raft_consensus.cc:2468] T b1954387a2654f11b4fe71af68e632b1 P 78982a3684964fa9ac5e738c05c041d8 [term 2 FOLLOWER]: Leader election vote request: Granting yes vote for candidate e18af27216bf4f3a8eb9fab1eab96006 in term 2.
I20260709 12:08:22.707842 11430 raft_consensus.cc:2468] T b1954387a2654f11b4fe71af68e632b1 P a3cbc73a346343d08a64a866863b4a8d [term 2 FOLLOWER]: Leader election vote request: Granting yes vote for candidate e18af27216bf4f3a8eb9fab1eab96006 in term 2.
I20260709 12:08:22.707973 11470 leader_election.cc:304] T b1954387a2654f11b4fe71af68e632b1 P e18af27216bf4f3a8eb9fab1eab96006 [CANDIDATE]: Term 2 election: Election decided. Result: candidate won. Election summary: received 2 responses out of 3 voters: 2 yes votes; 0 no votes. yes voters: 78982a3684964fa9ac5e738c05c041d8, e18af27216bf4f3a8eb9fab1eab96006; no voters: 
I20260709 12:08:22.708702 11637 raft_consensus.cc:2804] T b1954387a2654f11b4fe71af68e632b1 P e18af27216bf4f3a8eb9fab1eab96006 [term 2 FOLLOWER]: Leader election won for term 2
I20260709 12:08:22.709095 11637 raft_consensus.cc:697] T b1954387a2654f11b4fe71af68e632b1 P e18af27216bf4f3a8eb9fab1eab96006 [term 2 LEADER]: Becoming Leader. State: Replica: e18af27216bf4f3a8eb9fab1eab96006, State: Running, Role: LEADER
I20260709 12:08:22.709846 11637 consensus_queue.cc:237] T b1954387a2654f11b4fe71af68e632b1 P e18af27216bf4f3a8eb9fab1eab96006 [LEADER]: Queue going to LEADER mode. State: All replicated index: 0, Majority replicated index: 1, Committed index: 1, Last appended: 1.1, Last appended by leader: 1, Current term: 2, Majority size: 2, State: 0, Mode: LEADER, active raft config: opid_index: -1 OBSOLETE_local: false peers { permanent_uuid: "78982a3684964fa9ac5e738c05c041d8" member_type: VOTER last_known_addr { host: "127.10.245.65" port: 41189 } } peers { permanent_uuid: "a3cbc73a346343d08a64a866863b4a8d" member_type: VOTER last_known_addr { host: "127.10.245.66" port: 34217 } } peers { permanent_uuid: "e18af27216bf4f3a8eb9fab1eab96006" member_type: VOTER last_known_addr { host: "127.10.245.67" port: 33103 } }
I20260709 12:08:22.718103 11253 catalog_manager.cc:5697] T b1954387a2654f11b4fe71af68e632b1 P e18af27216bf4f3a8eb9fab1eab96006 reported cstate change: term changed from 1 to 2, leader changed from a3cbc73a346343d08a64a866863b4a8d (127.10.245.66) to e18af27216bf4f3a8eb9fab1eab96006 (127.10.245.67). New cstate: current_term: 2 leader_uuid: "e18af27216bf4f3a8eb9fab1eab96006" committed_config { opid_index: -1 OBSOLETE_local: false peers { permanent_uuid: "78982a3684964fa9ac5e738c05c041d8" member_type: VOTER last_known_addr { host: "127.10.245.65" port: 41189 } health_report { overall_health: UNKNOWN } } peers { permanent_uuid: "a3cbc73a346343d08a64a866863b4a8d" member_type: VOTER last_known_addr { host: "127.10.245.66" port: 34217 } health_report { overall_health: UNKNOWN } } peers { permanent_uuid: "e18af27216bf4f3a8eb9fab1eab96006" member_type: VOTER last_known_addr { host: "127.10.245.67" port: 33103 } health_report { overall_health: HEALTHY } } }
I20260709 12:08:23.069662 11430 raft_consensus.cc:1275] T 1f57ef41761a426398c53c4c1a7f5411 P a3cbc73a346343d08a64a866863b4a8d [term 2 FOLLOWER]: Refusing update from remote peer e18af27216bf4f3a8eb9fab1eab96006: Log matching property violated. Preceding OpId in replica: term: 1 index: 1. Preceding OpId from leader: term: 2 index: 2. (index mismatch)
I20260709 12:08:23.070971 11637 consensus_queue.cc:1048] T 1f57ef41761a426398c53c4c1a7f5411 P e18af27216bf4f3a8eb9fab1eab96006 [LEADER]: Connected to new peer: Peer: permanent_uuid: "a3cbc73a346343d08a64a866863b4a8d" member_type: VOTER last_known_addr { host: "127.10.245.66" port: 34217 }, Status: LMP_MISMATCH, Last received: 0.0, Next index: 2, Last known committed idx: 1, Time since last communication: 0.000s
I20260709 12:08:23.079434 11355 raft_consensus.cc:1275] T 1f57ef41761a426398c53c4c1a7f5411 P 78982a3684964fa9ac5e738c05c041d8 [term 2 FOLLOWER]: Refusing update from remote peer e18af27216bf4f3a8eb9fab1eab96006: Log matching property violated. Preceding OpId in replica: term: 1 index: 1. Preceding OpId from leader: term: 2 index: 2. (index mismatch)
I20260709 12:08:23.081184 11637 consensus_queue.cc:1048] T 1f57ef41761a426398c53c4c1a7f5411 P e18af27216bf4f3a8eb9fab1eab96006 [LEADER]: Connected to new peer: Peer: permanent_uuid: "78982a3684964fa9ac5e738c05c041d8" member_type: VOTER last_known_addr { host: "127.10.245.65" port: 41189 }, Status: LMP_MISMATCH, Last received: 0.0, Next index: 2, Last known committed idx: 1, Time since last communication: 0.000s
I20260709 12:08:23.125240 11355 raft_consensus.cc:1275] T b1954387a2654f11b4fe71af68e632b1 P 78982a3684964fa9ac5e738c05c041d8 [term 2 FOLLOWER]: Refusing update from remote peer e18af27216bf4f3a8eb9fab1eab96006: Log matching property violated. Preceding OpId in replica: term: 1 index: 1. Preceding OpId from leader: term: 2 index: 2. (index mismatch)
I20260709 12:08:23.126377 11637 consensus_queue.cc:1048] T b1954387a2654f11b4fe71af68e632b1 P e18af27216bf4f3a8eb9fab1eab96006 [LEADER]: Connected to new peer: Peer: permanent_uuid: "78982a3684964fa9ac5e738c05c041d8" member_type: VOTER last_known_addr { host: "127.10.245.65" port: 41189 }, Status: LMP_MISMATCH, Last received: 0.0, Next index: 2, Last known committed idx: 1, Time since last communication: 0.000s
I20260709 12:08:23.134898 11430 raft_consensus.cc:1275] T b1954387a2654f11b4fe71af68e632b1 P a3cbc73a346343d08a64a866863b4a8d [term 2 FOLLOWER]: Refusing update from remote peer e18af27216bf4f3a8eb9fab1eab96006: Log matching property violated. Preceding OpId in replica: term: 1 index: 1. Preceding OpId from leader: term: 2 index: 2. (index mismatch)
I20260709 12:08:23.136296 11653 consensus_queue.cc:1048] T b1954387a2654f11b4fe71af68e632b1 P e18af27216bf4f3a8eb9fab1eab96006 [LEADER]: Connected to new peer: Peer: permanent_uuid: "a3cbc73a346343d08a64a866863b4a8d" member_type: VOTER last_known_addr { host: "127.10.245.66" port: 34217 }, Status: LMP_MISMATCH, Last received: 0.0, Next index: 2, Last known committed idx: 1, Time since last communication: 0.000s
I20260709 12:08:23.297675 11221 auto_leader_rebalancer.cc:141] leader rebalance for table test-workload
I20260709 12:08:23.302533 11221 auto_leader_rebalancer.cc:440] table: test-workload, leader rebalance finish, leader transfer count: 0
I20260709 12:08:23.302901 11221 auto_leader_rebalancer.cc:515] All tables' leader rebalancing finished this round
I20260709 12:08:24.303823 11221 auto_leader_rebalancer.cc:141] leader rebalance for table test-workload
I20260709 12:08:24.308569 11221 auto_leader_rebalancer.cc:440] table: test-workload, leader rebalance finish, leader transfer count: 0
I20260709 12:08:24.308996 11221 auto_leader_rebalancer.cc:515] All tables' leader rebalancing finished this round
I20260709 12:08:25.309765 11221 auto_leader_rebalancer.cc:141] leader rebalance for table test-workload
I20260709 12:08:25.314499 11221 auto_leader_rebalancer.cc:440] table: test-workload, leader rebalance finish, leader transfer count: 0
I20260709 12:08:25.314847 11221 auto_leader_rebalancer.cc:515] All tables' leader rebalancing finished this round
I20260709 12:08:26.436067 11221 auto_leader_rebalancer.cc:141] leader rebalance for table test-workload
I20260709 12:08:26.440847 11221 auto_leader_rebalancer.cc:440] table: test-workload, leader rebalance finish, leader transfer count: 0
I20260709 12:08:26.441215 11221 auto_leader_rebalancer.cc:515] All tables' leader rebalancing finished this round
W20260709 12:08:26.506776 11526 debug-util.cc:398] Leaking SignalData structure 0x7b080016c060 after lost signal to thread 11224
W20260709 12:08:26.507774 11526 debug-util.cc:398] Leaking SignalData structure 0x7b080016c740 after lost signal to thread 11287
W20260709 12:08:26.508708 11526 debug-util.cc:398] Leaking SignalData structure 0x7b08001ece00 after lost signal to thread 11380
W20260709 12:08:26.509593 11526 debug-util.cc:398] Leaking SignalData structure 0x7b08001f3e20 after lost signal to thread 11455
W20260709 12:08:26.510480 11526 debug-util.cc:398] Leaking SignalData structure 0x7b08001a8600 after lost signal to thread 11529
I20260709 12:08:27.442116 11221 auto_leader_rebalancer.cc:141] leader rebalance for table test-workload
I20260709 12:08:27.446707 11221 auto_leader_rebalancer.cc:440] table: test-workload, leader rebalance finish, leader transfer count: 0
I20260709 12:08:27.447077 11221 auto_leader_rebalancer.cc:515] All tables' leader rebalancing finished this round
I20260709 12:08:28.447885 11221 auto_leader_rebalancer.cc:141] leader rebalance for table test-workload
I20260709 12:08:28.452534 11221 auto_leader_rebalancer.cc:440] table: test-workload, leader rebalance finish, leader transfer count: 0
I20260709 12:08:28.452929 11221 auto_leader_rebalancer.cc:515] All tables' leader rebalancing finished this round
I20260709 12:08:29.453836 11221 auto_leader_rebalancer.cc:141] leader rebalance for table test-workload
I20260709 12:08:29.458521 11221 auto_leader_rebalancer.cc:440] table: test-workload, leader rebalance finish, leader transfer count: 0
I20260709 12:08:29.458840 11221 auto_leader_rebalancer.cc:515] All tables' leader rebalancing finished this round
I20260709 12:08:30.459591 11221 auto_leader_rebalancer.cc:141] leader rebalance for table test-workload
I20260709 12:08:30.464457 11221 auto_leader_rebalancer.cc:440] table: test-workload, leader rebalance finish, leader transfer count: 0
I20260709 12:08:30.464836 11221 auto_leader_rebalancer.cc:515] All tables' leader rebalancing finished this round
I20260709 12:08:31.465677 11221 auto_leader_rebalancer.cc:141] leader rebalance for table test-workload
I20260709 12:08:31.470494 11221 auto_leader_rebalancer.cc:440] table: test-workload, leader rebalance finish, leader transfer count: 0
I20260709 12:08:31.470860 11221 auto_leader_rebalancer.cc:515] All tables' leader rebalancing finished this round
I20260709 12:08:32.496533 11221 auto_leader_rebalancer-test.cc:313] The leader distribution is 
I20260709 12:08:32.501019 11354 tablet_service.cc:2072] Received LeaderStepDown RPC: tablet_id: "b1b9899a06504f77a570831b64fc6889"
dest_uuid: "78982a3684964fa9ac5e738c05c041d8"
mode: GRACEFUL
new_leader_uuid: "a3cbc73a346343d08a64a866863b4a8d"
 from {username='slave'} at 127.0.0.1:52772
I20260709 12:08:32.501644 11354 raft_consensus.cc:606] T b1b9899a06504f77a570831b64fc6889 P 78982a3684964fa9ac5e738c05c041d8 [term 2 LEADER]: Received request to transfer leadership to TS a3cbc73a346343d08a64a866863b4a8d
I20260709 12:08:32.506470 11503 tablet_service.cc:2072] Received LeaderStepDown RPC: tablet_id: "1f57ef41761a426398c53c4c1a7f5411"
dest_uuid: "e18af27216bf4f3a8eb9fab1eab96006"
mode: GRACEFUL
new_leader_uuid: "a3cbc73a346343d08a64a866863b4a8d"
 from {username='slave'} at 127.0.0.1:50382
I20260709 12:08:32.506924 11503 raft_consensus.cc:606] T 1f57ef41761a426398c53c4c1a7f5411 P e18af27216bf4f3a8eb9fab1eab96006 [term 2 LEADER]: Received request to transfer leadership to TS a3cbc73a346343d08a64a866863b4a8d
I20260709 12:08:32.511456 11354 tablet_service.cc:2072] Received LeaderStepDown RPC: tablet_id: "628cd734488346b58855ed0f3fab6394"
dest_uuid: "78982a3684964fa9ac5e738c05c041d8"
mode: GRACEFUL
new_leader_uuid: "a3cbc73a346343d08a64a866863b4a8d"
 from {username='slave'} at 127.0.0.1:52772
I20260709 12:08:32.511972 11354 raft_consensus.cc:606] T 628cd734488346b58855ed0f3fab6394 P 78982a3684964fa9ac5e738c05c041d8 [term 2 LEADER]: Received request to transfer leadership to TS a3cbc73a346343d08a64a866863b4a8d
I20260709 12:08:32.516181 11354 tablet_service.cc:2072] Received LeaderStepDown RPC: tablet_id: "379bdfd9e64b459fb5be1994d8cab237"
dest_uuid: "78982a3684964fa9ac5e738c05c041d8"
mode: GRACEFUL
new_leader_uuid: "a3cbc73a346343d08a64a866863b4a8d"
 from {username='slave'} at 127.0.0.1:52772
I20260709 12:08:32.516583 11354 raft_consensus.cc:606] T 379bdfd9e64b459fb5be1994d8cab237 P 78982a3684964fa9ac5e738c05c041d8 [term 2 LEADER]: Received request to transfer leadership to TS a3cbc73a346343d08a64a866863b4a8d
I20260709 12:08:32.525425 11503 tablet_service.cc:2072] Received LeaderStepDown RPC: tablet_id: "b1954387a2654f11b4fe71af68e632b1"
dest_uuid: "e18af27216bf4f3a8eb9fab1eab96006"
mode: GRACEFUL
new_leader_uuid: "a3cbc73a346343d08a64a866863b4a8d"
 from {username='slave'} at 127.0.0.1:50382
I20260709 12:08:32.525884 11503 raft_consensus.cc:606] T b1954387a2654f11b4fe71af68e632b1 P e18af27216bf4f3a8eb9fab1eab96006 [term 2 LEADER]: Received request to transfer leadership to TS a3cbc73a346343d08a64a866863b4a8d
I20260709 12:08:32.624467 11638 raft_consensus.cc:993] T b1b9899a06504f77a570831b64fc6889 P 78982a3684964fa9ac5e738c05c041d8: : Instructing follower a3cbc73a346343d08a64a866863b4a8d to start an election
I20260709 12:08:32.624861 11638 raft_consensus.cc:1081] T b1b9899a06504f77a570831b64fc6889 P 78982a3684964fa9ac5e738c05c041d8 [term 2 LEADER]: Signalling peer a3cbc73a346343d08a64a866863b4a8d to start an election
I20260709 12:08:32.626080 11431 tablet_service.cc:2044] Received Run Leader Election RPC: tablet_id: "b1b9899a06504f77a570831b64fc6889"
dest_uuid: "a3cbc73a346343d08a64a866863b4a8d"
 from {username='slave'} at 127.0.0.1:33836
I20260709 12:08:32.626483 11431 raft_consensus.cc:493] T b1b9899a06504f77a570831b64fc6889 P a3cbc73a346343d08a64a866863b4a8d [term 2 FOLLOWER]: Starting forced leader election (received explicit request)
I20260709 12:08:32.626768 11431 raft_consensus.cc:3060] T b1b9899a06504f77a570831b64fc6889 P a3cbc73a346343d08a64a866863b4a8d [term 2 FOLLOWER]: Advancing to term 3
I20260709 12:08:32.631085 11431 raft_consensus.cc:515] T b1b9899a06504f77a570831b64fc6889 P a3cbc73a346343d08a64a866863b4a8d [term 3 FOLLOWER]: Starting forced leader election with config: opid_index: -1 OBSOLETE_local: false peers { permanent_uuid: "a3cbc73a346343d08a64a866863b4a8d" member_type: VOTER last_known_addr { host: "127.10.245.66" port: 34217 } } peers { permanent_uuid: "78982a3684964fa9ac5e738c05c041d8" member_type: VOTER last_known_addr { host: "127.10.245.65" port: 41189 } } peers { permanent_uuid: "e18af27216bf4f3a8eb9fab1eab96006" member_type: VOTER last_known_addr { host: "127.10.245.67" port: 33103 } }
I20260709 12:08:32.632512 11431 leader_election.cc:290] T b1b9899a06504f77a570831b64fc6889 P a3cbc73a346343d08a64a866863b4a8d [CANDIDATE]: Term 3 election: Requested vote from peers 78982a3684964fa9ac5e738c05c041d8 (127.10.245.65:41189), e18af27216bf4f3a8eb9fab1eab96006 (127.10.245.67:33103)
I20260709 12:08:32.633330 11354 tablet_service.cc:1917] Received RequestConsensusVote() RPC: tablet_id: "b1b9899a06504f77a570831b64fc6889" candidate_uuid: "a3cbc73a346343d08a64a866863b4a8d" candidate_term: 3 candidate_status { last_received { term: 2 index: 2 } } ignore_live_leader: true dest_uuid: "78982a3684964fa9ac5e738c05c041d8"
I20260709 12:08:32.633540 11503 tablet_service.cc:1917] Received RequestConsensusVote() RPC: tablet_id: "b1b9899a06504f77a570831b64fc6889" candidate_uuid: "a3cbc73a346343d08a64a866863b4a8d" candidate_term: 3 candidate_status { last_received { term: 2 index: 2 } } ignore_live_leader: true dest_uuid: "e18af27216bf4f3a8eb9fab1eab96006"
I20260709 12:08:32.633888 11354 raft_consensus.cc:3055] T b1b9899a06504f77a570831b64fc6889 P 78982a3684964fa9ac5e738c05c041d8 [term 2 LEADER]: Stepping down as leader of term 2
I20260709 12:08:32.634055 11503 raft_consensus.cc:3060] T b1b9899a06504f77a570831b64fc6889 P e18af27216bf4f3a8eb9fab1eab96006 [term 2 FOLLOWER]: Advancing to term 3
I20260709 12:08:32.634202 11354 raft_consensus.cc:740] T b1b9899a06504f77a570831b64fc6889 P 78982a3684964fa9ac5e738c05c041d8 [term 2 LEADER]: Becoming Follower/Learner. State: Replica: 78982a3684964fa9ac5e738c05c041d8, State: Running, Role: LEADER
I20260709 12:08:32.634919 11354 consensus_queue.cc:260] T b1b9899a06504f77a570831b64fc6889 P 78982a3684964fa9ac5e738c05c041d8 [NON_LEADER]: Queue going to NON_LEADER mode. State: All replicated index: 0, Majority replicated index: 2, Committed index: 2, Last appended: 2.2, Last appended by leader: 2, Current term: 2, Majority size: -1, State: 0, Mode: NON_LEADER, active raft config: opid_index: -1 OBSOLETE_local: false peers { permanent_uuid: "a3cbc73a346343d08a64a866863b4a8d" member_type: VOTER last_known_addr { host: "127.10.245.66" port: 34217 } } peers { permanent_uuid: "78982a3684964fa9ac5e738c05c041d8" member_type: VOTER last_known_addr { host: "127.10.245.65" port: 41189 } } peers { permanent_uuid: "e18af27216bf4f3a8eb9fab1eab96006" member_type: VOTER last_known_addr { host: "127.10.245.67" port: 33103 } }
I20260709 12:08:32.635819 11354 raft_consensus.cc:3060] T b1b9899a06504f77a570831b64fc6889 P 78982a3684964fa9ac5e738c05c041d8 [term 2 FOLLOWER]: Advancing to term 3
I20260709 12:08:32.638365 11503 raft_consensus.cc:2468] T b1b9899a06504f77a570831b64fc6889 P e18af27216bf4f3a8eb9fab1eab96006 [term 3 FOLLOWER]: Leader election vote request: Granting yes vote for candidate a3cbc73a346343d08a64a866863b4a8d in term 3.
I20260709 12:08:32.639451 11397 leader_election.cc:304] T b1b9899a06504f77a570831b64fc6889 P a3cbc73a346343d08a64a866863b4a8d [CANDIDATE]: Term 3 election: Election decided. Result: candidate won. Election summary: received 2 responses out of 3 voters: 2 yes votes; 0 no votes. yes voters: a3cbc73a346343d08a64a866863b4a8d, e18af27216bf4f3a8eb9fab1eab96006; no voters: 
I20260709 12:08:32.639612 11354 raft_consensus.cc:2468] T b1b9899a06504f77a570831b64fc6889 P 78982a3684964fa9ac5e738c05c041d8 [term 3 FOLLOWER]: Leader election vote request: Granting yes vote for candidate a3cbc73a346343d08a64a866863b4a8d in term 3.
I20260709 12:08:32.640219 11661 raft_consensus.cc:2804] T b1b9899a06504f77a570831b64fc6889 P a3cbc73a346343d08a64a866863b4a8d [term 3 FOLLOWER]: Leader election won for term 3
I20260709 12:08:32.641088 11661 raft_consensus.cc:697] T b1b9899a06504f77a570831b64fc6889 P a3cbc73a346343d08a64a866863b4a8d [term 3 LEADER]: Becoming Leader. State: Replica: a3cbc73a346343d08a64a866863b4a8d, State: Running, Role: LEADER
