I20260709 12:08:29.683869  6280 raft_consensus.cc:3060] T ef51867618e94a4088cdc323e91ad5fe P 1b9d17437a9b47b9a1ac5603d3ab8bda [term 3 FOLLOWER]: Advancing to term 4
I20260709 12:08:29.687527  6280 raft_consensus.cc:515] T ef51867618e94a4088cdc323e91ad5fe P 1b9d17437a9b47b9a1ac5603d3ab8bda [term 4 FOLLOWER]: Starting forced leader election with config: opid_index: -1 OBSOLETE_local: false peers { permanent_uuid: "ca9726f897fc4b0aa8b54efae7677ad1" member_type: VOTER last_known_addr { host: "127.5.238.1" port: 35537 } } peers { permanent_uuid: "1b9d17437a9b47b9a1ac5603d3ab8bda" member_type: VOTER last_known_addr { host: "127.5.238.2" port: 41121 } } peers { permanent_uuid: "c563e0cdd56c491dae6c412ee9796f87" member_type: VOTER last_known_addr { host: "127.5.238.3" port: 36649 } }
I20260709 12:08:29.688733  6280 leader_election.cc:290] T ef51867618e94a4088cdc323e91ad5fe P 1b9d17437a9b47b9a1ac5603d3ab8bda [CANDIDATE]: Term 4 election: Requested vote from peers ca9726f897fc4b0aa8b54efae7677ad1 (127.5.238.1:35537), c563e0cdd56c491dae6c412ee9796f87 (127.5.238.3:36649)
I20260709 12:08:29.689388  6205 tablet_service.cc:1917] Received RequestConsensusVote() RPC: tablet_id: "ef51867618e94a4088cdc323e91ad5fe" candidate_uuid: "1b9d17437a9b47b9a1ac5603d3ab8bda" candidate_term: 4 candidate_status { last_received { term: 3 index: 3 } } ignore_live_leader: true dest_uuid: "ca9726f897fc4b0aa8b54efae7677ad1"
I20260709 12:08:29.689528  6356 tablet_service.cc:1917] Received RequestConsensusVote() RPC: tablet_id: "ef51867618e94a4088cdc323e91ad5fe" candidate_uuid: "1b9d17437a9b47b9a1ac5603d3ab8bda" candidate_term: 4 candidate_status { last_received { term: 3 index: 3 } } ignore_live_leader: true dest_uuid: "c563e0cdd56c491dae6c412ee9796f87"
I20260709 12:08:29.689854  6205 raft_consensus.cc:3060] T ef51867618e94a4088cdc323e91ad5fe P ca9726f897fc4b0aa8b54efae7677ad1 [term 3 FOLLOWER]: Advancing to term 4
I20260709 12:08:29.689945  6356 raft_consensus.cc:3055] T ef51867618e94a4088cdc323e91ad5fe P c563e0cdd56c491dae6c412ee9796f87 [term 3 LEADER]: Stepping down as leader of term 3
I20260709 12:08:29.690222  6356 raft_consensus.cc:740] T ef51867618e94a4088cdc323e91ad5fe P c563e0cdd56c491dae6c412ee9796f87 [term 3 LEADER]: Becoming Follower/Learner. State: Replica: c563e0cdd56c491dae6c412ee9796f87, State: Running, Role: LEADER
I20260709 12:08:29.690862  6356 consensus_queue.cc:260] T ef51867618e94a4088cdc323e91ad5fe P c563e0cdd56c491dae6c412ee9796f87 [NON_LEADER]: Queue going to NON_LEADER mode. State: All replicated index: 0, Majority replicated index: 3, Committed index: 3, Last appended: 3.3, Last appended by leader: 3, Current term: 3, Majority size: -1, State: 0, Mode: NON_LEADER, active raft config: opid_index: -1 OBSOLETE_local: false peers { permanent_uuid: "ca9726f897fc4b0aa8b54efae7677ad1" member_type: VOTER last_known_addr { host: "127.5.238.1" port: 35537 } } peers { permanent_uuid: "1b9d17437a9b47b9a1ac5603d3ab8bda" member_type: VOTER last_known_addr { host: "127.5.238.2" port: 41121 } } peers { permanent_uuid: "c563e0cdd56c491dae6c412ee9796f87" member_type: VOTER last_known_addr { host: "127.5.238.3" port: 36649 } }
I20260709 12:08:29.691789  6356 raft_consensus.cc:3060] T ef51867618e94a4088cdc323e91ad5fe P c563e0cdd56c491dae6c412ee9796f87 [term 3 FOLLOWER]: Advancing to term 4
I20260709 12:08:29.692576  6355 raft_consensus.cc:1275] T b926a7fcf7cb4df59e666e986d468dd7 P c563e0cdd56c491dae6c412ee9796f87 [term 3 FOLLOWER]: Refusing update from remote peer 1b9d17437a9b47b9a1ac5603d3ab8bda: Log matching property violated. Preceding OpId in replica: term: 2 index: 2. Preceding OpId from leader: term: 3 index: 3. (index mismatch)
I20260709 12:08:29.693794  6428 consensus_queue.cc:1048] T b926a7fcf7cb4df59e666e986d468dd7 P 1b9d17437a9b47b9a1ac5603d3ab8bda [LEADER]: Connected to new peer: Peer: permanent_uuid: "c563e0cdd56c491dae6c412ee9796f87" member_type: VOTER last_known_addr { host: "127.5.238.3" port: 36649 }, Status: LMP_MISMATCH, Last received: 0.0, Next index: 3, Last known committed idx: 2, Time since last communication: 0.000s
I20260709 12:08:29.694089  6205 raft_consensus.cc:2468] T ef51867618e94a4088cdc323e91ad5fe P ca9726f897fc4b0aa8b54efae7677ad1 [term 4 FOLLOWER]: Leader election vote request: Granting yes vote for candidate 1b9d17437a9b47b9a1ac5603d3ab8bda in term 4.
I20260709 12:08:29.694955  6248 leader_election.cc:304] T ef51867618e94a4088cdc323e91ad5fe P 1b9d17437a9b47b9a1ac5603d3ab8bda [CANDIDATE]: Term 4 election: Election decided. Result: candidate won. Election summary: received 2 responses out of 3 voters: 2 yes votes; 0 no votes. yes voters: 1b9d17437a9b47b9a1ac5603d3ab8bda, ca9726f897fc4b0aa8b54efae7677ad1; no voters: 
I20260709 12:08:29.695643  6428 raft_consensus.cc:2804] T ef51867618e94a4088cdc323e91ad5fe P 1b9d17437a9b47b9a1ac5603d3ab8bda [term 4 FOLLOWER]: Leader election won for term 4
I20260709 12:08:29.695958  6428 raft_consensus.cc:697] T ef51867618e94a4088cdc323e91ad5fe P 1b9d17437a9b47b9a1ac5603d3ab8bda [term 4 LEADER]: Becoming Leader. State: Replica: 1b9d17437a9b47b9a1ac5603d3ab8bda, State: Running, Role: LEADER
I20260709 12:08:29.696676  6428 consensus_queue.cc:237] T ef51867618e94a4088cdc323e91ad5fe P 1b9d17437a9b47b9a1ac5603d3ab8bda [LEADER]: Queue going to LEADER mode. State: All replicated index: 0, Majority replicated index: 3, Committed index: 3, Last appended: 3.3, Last appended by leader: 3, Current term: 4, Majority size: 2, State: 0, Mode: LEADER, active raft config: opid_index: -1 OBSOLETE_local: false peers { permanent_uuid: "ca9726f897fc4b0aa8b54efae7677ad1" member_type: VOTER last_known_addr { host: "127.5.238.1" port: 35537 } } peers { permanent_uuid: "1b9d17437a9b47b9a1ac5603d3ab8bda" member_type: VOTER last_known_addr { host: "127.5.238.2" port: 41121 } } peers { permanent_uuid: "c563e0cdd56c491dae6c412ee9796f87" member_type: VOTER last_known_addr { host: "127.5.238.3" port: 36649 } }
I20260709 12:08:29.696944  6356 raft_consensus.cc:2468] T ef51867618e94a4088cdc323e91ad5fe P c563e0cdd56c491dae6c412ee9796f87 [term 4 FOLLOWER]: Leader election vote request: Granting yes vote for candidate 1b9d17437a9b47b9a1ac5603d3ab8bda in term 4.
I20260709 12:08:29.704450  6102 catalog_manager.cc:5697] T ef51867618e94a4088cdc323e91ad5fe P 1b9d17437a9b47b9a1ac5603d3ab8bda reported cstate change: term changed from 3 to 4, leader changed from c563e0cdd56c491dae6c412ee9796f87 (127.5.238.3) to 1b9d17437a9b47b9a1ac5603d3ab8bda (127.5.238.2). New cstate: current_term: 4 leader_uuid: "1b9d17437a9b47b9a1ac5603d3ab8bda" committed_config { opid_index: -1 OBSOLETE_local: false peers { permanent_uuid: "ca9726f897fc4b0aa8b54efae7677ad1" member_type: VOTER last_known_addr { host: "127.5.238.1" port: 35537 } health_report { overall_health: UNKNOWN } } peers { permanent_uuid: "1b9d17437a9b47b9a1ac5603d3ab8bda" member_type: VOTER last_known_addr { host: "127.5.238.2" port: 41121 } health_report { overall_health: HEALTHY } } peers { permanent_uuid: "c563e0cdd56c491dae6c412ee9796f87" member_type: VOTER last_known_addr { host: "127.5.238.3" port: 36649 } health_report { overall_health: UNKNOWN } } }
I20260709 12:08:29.705485  6205 raft_consensus.cc:1275] T b926a7fcf7cb4df59e666e986d468dd7 P ca9726f897fc4b0aa8b54efae7677ad1 [term 3 FOLLOWER]: Refusing update from remote peer 1b9d17437a9b47b9a1ac5603d3ab8bda: Log matching property violated. Preceding OpId in replica: term: 2 index: 2. Preceding OpId from leader: term: 3 index: 3. (index mismatch)
I20260709 12:08:29.707003  6540 consensus_queue.cc:1048] T b926a7fcf7cb4df59e666e986d468dd7 P 1b9d17437a9b47b9a1ac5603d3ab8bda [LEADER]: Connected to new peer: Peer: permanent_uuid: "ca9726f897fc4b0aa8b54efae7677ad1" member_type: VOTER last_known_addr { host: "127.5.238.1" port: 35537 }, Status: LMP_MISMATCH, Last received: 0.0, Next index: 3, Last known committed idx: 2, Time since last communication: 0.001s
I20260709 12:08:29.719391  6355 raft_consensus.cc:1275] T 46754fb1e1b24822911dd1af27bc86f0 P c563e0cdd56c491dae6c412ee9796f87 [term 2 FOLLOWER]: Refusing update from remote peer 1b9d17437a9b47b9a1ac5603d3ab8bda: Log matching property violated. Preceding OpId in replica: term: 1 index: 1. Preceding OpId from leader: term: 2 index: 2. (index mismatch)
I20260709 12:08:29.720492  6528 consensus_queue.cc:1048] T 46754fb1e1b24822911dd1af27bc86f0 P 1b9d17437a9b47b9a1ac5603d3ab8bda [LEADER]: Connected to new peer: Peer: permanent_uuid: "c563e0cdd56c491dae6c412ee9796f87" member_type: VOTER last_known_addr { host: "127.5.238.3" port: 36649 }, Status: LMP_MISMATCH, Last received: 0.0, Next index: 2, Last known committed idx: 1, Time since last communication: 0.000s
I20260709 12:08:29.730510  6205 raft_consensus.cc:1275] T 46754fb1e1b24822911dd1af27bc86f0 P ca9726f897fc4b0aa8b54efae7677ad1 [term 2 FOLLOWER]: Refusing update from remote peer 1b9d17437a9b47b9a1ac5603d3ab8bda: Log matching property violated. Preceding OpId in replica: term: 1 index: 1. Preceding OpId from leader: term: 2 index: 2. (index mismatch)
I20260709 12:08:29.732916  6540 consensus_queue.cc:1048] T 46754fb1e1b24822911dd1af27bc86f0 P 1b9d17437a9b47b9a1ac5603d3ab8bda [LEADER]: Connected to new peer: Peer: permanent_uuid: "ca9726f897fc4b0aa8b54efae7677ad1" member_type: VOTER last_known_addr { host: "127.5.238.1" port: 35537 }, Status: LMP_MISMATCH, Last received: 0.0, Next index: 2, Last known committed idx: 1, Time since last communication: 0.000s
I20260709 12:08:29.910403  6355 raft_consensus.cc:1275] T 901826eef13247d9abed518344767728 P c563e0cdd56c491dae6c412ee9796f87 [term 2 FOLLOWER]: Refusing update from remote peer 1b9d17437a9b47b9a1ac5603d3ab8bda: Log matching property violated. Preceding OpId in replica: term: 1 index: 1. Preceding OpId from leader: term: 2 index: 2. (index mismatch)
I20260709 12:08:29.911602  6545 consensus_queue.cc:1048] T 901826eef13247d9abed518344767728 P 1b9d17437a9b47b9a1ac5603d3ab8bda [LEADER]: Connected to new peer: Peer: permanent_uuid: "c563e0cdd56c491dae6c412ee9796f87" member_type: VOTER last_known_addr { host: "127.5.238.3" port: 36649 }, Status: LMP_MISMATCH, Last received: 0.0, Next index: 2, Last known committed idx: 1, Time since last communication: 0.000s
I20260709 12:08:29.919159  6206 raft_consensus.cc:1275] T 901826eef13247d9abed518344767728 P ca9726f897fc4b0aa8b54efae7677ad1 [term 2 FOLLOWER]: Refusing update from remote peer 1b9d17437a9b47b9a1ac5603d3ab8bda: Log matching property violated. Preceding OpId in replica: term: 1 index: 1. Preceding OpId from leader: term: 2 index: 2. (index mismatch)
I20260709 12:08:29.920462  6545 consensus_queue.cc:1048] T 901826eef13247d9abed518344767728 P 1b9d17437a9b47b9a1ac5603d3ab8bda [LEADER]: Connected to new peer: Peer: permanent_uuid: "ca9726f897fc4b0aa8b54efae7677ad1" member_type: VOTER last_known_addr { host: "127.5.238.1" port: 35537 }, Status: LMP_MISMATCH, Last received: 0.0, Next index: 2, Last known committed idx: 1, Time since last communication: 0.000s
I20260709 12:08:30.091068  6355 raft_consensus.cc:1275] T ef51867618e94a4088cdc323e91ad5fe P c563e0cdd56c491dae6c412ee9796f87 [term 4 FOLLOWER]: Refusing update from remote peer 1b9d17437a9b47b9a1ac5603d3ab8bda: Log matching property violated. Preceding OpId in replica: term: 3 index: 3. Preceding OpId from leader: term: 4 index: 4. (index mismatch)
I20260709 12:08:30.092092  6540 consensus_queue.cc:1048] T ef51867618e94a4088cdc323e91ad5fe P 1b9d17437a9b47b9a1ac5603d3ab8bda [LEADER]: Connected to new peer: Peer: permanent_uuid: "c563e0cdd56c491dae6c412ee9796f87" member_type: VOTER last_known_addr { host: "127.5.238.3" port: 36649 }, Status: LMP_MISMATCH, Last received: 0.0, Next index: 4, Last known committed idx: 3, Time since last communication: 0.000s
I20260709 12:08:30.100234  6205 raft_consensus.cc:1275] T ef51867618e94a4088cdc323e91ad5fe P ca9726f897fc4b0aa8b54efae7677ad1 [term 4 FOLLOWER]: Refusing update from remote peer 1b9d17437a9b47b9a1ac5603d3ab8bda: Log matching property violated. Preceding OpId in replica: term: 3 index: 3. Preceding OpId from leader: term: 4 index: 4. (index mismatch)
I20260709 12:08:30.102165  6540 consensus_queue.cc:1048] T ef51867618e94a4088cdc323e91ad5fe P 1b9d17437a9b47b9a1ac5603d3ab8bda [LEADER]: Connected to new peer: Peer: permanent_uuid: "ca9726f897fc4b0aa8b54efae7677ad1" member_type: VOTER last_known_addr { host: "127.5.238.1" port: 35537 }, Status: LMP_MISMATCH, Last received: 0.0, Next index: 4, Last known committed idx: 3, Time since last communication: 0.000s
I20260709 12:08:30.116178  6205 raft_consensus.cc:1275] T 3645f656ae0e492e96e6bc96725c5601 P ca9726f897fc4b0aa8b54efae7677ad1 [term 4 FOLLOWER]: Refusing update from remote peer 1b9d17437a9b47b9a1ac5603d3ab8bda: Log matching property violated. Preceding OpId in replica: term: 3 index: 3. Preceding OpId from leader: term: 4 index: 4. (index mismatch)
I20260709 12:08:30.117159  6540 consensus_queue.cc:1048] T 3645f656ae0e492e96e6bc96725c5601 P 1b9d17437a9b47b9a1ac5603d3ab8bda [LEADER]: Connected to new peer: Peer: permanent_uuid: "ca9726f897fc4b0aa8b54efae7677ad1" member_type: VOTER last_known_addr { host: "127.5.238.1" port: 35537 }, Status: LMP_MISMATCH, Last received: 0.0, Next index: 4, Last known committed idx: 3, Time since last communication: 0.000s
I20260709 12:08:30.124223  6355 raft_consensus.cc:1275] T 3645f656ae0e492e96e6bc96725c5601 P c563e0cdd56c491dae6c412ee9796f87 [term 4 FOLLOWER]: Refusing update from remote peer 1b9d17437a9b47b9a1ac5603d3ab8bda: Log matching property violated. Preceding OpId in replica: term: 3 index: 3. Preceding OpId from leader: term: 4 index: 4. (index mismatch)
I20260709 12:08:30.126528  6545 consensus_queue.cc:1048] T 3645f656ae0e492e96e6bc96725c5601 P 1b9d17437a9b47b9a1ac5603d3ab8bda [LEADER]: Connected to new peer: Peer: permanent_uuid: "c563e0cdd56c491dae6c412ee9796f87" member_type: VOTER last_known_addr { host: "127.5.238.3" port: 36649 }, Status: LMP_MISMATCH, Last received: 0.0, Next index: 4, Last known committed idx: 3, Time since last communication: 0.000s
I20260709 12:08:32.303828  6072 auto_leader_rebalancer-test.cc:328] The leader distribution is 
I20260709 12:08:32.304616  6072 auto_leader_rebalancer.cc:141] leader rebalance for table test-workload
I20260709 12:08:32.311442  6280 tablet_service.cc:2072] Received LeaderStepDown RPC: tablet_id: "901826eef13247d9abed518344767728"
dest_uuid: "1b9d17437a9b47b9a1ac5603d3ab8bda"
mode: GRACEFUL
new_leader_uuid: "ca9726f897fc4b0aa8b54efae7677ad1"
 from {username='slave'} at 127.0.0.1:48254
I20260709 12:08:32.312057  6280 raft_consensus.cc:606] T 901826eef13247d9abed518344767728 P 1b9d17437a9b47b9a1ac5603d3ab8bda [term 2 LEADER]: Received request to transfer leadership to TS ca9726f897fc4b0aa8b54efae7677ad1
I20260709 12:08:32.314206  6280 tablet_service.cc:2072] Received LeaderStepDown RPC: tablet_id: "955f825ede3745059c918c282e856c1f"
dest_uuid: "1b9d17437a9b47b9a1ac5603d3ab8bda"
mode: GRACEFUL
new_leader_uuid: "ca9726f897fc4b0aa8b54efae7677ad1"
 from {username='slave'} at 127.0.0.1:48254
I20260709 12:08:32.314613  6280 raft_consensus.cc:606] T 955f825ede3745059c918c282e856c1f P 1b9d17437a9b47b9a1ac5603d3ab8bda [term 2 LEADER]: Received request to transfer leadership to TS ca9726f897fc4b0aa8b54efae7677ad1
I20260709 12:08:32.316486  6280 tablet_service.cc:2072] Received LeaderStepDown RPC: tablet_id: "b926a7fcf7cb4df59e666e986d468dd7"
dest_uuid: "1b9d17437a9b47b9a1ac5603d3ab8bda"
mode: GRACEFUL
new_leader_uuid: "c563e0cdd56c491dae6c412ee9796f87"
 from {username='slave'} at 127.0.0.1:48254
I20260709 12:08:32.316911  6280 raft_consensus.cc:606] T b926a7fcf7cb4df59e666e986d468dd7 P 1b9d17437a9b47b9a1ac5603d3ab8bda [term 3 LEADER]: Received request to transfer leadership to TS c563e0cdd56c491dae6c412ee9796f87
I20260709 12:08:32.318814  6280 tablet_service.cc:2072] Received LeaderStepDown RPC: tablet_id: "ba12a6b518cb4d76b3f2198ec456030c"
dest_uuid: "1b9d17437a9b47b9a1ac5603d3ab8bda"
mode: GRACEFUL
new_leader_uuid: "ca9726f897fc4b0aa8b54efae7677ad1"
 from {username='slave'} at 127.0.0.1:48254
I20260709 12:08:32.319247  6280 raft_consensus.cc:606] T ba12a6b518cb4d76b3f2198ec456030c P 1b9d17437a9b47b9a1ac5603d3ab8bda [term 2 LEADER]: Received request to transfer leadership to TS ca9726f897fc4b0aa8b54efae7677ad1
I20260709 12:08:32.321332  6280 tablet_service.cc:2072] Received LeaderStepDown RPC: tablet_id: "e62bc9a6a9214ff28713043c6356436e"
dest_uuid: "1b9d17437a9b47b9a1ac5603d3ab8bda"
mode: GRACEFUL
new_leader_uuid: "c563e0cdd56c491dae6c412ee9796f87"
 from {username='slave'} at 127.0.0.1:48254
I20260709 12:08:32.321803  6280 raft_consensus.cc:606] T e62bc9a6a9214ff28713043c6356436e P 1b9d17437a9b47b9a1ac5603d3ab8bda [term 2 LEADER]: Received request to transfer leadership to TS c563e0cdd56c491dae6c412ee9796f87
I20260709 12:08:32.322669  6428 raft_consensus.cc:993] T b926a7fcf7cb4df59e666e986d468dd7 P 1b9d17437a9b47b9a1ac5603d3ab8bda: : Instructing follower c563e0cdd56c491dae6c412ee9796f87 to start an election
I20260709 12:08:32.322875  6072 auto_leader_rebalancer.cc:440] table: test-workload, leader rebalance finish, leader transfer count: 5
I20260709 12:08:32.323191  6554 raft_consensus.cc:1081] T b926a7fcf7cb4df59e666e986d468dd7 P 1b9d17437a9b47b9a1ac5603d3ab8bda [term 3 LEADER]: Signalling peer c563e0cdd56c491dae6c412ee9796f87 to start an election
I20260709 12:08:32.323405  6072 auto_leader_rebalancer.cc:515] All tables' leader rebalancing finished this round
I20260709 12:08:32.324703  6355 tablet_service.cc:2044] Received Run Leader Election RPC: tablet_id: "b926a7fcf7cb4df59e666e986d468dd7"
dest_uuid: "c563e0cdd56c491dae6c412ee9796f87"
 from {username='slave'} at 127.0.0.1:48872
I20260709 12:08:32.325114  6355 raft_consensus.cc:493] T b926a7fcf7cb4df59e666e986d468dd7 P c563e0cdd56c491dae6c412ee9796f87 [term 3 FOLLOWER]: Starting forced leader election (received explicit request)
I20260709 12:08:32.325435  6355 raft_consensus.cc:3060] T b926a7fcf7cb4df59e666e986d468dd7 P c563e0cdd56c491dae6c412ee9796f87 [term 3 FOLLOWER]: Advancing to term 4
I20260709 12:08:32.330535  6355 raft_consensus.cc:515] T b926a7fcf7cb4df59e666e986d468dd7 P c563e0cdd56c491dae6c412ee9796f87 [term 4 FOLLOWER]: Starting forced leader election with config: opid_index: -1 OBSOLETE_local: false peers { permanent_uuid: "ca9726f897fc4b0aa8b54efae7677ad1" member_type: VOTER last_known_addr { host: "127.5.238.1" port: 35537 } } peers { permanent_uuid: "1b9d17437a9b47b9a1ac5603d3ab8bda" member_type: VOTER last_known_addr { host: "127.5.238.2" port: 41121 } } peers { permanent_uuid: "c563e0cdd56c491dae6c412ee9796f87" member_type: VOTER last_known_addr { host: "127.5.238.3" port: 36649 } }
I20260709 12:08:32.332484  6355 leader_election.cc:290] T b926a7fcf7cb4df59e666e986d468dd7 P c563e0cdd56c491dae6c412ee9796f87 [CANDIDATE]: Term 4 election: Requested vote from peers ca9726f897fc4b0aa8b54efae7677ad1 (127.5.238.1:35537), 1b9d17437a9b47b9a1ac5603d3ab8bda (127.5.238.2:41121)
I20260709 12:08:32.333339  6205 tablet_service.cc:1917] Received RequestConsensusVote() RPC: tablet_id: "b926a7fcf7cb4df59e666e986d468dd7" candidate_uuid: "c563e0cdd56c491dae6c412ee9796f87" candidate_term: 4 candidate_status { last_received { term: 3 index: 3 } } ignore_live_leader: true dest_uuid: "ca9726f897fc4b0aa8b54efae7677ad1"
I20260709 12:08:32.333346  6280 tablet_service.cc:1917] Received RequestConsensusVote() RPC: tablet_id: "b926a7fcf7cb4df59e666e986d468dd7" candidate_uuid: "c563e0cdd56c491dae6c412ee9796f87" candidate_term: 4 candidate_status { last_received { term: 3 index: 3 } } ignore_live_leader: true dest_uuid: "1b9d17437a9b47b9a1ac5603d3ab8bda"
I20260709 12:08:32.334100  6205 raft_consensus.cc:3060] T b926a7fcf7cb4df59e666e986d468dd7 P ca9726f897fc4b0aa8b54efae7677ad1 [term 3 FOLLOWER]: Advancing to term 4
I20260709 12:08:32.334144  6280 raft_consensus.cc:3055] T b926a7fcf7cb4df59e666e986d468dd7 P 1b9d17437a9b47b9a1ac5603d3ab8bda [term 3 LEADER]: Stepping down as leader of term 3
I20260709 12:08:32.334455  6280 raft_consensus.cc:740] T b926a7fcf7cb4df59e666e986d468dd7 P 1b9d17437a9b47b9a1ac5603d3ab8bda [term 3 LEADER]: Becoming Follower/Learner. State: Replica: 1b9d17437a9b47b9a1ac5603d3ab8bda, State: Running, Role: LEADER
I20260709 12:08:32.335067  6280 consensus_queue.cc:260] T b926a7fcf7cb4df59e666e986d468dd7 P 1b9d17437a9b47b9a1ac5603d3ab8bda [NON_LEADER]: Queue going to NON_LEADER mode. State: All replicated index: 0, Majority replicated index: 3, Committed index: 3, Last appended: 3.3, Last appended by leader: 3, Current term: 3, Majority size: -1, State: 0, Mode: NON_LEADER, active raft config: opid_index: -1 OBSOLETE_local: false peers { permanent_uuid: "ca9726f897fc4b0aa8b54efae7677ad1" member_type: VOTER last_known_addr { host: "127.5.238.1" port: 35537 } } peers { permanent_uuid: "1b9d17437a9b47b9a1ac5603d3ab8bda" member_type: VOTER last_known_addr { host: "127.5.238.2" port: 41121 } } peers { permanent_uuid: "c563e0cdd56c491dae6c412ee9796f87" member_type: VOTER last_known_addr { host: "127.5.238.3" port: 36649 } }
I20260709 12:08:32.335937  6280 raft_consensus.cc:3060] T b926a7fcf7cb4df59e666e986d468dd7 P 1b9d17437a9b47b9a1ac5603d3ab8bda [term 3 FOLLOWER]: Advancing to term 4
I20260709 12:08:32.338467  6205 raft_consensus.cc:2468] T b926a7fcf7cb4df59e666e986d468dd7 P ca9726f897fc4b0aa8b54efae7677ad1 [term 4 FOLLOWER]: Leader election vote request: Granting yes vote for candidate c563e0cdd56c491dae6c412ee9796f87 in term 4.
I20260709 12:08:32.339591  6322 leader_election.cc:304] T b926a7fcf7cb4df59e666e986d468dd7 P c563e0cdd56c491dae6c412ee9796f87 [CANDIDATE]: Term 4 election: Election decided. Result: candidate won. Election summary: received 2 responses out of 3 voters: 2 yes votes; 0 no votes. yes voters: c563e0cdd56c491dae6c412ee9796f87, ca9726f897fc4b0aa8b54efae7677ad1; no voters: 
I20260709 12:08:32.340487  6280 raft_consensus.cc:2468] T b926a7fcf7cb4df59e666e986d468dd7 P 1b9d17437a9b47b9a1ac5603d3ab8bda [term 4 FOLLOWER]: Leader election vote request: Granting yes vote for candidate c563e0cdd56c491dae6c412ee9796f87 in term 4.
I20260709 12:08:32.340435  6525 raft_consensus.cc:2804] T b926a7fcf7cb4df59e666e986d468dd7 P c563e0cdd56c491dae6c412ee9796f87 [term 4 FOLLOWER]: Leader election won for term 4
I20260709 12:08:32.341976  6525 raft_consensus.cc:697] T b926a7fcf7cb4df59e666e986d468dd7 P c563e0cdd56c491dae6c412ee9796f87 [term 4 LEADER]: Becoming Leader. State: Replica: c563e0cdd56c491dae6c412ee9796f87, State: Running, Role: LEADER
I20260709 12:08:32.342819  6525 consensus_queue.cc:237] T b926a7fcf7cb4df59e666e986d468dd7 P c563e0cdd56c491dae6c412ee9796f87 [LEADER]: Queue going to LEADER mode. State: All replicated index: 0, Majority replicated index: 3, Committed index: 3, Last appended: 3.3, Last appended by leader: 3, Current term: 4, Majority size: 2, State: 0, Mode: LEADER, active raft config: opid_index: -1 OBSOLETE_local: false peers { permanent_uuid: "ca9726f897fc4b0aa8b54efae7677ad1" member_type: VOTER last_known_addr { host: "127.5.238.1" port: 35537 } } peers { permanent_uuid: "1b9d17437a9b47b9a1ac5603d3ab8bda" member_type: VOTER last_known_addr { host: "127.5.238.2" port: 41121 } } peers { permanent_uuid: "c563e0cdd56c491dae6c412ee9796f87" member_type: VOTER last_known_addr { host: "127.5.238.3" port: 36649 } }
I20260709 12:08:32.349645  6102 catalog_manager.cc:5697] T b926a7fcf7cb4df59e666e986d468dd7 P c563e0cdd56c491dae6c412ee9796f87 reported cstate change: term changed from 3 to 4, leader changed from 1b9d17437a9b47b9a1ac5603d3ab8bda (127.5.238.2) to c563e0cdd56c491dae6c412ee9796f87 (127.5.238.3). New cstate: current_term: 4 leader_uuid: "c563e0cdd56c491dae6c412ee9796f87" committed_config { opid_index: -1 OBSOLETE_local: false peers { permanent_uuid: "ca9726f897fc4b0aa8b54efae7677ad1" member_type: VOTER last_known_addr { host: "127.5.238.1" port: 35537 } health_report { overall_health: UNKNOWN } } peers { permanent_uuid: "1b9d17437a9b47b9a1ac5603d3ab8bda" member_type: VOTER last_known_addr { host: "127.5.238.2" port: 41121 } health_report { overall_health: UNKNOWN } } peers { permanent_uuid: "c563e0cdd56c491dae6c412ee9796f87" member_type: VOTER last_known_addr { host: "127.5.238.3" port: 36649 } health_report { overall_health: HEALTHY } } }
I20260709 12:08:32.508641  6428 raft_consensus.cc:993] T 955f825ede3745059c918c282e856c1f P 1b9d17437a9b47b9a1ac5603d3ab8bda: : Instructing follower ca9726f897fc4b0aa8b54efae7677ad1 to start an election
I20260709 12:08:32.509032  6554 raft_consensus.cc:1081] T 955f825ede3745059c918c282e856c1f P 1b9d17437a9b47b9a1ac5603d3ab8bda [term 2 LEADER]: Signalling peer ca9726f897fc4b0aa8b54efae7677ad1 to start an election
I20260709 12:08:32.510237  6205 tablet_service.cc:2044] Received Run Leader Election RPC: tablet_id: "955f825ede3745059c918c282e856c1f"
dest_uuid: "ca9726f897fc4b0aa8b54efae7677ad1"
 from {username='slave'} at 127.0.0.1:54872
I20260709 12:08:32.510622  6205 raft_consensus.cc:493] T 955f825ede3745059c918c282e856c1f P ca9726f897fc4b0aa8b54efae7677ad1 [term 2 FOLLOWER]: Starting forced leader election (received explicit request)
I20260709 12:08:32.510876  6205 raft_consensus.cc:3060] T 955f825ede3745059c918c282e856c1f P ca9726f897fc4b0aa8b54efae7677ad1 [term 2 FOLLOWER]: Advancing to term 3
I20260709 12:08:32.514737  6205 raft_consensus.cc:515] T 955f825ede3745059c918c282e856c1f P ca9726f897fc4b0aa8b54efae7677ad1 [term 3 FOLLOWER]: Starting forced leader election with config: opid_index: -1 OBSOLETE_local: false peers { permanent_uuid: "ca9726f897fc4b0aa8b54efae7677ad1" member_type: VOTER last_known_addr { host: "127.5.238.1" port: 35537 } } peers { permanent_uuid: "1b9d17437a9b47b9a1ac5603d3ab8bda" member_type: VOTER last_known_addr { host: "127.5.238.2" port: 41121 } } peers { permanent_uuid: "c563e0cdd56c491dae6c412ee9796f87" member_type: VOTER last_known_addr { host: "127.5.238.3" port: 36649 } }
I20260709 12:08:32.516486  6205 leader_election.cc:290] T 955f825ede3745059c918c282e856c1f P ca9726f897fc4b0aa8b54efae7677ad1 [CANDIDATE]: Term 3 election: Requested vote from peers 1b9d17437a9b47b9a1ac5603d3ab8bda (127.5.238.2:41121), c563e0cdd56c491dae6c412ee9796f87 (127.5.238.3:36649)
I20260709 12:08:32.517192  6280 tablet_service.cc:1917] Received RequestConsensusVote() RPC: tablet_id: "955f825ede3745059c918c282e856c1f" candidate_uuid: "ca9726f897fc4b0aa8b54efae7677ad1" candidate_term: 3 candidate_status { last_received { term: 2 index: 2 } } ignore_live_leader: true dest_uuid: "1b9d17437a9b47b9a1ac5603d3ab8bda"
I20260709 12:08:32.517473  6355 tablet_service.cc:1917] Received RequestConsensusVote() RPC: tablet_id: "955f825ede3745059c918c282e856c1f" candidate_uuid: "ca9726f897fc4b0aa8b54efae7677ad1" candidate_term: 3 candidate_status { last_received { term: 2 index: 2 } } ignore_live_leader: true dest_uuid: "c563e0cdd56c491dae6c412ee9796f87"
I20260709 12:08:32.517725  6280 raft_consensus.cc:3055] T 955f825ede3745059c918c282e856c1f P 1b9d17437a9b47b9a1ac5603d3ab8bda [term 2 LEADER]: Stepping down as leader of term 2
I20260709 12:08:32.517959  6355 raft_consensus.cc:3060] T 955f825ede3745059c918c282e856c1f P c563e0cdd56c491dae6c412ee9796f87 [term 2 FOLLOWER]: Advancing to term 3
I20260709 12:08:32.517973  6280 raft_consensus.cc:740] T 955f825ede3745059c918c282e856c1f P 1b9d17437a9b47b9a1ac5603d3ab8bda [term 2 LEADER]: Becoming Follower/Learner. State: Replica: 1b9d17437a9b47b9a1ac5603d3ab8bda, State: Running, Role: LEADER
I20260709 12:08:32.518730  6280 consensus_queue.cc:260] T 955f825ede3745059c918c282e856c1f P 1b9d17437a9b47b9a1ac5603d3ab8bda [NON_LEADER]: Queue going to NON_LEADER mode. State: All replicated index: 0, Majority replicated index: 2, Committed index: 2, Last appended: 2.2, Last appended by leader: 2, Current term: 2, Majority size: -1, State: 0, Mode: NON_LEADER, active raft config: opid_index: -1 OBSOLETE_local: false peers { permanent_uuid: "ca9726f897fc4b0aa8b54efae7677ad1" member_type: VOTER last_known_addr { host: "127.5.238.1" port: 35537 } } peers { permanent_uuid: "1b9d17437a9b47b9a1ac5603d3ab8bda" member_type: VOTER last_known_addr { host: "127.5.238.2" port: 41121 } } peers { permanent_uuid: "c563e0cdd56c491dae6c412ee9796f87" member_type: VOTER last_known_addr { host: "127.5.238.3" port: 36649 } }
I20260709 12:08:32.519482  6280 raft_consensus.cc:3060] T 955f825ede3745059c918c282e856c1f P 1b9d17437a9b47b9a1ac5603d3ab8bda [term 2 FOLLOWER]: Advancing to term 3
I20260709 12:08:32.522269  6355 raft_consensus.cc:2468] T 955f825ede3745059c918c282e856c1f P c563e0cdd56c491dae6c412ee9796f87 [term 3 FOLLOWER]: Leader election vote request: Granting yes vote for candidate ca9726f897fc4b0aa8b54efae7677ad1 in term 3.
I20260709 12:08:32.523169  6280 raft_consensus.cc:2468] T 955f825ede3745059c918c282e856c1f P 1b9d17437a9b47b9a1ac5603d3ab8bda [term 3 FOLLOWER]: Leader election vote request: Granting yes vote for candidate ca9726f897fc4b0aa8b54efae7677ad1 in term 3.
I20260709 12:08:32.523243  6170 leader_election.cc:304] T 955f825ede3745059c918c282e856c1f P ca9726f897fc4b0aa8b54efae7677ad1 [CANDIDATE]: Term 3 election: Election decided. Result: candidate won. Election summary: received 2 responses out of 3 voters: 2 yes votes; 0 no votes. yes voters: c563e0cdd56c491dae6c412ee9796f87, ca9726f897fc4b0aa8b54efae7677ad1; no voters: 
I20260709 12:08:32.524725  6561 raft_consensus.cc:2804] T 955f825ede3745059c918c282e856c1f P ca9726f897fc4b0aa8b54efae7677ad1 [term 3 FOLLOWER]: Leader election won for term 3
I20260709 12:08:32.525660  6561 raft_consensus.cc:697] T 955f825ede3745059c918c282e856c1f P ca9726f897fc4b0aa8b54efae7677ad1 [term 3 LEADER]: Becoming Leader. State: Replica: ca9726f897fc4b0aa8b54efae7677ad1, State: Running, Role: LEADER
I20260709 12:08:32.526347  6561 consensus_queue.cc:237] T 955f825ede3745059c918c282e856c1f P ca9726f897fc4b0aa8b54efae7677ad1 [LEADER]: Queue going to LEADER mode. State: All replicated index: 0, Majority replicated index: 2, Committed index: 2, Last appended: 2.2, Last appended by leader: 2, Current term: 3, Majority size: 2, State: 0, Mode: LEADER, active raft config: opid_index: -1 OBSOLETE_local: false peers { permanent_uuid: "ca9726f897fc4b0aa8b54efae7677ad1" member_type: VOTER last_known_addr { host: "127.5.238.1" port: 35537 } } peers { permanent_uuid: "1b9d17437a9b47b9a1ac5603d3ab8bda" member_type: VOTER last_known_addr { host: "127.5.238.2" port: 41121 } } peers { permanent_uuid: "c563e0cdd56c491dae6c412ee9796f87" member_type: VOTER last_known_addr { host: "127.5.238.3" port: 36649 } }
I20260709 12:08:32.532781  6102 catalog_manager.cc:5697] T 955f825ede3745059c918c282e856c1f P ca9726f897fc4b0aa8b54efae7677ad1 reported cstate change: term changed from 2 to 3, leader changed from 1b9d17437a9b47b9a1ac5603d3ab8bda (127.5.238.2) to ca9726f897fc4b0aa8b54efae7677ad1 (127.5.238.1). New cstate: current_term: 3 leader_uuid: "ca9726f897fc4b0aa8b54efae7677ad1" committed_config { opid_index: -1 OBSOLETE_local: false peers { permanent_uuid: "ca9726f897fc4b0aa8b54efae7677ad1" member_type: VOTER last_known_addr { host: "127.5.238.1" port: 35537 } health_report { overall_health: HEALTHY } } peers { permanent_uuid: "1b9d17437a9b47b9a1ac5603d3ab8bda" member_type: VOTER last_known_addr { host: "127.5.238.2" port: 41121 } health_report { overall_health: UNKNOWN } } peers { permanent_uuid: "c563e0cdd56c491dae6c412ee9796f87" member_type: VOTER last_known_addr { host: "127.5.238.3" port: 36649 } health_report { overall_health: UNKNOWN } } }
I20260709 12:08:32.583132  6428 raft_consensus.cc:993] T e62bc9a6a9214ff28713043c6356436e P 1b9d17437a9b47b9a1ac5603d3ab8bda: : Instructing follower c563e0cdd56c491dae6c412ee9796f87 to start an election
I20260709 12:08:32.583482  6554 raft_consensus.cc:1081] T e62bc9a6a9214ff28713043c6356436e P 1b9d17437a9b47b9a1ac5603d3ab8bda [term 2 LEADER]: Signalling peer c563e0cdd56c491dae6c412ee9796f87 to start an election
I20260709 12:08:32.584733  6355 tablet_service.cc:2044] Received Run Leader Election RPC: tablet_id: "e62bc9a6a9214ff28713043c6356436e"
dest_uuid: "c563e0cdd56c491dae6c412ee9796f87"
 from {username='slave'} at 127.0.0.1:48872
I20260709 12:08:32.585155  6355 raft_consensus.cc:493] T e62bc9a6a9214ff28713043c6356436e P c563e0cdd56c491dae6c412ee9796f87 [term 2 FOLLOWER]: Starting forced leader election (received explicit request)
I20260709 12:08:32.585441  6355 raft_consensus.cc:3060] T e62bc9a6a9214ff28713043c6356436e P c563e0cdd56c491dae6c412ee9796f87 [term 2 FOLLOWER]: Advancing to term 3
I20260709 12:08:32.589603  6355 raft_consensus.cc:515] T e62bc9a6a9214ff28713043c6356436e P c563e0cdd56c491dae6c412ee9796f87 [term 3 FOLLOWER]: Starting forced leader election with config: opid_index: -1 OBSOLETE_local: false peers { permanent_uuid: "ca9726f897fc4b0aa8b54efae7677ad1" member_type: VOTER last_known_addr { host: "127.5.238.1" port: 35537 } } peers { permanent_uuid: "1b9d17437a9b47b9a1ac5603d3ab8bda" member_type: VOTER last_known_addr { host: "127.5.238.2" port: 41121 } } peers { permanent_uuid: "c563e0cdd56c491dae6c412ee9796f87" member_type: VOTER last_known_addr { host: "127.5.238.3" port: 36649 } }
I20260709 12:08:32.590991  6355 leader_election.cc:290] T e62bc9a6a9214ff28713043c6356436e P c563e0cdd56c491dae6c412ee9796f87 [CANDIDATE]: Term 3 election: Requested vote from peers ca9726f897fc4b0aa8b54efae7677ad1 (127.5.238.1:35537), 1b9d17437a9b47b9a1ac5603d3ab8bda (127.5.238.2:41121)
I20260709 12:08:32.591681  6205 tablet_service.cc:1917] Received RequestConsensusVote() RPC: tablet_id: "e62bc9a6a9214ff28713043c6356436e" candidate_uuid: "c563e0cdd56c491dae6c412ee9796f87" candidate_term: 3 candidate_status { last_received { term: 2 index: 2 } } ignore_live_leader: true dest_uuid: "ca9726f897fc4b0aa8b54efae7677ad1"
I20260709 12:08:32.591790  6280 tablet_service.cc:1917] Received RequestConsensusVote() RPC: tablet_id: "e62bc9a6a9214ff28713043c6356436e" candidate_uuid: "c563e0cdd56c491dae6c412ee9796f87" candidate_term: 3 candidate_status { last_received { term: 2 index: 2 } } ignore_live_leader: true dest_uuid: "1b9d17437a9b47b9a1ac5603d3ab8bda"
I20260709 12:08:32.592224  6205 raft_consensus.cc:3060] T e62bc9a6a9214ff28713043c6356436e P ca9726f897fc4b0aa8b54efae7677ad1 [term 2 FOLLOWER]: Advancing to term 3
I20260709 12:08:32.592255  6280 raft_consensus.cc:3055] T e62bc9a6a9214ff28713043c6356436e P 1b9d17437a9b47b9a1ac5603d3ab8bda [term 2 LEADER]: Stepping down as leader of term 2
I20260709 12:08:32.592693  6280 raft_consensus.cc:740] T e62bc9a6a9214ff28713043c6356436e P 1b9d17437a9b47b9a1ac5603d3ab8bda [term 2 LEADER]: Becoming Follower/Learner. State: Replica: 1b9d17437a9b47b9a1ac5603d3ab8bda, State: Running, Role: LEADER
I20260709 12:08:32.593427  6280 consensus_queue.cc:260] T e62bc9a6a9214ff28713043c6356436e P 1b9d17437a9b47b9a1ac5603d3ab8bda [NON_LEADER]: Queue going to NON_LEADER mode. State: All replicated index: 0, Majority replicated index: 2, Committed index: 2, Last appended: 2.2, Last appended by leader: 2, Current term: 2, Majority size: -1, State: 0, Mode: NON_LEADER, active raft config: opid_index: -1 OBSOLETE_local: false peers { permanent_uuid: "ca9726f897fc4b0aa8b54efae7677ad1" member_type: VOTER last_known_addr { host: "127.5.238.1" port: 35537 } } peers { permanent_uuid: "1b9d17437a9b47b9a1ac5603d3ab8bda" member_type: VOTER last_known_addr { host: "127.5.238.2" port: 41121 } } peers { permanent_uuid: "c563e0cdd56c491dae6c412ee9796f87" member_type: VOTER last_known_addr { host: "127.5.238.3" port: 36649 } }
I20260709 12:08:32.594492  6280 raft_consensus.cc:3060] T e62bc9a6a9214ff28713043c6356436e P 1b9d17437a9b47b9a1ac5603d3ab8bda [term 2 FOLLOWER]: Advancing to term 3
I20260709 12:08:32.597908  6205 raft_consensus.cc:2468] T e62bc9a6a9214ff28713043c6356436e P ca9726f897fc4b0aa8b54efae7677ad1 [term 3 FOLLOWER]: Leader election vote request: Granting yes vote for candidate c563e0cdd56c491dae6c412ee9796f87 in term 3.
I20260709 12:08:32.598785  6322 leader_election.cc:304] T e62bc9a6a9214ff28713043c6356436e P c563e0cdd56c491dae6c412ee9796f87 [CANDIDATE]: Term 3 election: Election decided. Result: candidate won. Election summary: received 2 responses out of 3 voters: 2 yes votes; 0 no votes. yes voters: c563e0cdd56c491dae6c412ee9796f87, ca9726f897fc4b0aa8b54efae7677ad1; no voters: 
I20260709 12:08:32.599514  6525 raft_consensus.cc:2804] T e62bc9a6a9214ff28713043c6356436e P c563e0cdd56c491dae6c412ee9796f87 [term 3 FOLLOWER]: Leader election won for term 3
I20260709 12:08:32.599928  6525 raft_consensus.cc:697] T e62bc9a6a9214ff28713043c6356436e P c563e0cdd56c491dae6c412ee9796f87 [term 3 LEADER]: Becoming Leader. State: Replica: c563e0cdd56c491dae6c412ee9796f87, State: Running, Role: LEADER
I20260709 12:08:32.600178  6280 raft_consensus.cc:2468] T e62bc9a6a9214ff28713043c6356436e P 1b9d17437a9b47b9a1ac5603d3ab8bda [term 3 FOLLOWER]: Leader election vote request: Granting yes vote for candidate c563e0cdd56c491dae6c412ee9796f87 in term 3.
I20260709 12:08:32.600689  6525 consensus_queue.cc:237] T e62bc9a6a9214ff28713043c6356436e P c563e0cdd56c491dae6c412ee9796f87 [LEADER]: Queue going to LEADER mode. State: All replicated index: 0, Majority replicated index: 2, Committed index: 2, Last appended: 2.2, Last appended by leader: 2, Current term: 3, Majority size: 2, State: 0, Mode: LEADER, active raft config: opid_index: -1 OBSOLETE_local: false peers { permanent_uuid: "ca9726f897fc4b0aa8b54efae7677ad1" member_type: VOTER last_known_addr { host: "127.5.238.1" port: 35537 } } peers { permanent_uuid: "1b9d17437a9b47b9a1ac5603d3ab8bda" member_type: VOTER last_known_addr { host: "127.5.238.2" port: 41121 } } peers { permanent_uuid: "c563e0cdd56c491dae6c412ee9796f87" member_type: VOTER last_known_addr { host: "127.5.238.3" port: 36649 } }
I20260709 12:08:32.606969  6102 catalog_manager.cc:5697] T e62bc9a6a9214ff28713043c6356436e P c563e0cdd56c491dae6c412ee9796f87 reported cstate change: term changed from 2 to 3, leader changed from 1b9d17437a9b47b9a1ac5603d3ab8bda (127.5.238.2) to c563e0cdd56c491dae6c412ee9796f87 (127.5.238.3). New cstate: current_term: 3 leader_uuid: "c563e0cdd56c491dae6c412ee9796f87" committed_config { opid_index: -1 OBSOLETE_local: false peers { permanent_uuid: "ca9726f897fc4b0aa8b54efae7677ad1" member_type: VOTER last_known_addr { host: "127.5.238.1" port: 35537 } health_report { overall_health: UNKNOWN } } peers { permanent_uuid: "1b9d17437a9b47b9a1ac5603d3ab8bda" member_type: VOTER last_known_addr { host: "127.5.238.2" port: 41121 } health_report { overall_health: UNKNOWN } } peers { permanent_uuid: "c563e0cdd56c491dae6c412ee9796f87" member_type: VOTER last_known_addr { host: "127.5.238.3" port: 36649 } health_report { overall_health: HEALTHY } } }
I20260709 12:08:32.635396  6428 raft_consensus.cc:993] T 901826eef13247d9abed518344767728 P 1b9d17437a9b47b9a1ac5603d3ab8bda: : Instructing follower ca9726f897fc4b0aa8b54efae7677ad1 to start an election
I20260709 12:08:32.635783  6554 raft_consensus.cc:1081] T 901826eef13247d9abed518344767728 P 1b9d17437a9b47b9a1ac5603d3ab8bda [term 2 LEADER]: Signalling peer ca9726f897fc4b0aa8b54efae7677ad1 to start an election
I20260709 12:08:32.636950  6205 tablet_service.cc:2044] Received Run Leader Election RPC: tablet_id: "901826eef13247d9abed518344767728"
dest_uuid: "ca9726f897fc4b0aa8b54efae7677ad1"
 from {username='slave'} at 127.0.0.1:54872
I20260709 12:08:32.637300  6205 raft_consensus.cc:493] T 901826eef13247d9abed518344767728 P ca9726f897fc4b0aa8b54efae7677ad1 [term 2 FOLLOWER]: Starting forced leader election (received explicit request)
I20260709 12:08:32.637540  6205 raft_consensus.cc:3060] T 901826eef13247d9abed518344767728 P ca9726f897fc4b0aa8b54efae7677ad1 [term 2 FOLLOWER]: Advancing to term 3
I20260709 12:08:32.641079  6205 raft_consensus.cc:515] T 901826eef13247d9abed518344767728 P ca9726f897fc4b0aa8b54efae7677ad1 [term 3 FOLLOWER]: Starting forced leader election with config: opid_index: -1 OBSOLETE_local: false peers { permanent_uuid: "1b9d17437a9b47b9a1ac5603d3ab8bda" member_type: VOTER last_known_addr { host: "127.5.238.2" port: 41121 } } peers { permanent_uuid: "ca9726f897fc4b0aa8b54efae7677ad1" member_type: VOTER last_known_addr { host: "127.5.238.1" port: 35537 } } peers { permanent_uuid: "c563e0cdd56c491dae6c412ee9796f87" member_type: VOTER last_known_addr { host: "127.5.238.3" port: 36649 } }
I20260709 12:08:32.642318  6205 leader_election.cc:290] T 901826eef13247d9abed518344767728 P ca9726f897fc4b0aa8b54efae7677ad1 [CANDIDATE]: Term 3 election: Requested vote from peers 1b9d17437a9b47b9a1ac5603d3ab8bda (127.5.238.2:41121), c563e0cdd56c491dae6c412ee9796f87 (127.5.238.3:36649)
I20260709 12:08:32.643008  6280 tablet_service.cc:1917] Received RequestConsensusVote() RPC: tablet_id: "901826eef13247d9abed518344767728" candidate_uuid: "ca9726f897fc4b0aa8b54efae7677ad1" candidate_term: 3 candidate_status { last_received { term: 2 index: 2 } } ignore_live_leader: true dest_uuid: "1b9d17437a9b47b9a1ac5603d3ab8bda"
I20260709 12:08:32.643193  6355 tablet_service.cc:1917] Received RequestConsensusVote() RPC: tablet_id: "901826eef13247d9abed518344767728" candidate_uuid: "ca9726f897fc4b0aa8b54efae7677ad1" candidate_term: 3 candidate_status { last_received { term: 2 index: 2 } } ignore_live_leader: true dest_uuid: "c563e0cdd56c491dae6c412ee9796f87"
I20260709 12:08:32.643406  6280 raft_consensus.cc:3055] T 901826eef13247d9abed518344767728 P 1b9d17437a9b47b9a1ac5603d3ab8bda [term 2 LEADER]: Stepping down as leader of term 2
I20260709 12:08:32.643675  6280 raft_consensus.cc:740] T 901826eef13247d9abed518344767728 P 1b9d17437a9b47b9a1ac5603d3ab8bda [term 2 LEADER]: Becoming Follower/Learner. State: Replica: 1b9d17437a9b47b9a1ac5603d3ab8bda, State: Running, Role: LEADER
I20260709 12:08:32.643646  6355 raft_consensus.cc:3060] T 901826eef13247d9abed518344767728 P c563e0cdd56c491dae6c412ee9796f87 [term 2 FOLLOWER]: Advancing to term 3
I20260709 12:08:32.644361  6280 consensus_queue.cc:260] T 901826eef13247d9abed518344767728 P 1b9d17437a9b47b9a1ac5603d3ab8bda [NON_LEADER]: Queue going to NON_LEADER mode. State: All replicated index: 0, Majority replicated index: 2, Committed index: 2, Last appended: 2.2, Last appended by leader: 2, Current term: 2, Majority size: -1, State: 0, Mode: NON_LEADER, active raft config: opid_index: -1 OBSOLETE_local: false peers { permanent_uuid: "1b9d17437a9b47b9a1ac5603d3ab8bda" member_type: VOTER last_known_addr { host: "127.5.238.2" port: 41121 } } peers { permanent_uuid: "ca9726f897fc4b0aa8b54efae7677ad1" member_type: VOTER last_known_addr { host: "127.5.238.1" port: 35537 } } peers { permanent_uuid: "c563e0cdd56c491dae6c412ee9796f87" member_type: VOTER last_known_addr { host: "127.5.238.3" port: 36649 } }
I20260709 12:08:32.645119  6280 raft_consensus.cc:3060] T 901826eef13247d9abed518344767728 P 1b9d17437a9b47b9a1ac5603d3ab8bda [term 2 FOLLOWER]: Advancing to term 3
I20260709 12:08:32.648010  6355 raft_consensus.cc:2468] T 901826eef13247d9abed518344767728 P c563e0cdd56c491dae6c412ee9796f87 [term 3 FOLLOWER]: Leader election vote request: Granting yes vote for candidate ca9726f897fc4b0aa8b54efae7677ad1 in term 3.
I20260709 12:08:32.648828  6170 leader_election.cc:304] T 901826eef13247d9abed518344767728 P ca9726f897fc4b0aa8b54efae7677ad1 [CANDIDATE]: Term 3 election: Election decided. Result: candidate won. Election summary: received 2 responses out of 3 voters: 2 yes votes; 0 no votes. yes voters: c563e0cdd56c491dae6c412ee9796f87, ca9726f897fc4b0aa8b54efae7677ad1; no voters: 
I20260709 12:08:32.649432  6561 raft_consensus.cc:2804] T 901826eef13247d9abed518344767728 P ca9726f897fc4b0aa8b54efae7677ad1 [term 3 FOLLOWER]: Leader election won for term 3
I20260709 12:08:32.649444  6280 raft_consensus.cc:2468] T 901826eef13247d9abed518344767728 P 1b9d17437a9b47b9a1ac5603d3ab8bda [term 3 FOLLOWER]: Leader election vote request: Granting yes vote for candidate ca9726f897fc4b0aa8b54efae7677ad1 in term 3.
I20260709 12:08:32.649945  6561 raft_consensus.cc:697] T 901826eef13247d9abed518344767728 P ca9726f897fc4b0aa8b54efae7677ad1 [term 3 LEADER]: Becoming Leader. State: Replica: ca9726f897fc4b0aa8b54efae7677ad1, State: Running, Role: LEADER
I20260709 12:08:32.650776  6561 consensus_queue.cc:237] T 901826eef13247d9abed518344767728 P ca9726f897fc4b0aa8b54efae7677ad1 [LEADER]: Queue going to LEADER mode. State: All replicated index: 0, Majority replicated index: 2, Committed index: 2, Last appended: 2.2, Last appended by leader: 2, Current term: 3, Majority size: 2, State: 0, Mode: LEADER, active raft config: opid_index: -1 OBSOLETE_local: false peers { permanent_uuid: "1b9d17437a9b47b9a1ac5603d3ab8bda" member_type: VOTER last_known_addr { host: "127.5.238.2" port: 41121 } } peers { permanent_uuid: "ca9726f897fc4b0aa8b54efae7677ad1" member_type: VOTER last_known_addr { host: "127.5.238.1" port: 35537 } } peers { permanent_uuid: "c563e0cdd56c491dae6c412ee9796f87" member_type: VOTER last_known_addr { host: "127.5.238.3" port: 36649 } }
I20260709 12:08:32.656973  6102 catalog_manager.cc:5697] T 901826eef13247d9abed518344767728 P ca9726f897fc4b0aa8b54efae7677ad1 reported cstate change: term changed from 2 to 3, leader changed from 1b9d17437a9b47b9a1ac5603d3ab8bda (127.5.238.2) to ca9726f897fc4b0aa8b54efae7677ad1 (127.5.238.1). New cstate: current_term: 3 leader_uuid: "ca9726f897fc4b0aa8b54efae7677ad1" committed_config { opid_index: -1 OBSOLETE_local: false peers { permanent_uuid: "1b9d17437a9b47b9a1ac5603d3ab8bda" member_type: VOTER last_known_addr { host: "127.5.238.2" port: 41121 } health_report { overall_health: UNKNOWN } } peers { permanent_uuid: "ca9726f897fc4b0aa8b54efae7677ad1" member_type: VOTER last_known_addr { host: "127.5.238.1" port: 35537 } health_report { overall_health: HEALTHY } } peers { permanent_uuid: "c563e0cdd56c491dae6c412ee9796f87" member_type: VOTER last_known_addr { host: "127.5.238.3" port: 36649 } health_report { overall_health: UNKNOWN } } }
I20260709 12:08:32.703563  6428 raft_consensus.cc:993] T ba12a6b518cb4d76b3f2198ec456030c P 1b9d17437a9b47b9a1ac5603d3ab8bda: : Instructing follower ca9726f897fc4b0aa8b54efae7677ad1 to start an election
I20260709 12:08:32.703918  6554 raft_consensus.cc:1081] T ba12a6b518cb4d76b3f2198ec456030c P 1b9d17437a9b47b9a1ac5603d3ab8bda [term 2 LEADER]: Signalling peer ca9726f897fc4b0aa8b54efae7677ad1 to start an election
I20260709 12:08:32.705088  6205 tablet_service.cc:2044] Received Run Leader Election RPC: tablet_id: "ba12a6b518cb4d76b3f2198ec456030c"
dest_uuid: "ca9726f897fc4b0aa8b54efae7677ad1"
 from {username='slave'} at 127.0.0.1:54872
I20260709 12:08:32.705475  6205 raft_consensus.cc:493] T ba12a6b518cb4d76b3f2198ec456030c P ca9726f897fc4b0aa8b54efae7677ad1 [term 2 FOLLOWER]: Starting forced leader election (received explicit request)
I20260709 12:08:32.705687  6205 raft_consensus.cc:3060] T ba12a6b518cb4d76b3f2198ec456030c P ca9726f897fc4b0aa8b54efae7677ad1 [term 2 FOLLOWER]: Advancing to term 3
I20260709 12:08:32.709242  6205 raft_consensus.cc:515] T ba12a6b518cb4d76b3f2198ec456030c P ca9726f897fc4b0aa8b54efae7677ad1 [term 3 FOLLOWER]: Starting forced leader election with config: opid_index: -1 OBSOLETE_local: false peers { permanent_uuid: "ca9726f897fc4b0aa8b54efae7677ad1" member_type: VOTER last_known_addr { host: "127.5.238.1" port: 35537 } } peers { permanent_uuid: "1b9d17437a9b47b9a1ac5603d3ab8bda" member_type: VOTER last_known_addr { host: "127.5.238.2" port: 41121 } } peers { permanent_uuid: "c563e0cdd56c491dae6c412ee9796f87" member_type: VOTER last_known_addr { host: "127.5.238.3" port: 36649 } }
I20260709 12:08:32.710481  6205 leader_election.cc:290] T ba12a6b518cb4d76b3f2198ec456030c P ca9726f897fc4b0aa8b54efae7677ad1 [CANDIDATE]: Term 3 election: Requested vote from peers 1b9d17437a9b47b9a1ac5603d3ab8bda (127.5.238.2:41121), c563e0cdd56c491dae6c412ee9796f87 (127.5.238.3:36649)
I20260709 12:08:32.711053  6280 tablet_service.cc:1917] Received RequestConsensusVote() RPC: tablet_id: "ba12a6b518cb4d76b3f2198ec456030c" candidate_uuid: "ca9726f897fc4b0aa8b54efae7677ad1" candidate_term: 3 candidate_status { last_received { term: 2 index: 2 } } ignore_live_leader: true dest_uuid: "1b9d17437a9b47b9a1ac5603d3ab8bda"
I20260709 12:08:32.711481  6280 raft_consensus.cc:3055] T ba12a6b518cb4d76b3f2198ec456030c P 1b9d17437a9b47b9a1ac5603d3ab8bda [term 2 LEADER]: Stepping down as leader of term 2
I20260709 12:08:32.711400  6355 tablet_service.cc:1917] Received RequestConsensusVote() RPC: tablet_id: "ba12a6b518cb4d76b3f2198ec456030c" candidate_uuid: "ca9726f897fc4b0aa8b54efae7677ad1" candidate_term: 3 candidate_status { last_received { term: 2 index: 2 } } ignore_live_leader: true dest_uuid: "c563e0cdd56c491dae6c412ee9796f87"
I20260709 12:08:32.711745  6280 raft_consensus.cc:740] T ba12a6b518cb4d76b3f2198ec456030c P 1b9d17437a9b47b9a1ac5603d3ab8bda [term 2 LEADER]: Becoming Follower/Learner. State: Replica: 1b9d17437a9b47b9a1ac5603d3ab8bda, State: Running, Role: LEADER
I20260709 12:08:32.711923  6355 raft_consensus.cc:3060] T ba12a6b518cb4d76b3f2198ec456030c P c563e0cdd56c491dae6c412ee9796f87 [term 2 FOLLOWER]: Advancing to term 3
I20260709 12:08:32.712388  6280 consensus_queue.cc:260] T ba12a6b518cb4d76b3f2198ec456030c P 1b9d17437a9b47b9a1ac5603d3ab8bda [NON_LEADER]: Queue going to NON_LEADER mode. State: All replicated index: 0, Majority replicated index: 2, Committed index: 2, Last appended: 2.2, Last appended by leader: 2, Current term: 2, Majority size: -1, State: 0, Mode: NON_LEADER, active raft config: opid_index: -1 OBSOLETE_local: false peers { permanent_uuid: "ca9726f897fc4b0aa8b54efae7677ad1" member_type: VOTER last_known_addr { host: "127.5.238.1" port: 35537 } } peers { permanent_uuid: "1b9d17437a9b47b9a1ac5603d3ab8bda" member_type: VOTER last_known_addr { host: "127.5.238.2" port: 41121 } } peers { permanent_uuid: "c563e0cdd56c491dae6c412ee9796f87" member_type: VOTER last_known_addr { host: "127.5.238.3" port: 36649 } }
