I20260709 12:08:14.501611  6172 consensus_queue.cc:260] T 45715ca6a15a4c2898f3f2c0bbe2b025 P f17a14d104b64402af716bd380a3a9df [NON_LEADER]: Queue going to NON_LEADER mode. State: All replicated index: 0, Majority replicated index: 0, Committed index: 0, Last appended: 0.0, Last appended by leader: 0, Current term: 0, Majority size: -1, State: 0, Mode: NON_LEADER, active raft config: opid_index: -1 OBSOLETE_local: false peers { permanent_uuid: "f17a14d104b64402af716bd380a3a9df" member_type: VOTER last_known_addr { host: "127.5.181.65" port: 34127 } } peers { permanent_uuid: "63cf7a23d43d4e12a035e5a2883f76ce" member_type: VOTER last_known_addr { host: "127.5.181.66" port: 37193 } } peers { permanent_uuid: "d711855caa2a49bbb7505b4150183e39" member_type: VOTER last_known_addr { host: "127.5.181.67" port: 44651 } }
I20260709 12:08:14.494454  6173 raft_consensus.cc:740] T a0b7a735536f4300b3749a49ac5eb3d5 P d711855caa2a49bbb7505b4150183e39 [term 0 FOLLOWER]: Becoming Follower/Learner. State: Replica: d711855caa2a49bbb7505b4150183e39, State: Initialized, Role: FOLLOWER
I20260709 12:08:14.504673  6173 consensus_queue.cc:260] T a0b7a735536f4300b3749a49ac5eb3d5 P d711855caa2a49bbb7505b4150183e39 [NON_LEADER]: Queue going to NON_LEADER mode. State: All replicated index: 0, Majority replicated index: 0, Committed index: 0, Last appended: 0.0, Last appended by leader: 0, Current term: 0, Majority size: -1, State: 0, Mode: NON_LEADER, active raft config: opid_index: -1 OBSOLETE_local: false peers { permanent_uuid: "f17a14d104b64402af716bd380a3a9df" member_type: VOTER last_known_addr { host: "127.5.181.65" port: 34127 } } peers { permanent_uuid: "63cf7a23d43d4e12a035e5a2883f76ce" member_type: VOTER last_known_addr { host: "127.5.181.66" port: 37193 } } peers { permanent_uuid: "d711855caa2a49bbb7505b4150183e39" member_type: VOTER last_known_addr { host: "127.5.181.67" port: 44651 } }
I20260709 12:08:14.506743  6053 raft_consensus.cc:2468] T 324b795b797d4170b63d96812b6ccb11 P 63cf7a23d43d4e12a035e5a2883f76ce [term 1 FOLLOWER]: Leader election vote request: Granting yes vote for candidate d711855caa2a49bbb7505b4150183e39 in term 1.
I20260709 12:08:14.507094  6173 ts_tablet_manager.cc:1434] T a0b7a735536f4300b3749a49ac5eb3d5 P d711855caa2a49bbb7505b4150183e39: Time spent starting tablet: real 0.022s	user 0.008s	sys 0.000s
I20260709 12:08:14.507221  6172 ts_tablet_manager.cc:1434] T 45715ca6a15a4c2898f3f2c0bbe2b025 P f17a14d104b64402af716bd380a3a9df: Time spent starting tablet: real 0.010s	user 0.007s	sys 0.000s
I20260709 12:08:14.508369  6173 tablet_bootstrap.cc:492] T 21769e2fdfa64c62ba5072e266a8884d P d711855caa2a49bbb7505b4150183e39: Bootstrap starting.
I20260709 12:08:14.508378  6172 tablet_bootstrap.cc:492] T b8ece0b2339b4c5a8ed2175fe69cb392 P f17a14d104b64402af716bd380a3a9df: Bootstrap starting.
I20260709 12:08:14.510133  6093 leader_election.cc:304] T fa96cbdf90b74878af57e0fd77b186f7 P d711855caa2a49bbb7505b4150183e39 [CANDIDATE]: Term 1 pre-election: Election decided. Result: candidate won. Election summary: received 3 responses out of 3 voters: 2 yes votes; 1 no votes. yes voters: 63cf7a23d43d4e12a035e5a2883f76ce, d711855caa2a49bbb7505b4150183e39; no voters: f17a14d104b64402af716bd380a3a9df
I20260709 12:08:14.511112  6191 raft_consensus.cc:2804] T fa96cbdf90b74878af57e0fd77b186f7 P d711855caa2a49bbb7505b4150183e39 [term 0 FOLLOWER]: Leader pre-election won for term 1
I20260709 12:08:14.511494  6191 raft_consensus.cc:493] T fa96cbdf90b74878af57e0fd77b186f7 P d711855caa2a49bbb7505b4150183e39 [term 0 FOLLOWER]: Starting leader election (no leader contacted us within the election timeout)
I20260709 12:08:14.511873  6191 raft_consensus.cc:3060] T fa96cbdf90b74878af57e0fd77b186f7 P d711855caa2a49bbb7505b4150183e39 [term 0 FOLLOWER]: Advancing to term 1
I20260709 12:08:14.513761  6174 tablet_bootstrap.cc:492] T 4ce6e698bf9647e69d0087d9ff0ddb46 P 63cf7a23d43d4e12a035e5a2883f76ce: No bootstrap required, opened a new log
I20260709 12:08:14.514256  6174 ts_tablet_manager.cc:1403] T 4ce6e698bf9647e69d0087d9ff0ddb46 P 63cf7a23d43d4e12a035e5a2883f76ce: Time spent bootstrapping tablet: real 0.065s	user 0.007s	sys 0.008s
I20260709 12:08:14.515997  6173 tablet_bootstrap.cc:654] T 21769e2fdfa64c62ba5072e266a8884d P d711855caa2a49bbb7505b4150183e39: Neither blocks nor log segments found. Creating new log.
I20260709 12:08:14.517864  6174 raft_consensus.cc:359] T 4ce6e698bf9647e69d0087d9ff0ddb46 P 63cf7a23d43d4e12a035e5a2883f76ce [term 0 FOLLOWER]: Replica starting. Triggering 0 pending ops. Active config: opid_index: -1 OBSOLETE_local: false peers { permanent_uuid: "f17a14d104b64402af716bd380a3a9df" member_type: VOTER last_known_addr { host: "127.5.181.65" port: 34127 } } peers { permanent_uuid: "63cf7a23d43d4e12a035e5a2883f76ce" member_type: VOTER last_known_addr { host: "127.5.181.66" port: 37193 } } peers { permanent_uuid: "d711855caa2a49bbb7505b4150183e39" member_type: VOTER last_known_addr { host: "127.5.181.67" port: 44651 } }
I20260709 12:08:14.518554  6174 raft_consensus.cc:385] T 4ce6e698bf9647e69d0087d9ff0ddb46 P 63cf7a23d43d4e12a035e5a2883f76ce [term 0 FOLLOWER]: Consensus starting up: Expiring failure detector timer to make a prompt election more likely
I20260709 12:08:14.518824  6174 raft_consensus.cc:740] T 4ce6e698bf9647e69d0087d9ff0ddb46 P 63cf7a23d43d4e12a035e5a2883f76ce [term 0 FOLLOWER]: Becoming Follower/Learner. State: Replica: 63cf7a23d43d4e12a035e5a2883f76ce, State: Initialized, Role: FOLLOWER
I20260709 12:08:14.519500  6174 consensus_queue.cc:260] T 4ce6e698bf9647e69d0087d9ff0ddb46 P 63cf7a23d43d4e12a035e5a2883f76ce [NON_LEADER]: Queue going to NON_LEADER mode. State: All replicated index: 0, Majority replicated index: 0, Committed index: 0, Last appended: 0.0, Last appended by leader: 0, Current term: 0, Majority size: -1, State: 0, Mode: NON_LEADER, active raft config: opid_index: -1 OBSOLETE_local: false peers { permanent_uuid: "f17a14d104b64402af716bd380a3a9df" member_type: VOTER last_known_addr { host: "127.5.181.65" port: 34127 } } peers { permanent_uuid: "63cf7a23d43d4e12a035e5a2883f76ce" member_type: VOTER last_known_addr { host: "127.5.181.66" port: 37193 } } peers { permanent_uuid: "d711855caa2a49bbb7505b4150183e39" member_type: VOTER last_known_addr { host: "127.5.181.67" port: 44651 } }
I20260709 12:08:14.520498  6191 raft_consensus.cc:515] T fa96cbdf90b74878af57e0fd77b186f7 P d711855caa2a49bbb7505b4150183e39 [term 1 FOLLOWER]: Starting leader election with config: opid_index: -1 OBSOLETE_local: false peers { permanent_uuid: "f17a14d104b64402af716bd380a3a9df" member_type: VOTER last_known_addr { host: "127.5.181.65" port: 34127 } } peers { permanent_uuid: "63cf7a23d43d4e12a035e5a2883f76ce" member_type: VOTER last_known_addr { host: "127.5.181.66" port: 37193 } } peers { permanent_uuid: "d711855caa2a49bbb7505b4150183e39" member_type: VOTER last_known_addr { host: "127.5.181.67" port: 44651 } }
I20260709 12:08:14.522719  6191 leader_election.cc:290] T fa96cbdf90b74878af57e0fd77b186f7 P d711855caa2a49bbb7505b4150183e39 [CANDIDATE]: Term 1 election: Requested vote from peers f17a14d104b64402af716bd380a3a9df (127.5.181.65:34127), 63cf7a23d43d4e12a035e5a2883f76ce (127.5.181.66:37193)
I20260709 12:08:14.523816  6172 tablet_bootstrap.cc:654] T b8ece0b2339b4c5a8ed2175fe69cb392 P f17a14d104b64402af716bd380a3a9df: Neither blocks nor log segments found. Creating new log.
I20260709 12:08:14.524165  5980 tablet_service.cc:1917] Received RequestConsensusVote() RPC: tablet_id: "fa96cbdf90b74878af57e0fd77b186f7" candidate_uuid: "d711855caa2a49bbb7505b4150183e39" candidate_term: 1 candidate_status { last_received { term: 0 index: 0 } } ignore_live_leader: false dest_uuid: "f17a14d104b64402af716bd380a3a9df"
W20260709 12:08:14.525563  6093 leader_election.cc:343] T fa96cbdf90b74878af57e0fd77b186f7 P d711855caa2a49bbb7505b4150183e39 [CANDIDATE]: Term 1 election: Tablet error from VoteRequest() call to peer f17a14d104b64402af716bd380a3a9df (127.5.181.65:34127): Illegal state: must be running to vote when last-logged opid is not known
I20260709 12:08:14.525950  6053 tablet_service.cc:1917] Received RequestConsensusVote() RPC: tablet_id: "fa96cbdf90b74878af57e0fd77b186f7" candidate_uuid: "d711855caa2a49bbb7505b4150183e39" candidate_term: 1 candidate_status { last_received { term: 0 index: 0 } } ignore_live_leader: false dest_uuid: "63cf7a23d43d4e12a035e5a2883f76ce"
I20260709 12:08:14.526535  6053 raft_consensus.cc:3060] T fa96cbdf90b74878af57e0fd77b186f7 P 63cf7a23d43d4e12a035e5a2883f76ce [term 0 FOLLOWER]: Advancing to term 1
I20260709 12:08:14.533811  6174 ts_tablet_manager.cc:1434] T 4ce6e698bf9647e69d0087d9ff0ddb46 P 63cf7a23d43d4e12a035e5a2883f76ce: Time spent starting tablet: real 0.019s	user 0.008s	sys 0.000s
I20260709 12:08:14.533895  6053 raft_consensus.cc:2468] T fa96cbdf90b74878af57e0fd77b186f7 P 63cf7a23d43d4e12a035e5a2883f76ce [term 1 FOLLOWER]: Leader election vote request: Granting yes vote for candidate d711855caa2a49bbb7505b4150183e39 in term 1.
I20260709 12:08:14.535647  6093 leader_election.cc:304] T fa96cbdf90b74878af57e0fd77b186f7 P d711855caa2a49bbb7505b4150183e39 [CANDIDATE]: Term 1 election: Election decided. Result: candidate won. Election summary: received 3 responses out of 3 voters: 2 yes votes; 1 no votes. yes voters: 63cf7a23d43d4e12a035e5a2883f76ce, d711855caa2a49bbb7505b4150183e39; no voters: f17a14d104b64402af716bd380a3a9df
I20260709 12:08:14.537524  6191 raft_consensus.cc:2804] T fa96cbdf90b74878af57e0fd77b186f7 P d711855caa2a49bbb7505b4150183e39 [term 1 FOLLOWER]: Leader election won for term 1
I20260709 12:08:14.540946  6191 raft_consensus.cc:697] T fa96cbdf90b74878af57e0fd77b186f7 P d711855caa2a49bbb7505b4150183e39 [term 1 LEADER]: Becoming Leader. State: Replica: d711855caa2a49bbb7505b4150183e39, State: Running, Role: LEADER
I20260709 12:08:14.535511  6174 tablet_bootstrap.cc:492] T a0b7a735536f4300b3749a49ac5eb3d5 P 63cf7a23d43d4e12a035e5a2883f76ce: Bootstrap starting.
I20260709 12:08:14.542085  6191 consensus_queue.cc:237] T fa96cbdf90b74878af57e0fd77b186f7 P d711855caa2a49bbb7505b4150183e39 [LEADER]: Queue going to LEADER mode. State: All replicated index: 0, Majority replicated index: 0, Committed index: 0, Last appended: 0.0, Last appended by leader: 0, Current term: 1, Majority size: 2, State: 0, Mode: LEADER, active raft config: opid_index: -1 OBSOLETE_local: false peers { permanent_uuid: "f17a14d104b64402af716bd380a3a9df" member_type: VOTER last_known_addr { host: "127.5.181.65" port: 34127 } } peers { permanent_uuid: "63cf7a23d43d4e12a035e5a2883f76ce" member_type: VOTER last_known_addr { host: "127.5.181.66" port: 37193 } } peers { permanent_uuid: "d711855caa2a49bbb7505b4150183e39" member_type: VOTER last_known_addr { host: "127.5.181.67" port: 44651 } }
I20260709 12:08:14.552063  6173 tablet_bootstrap.cc:492] T 21769e2fdfa64c62ba5072e266a8884d P d711855caa2a49bbb7505b4150183e39: No bootstrap required, opened a new log
I20260709 12:08:14.552614  6173 ts_tablet_manager.cc:1403] T 21769e2fdfa64c62ba5072e266a8884d P d711855caa2a49bbb7505b4150183e39: Time spent bootstrapping tablet: real 0.044s	user 0.009s	sys 0.011s
I20260709 12:08:14.553894  6172 tablet_bootstrap.cc:492] T b8ece0b2339b4c5a8ed2175fe69cb392 P f17a14d104b64402af716bd380a3a9df: No bootstrap required, opened a new log
I20260709 12:08:14.554363  6172 ts_tablet_manager.cc:1403] T b8ece0b2339b4c5a8ed2175fe69cb392 P f17a14d104b64402af716bd380a3a9df: Time spent bootstrapping tablet: real 0.046s	user 0.018s	sys 0.012s
I20260709 12:08:14.557375  6174 tablet_bootstrap.cc:654] T a0b7a735536f4300b3749a49ac5eb3d5 P 63cf7a23d43d4e12a035e5a2883f76ce: Neither blocks nor log segments found. Creating new log.
I20260709 12:08:14.561213  6173 raft_consensus.cc:359] T 21769e2fdfa64c62ba5072e266a8884d P d711855caa2a49bbb7505b4150183e39 [term 0 FOLLOWER]: Replica starting. Triggering 0 pending ops. Active config: opid_index: -1 OBSOLETE_local: false peers { permanent_uuid: "f17a14d104b64402af716bd380a3a9df" member_type: VOTER last_known_addr { host: "127.5.181.65" port: 34127 } } peers { permanent_uuid: "63cf7a23d43d4e12a035e5a2883f76ce" member_type: VOTER last_known_addr { host: "127.5.181.66" port: 37193 } } peers { permanent_uuid: "d711855caa2a49bbb7505b4150183e39" member_type: VOTER last_known_addr { host: "127.5.181.67" port: 44651 } }
I20260709 12:08:14.562077  6173 raft_consensus.cc:385] T 21769e2fdfa64c62ba5072e266a8884d P d711855caa2a49bbb7505b4150183e39 [term 0 FOLLOWER]: Consensus starting up: Expiring failure detector timer to make a prompt election more likely
I20260709 12:08:14.562367  6173 raft_consensus.cc:740] T 21769e2fdfa64c62ba5072e266a8884d P d711855caa2a49bbb7505b4150183e39 [term 0 FOLLOWER]: Becoming Follower/Learner. State: Replica: d711855caa2a49bbb7505b4150183e39, State: Initialized, Role: FOLLOWER
I20260709 12:08:14.564262  6173 consensus_queue.cc:260] T 21769e2fdfa64c62ba5072e266a8884d P d711855caa2a49bbb7505b4150183e39 [NON_LEADER]: Queue going to NON_LEADER mode. State: All replicated index: 0, Majority replicated index: 0, Committed index: 0, Last appended: 0.0, Last appended by leader: 0, Current term: 0, Majority size: -1, State: 0, Mode: NON_LEADER, active raft config: opid_index: -1 OBSOLETE_local: false peers { permanent_uuid: "f17a14d104b64402af716bd380a3a9df" member_type: VOTER last_known_addr { host: "127.5.181.65" port: 34127 } } peers { permanent_uuid: "63cf7a23d43d4e12a035e5a2883f76ce" member_type: VOTER last_known_addr { host: "127.5.181.66" port: 37193 } } peers { permanent_uuid: "d711855caa2a49bbb7505b4150183e39" member_type: VOTER last_known_addr { host: "127.5.181.67" port: 44651 } }
I20260709 12:08:14.569797  6173 ts_tablet_manager.cc:1434] T 21769e2fdfa64c62ba5072e266a8884d P d711855caa2a49bbb7505b4150183e39: Time spent starting tablet: real 0.017s	user 0.005s	sys 0.004s
I20260709 12:08:14.569146  5875 catalog_manager.cc:5697] T 324b795b797d4170b63d96812b6ccb11 P d711855caa2a49bbb7505b4150183e39 reported cstate change: term changed from 0 to 1, leader changed from <none> to d711855caa2a49bbb7505b4150183e39 (127.5.181.67). New cstate: current_term: 1 leader_uuid: "d711855caa2a49bbb7505b4150183e39" committed_config { opid_index: -1 OBSOLETE_local: false peers { permanent_uuid: "d711855caa2a49bbb7505b4150183e39" member_type: VOTER last_known_addr { host: "127.5.181.67" port: 44651 } health_report { overall_health: HEALTHY } } peers { permanent_uuid: "f17a14d104b64402af716bd380a3a9df" member_type: VOTER last_known_addr { host: "127.5.181.65" port: 34127 } health_report { overall_health: UNKNOWN } } peers { permanent_uuid: "63cf7a23d43d4e12a035e5a2883f76ce" member_type: VOTER last_known_addr { host: "127.5.181.66" port: 37193 } health_report { overall_health: UNKNOWN } } }
I20260709 12:08:14.569460  6172 raft_consensus.cc:359] T b8ece0b2339b4c5a8ed2175fe69cb392 P f17a14d104b64402af716bd380a3a9df [term 0 FOLLOWER]: Replica starting. Triggering 0 pending ops. Active config: opid_index: -1 OBSOLETE_local: false peers { permanent_uuid: "f17a14d104b64402af716bd380a3a9df" member_type: VOTER last_known_addr { host: "127.5.181.65" port: 34127 } } peers { permanent_uuid: "63cf7a23d43d4e12a035e5a2883f76ce" member_type: VOTER last_known_addr { host: "127.5.181.66" port: 37193 } } peers { permanent_uuid: "d711855caa2a49bbb7505b4150183e39" member_type: VOTER last_known_addr { host: "127.5.181.67" port: 44651 } }
I20260709 12:08:14.573148  6172 raft_consensus.cc:385] T b8ece0b2339b4c5a8ed2175fe69cb392 P f17a14d104b64402af716bd380a3a9df [term 0 FOLLOWER]: Consensus starting up: Expiring failure detector timer to make a prompt election more likely
I20260709 12:08:14.573606  6172 raft_consensus.cc:740] T b8ece0b2339b4c5a8ed2175fe69cb392 P f17a14d104b64402af716bd380a3a9df [term 0 FOLLOWER]: Becoming Follower/Learner. State: Replica: f17a14d104b64402af716bd380a3a9df, State: Initialized, Role: FOLLOWER
I20260709 12:08:14.572239  6173 tablet_bootstrap.cc:492] T 45715ca6a15a4c2898f3f2c0bbe2b025 P d711855caa2a49bbb7505b4150183e39: Bootstrap starting.
I20260709 12:08:14.577867  6178 raft_consensus.cc:493] T ab3b37c60a424a1fa2db95a4a905980e P f17a14d104b64402af716bd380a3a9df [term 0 FOLLOWER]: Starting pre-election (no leader contacted us within the election timeout)
I20260709 12:08:14.578576  6178 raft_consensus.cc:515] T ab3b37c60a424a1fa2db95a4a905980e P f17a14d104b64402af716bd380a3a9df [term 0 FOLLOWER]: Starting pre-election with config: opid_index: -1 OBSOLETE_local: false peers { permanent_uuid: "f17a14d104b64402af716bd380a3a9df" member_type: VOTER last_known_addr { host: "127.5.181.65" port: 34127 } } peers { permanent_uuid: "63cf7a23d43d4e12a035e5a2883f76ce" member_type: VOTER last_known_addr { host: "127.5.181.66" port: 37193 } } peers { permanent_uuid: "d711855caa2a49bbb7505b4150183e39" member_type: VOTER last_known_addr { host: "127.5.181.67" port: 44651 } }
I20260709 12:08:14.582849  6178 leader_election.cc:290] T ab3b37c60a424a1fa2db95a4a905980e P f17a14d104b64402af716bd380a3a9df [CANDIDATE]: Term 1 pre-election: Requested pre-vote from peers 63cf7a23d43d4e12a035e5a2883f76ce (127.5.181.66:37193), d711855caa2a49bbb7505b4150183e39 (127.5.181.67:44651)
I20260709 12:08:14.574563  6172 consensus_queue.cc:260] T b8ece0b2339b4c5a8ed2175fe69cb392 P f17a14d104b64402af716bd380a3a9df [NON_LEADER]: Queue going to NON_LEADER mode. State: All replicated index: 0, Majority replicated index: 0, Committed index: 0, Last appended: 0.0, Last appended by leader: 0, Current term: 0, Majority size: -1, State: 0, Mode: NON_LEADER, active raft config: opid_index: -1 OBSOLETE_local: false peers { permanent_uuid: "f17a14d104b64402af716bd380a3a9df" member_type: VOTER last_known_addr { host: "127.5.181.65" port: 34127 } } peers { permanent_uuid: "63cf7a23d43d4e12a035e5a2883f76ce" member_type: VOTER last_known_addr { host: "127.5.181.66" port: 37193 } } peers { permanent_uuid: "d711855caa2a49bbb7505b4150183e39" member_type: VOTER last_known_addr { host: "127.5.181.67" port: 44651 } }
I20260709 12:08:14.589314  6172 ts_tablet_manager.cc:1434] T b8ece0b2339b4c5a8ed2175fe69cb392 P f17a14d104b64402af716bd380a3a9df: Time spent starting tablet: real 0.035s	user 0.008s	sys 0.004s
I20260709 12:08:14.597007  6174 tablet_bootstrap.cc:492] T a0b7a735536f4300b3749a49ac5eb3d5 P 63cf7a23d43d4e12a035e5a2883f76ce: No bootstrap required, opened a new log
I20260709 12:08:14.597568  6174 ts_tablet_manager.cc:1403] T a0b7a735536f4300b3749a49ac5eb3d5 P 63cf7a23d43d4e12a035e5a2883f76ce: Time spent bootstrapping tablet: real 0.062s	user 0.014s	sys 0.007s
I20260709 12:08:14.599215  6173 tablet_bootstrap.cc:654] T 45715ca6a15a4c2898f3f2c0bbe2b025 P d711855caa2a49bbb7505b4150183e39: Neither blocks nor log segments found. Creating new log.
I20260709 12:08:14.601356  6174 raft_consensus.cc:359] T a0b7a735536f4300b3749a49ac5eb3d5 P 63cf7a23d43d4e12a035e5a2883f76ce [term 0 FOLLOWER]: Replica starting. Triggering 0 pending ops. Active config: opid_index: -1 OBSOLETE_local: false peers { permanent_uuid: "f17a14d104b64402af716bd380a3a9df" member_type: VOTER last_known_addr { host: "127.5.181.65" port: 34127 } } peers { permanent_uuid: "63cf7a23d43d4e12a035e5a2883f76ce" member_type: VOTER last_known_addr { host: "127.5.181.66" port: 37193 } } peers { permanent_uuid: "d711855caa2a49bbb7505b4150183e39" member_type: VOTER last_known_addr { host: "127.5.181.67" port: 44651 } }
I20260709 12:08:14.602988  6174 raft_consensus.cc:385] T a0b7a735536f4300b3749a49ac5eb3d5 P 63cf7a23d43d4e12a035e5a2883f76ce [term 0 FOLLOWER]: Consensus starting up: Expiring failure detector timer to make a prompt election more likely
I20260709 12:08:14.603648  6174 raft_consensus.cc:740] T a0b7a735536f4300b3749a49ac5eb3d5 P 63cf7a23d43d4e12a035e5a2883f76ce [term 0 FOLLOWER]: Becoming Follower/Learner. State: Replica: 63cf7a23d43d4e12a035e5a2883f76ce, State: Initialized, Role: FOLLOWER
I20260709 12:08:14.602646  6172 tablet_bootstrap.cc:492] T fa96cbdf90b74878af57e0fd77b186f7 P f17a14d104b64402af716bd380a3a9df: Bootstrap starting.
I20260709 12:08:14.609812  6174 consensus_queue.cc:260] T a0b7a735536f4300b3749a49ac5eb3d5 P 63cf7a23d43d4e12a035e5a2883f76ce [NON_LEADER]: Queue going to NON_LEADER mode. State: All replicated index: 0, Majority replicated index: 0, Committed index: 0, Last appended: 0.0, Last appended by leader: 0, Current term: 0, Majority size: -1, State: 0, Mode: NON_LEADER, active raft config: opid_index: -1 OBSOLETE_local: false peers { permanent_uuid: "f17a14d104b64402af716bd380a3a9df" member_type: VOTER last_known_addr { host: "127.5.181.65" port: 34127 } } peers { permanent_uuid: "63cf7a23d43d4e12a035e5a2883f76ce" member_type: VOTER last_known_addr { host: "127.5.181.66" port: 37193 } } peers { permanent_uuid: "d711855caa2a49bbb7505b4150183e39" member_type: VOTER last_known_addr { host: "127.5.181.67" port: 44651 } }
I20260709 12:08:14.615767  6174 ts_tablet_manager.cc:1434] T a0b7a735536f4300b3749a49ac5eb3d5 P 63cf7a23d43d4e12a035e5a2883f76ce: Time spent starting tablet: real 0.018s	user 0.005s	sys 0.002s
I20260709 12:08:14.616688  6173 tablet_bootstrap.cc:492] T 45715ca6a15a4c2898f3f2c0bbe2b025 P d711855caa2a49bbb7505b4150183e39: No bootstrap required, opened a new log
I20260709 12:08:14.620178  6173 ts_tablet_manager.cc:1403] T 45715ca6a15a4c2898f3f2c0bbe2b025 P d711855caa2a49bbb7505b4150183e39: Time spent bootstrapping tablet: real 0.048s	user 0.008s	sys 0.014s
I20260709 12:08:14.621965  6174 tablet_bootstrap.cc:492] T ab3b37c60a424a1fa2db95a4a905980e P 63cf7a23d43d4e12a035e5a2883f76ce: Bootstrap starting.
I20260709 12:08:14.623788  6173 raft_consensus.cc:359] T 45715ca6a15a4c2898f3f2c0bbe2b025 P d711855caa2a49bbb7505b4150183e39 [term 0 FOLLOWER]: Replica starting. Triggering 0 pending ops. Active config: opid_index: -1 OBSOLETE_local: false peers { permanent_uuid: "f17a14d104b64402af716bd380a3a9df" member_type: VOTER last_known_addr { host: "127.5.181.65" port: 34127 } } peers { permanent_uuid: "63cf7a23d43d4e12a035e5a2883f76ce" member_type: VOTER last_known_addr { host: "127.5.181.66" port: 37193 } } peers { permanent_uuid: "d711855caa2a49bbb7505b4150183e39" member_type: VOTER last_known_addr { host: "127.5.181.67" port: 44651 } }
I20260709 12:08:14.624552  6173 raft_consensus.cc:385] T 45715ca6a15a4c2898f3f2c0bbe2b025 P d711855caa2a49bbb7505b4150183e39 [term 0 FOLLOWER]: Consensus starting up: Expiring failure detector timer to make a prompt election more likely
I20260709 12:08:14.624866  6173 raft_consensus.cc:740] T 45715ca6a15a4c2898f3f2c0bbe2b025 P d711855caa2a49bbb7505b4150183e39 [term 0 FOLLOWER]: Becoming Follower/Learner. State: Replica: d711855caa2a49bbb7505b4150183e39, State: Initialized, Role: FOLLOWER
I20260709 12:08:14.625088  6178 raft_consensus.cc:493] T a0b7a735536f4300b3749a49ac5eb3d5 P f17a14d104b64402af716bd380a3a9df [term 0 FOLLOWER]: Starting pre-election (no leader contacted us within the election timeout)
I20260709 12:08:14.625648  6178 raft_consensus.cc:515] T a0b7a735536f4300b3749a49ac5eb3d5 P f17a14d104b64402af716bd380a3a9df [term 0 FOLLOWER]: Starting pre-election with config: opid_index: -1 OBSOLETE_local: false peers { permanent_uuid: "f17a14d104b64402af716bd380a3a9df" member_type: VOTER last_known_addr { host: "127.5.181.65" port: 34127 } } peers { permanent_uuid: "63cf7a23d43d4e12a035e5a2883f76ce" member_type: VOTER last_known_addr { host: "127.5.181.66" port: 37193 } } peers { permanent_uuid: "d711855caa2a49bbb7505b4150183e39" member_type: VOTER last_known_addr { host: "127.5.181.67" port: 44651 } }
I20260709 12:08:14.625733  6173 consensus_queue.cc:260] T 45715ca6a15a4c2898f3f2c0bbe2b025 P d711855caa2a49bbb7505b4150183e39 [NON_LEADER]: Queue going to NON_LEADER mode. State: All replicated index: 0, Majority replicated index: 0, Committed index: 0, Last appended: 0.0, Last appended by leader: 0, Current term: 0, Majority size: -1, State: 0, Mode: NON_LEADER, active raft config: opid_index: -1 OBSOLETE_local: false peers { permanent_uuid: "f17a14d104b64402af716bd380a3a9df" member_type: VOTER last_known_addr { host: "127.5.181.65" port: 34127 } } peers { permanent_uuid: "63cf7a23d43d4e12a035e5a2883f76ce" member_type: VOTER last_known_addr { host: "127.5.181.66" port: 37193 } } peers { permanent_uuid: "d711855caa2a49bbb7505b4150183e39" member_type: VOTER last_known_addr { host: "127.5.181.67" port: 44651 } }
I20260709 12:08:14.627561  6172 tablet_bootstrap.cc:654] T fa96cbdf90b74878af57e0fd77b186f7 P f17a14d104b64402af716bd380a3a9df: Neither blocks nor log segments found. Creating new log.
I20260709 12:08:14.628080  6178 leader_election.cc:290] T a0b7a735536f4300b3749a49ac5eb3d5 P f17a14d104b64402af716bd380a3a9df [CANDIDATE]: Term 1 pre-election: Requested pre-vote from peers 63cf7a23d43d4e12a035e5a2883f76ce (127.5.181.66:37193), d711855caa2a49bbb7505b4150183e39 (127.5.181.67:44651)
I20260709 12:08:14.634511  6178 raft_consensus.cc:493] T 21769e2fdfa64c62ba5072e266a8884d P f17a14d104b64402af716bd380a3a9df [term 0 FOLLOWER]: Starting pre-election (no leader contacted us within the election timeout)
I20260709 12:08:14.635046  6178 raft_consensus.cc:515] T 21769e2fdfa64c62ba5072e266a8884d P f17a14d104b64402af716bd380a3a9df [term 0 FOLLOWER]: Starting pre-election with config: opid_index: -1 OBSOLETE_local: false peers { permanent_uuid: "f17a14d104b64402af716bd380a3a9df" member_type: VOTER last_known_addr { host: "127.5.181.65" port: 34127 } } peers { permanent_uuid: "63cf7a23d43d4e12a035e5a2883f76ce" member_type: VOTER last_known_addr { host: "127.5.181.66" port: 37193 } } peers { permanent_uuid: "d711855caa2a49bbb7505b4150183e39" member_type: VOTER last_known_addr { host: "127.5.181.67" port: 44651 } }
I20260709 12:08:14.628263  6173 ts_tablet_manager.cc:1434] T 45715ca6a15a4c2898f3f2c0bbe2b025 P d711855caa2a49bbb7505b4150183e39: Time spent starting tablet: real 0.007s	user 0.006s	sys 0.000s
I20260709 12:08:14.640467  6173 tablet_bootstrap.cc:492] T c56fba6ed1ae4f22a93535beb35c7957 P d711855caa2a49bbb7505b4150183e39: Bootstrap starting.
I20260709 12:08:14.642377  6174 tablet_bootstrap.cc:654] T ab3b37c60a424a1fa2db95a4a905980e P 63cf7a23d43d4e12a035e5a2883f76ce: Neither blocks nor log segments found. Creating new log.
I20260709 12:08:14.644894  6172 tablet_bootstrap.cc:492] T fa96cbdf90b74878af57e0fd77b186f7 P f17a14d104b64402af716bd380a3a9df: No bootstrap required, opened a new log
I20260709 12:08:14.646019  6172 ts_tablet_manager.cc:1403] T fa96cbdf90b74878af57e0fd77b186f7 P f17a14d104b64402af716bd380a3a9df: Time spent bootstrapping tablet: real 0.044s	user 0.013s	sys 0.001s
I20260709 12:08:14.654186  6172 raft_consensus.cc:359] T fa96cbdf90b74878af57e0fd77b186f7 P f17a14d104b64402af716bd380a3a9df [term 0 FOLLOWER]: Replica starting. Triggering 0 pending ops. Active config: opid_index: -1 OBSOLETE_local: false peers { permanent_uuid: "f17a14d104b64402af716bd380a3a9df" member_type: VOTER last_known_addr { host: "127.5.181.65" port: 34127 } } peers { permanent_uuid: "63cf7a23d43d4e12a035e5a2883f76ce" member_type: VOTER last_known_addr { host: "127.5.181.66" port: 37193 } } peers { permanent_uuid: "d711855caa2a49bbb7505b4150183e39" member_type: VOTER last_known_addr { host: "127.5.181.67" port: 44651 } }
I20260709 12:08:14.654939  6172 raft_consensus.cc:385] T fa96cbdf90b74878af57e0fd77b186f7 P f17a14d104b64402af716bd380a3a9df [term 0 FOLLOWER]: Consensus starting up: Expiring failure detector timer to make a prompt election more likely
I20260709 12:08:14.654987  6179 raft_consensus.cc:493] T 4ce6e698bf9647e69d0087d9ff0ddb46 P 63cf7a23d43d4e12a035e5a2883f76ce [term 0 FOLLOWER]: Starting pre-election (no leader contacted us within the election timeout)
I20260709 12:08:14.655387  6172 raft_consensus.cc:740] T fa96cbdf90b74878af57e0fd77b186f7 P f17a14d104b64402af716bd380a3a9df [term 0 FOLLOWER]: Becoming Follower/Learner. State: Replica: f17a14d104b64402af716bd380a3a9df, State: Initialized, Role: FOLLOWER
I20260709 12:08:14.656150  6172 consensus_queue.cc:260] T fa96cbdf90b74878af57e0fd77b186f7 P f17a14d104b64402af716bd380a3a9df [NON_LEADER]: Queue going to NON_LEADER mode. State: All replicated index: 0, Majority replicated index: 0, Committed index: 0, Last appended: 0.0, Last appended by leader: 0, Current term: 0, Majority size: -1, State: 0, Mode: NON_LEADER, active raft config: opid_index: -1 OBSOLETE_local: false peers { permanent_uuid: "f17a14d104b64402af716bd380a3a9df" member_type: VOTER last_known_addr { host: "127.5.181.65" port: 34127 } } peers { permanent_uuid: "63cf7a23d43d4e12a035e5a2883f76ce" member_type: VOTER last_known_addr { host: "127.5.181.66" port: 37193 } } peers { permanent_uuid: "d711855caa2a49bbb7505b4150183e39" member_type: VOTER last_known_addr { host: "127.5.181.67" port: 44651 } }
I20260709 12:08:14.657636  6178 leader_election.cc:290] T 21769e2fdfa64c62ba5072e266a8884d P f17a14d104b64402af716bd380a3a9df [CANDIDATE]: Term 1 pre-election: Requested pre-vote from peers 63cf7a23d43d4e12a035e5a2883f76ce (127.5.181.66:37193), d711855caa2a49bbb7505b4150183e39 (127.5.181.67:44651)
I20260709 12:08:14.655517  6179 raft_consensus.cc:515] T 4ce6e698bf9647e69d0087d9ff0ddb46 P 63cf7a23d43d4e12a035e5a2883f76ce [term 0 FOLLOWER]: Starting pre-election with config: opid_index: -1 OBSOLETE_local: false peers { permanent_uuid: "f17a14d104b64402af716bd380a3a9df" member_type: VOTER last_known_addr { host: "127.5.181.65" port: 34127 } } peers { permanent_uuid: "63cf7a23d43d4e12a035e5a2883f76ce" member_type: VOTER last_known_addr { host: "127.5.181.66" port: 37193 } } peers { permanent_uuid: "d711855caa2a49bbb7505b4150183e39" member_type: VOTER last_known_addr { host: "127.5.181.67" port: 44651 } }
I20260709 12:08:14.661726  6179 leader_election.cc:290] T 4ce6e698bf9647e69d0087d9ff0ddb46 P 63cf7a23d43d4e12a035e5a2883f76ce [CANDIDATE]: Term 1 pre-election: Requested pre-vote from peers f17a14d104b64402af716bd380a3a9df (127.5.181.65:34127), d711855caa2a49bbb7505b4150183e39 (127.5.181.67:44651)
I20260709 12:08:14.663399  6129 tablet_service.cc:1917] Received RequestConsensusVote() RPC: tablet_id: "4ce6e698bf9647e69d0087d9ff0ddb46" candidate_uuid: "63cf7a23d43d4e12a035e5a2883f76ce" candidate_term: 1 candidate_status { last_received { term: 0 index: 0 } } ignore_live_leader: false dest_uuid: "d711855caa2a49bbb7505b4150183e39" is_pre_election: true
I20260709 12:08:14.664059  6129 raft_consensus.cc:2468] T 4ce6e698bf9647e69d0087d9ff0ddb46 P d711855caa2a49bbb7505b4150183e39 [term 0 FOLLOWER]: Leader pre-election vote request: Granting yes vote for candidate 63cf7a23d43d4e12a035e5a2883f76ce in term 0.
I20260709 12:08:14.665829  5980 tablet_service.cc:1917] Received RequestConsensusVote() RPC: tablet_id: "4ce6e698bf9647e69d0087d9ff0ddb46" candidate_uuid: "63cf7a23d43d4e12a035e5a2883f76ce" candidate_term: 1 candidate_status { last_received { term: 0 index: 0 } } ignore_live_leader: false dest_uuid: "f17a14d104b64402af716bd380a3a9df" is_pre_election: true
I20260709 12:08:14.666637  5980 raft_consensus.cc:2468] T 4ce6e698bf9647e69d0087d9ff0ddb46 P f17a14d104b64402af716bd380a3a9df [term 0 FOLLOWER]: Leader pre-election vote request: Granting yes vote for candidate 63cf7a23d43d4e12a035e5a2883f76ce in term 0.
I20260709 12:08:14.667958  6020 leader_election.cc:304] T 4ce6e698bf9647e69d0087d9ff0ddb46 P 63cf7a23d43d4e12a035e5a2883f76ce [CANDIDATE]: Term 1 pre-election: Election decided. Result: candidate won. Election summary: received 2 responses out of 3 voters: 2 yes votes; 0 no votes. yes voters: 63cf7a23d43d4e12a035e5a2883f76ce, d711855caa2a49bbb7505b4150183e39; no voters: 
I20260709 12:08:14.670166  6179 raft_consensus.cc:2804] T 4ce6e698bf9647e69d0087d9ff0ddb46 P 63cf7a23d43d4e12a035e5a2883f76ce [term 0 FOLLOWER]: Leader pre-election won for term 1
I20260709 12:08:14.670567  6179 raft_consensus.cc:493] T 4ce6e698bf9647e69d0087d9ff0ddb46 P 63cf7a23d43d4e12a035e5a2883f76ce [term 0 FOLLOWER]: Starting leader election (no leader contacted us within the election timeout)
I20260709 12:08:14.670923  6179 raft_consensus.cc:3060] T 4ce6e698bf9647e69d0087d9ff0ddb46 P 63cf7a23d43d4e12a035e5a2883f76ce [term 0 FOLLOWER]: Advancing to term 1
I20260709 12:08:14.679800  6179 raft_consensus.cc:515] T 4ce6e698bf9647e69d0087d9ff0ddb46 P 63cf7a23d43d4e12a035e5a2883f76ce [term 1 FOLLOWER]: Starting leader election with config: opid_index: -1 OBSOLETE_local: false peers { permanent_uuid: "f17a14d104b64402af716bd380a3a9df" member_type: VOTER last_known_addr { host: "127.5.181.65" port: 34127 } } peers { permanent_uuid: "63cf7a23d43d4e12a035e5a2883f76ce" member_type: VOTER last_known_addr { host: "127.5.181.66" port: 37193 } } peers { permanent_uuid: "d711855caa2a49bbb7505b4150183e39" member_type: VOTER last_known_addr { host: "127.5.181.67" port: 44651 } }
I20260709 12:08:14.681160  6053 tablet_service.cc:1917] Received RequestConsensusVote() RPC: tablet_id: "ab3b37c60a424a1fa2db95a4a905980e" candidate_uuid: "f17a14d104b64402af716bd380a3a9df" candidate_term: 1 candidate_status { last_received { term: 0 index: 0 } } ignore_live_leader: false dest_uuid: "63cf7a23d43d4e12a035e5a2883f76ce" is_pre_election: true
I20260709 12:08:14.681803  6054 tablet_service.cc:1917] Received RequestConsensusVote() RPC: tablet_id: "a0b7a735536f4300b3749a49ac5eb3d5" candidate_uuid: "f17a14d104b64402af716bd380a3a9df" candidate_term: 1 candidate_status { last_received { term: 0 index: 0 } } ignore_live_leader: false dest_uuid: "63cf7a23d43d4e12a035e5a2883f76ce" is_pre_election: true
I20260709 12:08:14.682530  6054 raft_consensus.cc:2468] T a0b7a735536f4300b3749a49ac5eb3d5 P 63cf7a23d43d4e12a035e5a2883f76ce [term 0 FOLLOWER]: Leader pre-election vote request: Granting yes vote for candidate f17a14d104b64402af716bd380a3a9df in term 0.
I20260709 12:08:14.688784  6127 tablet_service.cc:1917] Received RequestConsensusVote() RPC: tablet_id: "21769e2fdfa64c62ba5072e266a8884d" candidate_uuid: "f17a14d104b64402af716bd380a3a9df" candidate_term: 1 candidate_status { last_received { term: 0 index: 0 } } ignore_live_leader: false dest_uuid: "d711855caa2a49bbb7505b4150183e39" is_pre_election: true
I20260709 12:08:14.689705  6127 raft_consensus.cc:2468] T 21769e2fdfa64c62ba5072e266a8884d P d711855caa2a49bbb7505b4150183e39 [term 0 FOLLOWER]: Leader pre-election vote request: Granting yes vote for candidate f17a14d104b64402af716bd380a3a9df in term 0.
I20260709 12:08:14.690047  5980 tablet_service.cc:1917] Received RequestConsensusVote() RPC: tablet_id: "4ce6e698bf9647e69d0087d9ff0ddb46" candidate_uuid: "63cf7a23d43d4e12a035e5a2883f76ce" candidate_term: 1 candidate_status { last_received { term: 0 index: 0 } } ignore_live_leader: false dest_uuid: "f17a14d104b64402af716bd380a3a9df"
I20260709 12:08:14.691219  6054 tablet_service.cc:1917] Received RequestConsensusVote() RPC: tablet_id: "21769e2fdfa64c62ba5072e266a8884d" candidate_uuid: "f17a14d104b64402af716bd380a3a9df" candidate_term: 1 candidate_status { last_received { term: 0 index: 0 } } ignore_live_leader: false dest_uuid: "63cf7a23d43d4e12a035e5a2883f76ce" is_pre_election: true
I20260709 12:08:14.690621  5980 raft_consensus.cc:3060] T 4ce6e698bf9647e69d0087d9ff0ddb46 P f17a14d104b64402af716bd380a3a9df [term 0 FOLLOWER]: Advancing to term 1
I20260709 12:08:14.691303  5945 leader_election.cc:304] T 21769e2fdfa64c62ba5072e266a8884d P f17a14d104b64402af716bd380a3a9df [CANDIDATE]: Term 1 pre-election: Election decided. Result: candidate won. Election summary: received 2 responses out of 3 voters: 2 yes votes; 0 no votes. yes voters: d711855caa2a49bbb7505b4150183e39, f17a14d104b64402af716bd380a3a9df; no voters: 
I20260709 12:08:14.692226  6128 tablet_service.cc:1917] Received RequestConsensusVote() RPC: tablet_id: "a0b7a735536f4300b3749a49ac5eb3d5" candidate_uuid: "f17a14d104b64402af716bd380a3a9df" candidate_term: 1 candidate_status { last_received { term: 0 index: 0 } } ignore_live_leader: false dest_uuid: "d711855caa2a49bbb7505b4150183e39" is_pre_election: true
I20260709 12:08:14.692571  6178 raft_consensus.cc:2804] T 21769e2fdfa64c62ba5072e266a8884d P f17a14d104b64402af716bd380a3a9df [term 0 FOLLOWER]: Leader pre-election won for term 1
I20260709 12:08:14.692845  6128 raft_consensus.cc:2468] T a0b7a735536f4300b3749a49ac5eb3d5 P d711855caa2a49bbb7505b4150183e39 [term 0 FOLLOWER]: Leader pre-election vote request: Granting yes vote for candidate f17a14d104b64402af716bd380a3a9df in term 0.
I20260709 12:08:14.690660  6129 tablet_service.cc:1917] Received RequestConsensusVote() RPC: tablet_id: "ab3b37c60a424a1fa2db95a4a905980e" candidate_uuid: "f17a14d104b64402af716bd380a3a9df" candidate_term: 1 candidate_status { last_received { term: 0 index: 0 } } ignore_live_leader: false dest_uuid: "d711855caa2a49bbb7505b4150183e39" is_pre_election: true
I20260709 12:08:14.694844  6174 tablet_bootstrap.cc:492] T ab3b37c60a424a1fa2db95a4a905980e P 63cf7a23d43d4e12a035e5a2883f76ce: No bootstrap required, opened a new log
I20260709 12:08:14.695325  6174 ts_tablet_manager.cc:1403] T ab3b37c60a424a1fa2db95a4a905980e P 63cf7a23d43d4e12a035e5a2883f76ce: Time spent bootstrapping tablet: real 0.076s	user 0.006s	sys 0.009s
I20260709 12:08:14.692924  6178 raft_consensus.cc:493] T 21769e2fdfa64c62ba5072e266a8884d P f17a14d104b64402af716bd380a3a9df [term 0 FOLLOWER]: Starting leader election (no leader contacted us within the election timeout)
I20260709 12:08:14.697590  6178 raft_consensus.cc:3060] T 21769e2fdfa64c62ba5072e266a8884d P f17a14d104b64402af716bd380a3a9df [term 0 FOLLOWER]: Advancing to term 1
I20260709 12:08:14.703600  5945 leader_election.cc:304] T a0b7a735536f4300b3749a49ac5eb3d5 P f17a14d104b64402af716bd380a3a9df [CANDIDATE]: Term 1 pre-election: Election decided. Result: candidate won. Election summary: received 2 responses out of 3 voters: 2 yes votes; 0 no votes. yes voters: d711855caa2a49bbb7505b4150183e39, f17a14d104b64402af716bd380a3a9df; no voters: 
I20260709 12:08:14.700148  6179 leader_election.cc:290] T 4ce6e698bf9647e69d0087d9ff0ddb46 P 63cf7a23d43d4e12a035e5a2883f76ce [CANDIDATE]: Term 1 election: Requested vote from peers f17a14d104b64402af716bd380a3a9df (127.5.181.65:34127), d711855caa2a49bbb7505b4150183e39 (127.5.181.67:44651)
W20260709 12:08:14.706447  5944 leader_election.cc:343] T ab3b37c60a424a1fa2db95a4a905980e P f17a14d104b64402af716bd380a3a9df [CANDIDATE]: Term 1 pre-election: Tablet error from VoteRequest() call to peer 63cf7a23d43d4e12a035e5a2883f76ce (127.5.181.66:37193): Illegal state: must be running to vote when last-logged opid is not known
I20260709 12:08:14.706444  6129 tablet_service.cc:1917] Received RequestConsensusVote() RPC: tablet_id: "4ce6e698bf9647e69d0087d9ff0ddb46" candidate_uuid: "63cf7a23d43d4e12a035e5a2883f76ce" candidate_term: 1 candidate_status { last_received { term: 0 index: 0 } } ignore_live_leader: false dest_uuid: "d711855caa2a49bbb7505b4150183e39"
I20260709 12:08:14.712926  6178 raft_consensus.cc:515] T 21769e2fdfa64c62ba5072e266a8884d P f17a14d104b64402af716bd380a3a9df [term 1 FOLLOWER]: Starting leader election with config: opid_index: -1 OBSOLETE_local: false peers { permanent_uuid: "f17a14d104b64402af716bd380a3a9df" member_type: VOTER last_known_addr { host: "127.5.181.65" port: 34127 } } peers { permanent_uuid: "63cf7a23d43d4e12a035e5a2883f76ce" member_type: VOTER last_known_addr { host: "127.5.181.66" port: 37193 } } peers { permanent_uuid: "d711855caa2a49bbb7505b4150183e39" member_type: VOTER last_known_addr { host: "127.5.181.67" port: 44651 } }
I20260709 12:08:14.714826  6129 raft_consensus.cc:3060] T 4ce6e698bf9647e69d0087d9ff0ddb46 P d711855caa2a49bbb7505b4150183e39 [term 0 FOLLOWER]: Advancing to term 1
I20260709 12:08:14.706470  6173 tablet_bootstrap.cc:654] T c56fba6ed1ae4f22a93535beb35c7957 P d711855caa2a49bbb7505b4150183e39: Neither blocks nor log segments found. Creating new log.
I20260709 12:08:14.707589  6172 ts_tablet_manager.cc:1434] T fa96cbdf90b74878af57e0fd77b186f7 P f17a14d104b64402af716bd380a3a9df: Time spent starting tablet: real 0.061s	user 0.010s	sys 0.006s
W20260709 12:08:14.715590  5945 leader_election.cc:343] T ab3b37c60a424a1fa2db95a4a905980e P f17a14d104b64402af716bd380a3a9df [CANDIDATE]: Term 1 pre-election: Tablet error from VoteRequest() call to peer d711855caa2a49bbb7505b4150183e39 (127.5.181.67:44651): Illegal state: must be running to vote when last-logged opid is not known
W20260709 12:08:14.716225  5944 leader_election.cc:343] T 21769e2fdfa64c62ba5072e266a8884d P f17a14d104b64402af716bd380a3a9df [CANDIDATE]: Term 1 pre-election: Tablet error from VoteRequest() call to peer 63cf7a23d43d4e12a035e5a2883f76ce (127.5.181.66:37193): Illegal state: must be running to vote when last-logged opid is not known
I20260709 12:08:14.713423  6214 raft_consensus.cc:2804] T a0b7a735536f4300b3749a49ac5eb3d5 P f17a14d104b64402af716bd380a3a9df [term 0 FOLLOWER]: Leader pre-election won for term 1
I20260709 12:08:14.717149  6214 raft_consensus.cc:493] T a0b7a735536f4300b3749a49ac5eb3d5 P f17a14d104b64402af716bd380a3a9df [term 0 FOLLOWER]: Starting leader election (no leader contacted us within the election timeout)
I20260709 12:08:14.718066  6172 tablet_bootstrap.cc:492] T c56fba6ed1ae4f22a93535beb35c7957 P f17a14d104b64402af716bd380a3a9df: Bootstrap starting.
I20260709 12:08:14.718585  5945 leader_election.cc:304] T ab3b37c60a424a1fa2db95a4a905980e P f17a14d104b64402af716bd380a3a9df [CANDIDATE]: Term 1 pre-election: Election decided. Result: candidate lost. Election summary: received 3 responses out of 3 voters: 1 yes votes; 2 no votes. yes voters: f17a14d104b64402af716bd380a3a9df; no voters: 63cf7a23d43d4e12a035e5a2883f76ce, d711855caa2a49bbb7505b4150183e39
I20260709 12:08:14.717830  6174 raft_consensus.cc:359] T ab3b37c60a424a1fa2db95a4a905980e P 63cf7a23d43d4e12a035e5a2883f76ce [term 0 FOLLOWER]: Replica starting. Triggering 0 pending ops. Active config: opid_index: -1 OBSOLETE_local: false peers { permanent_uuid: "f17a14d104b64402af716bd380a3a9df" member_type: VOTER last_known_addr { host: "127.5.181.65" port: 34127 } } peers { permanent_uuid: "63cf7a23d43d4e12a035e5a2883f76ce" member_type: VOTER last_known_addr { host: "127.5.181.66" port: 37193 } } peers { permanent_uuid: "d711855caa2a49bbb7505b4150183e39" member_type: VOTER last_known_addr { host: "127.5.181.67" port: 44651 } }
I20260709 12:08:14.719364  6214 raft_consensus.cc:3060] T a0b7a735536f4300b3749a49ac5eb3d5 P f17a14d104b64402af716bd380a3a9df [term 0 FOLLOWER]: Advancing to term 1
I20260709 12:08:14.719635  6174 raft_consensus.cc:385] T ab3b37c60a424a1fa2db95a4a905980e P 63cf7a23d43d4e12a035e5a2883f76ce [term 0 FOLLOWER]: Consensus starting up: Expiring failure detector timer to make a prompt election more likely
I20260709 12:08:14.721138  6178 leader_election.cc:290] T 21769e2fdfa64c62ba5072e266a8884d P f17a14d104b64402af716bd380a3a9df [CANDIDATE]: Term 1 election: Requested vote from peers 63cf7a23d43d4e12a035e5a2883f76ce (127.5.181.66:37193), d711855caa2a49bbb7505b4150183e39 (127.5.181.67:44651)
I20260709 12:08:14.712847  5980 raft_consensus.cc:2468] T 4ce6e698bf9647e69d0087d9ff0ddb46 P f17a14d104b64402af716bd380a3a9df [term 1 FOLLOWER]: Leader election vote request: Granting yes vote for candidate 63cf7a23d43d4e12a035e5a2883f76ce in term 1.
I20260709 12:08:14.721479  6174 raft_consensus.cc:740] T ab3b37c60a424a1fa2db95a4a905980e P 63cf7a23d43d4e12a035e5a2883f76ce [term 0 FOLLOWER]: Becoming Follower/Learner. State: Replica: 63cf7a23d43d4e12a035e5a2883f76ce, State: Initialized, Role: FOLLOWER
I20260709 12:08:14.726264  6054 tablet_service.cc:1917] Received RequestConsensusVote() RPC: tablet_id: "21769e2fdfa64c62ba5072e266a8884d" candidate_uuid: "f17a14d104b64402af716bd380a3a9df" candidate_term: 1 candidate_status { last_received { term: 0 index: 0 } } ignore_live_leader: false dest_uuid: "63cf7a23d43d4e12a035e5a2883f76ce"
I20260709 12:08:14.724212  6178 raft_consensus.cc:2749] T ab3b37c60a424a1fa2db95a4a905980e P f17a14d104b64402af716bd380a3a9df [term 0 FOLLOWER]: Leader pre-election lost for term 1. Reason: could not achieve majority
W20260709 12:08:14.728235  5944 leader_election.cc:343] T 21769e2fdfa64c62ba5072e266a8884d P f17a14d104b64402af716bd380a3a9df [CANDIDATE]: Term 1 election: Tablet error from VoteRequest() call to peer 63cf7a23d43d4e12a035e5a2883f76ce (127.5.181.66:37193): Illegal state: must be running to vote when last-logged opid is not known
I20260709 12:08:14.728575  6174 consensus_queue.cc:260] T ab3b37c60a424a1fa2db95a4a905980e P 63cf7a23d43d4e12a035e5a2883f76ce [NON_LEADER]: Queue going to NON_LEADER mode. State: All replicated index: 0, Majority replicated index: 0, Committed index: 0, Last appended: 0.0, Last appended by leader: 0, Current term: 0, Majority size: -1, State: 0, Mode: NON_LEADER, active raft config: opid_index: -1 OBSOLETE_local: false peers { permanent_uuid: "f17a14d104b64402af716bd380a3a9df" member_type: VOTER last_known_addr { host: "127.5.181.65" port: 34127 } } peers { permanent_uuid: "63cf7a23d43d4e12a035e5a2883f76ce" member_type: VOTER last_known_addr { host: "127.5.181.66" port: 37193 } } peers { permanent_uuid: "d711855caa2a49bbb7505b4150183e39" member_type: VOTER last_known_addr { host: "127.5.181.67" port: 44651 } }
I20260709 12:08:14.731192  6128 tablet_service.cc:1917] Received RequestConsensusVote() RPC: tablet_id: "21769e2fdfa64c62ba5072e266a8884d" candidate_uuid: "f17a14d104b64402af716bd380a3a9df" candidate_term: 1 candidate_status { last_received { term: 0 index: 0 } } ignore_live_leader: false dest_uuid: "d711855caa2a49bbb7505b4150183e39"
I20260709 12:08:14.732972  6128 raft_consensus.cc:3060] T 21769e2fdfa64c62ba5072e266a8884d P d711855caa2a49bbb7505b4150183e39 [term 0 FOLLOWER]: Advancing to term 1
I20260709 12:08:14.736317  6174 ts_tablet_manager.cc:1434] T ab3b37c60a424a1fa2db95a4a905980e P 63cf7a23d43d4e12a035e5a2883f76ce: Time spent starting tablet: real 0.041s	user 0.011s	sys 0.006s
I20260709 12:08:14.738361  6019 leader_election.cc:304] T 4ce6e698bf9647e69d0087d9ff0ddb46 P 63cf7a23d43d4e12a035e5a2883f76ce [CANDIDATE]: Term 1 election: Election decided. Result: candidate won. Election summary: received 2 responses out of 3 voters: 2 yes votes; 0 no votes. yes voters: 63cf7a23d43d4e12a035e5a2883f76ce, f17a14d104b64402af716bd380a3a9df; no voters: 
I20260709 12:08:14.740684  6179 raft_consensus.cc:2804] T 4ce6e698bf9647e69d0087d9ff0ddb46 P 63cf7a23d43d4e12a035e5a2883f76ce [term 1 FOLLOWER]: Leader election won for term 1
I20260709 12:08:14.741127  6174 tablet_bootstrap.cc:492] T b8ece0b2339b4c5a8ed2175fe69cb392 P 63cf7a23d43d4e12a035e5a2883f76ce: Bootstrap starting.
I20260709 12:08:14.745792  6129 raft_consensus.cc:2468] T 4ce6e698bf9647e69d0087d9ff0ddb46 P d711855caa2a49bbb7505b4150183e39 [term 1 FOLLOWER]: Leader election vote request: Granting yes vote for candidate 63cf7a23d43d4e12a035e5a2883f76ce in term 1.
I20260709 12:08:14.758134  6173 tablet_bootstrap.cc:492] T c56fba6ed1ae4f22a93535beb35c7957 P d711855caa2a49bbb7505b4150183e39: No bootstrap required, opened a new log
I20260709 12:08:14.758618  6173 ts_tablet_manager.cc:1403] T c56fba6ed1ae4f22a93535beb35c7957 P d711855caa2a49bbb7505b4150183e39: Time spent bootstrapping tablet: real 0.118s	user 0.009s	sys 0.014s
I20260709 12:08:14.756866  6128 raft_consensus.cc:2468] T 21769e2fdfa64c62ba5072e266a8884d P d711855caa2a49bbb7505b4150183e39 [term 1 FOLLOWER]: Leader election vote request: Granting yes vote for candidate f17a14d104b64402af716bd380a3a9df in term 1.
I20260709 12:08:14.761397  5945 leader_election.cc:304] T 21769e2fdfa64c62ba5072e266a8884d P f17a14d104b64402af716bd380a3a9df [CANDIDATE]: Term 1 election: Election decided. Result: candidate won. Election summary: received 3 responses out of 3 voters: 2 yes votes; 1 no votes. yes voters: d711855caa2a49bbb7505b4150183e39, f17a14d104b64402af716bd380a3a9df; no voters: 63cf7a23d43d4e12a035e5a2883f76ce
I20260709 12:08:14.763000  6173 raft_consensus.cc:359] T c56fba6ed1ae4f22a93535beb35c7957 P d711855caa2a49bbb7505b4150183e39 [term 0 FOLLOWER]: Replica starting. Triggering 0 pending ops. Active config: opid_index: -1 OBSOLETE_local: false peers { permanent_uuid: "f17a14d104b64402af716bd380a3a9df" member_type: VOTER last_known_addr { host: "127.5.181.65" port: 34127 } } peers { permanent_uuid: "63cf7a23d43d4e12a035e5a2883f76ce" member_type: VOTER last_known_addr { host: "127.5.181.66" port: 37193 } } peers { permanent_uuid: "d711855caa2a49bbb7505b4150183e39" member_type: VOTER last_known_addr { host: "127.5.181.67" port: 44651 } }
I20260709 12:08:14.763559  6173 raft_consensus.cc:385] T c56fba6ed1ae4f22a93535beb35c7957 P d711855caa2a49bbb7505b4150183e39 [term 0 FOLLOWER]: Consensus starting up: Expiring failure detector timer to make a prompt election more likely
I20260709 12:08:14.763777  6173 raft_consensus.cc:740] T c56fba6ed1ae4f22a93535beb35c7957 P d711855caa2a49bbb7505b4150183e39 [term 0 FOLLOWER]: Becoming Follower/Learner. State: Replica: d711855caa2a49bbb7505b4150183e39, State: Initialized, Role: FOLLOWER
I20260709 12:08:14.762774  6216 raft_consensus.cc:2804] T 21769e2fdfa64c62ba5072e266a8884d P f17a14d104b64402af716bd380a3a9df [term 1 FOLLOWER]: Leader election won for term 1
I20260709 12:08:14.765270  6216 raft_consensus.cc:697] T 21769e2fdfa64c62ba5072e266a8884d P f17a14d104b64402af716bd380a3a9df [term 1 LEADER]: Becoming Leader. State: Replica: f17a14d104b64402af716bd380a3a9df, State: Running, Role: LEADER
