I20260709 12:09:17.812350  7217 consensus_queue.cc:260] T 1d9d3e82518d4f1d854bd8debf34c135 P 7d1f8af348264670b78caba5dcf7edd6 [NON_LEADER]: Queue going to NON_LEADER mode. State: All replicated index: 0, Majority replicated index: 0, Committed index: 0, Last appended: 0.0, Last appended by leader: 0, Current term: 0, Majority size: -1, State: 0, Mode: NON_LEADER, active raft config: opid_index: -1 OBSOLETE_local: false peers { permanent_uuid: "01245c1fa1a34816acda770b1d506519" member_type: VOTER last_known_addr { host: "127.5.181.65" port: 44659 } } peers { permanent_uuid: "c82176e299ba49039edd937481e2cb80" member_type: VOTER last_known_addr { host: "127.5.181.66" port: 38093 } } peers { permanent_uuid: "7d1f8af348264670b78caba5dcf7edd6" member_type: VOTER last_known_addr { host: "127.5.181.67" port: 36063 } }
I20260709 12:09:17.813659  7218 raft_consensus.cc:359] T be292492697d49329e0e939a1ff6cbe9 P 01245c1fa1a34816acda770b1d506519 [term 0 FOLLOWER]: Replica starting. Triggering 0 pending ops. Active config: opid_index: -1 OBSOLETE_local: false peers { permanent_uuid: "01245c1fa1a34816acda770b1d506519" member_type: VOTER last_known_addr { host: "127.5.181.65" port: 44659 } } peers { permanent_uuid: "c82176e299ba49039edd937481e2cb80" member_type: VOTER last_known_addr { host: "127.5.181.66" port: 38093 } } peers { permanent_uuid: "7d1f8af348264670b78caba5dcf7edd6" member_type: VOTER last_known_addr { host: "127.5.181.67" port: 36063 } }
I20260709 12:09:17.814337  7218 raft_consensus.cc:385] T be292492697d49329e0e939a1ff6cbe9 P 01245c1fa1a34816acda770b1d506519 [term 0 FOLLOWER]: Consensus starting up: Expiring failure detector timer to make a prompt election more likely
I20260709 12:09:17.814599  7218 raft_consensus.cc:740] T be292492697d49329e0e939a1ff6cbe9 P 01245c1fa1a34816acda770b1d506519 [term 0 FOLLOWER]: Becoming Follower/Learner. State: Replica: 01245c1fa1a34816acda770b1d506519, State: Initialized, Role: FOLLOWER
I20260709 12:09:17.815006  7219 raft_consensus.cc:359] T 8e43b332ab804b38b287f3fea228d5e3 P c82176e299ba49039edd937481e2cb80 [term 0 FOLLOWER]: Replica starting. Triggering 0 pending ops. Active config: opid_index: -1 OBSOLETE_local: false peers { permanent_uuid: "01245c1fa1a34816acda770b1d506519" member_type: VOTER last_known_addr { host: "127.5.181.65" port: 44659 } } peers { permanent_uuid: "c82176e299ba49039edd937481e2cb80" member_type: VOTER last_known_addr { host: "127.5.181.66" port: 38093 } } peers { permanent_uuid: "7d1f8af348264670b78caba5dcf7edd6" member_type: VOTER last_known_addr { host: "127.5.181.67" port: 36063 } }
I20260709 12:09:17.816627  7219 raft_consensus.cc:385] T 8e43b332ab804b38b287f3fea228d5e3 P c82176e299ba49039edd937481e2cb80 [term 0 FOLLOWER]: Consensus starting up: Expiring failure detector timer to make a prompt election more likely
I20260709 12:09:17.816076  7218 consensus_queue.cc:260] T be292492697d49329e0e939a1ff6cbe9 P 01245c1fa1a34816acda770b1d506519 [NON_LEADER]: Queue going to NON_LEADER mode. State: All replicated index: 0, Majority replicated index: 0, Committed index: 0, Last appended: 0.0, Last appended by leader: 0, Current term: 0, Majority size: -1, State: 0, Mode: NON_LEADER, active raft config: opid_index: -1 OBSOLETE_local: false peers { permanent_uuid: "01245c1fa1a34816acda770b1d506519" member_type: VOTER last_known_addr { host: "127.5.181.65" port: 44659 } } peers { permanent_uuid: "c82176e299ba49039edd937481e2cb80" member_type: VOTER last_known_addr { host: "127.5.181.66" port: 38093 } } peers { permanent_uuid: "7d1f8af348264670b78caba5dcf7edd6" member_type: VOTER last_known_addr { host: "127.5.181.67" port: 36063 } }
I20260709 12:09:17.817045  7219 raft_consensus.cc:740] T 8e43b332ab804b38b287f3fea228d5e3 P c82176e299ba49039edd937481e2cb80 [term 0 FOLLOWER]: Becoming Follower/Learner. State: Replica: c82176e299ba49039edd937481e2cb80, State: Initialized, Role: FOLLOWER
I20260709 12:09:17.818049  7218 ts_tablet_manager.cc:1434] T be292492697d49329e0e939a1ff6cbe9 P 01245c1fa1a34816acda770b1d506519: Time spent starting tablet: real 0.054s	user 0.008s	sys 0.000s
I20260709 12:09:17.818910  7218 tablet_bootstrap.cc:492] T c9e00d9e0a594011be3d2bd45594101e P 01245c1fa1a34816acda770b1d506519: Bootstrap starting.
I20260709 12:09:17.818128  7219 consensus_queue.cc:260] T 8e43b332ab804b38b287f3fea228d5e3 P c82176e299ba49039edd937481e2cb80 [NON_LEADER]: Queue going to NON_LEADER mode. State: All replicated index: 0, Majority replicated index: 0, Committed index: 0, Last appended: 0.0, Last appended by leader: 0, Current term: 0, Majority size: -1, State: 0, Mode: NON_LEADER, active raft config: opid_index: -1 OBSOLETE_local: false peers { permanent_uuid: "01245c1fa1a34816acda770b1d506519" member_type: VOTER last_known_addr { host: "127.5.181.65" port: 44659 } } peers { permanent_uuid: "c82176e299ba49039edd937481e2cb80" member_type: VOTER last_known_addr { host: "127.5.181.66" port: 38093 } } peers { permanent_uuid: "7d1f8af348264670b78caba5dcf7edd6" member_type: VOTER last_known_addr { host: "127.5.181.67" port: 36063 } }
I20260709 12:09:17.822058  7271 raft_consensus.cc:493] T 1d9d3e82518d4f1d854bd8debf34c135 P c82176e299ba49039edd937481e2cb80 [term 0 FOLLOWER]: Starting pre-election (no leader contacted us within the election timeout)
I20260709 12:09:17.822511  7271 raft_consensus.cc:515] T 1d9d3e82518d4f1d854bd8debf34c135 P c82176e299ba49039edd937481e2cb80 [term 0 FOLLOWER]: Starting pre-election with config: opid_index: -1 OBSOLETE_local: false peers { permanent_uuid: "01245c1fa1a34816acda770b1d506519" member_type: VOTER last_known_addr { host: "127.5.181.65" port: 44659 } } peers { permanent_uuid: "c82176e299ba49039edd937481e2cb80" member_type: VOTER last_known_addr { host: "127.5.181.66" port: 38093 } } peers { permanent_uuid: "7d1f8af348264670b78caba5dcf7edd6" member_type: VOTER last_known_addr { host: "127.5.181.67" port: 36063 } }
I20260709 12:09:17.823915  7219 ts_tablet_manager.cc:1434] T 8e43b332ab804b38b287f3fea228d5e3 P c82176e299ba49039edd937481e2cb80: Time spent starting tablet: real 0.022s	user 0.006s	sys 0.000s
I20260709 12:09:17.825610  7219 tablet_bootstrap.cc:492] T be292492697d49329e0e939a1ff6cbe9 P c82176e299ba49039edd937481e2cb80: Bootstrap starting.
I20260709 12:09:17.825891  7176 raft_consensus.cc:3060] T 7216dce8227747d9998fb035f611ec6e P 7d1f8af348264670b78caba5dcf7edd6 [term 0 FOLLOWER]: Advancing to term 1
I20260709 12:09:17.828161  7026 tablet_service.cc:1917] Received RequestConsensusVote() RPC: tablet_id: "1d9d3e82518d4f1d854bd8debf34c135" candidate_uuid: "c82176e299ba49039edd937481e2cb80" candidate_term: 1 candidate_status { last_received { term: 0 index: 0 } } ignore_live_leader: false dest_uuid: "01245c1fa1a34816acda770b1d506519" is_pre_election: true
I20260709 12:09:17.828792  7026 raft_consensus.cc:2468] T 1d9d3e82518d4f1d854bd8debf34c135 P 01245c1fa1a34816acda770b1d506519 [term 0 FOLLOWER]: Leader pre-election vote request: Granting yes vote for candidate c82176e299ba49039edd937481e2cb80 in term 0.
I20260709 12:09:17.824646  7271 leader_election.cc:290] T 1d9d3e82518d4f1d854bd8debf34c135 P c82176e299ba49039edd937481e2cb80 [CANDIDATE]: Term 1 pre-election: Requested pre-vote from peers 01245c1fa1a34816acda770b1d506519 (127.5.181.65:44659), 7d1f8af348264670b78caba5dcf7edd6 (127.5.181.67:36063)
I20260709 12:09:17.833056  7439 raft_consensus.cc:493] T be292492697d49329e0e939a1ff6cbe9 P 01245c1fa1a34816acda770b1d506519 [term 0 FOLLOWER]: Starting pre-election (no leader contacted us within the election timeout)
I20260709 12:09:17.833616  7439 raft_consensus.cc:515] T be292492697d49329e0e939a1ff6cbe9 P 01245c1fa1a34816acda770b1d506519 [term 0 FOLLOWER]: Starting pre-election with config: opid_index: -1 OBSOLETE_local: false peers { permanent_uuid: "01245c1fa1a34816acda770b1d506519" member_type: VOTER last_known_addr { host: "127.5.181.65" port: 44659 } } peers { permanent_uuid: "c82176e299ba49039edd937481e2cb80" member_type: VOTER last_known_addr { host: "127.5.181.66" port: 38093 } } peers { permanent_uuid: "7d1f8af348264670b78caba5dcf7edd6" member_type: VOTER last_known_addr { host: "127.5.181.67" port: 36063 } }
I20260709 12:09:17.835202  7068 leader_election.cc:304] T 1d9d3e82518d4f1d854bd8debf34c135 P c82176e299ba49039edd937481e2cb80 [CANDIDATE]: Term 1 pre-election: Election decided. Result: candidate won. Election summary: received 2 responses out of 3 voters: 2 yes votes; 0 no votes. yes voters: 01245c1fa1a34816acda770b1d506519, c82176e299ba49039edd937481e2cb80; no voters: 
I20260709 12:09:17.835518  7217 ts_tablet_manager.cc:1434] T 1d9d3e82518d4f1d854bd8debf34c135 P 7d1f8af348264670b78caba5dcf7edd6: Time spent starting tablet: real 0.028s	user 0.006s	sys 0.001s
I20260709 12:09:17.836606  7291 raft_consensus.cc:493] T 1d9d3e82518d4f1d854bd8debf34c135 P 7d1f8af348264670b78caba5dcf7edd6 [term 0 FOLLOWER]: Starting pre-election (no leader contacted us within the election timeout)
I20260709 12:09:17.837746  7217 tablet_bootstrap.cc:492] T 06b138bae7414fc88df0337685dcdb17 P 7d1f8af348264670b78caba5dcf7edd6: Bootstrap starting.
I20260709 12:09:17.837880  7291 raft_consensus.cc:515] T 1d9d3e82518d4f1d854bd8debf34c135 P 7d1f8af348264670b78caba5dcf7edd6 [term 0 FOLLOWER]: Starting pre-election with config: opid_index: -1 OBSOLETE_local: false peers { permanent_uuid: "01245c1fa1a34816acda770b1d506519" member_type: VOTER last_known_addr { host: "127.5.181.65" port: 44659 } } peers { permanent_uuid: "c82176e299ba49039edd937481e2cb80" member_type: VOTER last_known_addr { host: "127.5.181.66" port: 38093 } } peers { permanent_uuid: "7d1f8af348264670b78caba5dcf7edd6" member_type: VOTER last_known_addr { host: "127.5.181.67" port: 36063 } }
I20260709 12:09:17.838443  7439 leader_election.cc:290] T be292492697d49329e0e939a1ff6cbe9 P 01245c1fa1a34816acda770b1d506519 [CANDIDATE]: Term 1 pre-election: Requested pre-vote from peers c82176e299ba49039edd937481e2cb80 (127.5.181.66:38093), 7d1f8af348264670b78caba5dcf7edd6 (127.5.181.67:36063)
I20260709 12:09:17.841674  7291 leader_election.cc:290] T 1d9d3e82518d4f1d854bd8debf34c135 P 7d1f8af348264670b78caba5dcf7edd6 [CANDIDATE]: Term 1 pre-election: Requested pre-vote from peers 01245c1fa1a34816acda770b1d506519 (127.5.181.65:44659), c82176e299ba49039edd937481e2cb80 (127.5.181.66:38093)
I20260709 12:09:17.841833  7174 tablet_service.cc:1917] Received RequestConsensusVote() RPC: tablet_id: "be292492697d49329e0e939a1ff6cbe9" candidate_uuid: "01245c1fa1a34816acda770b1d506519" candidate_term: 1 candidate_status { last_received { term: 0 index: 0 } } ignore_live_leader: false dest_uuid: "7d1f8af348264670b78caba5dcf7edd6" is_pre_election: true
W20260709 12:09:17.843757  6993 leader_election.cc:343] T be292492697d49329e0e939a1ff6cbe9 P 01245c1fa1a34816acda770b1d506519 [CANDIDATE]: Term 1 pre-election: Tablet error from VoteRequest() call to peer 7d1f8af348264670b78caba5dcf7edd6 (127.5.181.67:36063): Illegal state: must be running to vote when last-logged opid is not known
I20260709 12:09:17.834688  7173 tablet_service.cc:1917] Received RequestConsensusVote() RPC: tablet_id: "1d9d3e82518d4f1d854bd8debf34c135" candidate_uuid: "c82176e299ba49039edd937481e2cb80" candidate_term: 1 candidate_status { last_received { term: 0 index: 0 } } ignore_live_leader: false dest_uuid: "7d1f8af348264670b78caba5dcf7edd6" is_pre_election: true
I20260709 12:09:17.845840  7102 tablet_service.cc:1917] Received RequestConsensusVote() RPC: tablet_id: "be292492697d49329e0e939a1ff6cbe9" candidate_uuid: "01245c1fa1a34816acda770b1d506519" candidate_term: 1 candidate_status { last_received { term: 0 index: 0 } } ignore_live_leader: false dest_uuid: "c82176e299ba49039edd937481e2cb80" is_pre_election: true
I20260709 12:09:17.837471  7271 raft_consensus.cc:2804] T 1d9d3e82518d4f1d854bd8debf34c135 P c82176e299ba49039edd937481e2cb80 [term 0 FOLLOWER]: Leader pre-election won for term 1
I20260709 12:09:17.849426  7271 raft_consensus.cc:493] T 1d9d3e82518d4f1d854bd8debf34c135 P c82176e299ba49039edd937481e2cb80 [term 0 FOLLOWER]: Starting leader election (no leader contacted us within the election timeout)
I20260709 12:09:17.849835  7271 raft_consensus.cc:3060] T 1d9d3e82518d4f1d854bd8debf34c135 P c82176e299ba49039edd937481e2cb80 [term 0 FOLLOWER]: Advancing to term 1
I20260709 12:09:17.852442  7101 tablet_service.cc:1917] Received RequestConsensusVote() RPC: tablet_id: "1d9d3e82518d4f1d854bd8debf34c135" candidate_uuid: "7d1f8af348264670b78caba5dcf7edd6" candidate_term: 1 candidate_status { last_received { term: 0 index: 0 } } ignore_live_leader: false dest_uuid: "c82176e299ba49039edd937481e2cb80" is_pre_election: true
I20260709 12:09:17.846066  7173 raft_consensus.cc:2468] T 1d9d3e82518d4f1d854bd8debf34c135 P 7d1f8af348264670b78caba5dcf7edd6 [term 0 FOLLOWER]: Leader pre-election vote request: Granting yes vote for candidate c82176e299ba49039edd937481e2cb80 in term 0.
W20260709 12:09:17.859930  6992 leader_election.cc:343] T be292492697d49329e0e939a1ff6cbe9 P 01245c1fa1a34816acda770b1d506519 [CANDIDATE]: Term 1 pre-election: Tablet error from VoteRequest() call to peer c82176e299ba49039edd937481e2cb80 (127.5.181.66:38093): Illegal state: must be running to vote when last-logged opid is not known
I20260709 12:09:17.860369  6992 leader_election.cc:304] T be292492697d49329e0e939a1ff6cbe9 P 01245c1fa1a34816acda770b1d506519 [CANDIDATE]: Term 1 pre-election: Election decided. Result: candidate lost. Election summary: received 3 responses out of 3 voters: 1 yes votes; 2 no votes. yes voters: 01245c1fa1a34816acda770b1d506519; no voters: 7d1f8af348264670b78caba5dcf7edd6, c82176e299ba49039edd937481e2cb80
I20260709 12:09:17.859665  7026 tablet_service.cc:1917] Received RequestConsensusVote() RPC: tablet_id: "1d9d3e82518d4f1d854bd8debf34c135" candidate_uuid: "7d1f8af348264670b78caba5dcf7edd6" candidate_term: 1 candidate_status { last_received { term: 0 index: 0 } } ignore_live_leader: false dest_uuid: "01245c1fa1a34816acda770b1d506519" is_pre_election: true
I20260709 12:09:17.861143  7026 raft_consensus.cc:2468] T 1d9d3e82518d4f1d854bd8debf34c135 P 01245c1fa1a34816acda770b1d506519 [term 0 FOLLOWER]: Leader pre-election vote request: Granting yes vote for candidate 7d1f8af348264670b78caba5dcf7edd6 in term 0.
I20260709 12:09:17.861996  7439 raft_consensus.cc:2749] T be292492697d49329e0e939a1ff6cbe9 P 01245c1fa1a34816acda770b1d506519 [term 0 FOLLOWER]: Leader pre-election lost for term 1. Reason: could not achieve majority
I20260709 12:09:17.863844  7142 leader_election.cc:304] T 1d9d3e82518d4f1d854bd8debf34c135 P 7d1f8af348264670b78caba5dcf7edd6 [CANDIDATE]: Term 1 pre-election: Election decided. Result: candidate won. Election summary: received 2 responses out of 3 voters: 2 yes votes; 0 no votes. yes voters: 01245c1fa1a34816acda770b1d506519, 7d1f8af348264670b78caba5dcf7edd6; no voters: 
I20260709 12:09:17.864677  7240 raft_consensus.cc:2804] T 1d9d3e82518d4f1d854bd8debf34c135 P 7d1f8af348264670b78caba5dcf7edd6 [term 0 FOLLOWER]: Leader pre-election won for term 1
I20260709 12:09:17.865033  7240 raft_consensus.cc:493] T 1d9d3e82518d4f1d854bd8debf34c135 P 7d1f8af348264670b78caba5dcf7edd6 [term 0 FOLLOWER]: Starting leader election (no leader contacted us within the election timeout)
I20260709 12:09:17.865370  7240 raft_consensus.cc:3060] T 1d9d3e82518d4f1d854bd8debf34c135 P 7d1f8af348264670b78caba5dcf7edd6 [term 0 FOLLOWER]: Advancing to term 1
I20260709 12:09:17.873885  7218 tablet_bootstrap.cc:654] T c9e00d9e0a594011be3d2bd45594101e P 01245c1fa1a34816acda770b1d506519: Neither blocks nor log segments found. Creating new log.
I20260709 12:09:17.876081  7439 raft_consensus.cc:493] T cdafe9d6711448d48f84d52296d0402e P 01245c1fa1a34816acda770b1d506519 [term 0 FOLLOWER]: Starting pre-election (no leader contacted us within the election timeout)
I20260709 12:09:17.877662  7240 raft_consensus.cc:515] T 1d9d3e82518d4f1d854bd8debf34c135 P 7d1f8af348264670b78caba5dcf7edd6 [term 1 FOLLOWER]: Starting leader election with config: opid_index: -1 OBSOLETE_local: false peers { permanent_uuid: "01245c1fa1a34816acda770b1d506519" member_type: VOTER last_known_addr { host: "127.5.181.65" port: 44659 } } peers { permanent_uuid: "c82176e299ba49039edd937481e2cb80" member_type: VOTER last_known_addr { host: "127.5.181.66" port: 38093 } } peers { permanent_uuid: "7d1f8af348264670b78caba5dcf7edd6" member_type: VOTER last_known_addr { host: "127.5.181.67" port: 36063 } }
I20260709 12:09:17.878244  7439 raft_consensus.cc:515] T cdafe9d6711448d48f84d52296d0402e P 01245c1fa1a34816acda770b1d506519 [term 0 FOLLOWER]: Starting pre-election with config: opid_index: -1 OBSOLETE_local: false peers { permanent_uuid: "01245c1fa1a34816acda770b1d506519" member_type: VOTER last_known_addr { host: "127.5.181.65" port: 44659 } } peers { permanent_uuid: "c82176e299ba49039edd937481e2cb80" member_type: VOTER last_known_addr { host: "127.5.181.66" port: 38093 } } peers { permanent_uuid: "7d1f8af348264670b78caba5dcf7edd6" member_type: VOTER last_known_addr { host: "127.5.181.67" port: 36063 } }
I20260709 12:09:17.879729  7240 leader_election.cc:290] T 1d9d3e82518d4f1d854bd8debf34c135 P 7d1f8af348264670b78caba5dcf7edd6 [CANDIDATE]: Term 1 election: Requested vote from peers 01245c1fa1a34816acda770b1d506519 (127.5.181.65:44659), c82176e299ba49039edd937481e2cb80 (127.5.181.66:38093)
I20260709 12:09:17.881011  7102 tablet_service.cc:1917] Received RequestConsensusVote() RPC: tablet_id: "1d9d3e82518d4f1d854bd8debf34c135" candidate_uuid: "7d1f8af348264670b78caba5dcf7edd6" candidate_term: 1 candidate_status { last_received { term: 0 index: 0 } } ignore_live_leader: false dest_uuid: "c82176e299ba49039edd937481e2cb80"
I20260709 12:09:17.881979  7439 leader_election.cc:290] T cdafe9d6711448d48f84d52296d0402e P 01245c1fa1a34816acda770b1d506519 [CANDIDATE]: Term 1 pre-election: Requested pre-vote from peers c82176e299ba49039edd937481e2cb80 (127.5.181.66:38093), 7d1f8af348264670b78caba5dcf7edd6 (127.5.181.67:36063)
I20260709 12:09:17.882802  7102 tablet_service.cc:1917] Received RequestConsensusVote() RPC: tablet_id: "cdafe9d6711448d48f84d52296d0402e" candidate_uuid: "01245c1fa1a34816acda770b1d506519" candidate_term: 1 candidate_status { last_received { term: 0 index: 0 } } ignore_live_leader: false dest_uuid: "c82176e299ba49039edd937481e2cb80" is_pre_election: true
I20260709 12:09:17.883289  7102 raft_consensus.cc:2468] T cdafe9d6711448d48f84d52296d0402e P c82176e299ba49039edd937481e2cb80 [term 0 FOLLOWER]: Leader pre-election vote request: Granting yes vote for candidate 01245c1fa1a34816acda770b1d506519 in term 0.
I20260709 12:09:17.884276  7173 tablet_service.cc:1917] Received RequestConsensusVote() RPC: tablet_id: "cdafe9d6711448d48f84d52296d0402e" candidate_uuid: "01245c1fa1a34816acda770b1d506519" candidate_term: 1 candidate_status { last_received { term: 0 index: 0 } } ignore_live_leader: false dest_uuid: "7d1f8af348264670b78caba5dcf7edd6" is_pre_election: true
I20260709 12:09:17.885279  6992 leader_election.cc:304] T cdafe9d6711448d48f84d52296d0402e P 01245c1fa1a34816acda770b1d506519 [CANDIDATE]: Term 1 pre-election: Election decided. Result: candidate won. Election summary: received 2 responses out of 3 voters: 2 yes votes; 0 no votes. yes voters: 01245c1fa1a34816acda770b1d506519, c82176e299ba49039edd937481e2cb80; no voters: 
I20260709 12:09:17.885973  7439 raft_consensus.cc:2804] T cdafe9d6711448d48f84d52296d0402e P 01245c1fa1a34816acda770b1d506519 [term 0 FOLLOWER]: Leader pre-election won for term 1
I20260709 12:09:17.885888  7026 tablet_service.cc:1917] Received RequestConsensusVote() RPC: tablet_id: "1d9d3e82518d4f1d854bd8debf34c135" candidate_uuid: "7d1f8af348264670b78caba5dcf7edd6" candidate_term: 1 candidate_status { last_received { term: 0 index: 0 } } ignore_live_leader: false dest_uuid: "01245c1fa1a34816acda770b1d506519"
W20260709 12:09:17.889497  6993 leader_election.cc:343] T cdafe9d6711448d48f84d52296d0402e P 01245c1fa1a34816acda770b1d506519 [CANDIDATE]: Term 1 pre-election: Tablet error from VoteRequest() call to peer 7d1f8af348264670b78caba5dcf7edd6 (127.5.181.67:36063): Illegal state: must be running to vote when last-logged opid is not known
I20260709 12:09:17.890507  7219 tablet_bootstrap.cc:654] T be292492697d49329e0e939a1ff6cbe9 P c82176e299ba49039edd937481e2cb80: Neither blocks nor log segments found. Creating new log.
I20260709 12:09:17.889699  7439 raft_consensus.cc:493] T cdafe9d6711448d48f84d52296d0402e P 01245c1fa1a34816acda770b1d506519 [term 0 FOLLOWER]: Starting leader election (no leader contacted us within the election timeout)
I20260709 12:09:17.890893  7026 raft_consensus.cc:3060] T 1d9d3e82518d4f1d854bd8debf34c135 P 01245c1fa1a34816acda770b1d506519 [term 0 FOLLOWER]: Advancing to term 1
I20260709 12:09:17.891533  7439 raft_consensus.cc:3060] T cdafe9d6711448d48f84d52296d0402e P 01245c1fa1a34816acda770b1d506519 [term 0 FOLLOWER]: Advancing to term 1
I20260709 12:09:17.902925  7439 raft_consensus.cc:515] T cdafe9d6711448d48f84d52296d0402e P 01245c1fa1a34816acda770b1d506519 [term 1 FOLLOWER]: Starting leader election with config: opid_index: -1 OBSOLETE_local: false peers { permanent_uuid: "01245c1fa1a34816acda770b1d506519" member_type: VOTER last_known_addr { host: "127.5.181.65" port: 44659 } } peers { permanent_uuid: "c82176e299ba49039edd937481e2cb80" member_type: VOTER last_known_addr { host: "127.5.181.66" port: 38093 } } peers { permanent_uuid: "7d1f8af348264670b78caba5dcf7edd6" member_type: VOTER last_known_addr { host: "127.5.181.67" port: 36063 } }
I20260709 12:09:17.905007  7439 leader_election.cc:290] T cdafe9d6711448d48f84d52296d0402e P 01245c1fa1a34816acda770b1d506519 [CANDIDATE]: Term 1 election: Requested vote from peers c82176e299ba49039edd937481e2cb80 (127.5.181.66:38093), 7d1f8af348264670b78caba5dcf7edd6 (127.5.181.67:36063)
I20260709 12:09:17.905679  7103 tablet_service.cc:1917] Received RequestConsensusVote() RPC: tablet_id: "cdafe9d6711448d48f84d52296d0402e" candidate_uuid: "01245c1fa1a34816acda770b1d506519" candidate_term: 1 candidate_status { last_received { term: 0 index: 0 } } ignore_live_leader: false dest_uuid: "c82176e299ba49039edd937481e2cb80"
I20260709 12:09:17.906445  7103 raft_consensus.cc:3060] T cdafe9d6711448d48f84d52296d0402e P c82176e299ba49039edd937481e2cb80 [term 0 FOLLOWER]: Advancing to term 1
I20260709 12:09:17.908736  7271 raft_consensus.cc:515] T 1d9d3e82518d4f1d854bd8debf34c135 P c82176e299ba49039edd937481e2cb80 [term 1 FOLLOWER]: Starting leader election with config: opid_index: -1 OBSOLETE_local: false peers { permanent_uuid: "01245c1fa1a34816acda770b1d506519" member_type: VOTER last_known_addr { host: "127.5.181.65" port: 44659 } } peers { permanent_uuid: "c82176e299ba49039edd937481e2cb80" member_type: VOTER last_known_addr { host: "127.5.181.66" port: 38093 } } peers { permanent_uuid: "7d1f8af348264670b78caba5dcf7edd6" member_type: VOTER last_known_addr { host: "127.5.181.67" port: 36063 } }
I20260709 12:09:17.910421  7101 raft_consensus.cc:2393] T 1d9d3e82518d4f1d854bd8debf34c135 P c82176e299ba49039edd937481e2cb80 [term 1 FOLLOWER]: Leader pre-election vote request: Denying vote to candidate 7d1f8af348264670b78caba5dcf7edd6 in current term 1: Already voted for candidate c82176e299ba49039edd937481e2cb80 in this term.
I20260709 12:09:17.912276  7217 tablet_bootstrap.cc:654] T 06b138bae7414fc88df0337685dcdb17 P 7d1f8af348264670b78caba5dcf7edd6: Neither blocks nor log segments found. Creating new log.
I20260709 12:09:17.915529  7269 raft_consensus.cc:493] T 8e43b332ab804b38b287f3fea228d5e3 P c82176e299ba49039edd937481e2cb80 [term 0 FOLLOWER]: Starting pre-election (no leader contacted us within the election timeout)
I20260709 12:09:17.916002  7269 raft_consensus.cc:515] T 8e43b332ab804b38b287f3fea228d5e3 P c82176e299ba49039edd937481e2cb80 [term 0 FOLLOWER]: Starting pre-election with config: opid_index: -1 OBSOLETE_local: false peers { permanent_uuid: "01245c1fa1a34816acda770b1d506519" member_type: VOTER last_known_addr { host: "127.5.181.65" port: 44659 } } peers { permanent_uuid: "c82176e299ba49039edd937481e2cb80" member_type: VOTER last_known_addr { host: "127.5.181.66" port: 38093 } } peers { permanent_uuid: "7d1f8af348264670b78caba5dcf7edd6" member_type: VOTER last_known_addr { host: "127.5.181.67" port: 36063 } }
I20260709 12:09:17.917285  7218 tablet_bootstrap.cc:492] T c9e00d9e0a594011be3d2bd45594101e P 01245c1fa1a34816acda770b1d506519: No bootstrap required, opened a new log
I20260709 12:09:17.917400  7176 tablet_service.cc:1917] Received RequestConsensusVote() RPC: tablet_id: "cdafe9d6711448d48f84d52296d0402e" candidate_uuid: "01245c1fa1a34816acda770b1d506519" candidate_term: 1 candidate_status { last_received { term: 0 index: 0 } } ignore_live_leader: false dest_uuid: "7d1f8af348264670b78caba5dcf7edd6"
I20260709 12:09:17.917738  7218 ts_tablet_manager.cc:1403] T c9e00d9e0a594011be3d2bd45594101e P 01245c1fa1a34816acda770b1d506519: Time spent bootstrapping tablet: real 0.099s	user 0.012s	sys 0.006s
I20260709 12:09:17.919337  7025 tablet_service.cc:1917] Received RequestConsensusVote() RPC: tablet_id: "8e43b332ab804b38b287f3fea228d5e3" candidate_uuid: "c82176e299ba49039edd937481e2cb80" candidate_term: 1 candidate_status { last_received { term: 0 index: 0 } } ignore_live_leader: false dest_uuid: "01245c1fa1a34816acda770b1d506519" is_pre_election: true
I20260709 12:09:17.919946  7025 raft_consensus.cc:2468] T 8e43b332ab804b38b287f3fea228d5e3 P 01245c1fa1a34816acda770b1d506519 [term 0 FOLLOWER]: Leader pre-election vote request: Granting yes vote for candidate c82176e299ba49039edd937481e2cb80 in term 0.
W20260709 12:09:17.920069  6993 leader_election.cc:343] T cdafe9d6711448d48f84d52296d0402e P 01245c1fa1a34816acda770b1d506519 [CANDIDATE]: Term 1 election: Tablet error from VoteRequest() call to peer 7d1f8af348264670b78caba5dcf7edd6 (127.5.181.67:36063): Illegal state: must be running to vote when last-logged opid is not known
I20260709 12:09:17.920224  7174 tablet_service.cc:1917] Received RequestConsensusVote() RPC: tablet_id: "8e43b332ab804b38b287f3fea228d5e3" candidate_uuid: "c82176e299ba49039edd937481e2cb80" candidate_term: 1 candidate_status { last_received { term: 0 index: 0 } } ignore_live_leader: false dest_uuid: "7d1f8af348264670b78caba5dcf7edd6" is_pre_election: true
I20260709 12:09:17.921099  7223 raft_consensus.cc:493] T 4ec432c6abb04a4d84ef6594c799d9d8 P 01245c1fa1a34816acda770b1d506519 [term 0 FOLLOWER]: Starting pre-election (no leader contacted us within the election timeout)
I20260709 12:09:17.921521  7223 raft_consensus.cc:515] T 4ec432c6abb04a4d84ef6594c799d9d8 P 01245c1fa1a34816acda770b1d506519 [term 0 FOLLOWER]: Starting pre-election with config: opid_index: -1 OBSOLETE_local: false peers { permanent_uuid: "01245c1fa1a34816acda770b1d506519" member_type: VOTER last_known_addr { host: "127.5.181.65" port: 44659 } } peers { permanent_uuid: "c82176e299ba49039edd937481e2cb80" member_type: VOTER last_known_addr { host: "127.5.181.66" port: 38093 } } peers { permanent_uuid: "7d1f8af348264670b78caba5dcf7edd6" member_type: VOTER last_known_addr { host: "127.5.181.67" port: 36063 } }
I20260709 12:09:17.923117  7068 leader_election.cc:304] T 8e43b332ab804b38b287f3fea228d5e3 P c82176e299ba49039edd937481e2cb80 [CANDIDATE]: Term 1 pre-election: Election decided. Result: candidate won. Election summary: received 2 responses out of 3 voters: 2 yes votes; 0 no votes. yes voters: 01245c1fa1a34816acda770b1d506519, c82176e299ba49039edd937481e2cb80; no voters: 
I20260709 12:09:17.924204  7025 tablet_service.cc:1917] Received RequestConsensusVote() RPC: tablet_id: "1d9d3e82518d4f1d854bd8debf34c135" candidate_uuid: "c82176e299ba49039edd937481e2cb80" candidate_term: 1 candidate_status { last_received { term: 0 index: 0 } } ignore_live_leader: false dest_uuid: "01245c1fa1a34816acda770b1d506519"
I20260709 12:09:17.924938  7223 leader_election.cc:290] T 4ec432c6abb04a4d84ef6594c799d9d8 P 01245c1fa1a34816acda770b1d506519 [CANDIDATE]: Term 1 pre-election: Requested pre-vote from peers c82176e299ba49039edd937481e2cb80 (127.5.181.66:38093), 7d1f8af348264670b78caba5dcf7edd6 (127.5.181.67:36063)
I20260709 12:09:17.927119  7409 raft_consensus.cc:2804] T 8e43b332ab804b38b287f3fea228d5e3 P c82176e299ba49039edd937481e2cb80 [term 0 FOLLOWER]: Leader pre-election won for term 1
I20260709 12:09:17.918052  7269 leader_election.cc:290] T 8e43b332ab804b38b287f3fea228d5e3 P c82176e299ba49039edd937481e2cb80 [CANDIDATE]: Term 1 pre-election: Requested pre-vote from peers 01245c1fa1a34816acda770b1d506519 (127.5.181.65:44659), 7d1f8af348264670b78caba5dcf7edd6 (127.5.181.67:36063)
I20260709 12:09:17.929560  7102 tablet_service.cc:1917] Received RequestConsensusVote() RPC: tablet_id: "4ec432c6abb04a4d84ef6594c799d9d8" candidate_uuid: "01245c1fa1a34816acda770b1d506519" candidate_term: 1 candidate_status { last_received { term: 0 index: 0 } } ignore_live_leader: false dest_uuid: "c82176e299ba49039edd937481e2cb80" is_pre_election: true
I20260709 12:09:17.931124  7409 raft_consensus.cc:493] T 8e43b332ab804b38b287f3fea228d5e3 P c82176e299ba49039edd937481e2cb80 [term 0 FOLLOWER]: Starting leader election (no leader contacted us within the election timeout)
W20260709 12:09:17.929634  7068 leader_election.cc:343] T 8e43b332ab804b38b287f3fea228d5e3 P c82176e299ba49039edd937481e2cb80 [CANDIDATE]: Term 1 pre-election: Tablet error from VoteRequest() call to peer 7d1f8af348264670b78caba5dcf7edd6 (127.5.181.67:36063): Illegal state: must be running to vote when last-logged opid is not known
I20260709 12:09:17.927258  7173 tablet_service.cc:1917] Received RequestConsensusVote() RPC: tablet_id: "1d9d3e82518d4f1d854bd8debf34c135" candidate_uuid: "c82176e299ba49039edd937481e2cb80" candidate_term: 1 candidate_status { last_received { term: 0 index: 0 } } ignore_live_leader: false dest_uuid: "7d1f8af348264670b78caba5dcf7edd6"
I20260709 12:09:17.931490  7102 raft_consensus.cc:2468] T 4ec432c6abb04a4d84ef6594c799d9d8 P c82176e299ba49039edd937481e2cb80 [term 0 FOLLOWER]: Leader pre-election vote request: Granting yes vote for candidate 01245c1fa1a34816acda770b1d506519 in term 0.
I20260709 12:09:17.932044  7173 raft_consensus.cc:2393] T 1d9d3e82518d4f1d854bd8debf34c135 P 7d1f8af348264670b78caba5dcf7edd6 [term 1 FOLLOWER]: Leader election vote request: Denying vote to candidate c82176e299ba49039edd937481e2cb80 in current term 1: Already voted for candidate 7d1f8af348264670b78caba5dcf7edd6 in this term.
I20260709 12:09:17.931510  7409 raft_consensus.cc:3060] T 8e43b332ab804b38b287f3fea228d5e3 P c82176e299ba49039edd937481e2cb80 [term 0 FOLLOWER]: Advancing to term 1
W20260709 12:09:17.929023  6993 consensus_peers.cc:597] T 8393ece8df574086aba5656c36c63b70 P 01245c1fa1a34816acda770b1d506519 -> Peer 7d1f8af348264670b78caba5dcf7edd6 (127.5.181.67:36063): Couldn't send request to peer 7d1f8af348264670b78caba5dcf7edd6. Error code: TABLET_NOT_RUNNING (12). Status: Illegal state: Tablet not RUNNING: INITIALIZED. This is attempt 1: this message will repeat every 5th retry.
I20260709 12:09:17.925943  7174 tablet_service.cc:1917] Received RequestConsensusVote() RPC: tablet_id: "4ec432c6abb04a4d84ef6594c799d9d8" candidate_uuid: "01245c1fa1a34816acda770b1d506519" candidate_term: 1 candidate_status { last_received { term: 0 index: 0 } } ignore_live_leader: false dest_uuid: "7d1f8af348264670b78caba5dcf7edd6" is_pre_election: true
W20260709 12:09:17.933929  6993 leader_election.cc:343] T 4ec432c6abb04a4d84ef6594c799d9d8 P 01245c1fa1a34816acda770b1d506519 [CANDIDATE]: Term 1 pre-election: Tablet error from VoteRequest() call to peer 7d1f8af348264670b78caba5dcf7edd6 (127.5.181.67:36063): Illegal state: must be running to vote when last-logged opid is not known
I20260709 12:09:17.934262  7068 leader_election.cc:304] T 1d9d3e82518d4f1d854bd8debf34c135 P c82176e299ba49039edd937481e2cb80 [CANDIDATE]: Term 1 election: Election decided. Result: candidate lost. Election summary: received 3 responses out of 3 voters: 1 yes votes; 2 no votes. yes voters: c82176e299ba49039edd937481e2cb80; no voters: 01245c1fa1a34816acda770b1d506519, 7d1f8af348264670b78caba5dcf7edd6
I20260709 12:09:17.925628  7103 raft_consensus.cc:2468] T cdafe9d6711448d48f84d52296d0402e P c82176e299ba49039edd937481e2cb80 [term 1 FOLLOWER]: Leader election vote request: Granting yes vote for candidate 01245c1fa1a34816acda770b1d506519 in term 1.
I20260709 12:09:17.919891  7271 leader_election.cc:290] T 1d9d3e82518d4f1d854bd8debf34c135 P c82176e299ba49039edd937481e2cb80 [CANDIDATE]: Term 1 election: Requested vote from peers 01245c1fa1a34816acda770b1d506519 (127.5.181.65:44659), 7d1f8af348264670b78caba5dcf7edd6 (127.5.181.67:36063)
I20260709 12:09:17.935658  7269 raft_consensus.cc:2749] T 1d9d3e82518d4f1d854bd8debf34c135 P c82176e299ba49039edd937481e2cb80 [term 1 FOLLOWER]: Leader election lost for term 1. Reason: could not achieve majority
I20260709 12:09:17.937268  7218 raft_consensus.cc:359] T c9e00d9e0a594011be3d2bd45594101e P 01245c1fa1a34816acda770b1d506519 [term 0 FOLLOWER]: Replica starting. Triggering 0 pending ops. Active config: opid_index: -1 OBSOLETE_local: false peers { permanent_uuid: "01245c1fa1a34816acda770b1d506519" member_type: VOTER last_known_addr { host: "127.5.181.65" port: 44659 } } peers { permanent_uuid: "c82176e299ba49039edd937481e2cb80" member_type: VOTER last_known_addr { host: "127.5.181.66" port: 38093 } } peers { permanent_uuid: "7d1f8af348264670b78caba5dcf7edd6" member_type: VOTER last_known_addr { host: "127.5.181.67" port: 36063 } }
I20260709 12:09:17.937968  7218 raft_consensus.cc:385] T c9e00d9e0a594011be3d2bd45594101e P 01245c1fa1a34816acda770b1d506519 [term 0 FOLLOWER]: Consensus starting up: Expiring failure detector timer to make a prompt election more likely
I20260709 12:09:17.938228  7218 raft_consensus.cc:740] T c9e00d9e0a594011be3d2bd45594101e P 01245c1fa1a34816acda770b1d506519 [term 0 FOLLOWER]: Becoming Follower/Learner. State: Replica: 01245c1fa1a34816acda770b1d506519, State: Initialized, Role: FOLLOWER
I20260709 12:09:17.938660  7026 raft_consensus.cc:2468] T 1d9d3e82518d4f1d854bd8debf34c135 P 01245c1fa1a34816acda770b1d506519 [term 1 FOLLOWER]: Leader election vote request: Granting yes vote for candidate 7d1f8af348264670b78caba5dcf7edd6 in term 1.
I20260709 12:09:17.939843  7142 leader_election.cc:304] T 1d9d3e82518d4f1d854bd8debf34c135 P 7d1f8af348264670b78caba5dcf7edd6 [CANDIDATE]: Term 1 election: Election decided. Result: candidate won. Election summary: received 3 responses out of 3 voters: 2 yes votes; 1 no votes. yes voters: 01245c1fa1a34816acda770b1d506519, 7d1f8af348264670b78caba5dcf7edd6; no voters: c82176e299ba49039edd937481e2cb80
I20260709 12:09:17.940732  6992 leader_election.cc:304] T 4ec432c6abb04a4d84ef6594c799d9d8 P 01245c1fa1a34816acda770b1d506519 [CANDIDATE]: Term 1 pre-election: Election decided. Result: candidate won. Election summary: received 3 responses out of 3 voters: 2 yes votes; 1 no votes. yes voters: 01245c1fa1a34816acda770b1d506519, c82176e299ba49039edd937481e2cb80; no voters: 7d1f8af348264670b78caba5dcf7edd6
I20260709 12:09:17.941259  7240 raft_consensus.cc:2804] T 1d9d3e82518d4f1d854bd8debf34c135 P 7d1f8af348264670b78caba5dcf7edd6 [term 1 FOLLOWER]: Leader election won for term 1
I20260709 12:09:17.941452  7223 raft_consensus.cc:2804] T 4ec432c6abb04a4d84ef6594c799d9d8 P 01245c1fa1a34816acda770b1d506519 [term 0 FOLLOWER]: Leader pre-election won for term 1
I20260709 12:09:17.938957  7218 consensus_queue.cc:260] T c9e00d9e0a594011be3d2bd45594101e P 01245c1fa1a34816acda770b1d506519 [NON_LEADER]: Queue going to NON_LEADER mode. State: All replicated index: 0, Majority replicated index: 0, Committed index: 0, Last appended: 0.0, Last appended by leader: 0, Current term: 0, Majority size: -1, State: 0, Mode: NON_LEADER, active raft config: opid_index: -1 OBSOLETE_local: false peers { permanent_uuid: "01245c1fa1a34816acda770b1d506519" member_type: VOTER last_known_addr { host: "127.5.181.65" port: 44659 } } peers { permanent_uuid: "c82176e299ba49039edd937481e2cb80" member_type: VOTER last_known_addr { host: "127.5.181.66" port: 38093 } } peers { permanent_uuid: "7d1f8af348264670b78caba5dcf7edd6" member_type: VOTER last_known_addr { host: "127.5.181.67" port: 36063 } }
I20260709 12:09:17.941798  7223 raft_consensus.cc:493] T 4ec432c6abb04a4d84ef6594c799d9d8 P 01245c1fa1a34816acda770b1d506519 [term 0 FOLLOWER]: Starting leader election (no leader contacted us within the election timeout)
I20260709 12:09:17.942296  7223 raft_consensus.cc:3060] T 4ec432c6abb04a4d84ef6594c799d9d8 P 01245c1fa1a34816acda770b1d506519 [term 0 FOLLOWER]: Advancing to term 1
I20260709 12:09:17.943310  7218 ts_tablet_manager.cc:1434] T c9e00d9e0a594011be3d2bd45594101e P 01245c1fa1a34816acda770b1d506519: Time spent starting tablet: real 0.025s	user 0.006s	sys 0.000s
I20260709 12:09:17.943259  7409 raft_consensus.cc:515] T 8e43b332ab804b38b287f3fea228d5e3 P c82176e299ba49039edd937481e2cb80 [term 1 FOLLOWER]: Starting leader election with config: opid_index: -1 OBSOLETE_local: false peers { permanent_uuid: "01245c1fa1a34816acda770b1d506519" member_type: VOTER last_known_addr { host: "127.5.181.65" port: 44659 } } peers { permanent_uuid: "c82176e299ba49039edd937481e2cb80" member_type: VOTER last_known_addr { host: "127.5.181.66" port: 38093 } } peers { permanent_uuid: "7d1f8af348264670b78caba5dcf7edd6" member_type: VOTER last_known_addr { host: "127.5.181.67" port: 36063 } }
I20260709 12:09:17.944463  7218 tablet_bootstrap.cc:492] T 9595098036d24b2cbce9f3727d51ae58 P 01245c1fa1a34816acda770b1d506519: Bootstrap starting.
I20260709 12:09:17.945355  7409 leader_election.cc:290] T 8e43b332ab804b38b287f3fea228d5e3 P c82176e299ba49039edd937481e2cb80 [CANDIDATE]: Term 1 election: Requested vote from peers 01245c1fa1a34816acda770b1d506519 (127.5.181.65:44659), 7d1f8af348264670b78caba5dcf7edd6 (127.5.181.67:36063)
I20260709 12:09:17.946300  7174 tablet_service.cc:1917] Received RequestConsensusVote() RPC: tablet_id: "8e43b332ab804b38b287f3fea228d5e3" candidate_uuid: "c82176e299ba49039edd937481e2cb80" candidate_term: 1 candidate_status { last_received { term: 0 index: 0 } } ignore_live_leader: false dest_uuid: "7d1f8af348264670b78caba5dcf7edd6"
W20260709 12:09:17.947605  7068 leader_election.cc:343] T 8e43b332ab804b38b287f3fea228d5e3 P c82176e299ba49039edd937481e2cb80 [CANDIDATE]: Term 1 election: Tablet error from VoteRequest() call to peer 7d1f8af348264670b78caba5dcf7edd6 (127.5.181.67:36063): Illegal state: must be running to vote when last-logged opid is not known
I20260709 12:09:17.941838  6992 leader_election.cc:304] T cdafe9d6711448d48f84d52296d0402e P 01245c1fa1a34816acda770b1d506519 [CANDIDATE]: Term 1 election: Election decided. Result: candidate won. Election summary: received 3 responses out of 3 voters: 2 yes votes; 1 no votes. yes voters: 01245c1fa1a34816acda770b1d506519, c82176e299ba49039edd937481e2cb80; no voters: 7d1f8af348264670b78caba5dcf7edd6
I20260709 12:09:17.949509  7391 raft_consensus.cc:2804] T cdafe9d6711448d48f84d52296d0402e P 01245c1fa1a34816acda770b1d506519 [term 1 FOLLOWER]: Leader election won for term 1
I20260709 12:09:17.949949  7391 raft_consensus.cc:697] T cdafe9d6711448d48f84d52296d0402e P 01245c1fa1a34816acda770b1d506519 [term 1 LEADER]: Becoming Leader. State: Replica: 01245c1fa1a34816acda770b1d506519, State: Running, Role: LEADER
I20260709 12:09:17.950811  7391 consensus_queue.cc:237] T cdafe9d6711448d48f84d52296d0402e P 01245c1fa1a34816acda770b1d506519 [LEADER]: Queue going to LEADER mode. State: All replicated index: 0, Majority replicated index: 0, Committed index: 0, Last appended: 0.0, Last appended by leader: 0, Current term: 1, Majority size: 2, State: 0, Mode: LEADER, active raft config: opid_index: -1 OBSOLETE_local: false peers { permanent_uuid: "01245c1fa1a34816acda770b1d506519" member_type: VOTER last_known_addr { host: "127.5.181.65" port: 44659 } } peers { permanent_uuid: "c82176e299ba49039edd937481e2cb80" member_type: VOTER last_known_addr { host: "127.5.181.66" port: 38093 } } peers { permanent_uuid: "7d1f8af348264670b78caba5dcf7edd6" member_type: VOTER last_known_addr { host: "127.5.181.67" port: 36063 } }
I20260709 12:09:17.951107  7223 raft_consensus.cc:515] T 4ec432c6abb04a4d84ef6594c799d9d8 P 01245c1fa1a34816acda770b1d506519 [term 1 FOLLOWER]: Starting leader election with config: opid_index: -1 OBSOLETE_local: false peers { permanent_uuid: "01245c1fa1a34816acda770b1d506519" member_type: VOTER last_known_addr { host: "127.5.181.65" port: 44659 } } peers { permanent_uuid: "c82176e299ba49039edd937481e2cb80" member_type: VOTER last_known_addr { host: "127.5.181.66" port: 38093 } } peers { permanent_uuid: "7d1f8af348264670b78caba5dcf7edd6" member_type: VOTER last_known_addr { host: "127.5.181.67" port: 36063 } }
I20260709 12:09:17.953975  7440 raft_consensus.cc:493] T c9e00d9e0a594011be3d2bd45594101e P 01245c1fa1a34816acda770b1d506519 [term 0 FOLLOWER]: Starting pre-election (no leader contacted us within the election timeout)
I20260709 12:09:17.954536  7440 raft_consensus.cc:515] T c9e00d9e0a594011be3d2bd45594101e P 01245c1fa1a34816acda770b1d506519 [term 0 FOLLOWER]: Starting pre-election with config: opid_index: -1 OBSOLETE_local: false peers { permanent_uuid: "01245c1fa1a34816acda770b1d506519" member_type: VOTER last_known_addr { host: "127.5.181.65" port: 44659 } } peers { permanent_uuid: "c82176e299ba49039edd937481e2cb80" member_type: VOTER last_known_addr { host: "127.5.181.66" port: 38093 } } peers { permanent_uuid: "7d1f8af348264670b78caba5dcf7edd6" member_type: VOTER last_known_addr { host: "127.5.181.67" port: 36063 } }
I20260709 12:09:17.956444  7440 leader_election.cc:290] T c9e00d9e0a594011be3d2bd45594101e P 01245c1fa1a34816acda770b1d506519 [CANDIDATE]: Term 1 pre-election: Requested pre-vote from peers c82176e299ba49039edd937481e2cb80 (127.5.181.66:38093), 7d1f8af348264670b78caba5dcf7edd6 (127.5.181.67:36063)
I20260709 12:09:17.956650  7223 leader_election.cc:290] T 4ec432c6abb04a4d84ef6594c799d9d8 P 01245c1fa1a34816acda770b1d506519 [CANDIDATE]: Term 1 election: Requested vote from peers c82176e299ba49039edd937481e2cb80 (127.5.181.66:38093), 7d1f8af348264670b78caba5dcf7edd6 (127.5.181.67:36063)
I20260709 12:09:17.958737  7173 tablet_service.cc:1917] Received RequestConsensusVote() RPC: tablet_id: "c9e00d9e0a594011be3d2bd45594101e" candidate_uuid: "01245c1fa1a34816acda770b1d506519" candidate_term: 1 candidate_status { last_received { term: 0 index: 0 } } ignore_live_leader: false dest_uuid: "7d1f8af348264670b78caba5dcf7edd6" is_pre_election: true
I20260709 12:09:17.959352  7176 tablet_service.cc:1917] Received RequestConsensusVote() RPC: tablet_id: "4ec432c6abb04a4d84ef6594c799d9d8" candidate_uuid: "01245c1fa1a34816acda770b1d506519" candidate_term: 1 candidate_status { last_received { term: 0 index: 0 } } ignore_live_leader: false dest_uuid: "7d1f8af348264670b78caba5dcf7edd6"
W20260709 12:09:17.960297  6993 leader_election.cc:343] T c9e00d9e0a594011be3d2bd45594101e P 01245c1fa1a34816acda770b1d506519 [CANDIDATE]: Term 1 pre-election: Tablet error from VoteRequest() call to peer 7d1f8af348264670b78caba5dcf7edd6 (127.5.181.67:36063): Illegal state: must be running to vote when last-logged opid is not known
W20260709 12:09:17.961031  6993 leader_election.cc:343] T 4ec432c6abb04a4d84ef6594c799d9d8 P 01245c1fa1a34816acda770b1d506519 [CANDIDATE]: Term 1 election: Tablet error from VoteRequest() call to peer 7d1f8af348264670b78caba5dcf7edd6 (127.5.181.67:36063): Illegal state: must be running to vote when last-logged opid is not known
I20260709 12:09:17.941730  7240 raft_consensus.cc:697] T 1d9d3e82518d4f1d854bd8debf34c135 P 7d1f8af348264670b78caba5dcf7edd6 [term 1 LEADER]: Becoming Leader. State: Replica: 7d1f8af348264670b78caba5dcf7edd6, State: Running, Role: LEADER
I20260709 12:09:17.962092  7240 consensus_queue.cc:237] T 1d9d3e82518d4f1d854bd8debf34c135 P 7d1f8af348264670b78caba5dcf7edd6 [LEADER]: Queue going to LEADER mode. State: All replicated index: 0, Majority replicated index: 0, Committed index: 0, Last appended: 0.0, Last appended by leader: 0, Current term: 1, Majority size: 2, State: 0, Mode: LEADER, active raft config: opid_index: -1 OBSOLETE_local: false peers { permanent_uuid: "01245c1fa1a34816acda770b1d506519" member_type: VOTER last_known_addr { host: "127.5.181.65" port: 44659 } } peers { permanent_uuid: "c82176e299ba49039edd937481e2cb80" member_type: VOTER last_known_addr { host: "127.5.181.66" port: 38093 } } peers { permanent_uuid: "7d1f8af348264670b78caba5dcf7edd6" member_type: VOTER last_known_addr { host: "127.5.181.67" port: 36063 } }
I20260709 12:09:17.964601  7102 tablet_service.cc:1917] Received RequestConsensusVote() RPC: tablet_id: "c9e00d9e0a594011be3d2bd45594101e" candidate_uuid: "01245c1fa1a34816acda770b1d506519" candidate_term: 1 candidate_status { last_received { term: 0 index: 0 } } ignore_live_leader: false dest_uuid: "c82176e299ba49039edd937481e2cb80" is_pre_election: true
I20260709 12:09:17.965879  7026 tablet_service.cc:1917] Received RequestConsensusVote() RPC: tablet_id: "8e43b332ab804b38b287f3fea228d5e3" candidate_uuid: "c82176e299ba49039edd937481e2cb80" candidate_term: 1 candidate_status { last_received { term: 0 index: 0 } } ignore_live_leader: false dest_uuid: "01245c1fa1a34816acda770b1d506519"
I20260709 12:09:17.969415  7218 tablet_bootstrap.cc:654] T 9595098036d24b2cbce9f3727d51ae58 P 01245c1fa1a34816acda770b1d506519: Neither blocks nor log segments found. Creating new log.
I20260709 12:09:17.970103  7102 tablet_service.cc:1917] Received RequestConsensusVote() RPC: tablet_id: "4ec432c6abb04a4d84ef6594c799d9d8" candidate_uuid: "01245c1fa1a34816acda770b1d506519" candidate_term: 1 candidate_status { last_received { term: 0 index: 0 } } ignore_live_leader: false dest_uuid: "c82176e299ba49039edd937481e2cb80"
I20260709 12:09:17.970737  7217 tablet_bootstrap.cc:492] T 06b138bae7414fc88df0337685dcdb17 P 7d1f8af348264670b78caba5dcf7edd6: No bootstrap required, opened a new log
I20260709 12:09:17.970665  7102 raft_consensus.cc:3060] T 4ec432c6abb04a4d84ef6594c799d9d8 P c82176e299ba49039edd937481e2cb80 [term 0 FOLLOWER]: Advancing to term 1
I20260709 12:09:17.972875  7269 consensus_queue.cc:1048] T 1f7afd43be8d4c1294bc7fbd646b606f P c82176e299ba49039edd937481e2cb80 [LEADER]: Connected to new peer: Peer: permanent_uuid: "01245c1fa1a34816acda770b1d506519" member_type: VOTER last_known_addr { host: "127.5.181.65" port: 44659 }, Status: LMP_MISMATCH, Last received: 0.0, Next index: 1, Last known committed idx: 0, Time since last communication: 0.001s
I20260709 12:09:17.966428  7026 raft_consensus.cc:3060] T 8e43b332ab804b38b287f3fea228d5e3 P 01245c1fa1a34816acda770b1d506519 [term 0 FOLLOWER]: Advancing to term 1
I20260709 12:09:17.976545  7102 raft_consensus.cc:2468] T 4ec432c6abb04a4d84ef6594c799d9d8 P c82176e299ba49039edd937481e2cb80 [term 1 FOLLOWER]: Leader election vote request: Granting yes vote for candidate 01245c1fa1a34816acda770b1d506519 in term 1.
W20260709 12:09:17.976596  6992 leader_election.cc:343] T c9e00d9e0a594011be3d2bd45594101e P 01245c1fa1a34816acda770b1d506519 [CANDIDATE]: Term 1 pre-election: Tablet error from VoteRequest() call to peer c82176e299ba49039edd937481e2cb80 (127.5.181.66:38093): Illegal state: must be running to vote when last-logged opid is not known
I20260709 12:09:17.981546  7217 ts_tablet_manager.cc:1403] T 06b138bae7414fc88df0337685dcdb17 P 7d1f8af348264670b78caba5dcf7edd6: Time spent bootstrapping tablet: real 0.145s	user 0.012s	sys 0.000s
I20260709 12:09:17.981776  6992 leader_election.cc:304] T c9e00d9e0a594011be3d2bd45594101e P 01245c1fa1a34816acda770b1d506519 [CANDIDATE]: Term 1 pre-election: Election decided. Result: candidate lost. Election summary: received 3 responses out of 3 voters: 1 yes votes; 2 no votes. yes voters: 01245c1fa1a34816acda770b1d506519; no voters: 7d1f8af348264670b78caba5dcf7edd6, c82176e299ba49039edd937481e2cb80
I20260709 12:09:17.982622  7219 tablet_bootstrap.cc:492] T be292492697d49329e0e939a1ff6cbe9 P c82176e299ba49039edd937481e2cb80: No bootstrap required, opened a new log
I20260709 12:09:17.983070  7219 ts_tablet_manager.cc:1403] T be292492697d49329e0e939a1ff6cbe9 P c82176e299ba49039edd937481e2cb80: Time spent bootstrapping tablet: real 0.158s	user 0.020s	sys 0.000s
I20260709 12:09:17.983626  7223 raft_consensus.cc:2749] T c9e00d9e0a594011be3d2bd45594101e P 01245c1fa1a34816acda770b1d506519 [term 0 FOLLOWER]: Leader pre-election lost for term 1. Reason: could not achieve majority
I20260709 12:09:17.984725  7217 raft_consensus.cc:359] T 06b138bae7414fc88df0337685dcdb17 P 7d1f8af348264670b78caba5dcf7edd6 [term 0 FOLLOWER]: Replica starting. Triggering 0 pending ops. Active config: opid_index: -1 OBSOLETE_local: false peers { permanent_uuid: "01245c1fa1a34816acda770b1d506519" member_type: VOTER last_known_addr { host: "127.5.181.65" port: 44659 } } peers { permanent_uuid: "c82176e299ba49039edd937481e2cb80" member_type: VOTER last_known_addr { host: "127.5.181.66" port: 38093 } } peers { permanent_uuid: "7d1f8af348264670b78caba5dcf7edd6" member_type: VOTER last_known_addr { host: "127.5.181.67" port: 36063 } }
I20260709 12:09:17.985692  7217 raft_consensus.cc:385] T 06b138bae7414fc88df0337685dcdb17 P 7d1f8af348264670b78caba5dcf7edd6 [term 0 FOLLOWER]: Consensus starting up: Expiring failure detector timer to make a prompt election more likely
