I20260709 12:09:14.283990  7217 raft_consensus.cc:359] T ec08bfdad234444cb44f253f5e0efc74 P 7d1f8af348264670b78caba5dcf7edd6 [term 0 FOLLOWER]: Replica starting. Triggering 0 pending ops. Active config: opid_index: -1 OBSOLETE_local: false peers { permanent_uuid: "c82176e299ba49039edd937481e2cb80" member_type: VOTER last_known_addr { host: "127.5.181.66" port: 38093 } } peers { permanent_uuid: "01245c1fa1a34816acda770b1d506519" member_type: VOTER last_known_addr { host: "127.5.181.65" port: 44659 } } peers { permanent_uuid: "7d1f8af348264670b78caba5dcf7edd6" member_type: VOTER last_known_addr { host: "127.5.181.67" port: 36063 } }
I20260709 12:09:14.284817  7219 tablet_bootstrap.cc:492] T b760af272a024660abc9523845c89f81 P c82176e299ba49039edd937481e2cb80: Bootstrap starting.
I20260709 12:09:14.284757  7217 raft_consensus.cc:385] T ec08bfdad234444cb44f253f5e0efc74 P 7d1f8af348264670b78caba5dcf7edd6 [term 0 FOLLOWER]: Consensus starting up: Expiring failure detector timer to make a prompt election more likely
I20260709 12:09:14.287324  7218 ts_tablet_manager.cc:1434] T 24c75461b1be4ec4b428de612daaacbf P 01245c1fa1a34816acda770b1d506519: Time spent starting tablet: real 0.028s	user 0.016s	sys 0.002s
I20260709 12:09:14.287572  7217 raft_consensus.cc:740] T ec08bfdad234444cb44f253f5e0efc74 P 7d1f8af348264670b78caba5dcf7edd6 [term 0 FOLLOWER]: Becoming Follower/Learner. State: Replica: 7d1f8af348264670b78caba5dcf7edd6, State: Initialized, Role: FOLLOWER
I20260709 12:09:14.288439  7218 tablet_bootstrap.cc:492] T 9b2b45c2b14e42adaf7223e676b5b359 P 01245c1fa1a34816acda770b1d506519: Bootstrap starting.
I20260709 12:09:14.288558  7217 consensus_queue.cc:260] T ec08bfdad234444cb44f253f5e0efc74 P 7d1f8af348264670b78caba5dcf7edd6 [NON_LEADER]: Queue going to NON_LEADER mode. State: All replicated index: 0, Majority replicated index: 0, Committed index: 0, Last appended: 0.0, Last appended by leader: 0, Current term: 0, Majority size: -1, State: 0, Mode: NON_LEADER, active raft config: opid_index: -1 OBSOLETE_local: false peers { permanent_uuid: "c82176e299ba49039edd937481e2cb80" member_type: VOTER last_known_addr { host: "127.5.181.66" port: 38093 } } peers { permanent_uuid: "01245c1fa1a34816acda770b1d506519" member_type: VOTER last_known_addr { host: "127.5.181.65" port: 44659 } } peers { permanent_uuid: "7d1f8af348264670b78caba5dcf7edd6" member_type: VOTER last_known_addr { host: "127.5.181.67" port: 36063 } }
I20260709 12:09:14.290617  7217 ts_tablet_manager.cc:1434] T ec08bfdad234444cb44f253f5e0efc74 P 7d1f8af348264670b78caba5dcf7edd6: Time spent starting tablet: real 0.009s	user 0.005s	sys 0.000s
I20260709 12:09:14.291468  7217 tablet_bootstrap.cc:492] T 1a74cc293a0947f78b1fbf28dc2afde0 P 7d1f8af348264670b78caba5dcf7edd6: Bootstrap starting.
I20260709 12:09:14.305634  7226 raft_consensus.cc:493] T ec08bfdad234444cb44f253f5e0efc74 P 7d1f8af348264670b78caba5dcf7edd6 [term 0 FOLLOWER]: Starting pre-election (no leader contacted us within the election timeout)
I20260709 12:09:14.306185  7226 raft_consensus.cc:515] T ec08bfdad234444cb44f253f5e0efc74 P 7d1f8af348264670b78caba5dcf7edd6 [term 0 FOLLOWER]: Starting pre-election with config: opid_index: -1 OBSOLETE_local: false peers { permanent_uuid: "c82176e299ba49039edd937481e2cb80" member_type: VOTER last_known_addr { host: "127.5.181.66" port: 38093 } } peers { permanent_uuid: "01245c1fa1a34816acda770b1d506519" member_type: VOTER last_known_addr { host: "127.5.181.65" port: 44659 } } peers { permanent_uuid: "7d1f8af348264670b78caba5dcf7edd6" member_type: VOTER last_known_addr { host: "127.5.181.67" port: 36063 } }
I20260709 12:09:14.306632  7103 raft_consensus.cc:3060] T 602c9f26d6a149309ea1e4895fef8e2e P c82176e299ba49039edd937481e2cb80 [term 0 FOLLOWER]: Advancing to term 1
I20260709 12:09:14.307256  7219 tablet_bootstrap.cc:654] T b760af272a024660abc9523845c89f81 P c82176e299ba49039edd937481e2cb80: Neither blocks nor log segments found. Creating new log.
I20260709 12:09:14.308436  7226 leader_election.cc:290] T ec08bfdad234444cb44f253f5e0efc74 P 7d1f8af348264670b78caba5dcf7edd6 [CANDIDATE]: Term 1 pre-election: Requested pre-vote from peers c82176e299ba49039edd937481e2cb80 (127.5.181.66:38093), 01245c1fa1a34816acda770b1d506519 (127.5.181.65:44659)
I20260709 12:09:14.309387  7028 tablet_service.cc:1917] Received RequestConsensusVote() RPC: tablet_id: "ec08bfdad234444cb44f253f5e0efc74" candidate_uuid: "7d1f8af348264670b78caba5dcf7edd6" candidate_term: 1 candidate_status { last_received { term: 0 index: 0 } } ignore_live_leader: false dest_uuid: "01245c1fa1a34816acda770b1d506519" is_pre_election: true
I20260709 12:09:14.309845  7028 raft_consensus.cc:2468] T ec08bfdad234444cb44f253f5e0efc74 P 01245c1fa1a34816acda770b1d506519 [term 0 FOLLOWER]: Leader pre-election vote request: Granting yes vote for candidate 7d1f8af348264670b78caba5dcf7edd6 in term 0.
I20260709 12:09:14.311854  7102 tablet_service.cc:1917] Received RequestConsensusVote() RPC: tablet_id: "ec08bfdad234444cb44f253f5e0efc74" candidate_uuid: "7d1f8af348264670b78caba5dcf7edd6" candidate_term: 1 candidate_status { last_received { term: 0 index: 0 } } ignore_live_leader: false dest_uuid: "c82176e299ba49039edd937481e2cb80" is_pre_election: true
I20260709 12:09:14.312964  7102 raft_consensus.cc:2468] T ec08bfdad234444cb44f253f5e0efc74 P c82176e299ba49039edd937481e2cb80 [term 0 FOLLOWER]: Leader pre-election vote request: Granting yes vote for candidate 7d1f8af348264670b78caba5dcf7edd6 in term 0.
I20260709 12:09:14.317577  7217 tablet_bootstrap.cc:654] T 1a74cc293a0947f78b1fbf28dc2afde0 P 7d1f8af348264670b78caba5dcf7edd6: Neither blocks nor log segments found. Creating new log.
I20260709 12:09:14.312559  7142 leader_election.cc:304] T ec08bfdad234444cb44f253f5e0efc74 P 7d1f8af348264670b78caba5dcf7edd6 [CANDIDATE]: Term 1 pre-election: Election decided. Result: candidate won. Election summary: received 2 responses out of 3 voters: 2 yes votes; 0 no votes. yes voters: 01245c1fa1a34816acda770b1d506519, 7d1f8af348264670b78caba5dcf7edd6; no voters: 
I20260709 12:09:14.323254  7291 raft_consensus.cc:2804] T ec08bfdad234444cb44f253f5e0efc74 P 7d1f8af348264670b78caba5dcf7edd6 [term 0 FOLLOWER]: Leader pre-election won for term 1
I20260709 12:09:14.323670  7291 raft_consensus.cc:493] T ec08bfdad234444cb44f253f5e0efc74 P 7d1f8af348264670b78caba5dcf7edd6 [term 0 FOLLOWER]: Starting leader election (no leader contacted us within the election timeout)
I20260709 12:09:14.324007  7291 raft_consensus.cc:3060] T ec08bfdad234444cb44f253f5e0efc74 P 7d1f8af348264670b78caba5dcf7edd6 [term 0 FOLLOWER]: Advancing to term 1
I20260709 12:09:14.323992  7226 consensus_queue.cc:1048] T 602c9f26d6a149309ea1e4895fef8e2e P 7d1f8af348264670b78caba5dcf7edd6 [LEADER]: Connected to new peer: Peer: permanent_uuid: "c82176e299ba49039edd937481e2cb80" member_type: VOTER last_known_addr { host: "127.5.181.66" port: 38093 }, Status: LMP_MISMATCH, Last received: 0.0, Next index: 1, Last known committed idx: 0, Time since last communication: 0.001s
I20260709 12:09:14.324786  7218 tablet_bootstrap.cc:654] T 9b2b45c2b14e42adaf7223e676b5b359 P 01245c1fa1a34816acda770b1d506519: Neither blocks nor log segments found. Creating new log.
I20260709 12:09:14.330564  7248 raft_consensus.cc:493] T 1a74cc293a0947f78b1fbf28dc2afde0 P 01245c1fa1a34816acda770b1d506519 [term 0 FOLLOWER]: Starting pre-election (no leader contacted us within the election timeout)
I20260709 12:09:14.331099  7248 raft_consensus.cc:515] T 1a74cc293a0947f78b1fbf28dc2afde0 P 01245c1fa1a34816acda770b1d506519 [term 0 FOLLOWER]: Starting pre-election with config: opid_index: -1 OBSOLETE_local: false peers { permanent_uuid: "01245c1fa1a34816acda770b1d506519" member_type: VOTER last_known_addr { host: "127.5.181.65" port: 44659 } } peers { permanent_uuid: "c82176e299ba49039edd937481e2cb80" member_type: VOTER last_known_addr { host: "127.5.181.66" port: 38093 } } peers { permanent_uuid: "7d1f8af348264670b78caba5dcf7edd6" member_type: VOTER last_known_addr { host: "127.5.181.67" port: 36063 } }
I20260709 12:09:14.333382  7291 raft_consensus.cc:515] T ec08bfdad234444cb44f253f5e0efc74 P 7d1f8af348264670b78caba5dcf7edd6 [term 1 FOLLOWER]: Starting leader election with config: opid_index: -1 OBSOLETE_local: false peers { permanent_uuid: "c82176e299ba49039edd937481e2cb80" member_type: VOTER last_known_addr { host: "127.5.181.66" port: 38093 } } peers { permanent_uuid: "01245c1fa1a34816acda770b1d506519" member_type: VOTER last_known_addr { host: "127.5.181.65" port: 44659 } } peers { permanent_uuid: "7d1f8af348264670b78caba5dcf7edd6" member_type: VOTER last_known_addr { host: "127.5.181.67" port: 36063 } }
I20260709 12:09:14.335163  7102 tablet_service.cc:1917] Received RequestConsensusVote() RPC: tablet_id: "1a74cc293a0947f78b1fbf28dc2afde0" candidate_uuid: "01245c1fa1a34816acda770b1d506519" candidate_term: 1 candidate_status { last_received { term: 0 index: 0 } } ignore_live_leader: false dest_uuid: "c82176e299ba49039edd937481e2cb80" is_pre_election: true
I20260709 12:09:14.335843  7102 raft_consensus.cc:2468] T 1a74cc293a0947f78b1fbf28dc2afde0 P c82176e299ba49039edd937481e2cb80 [term 0 FOLLOWER]: Leader pre-election vote request: Granting yes vote for candidate 01245c1fa1a34816acda770b1d506519 in term 0.
I20260709 12:09:14.338809  7177 raft_consensus.cc:3060] T 87617a2d58dc42b7bed8986ab7cf0f22 P 7d1f8af348264670b78caba5dcf7edd6 [term 0 FOLLOWER]: Advancing to term 1
I20260709 12:09:14.335219  7248 leader_election.cc:290] T 1a74cc293a0947f78b1fbf28dc2afde0 P 01245c1fa1a34816acda770b1d506519 [CANDIDATE]: Term 1 pre-election: Requested pre-vote from peers c82176e299ba49039edd937481e2cb80 (127.5.181.66:38093), 7d1f8af348264670b78caba5dcf7edd6 (127.5.181.67:36063)
I20260709 12:09:14.340142  7176 tablet_service.cc:1917] Received RequestConsensusVote() RPC: tablet_id: "1a74cc293a0947f78b1fbf28dc2afde0" candidate_uuid: "01245c1fa1a34816acda770b1d506519" candidate_term: 1 candidate_status { last_received { term: 0 index: 0 } } ignore_live_leader: false dest_uuid: "7d1f8af348264670b78caba5dcf7edd6" is_pre_election: true
W20260709 12:09:14.341588  6993 leader_election.cc:343] T 1a74cc293a0947f78b1fbf28dc2afde0 P 01245c1fa1a34816acda770b1d506519 [CANDIDATE]: Term 1 pre-election: Tablet error from VoteRequest() call to peer 7d1f8af348264670b78caba5dcf7edd6 (127.5.181.67:36063): Illegal state: must be running to vote when last-logged opid is not known
I20260709 12:09:14.345392  6992 leader_election.cc:304] T 1a74cc293a0947f78b1fbf28dc2afde0 P 01245c1fa1a34816acda770b1d506519 [CANDIDATE]: Term 1 pre-election: Election decided. Result: candidate won. Election summary: received 3 responses out of 3 voters: 2 yes votes; 1 no votes. yes voters: 01245c1fa1a34816acda770b1d506519, c82176e299ba49039edd937481e2cb80; no voters: 7d1f8af348264670b78caba5dcf7edd6
I20260709 12:09:14.346474  7248 raft_consensus.cc:2804] T 1a74cc293a0947f78b1fbf28dc2afde0 P 01245c1fa1a34816acda770b1d506519 [term 0 FOLLOWER]: Leader pre-election won for term 1
I20260709 12:09:14.346841  7248 raft_consensus.cc:493] T 1a74cc293a0947f78b1fbf28dc2afde0 P 01245c1fa1a34816acda770b1d506519 [term 0 FOLLOWER]: Starting leader election (no leader contacted us within the election timeout)
I20260709 12:09:14.347167  7248 raft_consensus.cc:3060] T 1a74cc293a0947f78b1fbf28dc2afde0 P 01245c1fa1a34816acda770b1d506519 [term 0 FOLLOWER]: Advancing to term 1
I20260709 12:09:14.353436  7102 tablet_service.cc:1917] Received RequestConsensusVote() RPC: tablet_id: "ec08bfdad234444cb44f253f5e0efc74" candidate_uuid: "7d1f8af348264670b78caba5dcf7edd6" candidate_term: 1 candidate_status { last_received { term: 0 index: 0 } } ignore_live_leader: false dest_uuid: "c82176e299ba49039edd937481e2cb80"
I20260709 12:09:14.354019  7291 leader_election.cc:290] T ec08bfdad234444cb44f253f5e0efc74 P 7d1f8af348264670b78caba5dcf7edd6 [CANDIDATE]: Term 1 election: Requested vote from peers c82176e299ba49039edd937481e2cb80 (127.5.181.66:38093), 01245c1fa1a34816acda770b1d506519 (127.5.181.65:44659)
I20260709 12:09:14.354471  7102 raft_consensus.cc:3060] T ec08bfdad234444cb44f253f5e0efc74 P c82176e299ba49039edd937481e2cb80 [term 0 FOLLOWER]: Advancing to term 1
I20260709 12:09:14.351815  7028 tablet_service.cc:1917] Received RequestConsensusVote() RPC: tablet_id: "ec08bfdad234444cb44f253f5e0efc74" candidate_uuid: "7d1f8af348264670b78caba5dcf7edd6" candidate_term: 1 candidate_status { last_received { term: 0 index: 0 } } ignore_live_leader: false dest_uuid: "01245c1fa1a34816acda770b1d506519"
I20260709 12:09:14.355666  7028 raft_consensus.cc:3060] T ec08bfdad234444cb44f253f5e0efc74 P 01245c1fa1a34816acda770b1d506519 [term 0 FOLLOWER]: Advancing to term 1
I20260709 12:09:14.365105  7219 tablet_bootstrap.cc:492] T b760af272a024660abc9523845c89f81 P c82176e299ba49039edd937481e2cb80: No bootstrap required, opened a new log
I20260709 12:09:14.365867  7219 ts_tablet_manager.cc:1403] T b760af272a024660abc9523845c89f81 P c82176e299ba49039edd937481e2cb80: Time spent bootstrapping tablet: real 0.081s	user 0.008s	sys 0.029s
I20260709 12:09:14.369992  7219 raft_consensus.cc:359] T b760af272a024660abc9523845c89f81 P c82176e299ba49039edd937481e2cb80 [term 0 FOLLOWER]: Replica starting. Triggering 0 pending ops. Active config: opid_index: -1 OBSOLETE_local: false peers { permanent_uuid: "01245c1fa1a34816acda770b1d506519" member_type: VOTER last_known_addr { host: "127.5.181.65" port: 44659 } } peers { permanent_uuid: "c82176e299ba49039edd937481e2cb80" member_type: VOTER last_known_addr { host: "127.5.181.66" port: 38093 } } peers { permanent_uuid: "7d1f8af348264670b78caba5dcf7edd6" member_type: VOTER last_known_addr { host: "127.5.181.67" port: 36063 } }
I20260709 12:09:14.371018  7219 raft_consensus.cc:385] T b760af272a024660abc9523845c89f81 P c82176e299ba49039edd937481e2cb80 [term 0 FOLLOWER]: Consensus starting up: Expiring failure detector timer to make a prompt election more likely
I20260709 12:09:14.371390  7219 raft_consensus.cc:740] T b760af272a024660abc9523845c89f81 P c82176e299ba49039edd937481e2cb80 [term 0 FOLLOWER]: Becoming Follower/Learner. State: Replica: c82176e299ba49039edd937481e2cb80, State: Initialized, Role: FOLLOWER
I20260709 12:09:14.374086  7223 raft_consensus.cc:493] T 24c75461b1be4ec4b428de612daaacbf P 01245c1fa1a34816acda770b1d506519 [term 0 FOLLOWER]: Starting pre-election (no leader contacted us within the election timeout)
I20260709 12:09:14.374583  7223 raft_consensus.cc:515] T 24c75461b1be4ec4b428de612daaacbf P 01245c1fa1a34816acda770b1d506519 [term 0 FOLLOWER]: Starting pre-election with config: opid_index: -1 OBSOLETE_local: false peers { permanent_uuid: "01245c1fa1a34816acda770b1d506519" member_type: VOTER last_known_addr { host: "127.5.181.65" port: 44659 } } peers { permanent_uuid: "c82176e299ba49039edd937481e2cb80" member_type: VOTER last_known_addr { host: "127.5.181.66" port: 38093 } } peers { permanent_uuid: "7d1f8af348264670b78caba5dcf7edd6" member_type: VOTER last_known_addr { host: "127.5.181.67" port: 36063 } }
I20260709 12:09:14.388839  7103 tablet_service.cc:1917] Received RequestConsensusVote() RPC: tablet_id: "24c75461b1be4ec4b428de612daaacbf" candidate_uuid: "01245c1fa1a34816acda770b1d506519" candidate_term: 1 candidate_status { last_received { term: 0 index: 0 } } ignore_live_leader: false dest_uuid: "c82176e299ba49039edd937481e2cb80" is_pre_election: true
I20260709 12:09:14.384992  7028 raft_consensus.cc:2468] T ec08bfdad234444cb44f253f5e0efc74 P 01245c1fa1a34816acda770b1d506519 [term 1 FOLLOWER]: Leader election vote request: Granting yes vote for candidate 7d1f8af348264670b78caba5dcf7edd6 in term 1.
I20260709 12:09:14.389889  7103 raft_consensus.cc:2468] T 24c75461b1be4ec4b428de612daaacbf P c82176e299ba49039edd937481e2cb80 [term 0 FOLLOWER]: Leader pre-election vote request: Granting yes vote for candidate 01245c1fa1a34816acda770b1d506519 in term 0.
I20260709 12:09:14.391047  7248 raft_consensus.cc:515] T 1a74cc293a0947f78b1fbf28dc2afde0 P 01245c1fa1a34816acda770b1d506519 [term 1 FOLLOWER]: Starting leader election with config: opid_index: -1 OBSOLETE_local: false peers { permanent_uuid: "01245c1fa1a34816acda770b1d506519" member_type: VOTER last_known_addr { host: "127.5.181.65" port: 44659 } } peers { permanent_uuid: "c82176e299ba49039edd937481e2cb80" member_type: VOTER last_known_addr { host: "127.5.181.66" port: 38093 } } peers { permanent_uuid: "7d1f8af348264670b78caba5dcf7edd6" member_type: VOTER last_known_addr { host: "127.5.181.67" port: 36063 } }
I20260709 12:09:14.392153  7176 tablet_service.cc:1917] Received RequestConsensusVote() RPC: tablet_id: "24c75461b1be4ec4b428de612daaacbf" candidate_uuid: "01245c1fa1a34816acda770b1d506519" candidate_term: 1 candidate_status { last_received { term: 0 index: 0 } } ignore_live_leader: false dest_uuid: "7d1f8af348264670b78caba5dcf7edd6" is_pre_election: true
I20260709 12:09:14.394124  7248 leader_election.cc:290] T 1a74cc293a0947f78b1fbf28dc2afde0 P 01245c1fa1a34816acda770b1d506519 [CANDIDATE]: Term 1 election: Requested vote from peers c82176e299ba49039edd937481e2cb80 (127.5.181.66:38093), 7d1f8af348264670b78caba5dcf7edd6 (127.5.181.67:36063)
I20260709 12:09:14.388936  7102 raft_consensus.cc:2468] T ec08bfdad234444cb44f253f5e0efc74 P c82176e299ba49039edd937481e2cb80 [term 1 FOLLOWER]: Leader election vote request: Granting yes vote for candidate 7d1f8af348264670b78caba5dcf7edd6 in term 1.
I20260709 12:09:14.397208  6992 leader_election.cc:304] T 24c75461b1be4ec4b428de612daaacbf P 01245c1fa1a34816acda770b1d506519 [CANDIDATE]: Term 1 pre-election: Election decided. Result: candidate won. Election summary: received 2 responses out of 3 voters: 2 yes votes; 0 no votes. yes voters: 01245c1fa1a34816acda770b1d506519, c82176e299ba49039edd937481e2cb80; no voters: 
I20260709 12:09:14.398577  7142 leader_election.cc:304] T ec08bfdad234444cb44f253f5e0efc74 P 7d1f8af348264670b78caba5dcf7edd6 [CANDIDATE]: Term 1 election: Election decided. Result: candidate won. Election summary: received 2 responses out of 3 voters: 2 yes votes; 0 no votes. yes voters: 01245c1fa1a34816acda770b1d506519, 7d1f8af348264670b78caba5dcf7edd6; no voters: 
I20260709 12:09:14.398929  7248 raft_consensus.cc:2804] T 24c75461b1be4ec4b428de612daaacbf P 01245c1fa1a34816acda770b1d506519 [term 0 FOLLOWER]: Leader pre-election won for term 1
I20260709 12:09:14.399097  7218 tablet_bootstrap.cc:492] T 9b2b45c2b14e42adaf7223e676b5b359 P 01245c1fa1a34816acda770b1d506519: No bootstrap required, opened a new log
I20260709 12:09:14.399397  7248 raft_consensus.cc:493] T 24c75461b1be4ec4b428de612daaacbf P 01245c1fa1a34816acda770b1d506519 [term 0 FOLLOWER]: Starting leader election (no leader contacted us within the election timeout)
I20260709 12:09:14.399740  7218 ts_tablet_manager.cc:1403] T 9b2b45c2b14e42adaf7223e676b5b359 P 01245c1fa1a34816acda770b1d506519: Time spent bootstrapping tablet: real 0.112s	user 0.024s	sys 0.053s
I20260709 12:09:14.399993  7248 raft_consensus.cc:3060] T 24c75461b1be4ec4b428de612daaacbf P 01245c1fa1a34816acda770b1d506519 [term 0 FOLLOWER]: Advancing to term 1
I20260709 12:09:14.400408  7226 raft_consensus.cc:493] T b760af272a024660abc9523845c89f81 P 7d1f8af348264670b78caba5dcf7edd6 [term 0 FOLLOWER]: Starting pre-election (no leader contacted us within the election timeout)
I20260709 12:09:14.400898  7226 raft_consensus.cc:515] T b760af272a024660abc9523845c89f81 P 7d1f8af348264670b78caba5dcf7edd6 [term 0 FOLLOWER]: Starting pre-election with config: opid_index: -1 OBSOLETE_local: false peers { permanent_uuid: "01245c1fa1a34816acda770b1d506519" member_type: VOTER last_known_addr { host: "127.5.181.65" port: 44659 } } peers { permanent_uuid: "c82176e299ba49039edd937481e2cb80" member_type: VOTER last_known_addr { host: "127.5.181.66" port: 38093 } } peers { permanent_uuid: "7d1f8af348264670b78caba5dcf7edd6" member_type: VOTER last_known_addr { host: "127.5.181.67" port: 36063 } }
W20260709 12:09:14.401777  6993 leader_election.cc:343] T 24c75461b1be4ec4b428de612daaacbf P 01245c1fa1a34816acda770b1d506519 [CANDIDATE]: Term 1 pre-election: Tablet error from VoteRequest() call to peer 7d1f8af348264670b78caba5dcf7edd6 (127.5.181.67:36063): Illegal state: must be running to vote when last-logged opid is not known
I20260709 12:09:14.377111  7223 leader_election.cc:290] T 24c75461b1be4ec4b428de612daaacbf P 01245c1fa1a34816acda770b1d506519 [CANDIDATE]: Term 1 pre-election: Requested pre-vote from peers c82176e299ba49039edd937481e2cb80 (127.5.181.66:38093), 7d1f8af348264670b78caba5dcf7edd6 (127.5.181.67:36063)
I20260709 12:09:14.402927  7226 leader_election.cc:290] T b760af272a024660abc9523845c89f81 P 7d1f8af348264670b78caba5dcf7edd6 [CANDIDATE]: Term 1 pre-election: Requested pre-vote from peers 01245c1fa1a34816acda770b1d506519 (127.5.181.65:44659), c82176e299ba49039edd937481e2cb80 (127.5.181.66:38093)
I20260709 12:09:14.399461  7291 raft_consensus.cc:2804] T ec08bfdad234444cb44f253f5e0efc74 P 7d1f8af348264670b78caba5dcf7edd6 [term 1 FOLLOWER]: Leader election won for term 1
I20260709 12:09:14.403062  7218 raft_consensus.cc:359] T 9b2b45c2b14e42adaf7223e676b5b359 P 01245c1fa1a34816acda770b1d506519 [term 0 FOLLOWER]: Replica starting. Triggering 0 pending ops. Active config: opid_index: -1 OBSOLETE_local: false peers { permanent_uuid: "01245c1fa1a34816acda770b1d506519" member_type: VOTER last_known_addr { host: "127.5.181.65" port: 44659 } } peers { permanent_uuid: "c82176e299ba49039edd937481e2cb80" member_type: VOTER last_known_addr { host: "127.5.181.66" port: 38093 } } peers { permanent_uuid: "7d1f8af348264670b78caba5dcf7edd6" member_type: VOTER last_known_addr { host: "127.5.181.67" port: 36063 } }
I20260709 12:09:14.403695  7291 raft_consensus.cc:697] T ec08bfdad234444cb44f253f5e0efc74 P 7d1f8af348264670b78caba5dcf7edd6 [term 1 LEADER]: Becoming Leader. State: Replica: 7d1f8af348264670b78caba5dcf7edd6, State: Running, Role: LEADER
I20260709 12:09:14.404071  7218 raft_consensus.cc:385] T 9b2b45c2b14e42adaf7223e676b5b359 P 01245c1fa1a34816acda770b1d506519 [term 0 FOLLOWER]: Consensus starting up: Expiring failure detector timer to make a prompt election more likely
I20260709 12:09:14.404470  7218 raft_consensus.cc:740] T 9b2b45c2b14e42adaf7223e676b5b359 P 01245c1fa1a34816acda770b1d506519 [term 0 FOLLOWER]: Becoming Follower/Learner. State: Replica: 01245c1fa1a34816acda770b1d506519, State: Initialized, Role: FOLLOWER
I20260709 12:09:14.404532  7291 consensus_queue.cc:237] T ec08bfdad234444cb44f253f5e0efc74 P 7d1f8af348264670b78caba5dcf7edd6 [LEADER]: Queue going to LEADER mode. State: All replicated index: 0, Majority replicated index: 0, Committed index: 0, Last appended: 0.0, Last appended by leader: 0, Current term: 1, Majority size: 2, State: 0, Mode: LEADER, active raft config: opid_index: -1 OBSOLETE_local: false peers { permanent_uuid: "c82176e299ba49039edd937481e2cb80" member_type: VOTER last_known_addr { host: "127.5.181.66" port: 38093 } } peers { permanent_uuid: "01245c1fa1a34816acda770b1d506519" member_type: VOTER last_known_addr { host: "127.5.181.65" port: 44659 } } peers { permanent_uuid: "7d1f8af348264670b78caba5dcf7edd6" member_type: VOTER last_known_addr { host: "127.5.181.67" port: 36063 } }
I20260709 12:09:14.407284  7028 tablet_service.cc:1917] Received RequestConsensusVote() RPC: tablet_id: "b760af272a024660abc9523845c89f81" candidate_uuid: "7d1f8af348264670b78caba5dcf7edd6" candidate_term: 1 candidate_status { last_received { term: 0 index: 0 } } ignore_live_leader: false dest_uuid: "01245c1fa1a34816acda770b1d506519" is_pre_election: true
I20260709 12:09:14.407903  7028 raft_consensus.cc:2468] T b760af272a024660abc9523845c89f81 P 01245c1fa1a34816acda770b1d506519 [term 0 FOLLOWER]: Leader pre-election vote request: Granting yes vote for candidate 7d1f8af348264670b78caba5dcf7edd6 in term 0.
I20260709 12:09:14.407822  7248 raft_consensus.cc:515] T 24c75461b1be4ec4b428de612daaacbf P 01245c1fa1a34816acda770b1d506519 [term 1 FOLLOWER]: Starting leader election with config: opid_index: -1 OBSOLETE_local: false peers { permanent_uuid: "01245c1fa1a34816acda770b1d506519" member_type: VOTER last_known_addr { host: "127.5.181.65" port: 44659 } } peers { permanent_uuid: "c82176e299ba49039edd937481e2cb80" member_type: VOTER last_known_addr { host: "127.5.181.66" port: 38093 } } peers { permanent_uuid: "7d1f8af348264670b78caba5dcf7edd6" member_type: VOTER last_known_addr { host: "127.5.181.67" port: 36063 } }
I20260709 12:09:14.405719  7218 consensus_queue.cc:260] T 9b2b45c2b14e42adaf7223e676b5b359 P 01245c1fa1a34816acda770b1d506519 [NON_LEADER]: Queue going to NON_LEADER mode. State: All replicated index: 0, Majority replicated index: 0, Committed index: 0, Last appended: 0.0, Last appended by leader: 0, Current term: 0, Majority size: -1, State: 0, Mode: NON_LEADER, active raft config: opid_index: -1 OBSOLETE_local: false peers { permanent_uuid: "01245c1fa1a34816acda770b1d506519" member_type: VOTER last_known_addr { host: "127.5.181.65" port: 44659 } } peers { permanent_uuid: "c82176e299ba49039edd937481e2cb80" member_type: VOTER last_known_addr { host: "127.5.181.66" port: 38093 } } peers { permanent_uuid: "7d1f8af348264670b78caba5dcf7edd6" member_type: VOTER last_known_addr { host: "127.5.181.67" port: 36063 } }
I20260709 12:09:14.409492  7219 consensus_queue.cc:260] T b760af272a024660abc9523845c89f81 P c82176e299ba49039edd937481e2cb80 [NON_LEADER]: Queue going to NON_LEADER mode. State: All replicated index: 0, Majority replicated index: 0, Committed index: 0, Last appended: 0.0, Last appended by leader: 0, Current term: 0, Majority size: -1, State: 0, Mode: NON_LEADER, active raft config: opid_index: -1 OBSOLETE_local: false peers { permanent_uuid: "01245c1fa1a34816acda770b1d506519" member_type: VOTER last_known_addr { host: "127.5.181.65" port: 44659 } } peers { permanent_uuid: "c82176e299ba49039edd937481e2cb80" member_type: VOTER last_known_addr { host: "127.5.181.66" port: 38093 } } peers { permanent_uuid: "7d1f8af348264670b78caba5dcf7edd6" member_type: VOTER last_known_addr { host: "127.5.181.67" port: 36063 } }
I20260709 12:09:14.409500  7142 leader_election.cc:304] T b760af272a024660abc9523845c89f81 P 7d1f8af348264670b78caba5dcf7edd6 [CANDIDATE]: Term 1 pre-election: Election decided. Result: candidate won. Election summary: received 2 responses out of 3 voters: 2 yes votes; 0 no votes. yes voters: 01245c1fa1a34816acda770b1d506519, 7d1f8af348264670b78caba5dcf7edd6; no voters: 
I20260709 12:09:14.411423  7226 raft_consensus.cc:2804] T b760af272a024660abc9523845c89f81 P 7d1f8af348264670b78caba5dcf7edd6 [term 0 FOLLOWER]: Leader pre-election won for term 1
I20260709 12:09:14.412678  7226 raft_consensus.cc:493] T b760af272a024660abc9523845c89f81 P 7d1f8af348264670b78caba5dcf7edd6 [term 0 FOLLOWER]: Starting leader election (no leader contacted us within the election timeout)
I20260709 12:09:14.413069  7226 raft_consensus.cc:3060] T b760af272a024660abc9523845c89f81 P 7d1f8af348264670b78caba5dcf7edd6 [term 0 FOLLOWER]: Advancing to term 1
I20260709 12:09:14.413766  7223 consensus_queue.cc:1048] T 0218dfd4480f42929228bfe9ddbb63ca P 01245c1fa1a34816acda770b1d506519 [LEADER]: Connected to new peer: Peer: permanent_uuid: "7d1f8af348264670b78caba5dcf7edd6" member_type: VOTER last_known_addr { host: "127.5.181.67" port: 36063 }, Status: LMP_MISMATCH, Last received: 0.0, Next index: 1, Last known committed idx: 0, Time since last communication: 0.000s
I20260709 12:09:14.414248  7175 tablet_service.cc:1917] Received RequestConsensusVote() RPC: tablet_id: "1a74cc293a0947f78b1fbf28dc2afde0" candidate_uuid: "01245c1fa1a34816acda770b1d506519" candidate_term: 1 candidate_status { last_received { term: 0 index: 0 } } ignore_live_leader: false dest_uuid: "7d1f8af348264670b78caba5dcf7edd6"
I20260709 12:09:14.414582  7219 ts_tablet_manager.cc:1434] T b760af272a024660abc9523845c89f81 P c82176e299ba49039edd937481e2cb80: Time spent starting tablet: real 0.048s	user 0.008s	sys 0.000s
I20260709 12:09:14.413515  7218 ts_tablet_manager.cc:1434] T 9b2b45c2b14e42adaf7223e676b5b359 P 01245c1fa1a34816acda770b1d506519: Time spent starting tablet: real 0.013s	user 0.005s	sys 0.002s
I20260709 12:09:14.419644  7219 tablet_bootstrap.cc:492] T 92755d25c7dc4eb39cadeb7347defb99 P c82176e299ba49039edd937481e2cb80: Bootstrap starting.
I20260709 12:09:14.419644  7218 tablet_bootstrap.cc:492] T 172da35af91d41dfad39453168e902f6 P 01245c1fa1a34816acda770b1d506519: Bootstrap starting.
I20260709 12:09:14.420550  7217 tablet_bootstrap.cc:492] T 1a74cc293a0947f78b1fbf28dc2afde0 P 7d1f8af348264670b78caba5dcf7edd6: No bootstrap required, opened a new log
I20260709 12:09:14.421921  7217 ts_tablet_manager.cc:1403] T 1a74cc293a0947f78b1fbf28dc2afde0 P 7d1f8af348264670b78caba5dcf7edd6: Time spent bootstrapping tablet: real 0.131s	user 0.014s	sys 0.015s
I20260709 12:09:14.415797  7102 tablet_service.cc:1917] Received RequestConsensusVote() RPC: tablet_id: "1a74cc293a0947f78b1fbf28dc2afde0" candidate_uuid: "01245c1fa1a34816acda770b1d506519" candidate_term: 1 candidate_status { last_received { term: 0 index: 0 } } ignore_live_leader: false dest_uuid: "c82176e299ba49039edd937481e2cb80"
I20260709 12:09:14.415488  7103 tablet_service.cc:1917] Received RequestConsensusVote() RPC: tablet_id: "b760af272a024660abc9523845c89f81" candidate_uuid: "7d1f8af348264670b78caba5dcf7edd6" candidate_term: 1 candidate_status { last_received { term: 0 index: 0 } } ignore_live_leader: false dest_uuid: "c82176e299ba49039edd937481e2cb80" is_pre_election: true
I20260709 12:09:14.439270  7101 tablet_service.cc:1917] Received RequestConsensusVote() RPC: tablet_id: "24c75461b1be4ec4b428de612daaacbf" candidate_uuid: "01245c1fa1a34816acda770b1d506519" candidate_term: 1 candidate_status { last_received { term: 0 index: 0 } } ignore_live_leader: false dest_uuid: "c82176e299ba49039edd937481e2cb80"
I20260709 12:09:14.439942  7101 raft_consensus.cc:3060] T 24c75461b1be4ec4b428de612daaacbf P c82176e299ba49039edd937481e2cb80 [term 0 FOLLOWER]: Advancing to term 1
I20260709 12:09:14.440630  7177 tablet_service.cc:1917] Received RequestConsensusVote() RPC: tablet_id: "24c75461b1be4ec4b428de612daaacbf" candidate_uuid: "01245c1fa1a34816acda770b1d506519" candidate_term: 1 candidate_status { last_received { term: 0 index: 0 } } ignore_live_leader: false dest_uuid: "7d1f8af348264670b78caba5dcf7edd6"
I20260709 12:09:14.441845  7226 raft_consensus.cc:515] T b760af272a024660abc9523845c89f81 P 7d1f8af348264670b78caba5dcf7edd6 [term 1 FOLLOWER]: Starting leader election with config: opid_index: -1 OBSOLETE_local: false peers { permanent_uuid: "01245c1fa1a34816acda770b1d506519" member_type: VOTER last_known_addr { host: "127.5.181.65" port: 44659 } } peers { permanent_uuid: "c82176e299ba49039edd937481e2cb80" member_type: VOTER last_known_addr { host: "127.5.181.66" port: 38093 } } peers { permanent_uuid: "7d1f8af348264670b78caba5dcf7edd6" member_type: VOTER last_known_addr { host: "127.5.181.67" port: 36063 } }
I20260709 12:09:14.444693  7028 tablet_service.cc:1917] Received RequestConsensusVote() RPC: tablet_id: "b760af272a024660abc9523845c89f81" candidate_uuid: "7d1f8af348264670b78caba5dcf7edd6" candidate_term: 1 candidate_status { last_received { term: 0 index: 0 } } ignore_live_leader: false dest_uuid: "01245c1fa1a34816acda770b1d506519"
I20260709 12:09:14.445290  7028 raft_consensus.cc:3060] T b760af272a024660abc9523845c89f81 P 01245c1fa1a34816acda770b1d506519 [term 0 FOLLOWER]: Advancing to term 1
I20260709 12:09:14.448899  7103 raft_consensus.cc:2468] T b760af272a024660abc9523845c89f81 P c82176e299ba49039edd937481e2cb80 [term 0 FOLLOWER]: Leader pre-election vote request: Granting yes vote for candidate 7d1f8af348264670b78caba5dcf7edd6 in term 0.
W20260709 12:09:14.451454  6993 leader_election.cc:343] T 1a74cc293a0947f78b1fbf28dc2afde0 P 01245c1fa1a34816acda770b1d506519 [CANDIDATE]: Term 1 election: Tablet error from VoteRequest() call to peer 7d1f8af348264670b78caba5dcf7edd6 (127.5.181.67:36063): Illegal state: must be running to vote when last-logged opid is not known
I20260709 12:09:14.456168  7103 tablet_service.cc:1917] Received RequestConsensusVote() RPC: tablet_id: "b760af272a024660abc9523845c89f81" candidate_uuid: "7d1f8af348264670b78caba5dcf7edd6" candidate_term: 1 candidate_status { last_received { term: 0 index: 0 } } ignore_live_leader: false dest_uuid: "c82176e299ba49039edd937481e2cb80"
I20260709 12:09:14.456835  7103 raft_consensus.cc:3060] T b760af272a024660abc9523845c89f81 P c82176e299ba49039edd937481e2cb80 [term 0 FOLLOWER]: Advancing to term 1
I20260709 12:09:14.428110  7102 raft_consensus.cc:3060] T 1a74cc293a0947f78b1fbf28dc2afde0 P c82176e299ba49039edd937481e2cb80 [term 0 FOLLOWER]: Advancing to term 1
I20260709 12:09:14.458328  7101 raft_consensus.cc:2468] T 24c75461b1be4ec4b428de612daaacbf P c82176e299ba49039edd937481e2cb80 [term 1 FOLLOWER]: Leader election vote request: Granting yes vote for candidate 01245c1fa1a34816acda770b1d506519 in term 1.
I20260709 12:09:14.459437  7248 leader_election.cc:290] T 24c75461b1be4ec4b428de612daaacbf P 01245c1fa1a34816acda770b1d506519 [CANDIDATE]: Term 1 election: Requested vote from peers c82176e299ba49039edd937481e2cb80 (127.5.181.66:38093), 7d1f8af348264670b78caba5dcf7edd6 (127.5.181.67:36063)
I20260709 12:09:14.461699  6992 leader_election.cc:304] T 24c75461b1be4ec4b428de612daaacbf P 01245c1fa1a34816acda770b1d506519 [CANDIDATE]: Term 1 election: Election decided. Result: candidate won. Election summary: received 2 responses out of 3 voters: 2 yes votes; 0 no votes. yes voters: 01245c1fa1a34816acda770b1d506519, c82176e299ba49039edd937481e2cb80; no voters: 
I20260709 12:09:14.461082  7226 leader_election.cc:290] T b760af272a024660abc9523845c89f81 P 7d1f8af348264670b78caba5dcf7edd6 [CANDIDATE]: Term 1 election: Requested vote from peers 01245c1fa1a34816acda770b1d506519 (127.5.181.65:44659), c82176e299ba49039edd937481e2cb80 (127.5.181.66:38093)
I20260709 12:09:14.463987  7248 raft_consensus.cc:2804] T 24c75461b1be4ec4b428de612daaacbf P 01245c1fa1a34816acda770b1d506519 [term 1 FOLLOWER]: Leader election won for term 1
I20260709 12:09:14.462752  7217 raft_consensus.cc:359] T 1a74cc293a0947f78b1fbf28dc2afde0 P 7d1f8af348264670b78caba5dcf7edd6 [term 0 FOLLOWER]: Replica starting. Triggering 0 pending ops. Active config: opid_index: -1 OBSOLETE_local: false peers { permanent_uuid: "01245c1fa1a34816acda770b1d506519" member_type: VOTER last_known_addr { host: "127.5.181.65" port: 44659 } } peers { permanent_uuid: "c82176e299ba49039edd937481e2cb80" member_type: VOTER last_known_addr { host: "127.5.181.66" port: 38093 } } peers { permanent_uuid: "7d1f8af348264670b78caba5dcf7edd6" member_type: VOTER last_known_addr { host: "127.5.181.67" port: 36063 } }
I20260709 12:09:14.468847  7218 tablet_bootstrap.cc:654] T 172da35af91d41dfad39453168e902f6 P 01245c1fa1a34816acda770b1d506519: Neither blocks nor log segments found. Creating new log.
I20260709 12:09:14.469120  7217 raft_consensus.cc:385] T 1a74cc293a0947f78b1fbf28dc2afde0 P 7d1f8af348264670b78caba5dcf7edd6 [term 0 FOLLOWER]: Consensus starting up: Expiring failure detector timer to make a prompt election more likely
I20260709 12:09:14.471541  7217 raft_consensus.cc:740] T 1a74cc293a0947f78b1fbf28dc2afde0 P 7d1f8af348264670b78caba5dcf7edd6 [term 0 FOLLOWER]: Becoming Follower/Learner. State: Replica: 7d1f8af348264670b78caba5dcf7edd6, State: Initialized, Role: FOLLOWER
I20260709 12:09:14.456437  7028 raft_consensus.cc:2468] T b760af272a024660abc9523845c89f81 P 01245c1fa1a34816acda770b1d506519 [term 1 FOLLOWER]: Leader election vote request: Granting yes vote for candidate 7d1f8af348264670b78caba5dcf7edd6 in term 1.
I20260709 12:09:14.468034  7248 raft_consensus.cc:697] T 24c75461b1be4ec4b428de612daaacbf P 01245c1fa1a34816acda770b1d506519 [term 1 LEADER]: Becoming Leader. State: Replica: 01245c1fa1a34816acda770b1d506519, State: Running, Role: LEADER
I20260709 12:09:14.472641  7217 consensus_queue.cc:260] T 1a74cc293a0947f78b1fbf28dc2afde0 P 7d1f8af348264670b78caba5dcf7edd6 [NON_LEADER]: Queue going to NON_LEADER mode. State: All replicated index: 0, Majority replicated index: 0, Committed index: 0, Last appended: 0.0, Last appended by leader: 0, Current term: 0, Majority size: -1, State: 0, Mode: NON_LEADER, active raft config: opid_index: -1 OBSOLETE_local: false peers { permanent_uuid: "01245c1fa1a34816acda770b1d506519" member_type: VOTER last_known_addr { host: "127.5.181.65" port: 44659 } } peers { permanent_uuid: "c82176e299ba49039edd937481e2cb80" member_type: VOTER last_known_addr { host: "127.5.181.66" port: 38093 } } peers { permanent_uuid: "7d1f8af348264670b78caba5dcf7edd6" member_type: VOTER last_known_addr { host: "127.5.181.67" port: 36063 } }
I20260709 12:09:14.473400  7142 leader_election.cc:304] T b760af272a024660abc9523845c89f81 P 7d1f8af348264670b78caba5dcf7edd6 [CANDIDATE]: Term 1 election: Election decided. Result: candidate won. Election summary: received 2 responses out of 3 voters: 2 yes votes; 0 no votes. yes voters: 01245c1fa1a34816acda770b1d506519, 7d1f8af348264670b78caba5dcf7edd6; no voters: 
I20260709 12:09:14.474670  7288 raft_consensus.cc:2804] T b760af272a024660abc9523845c89f81 P 7d1f8af348264670b78caba5dcf7edd6 [term 1 FOLLOWER]: Leader election won for term 1
I20260709 12:09:14.475183  7288 raft_consensus.cc:697] T b760af272a024660abc9523845c89f81 P 7d1f8af348264670b78caba5dcf7edd6 [term 1 LEADER]: Becoming Leader. State: Replica: 7d1f8af348264670b78caba5dcf7edd6, State: Running, Role: LEADER
I20260709 12:09:14.476022  7288 consensus_queue.cc:237] T b760af272a024660abc9523845c89f81 P 7d1f8af348264670b78caba5dcf7edd6 [LEADER]: Queue going to LEADER mode. State: All replicated index: 0, Majority replicated index: 0, Committed index: 0, Last appended: 0.0, Last appended by leader: 0, Current term: 1, Majority size: 2, State: 0, Mode: LEADER, active raft config: opid_index: -1 OBSOLETE_local: false peers { permanent_uuid: "01245c1fa1a34816acda770b1d506519" member_type: VOTER last_known_addr { host: "127.5.181.65" port: 44659 } } peers { permanent_uuid: "c82176e299ba49039edd937481e2cb80" member_type: VOTER last_known_addr { host: "127.5.181.66" port: 38093 } } peers { permanent_uuid: "7d1f8af348264670b78caba5dcf7edd6" member_type: VOTER last_known_addr { host: "127.5.181.67" port: 36063 } }
I20260709 12:09:14.477613  7103 raft_consensus.cc:2468] T b760af272a024660abc9523845c89f81 P c82176e299ba49039edd937481e2cb80 [term 1 FOLLOWER]: Leader election vote request: Granting yes vote for candidate 7d1f8af348264670b78caba5dcf7edd6 in term 1.
W20260709 12:09:14.478012  6993 leader_election.cc:343] T 24c75461b1be4ec4b428de612daaacbf P 01245c1fa1a34816acda770b1d506519 [CANDIDATE]: Term 1 election: Tablet error from VoteRequest() call to peer 7d1f8af348264670b78caba5dcf7edd6 (127.5.181.67:36063): Illegal state: must be running to vote when last-logged opid is not known
I20260709 12:09:14.480768  7219 tablet_bootstrap.cc:654] T 92755d25c7dc4eb39cadeb7347defb99 P c82176e299ba49039edd937481e2cb80: Neither blocks nor log segments found. Creating new log.
I20260709 12:09:14.473431  7248 consensus_queue.cc:237] T 24c75461b1be4ec4b428de612daaacbf P 01245c1fa1a34816acda770b1d506519 [LEADER]: Queue going to LEADER mode. State: All replicated index: 0, Majority replicated index: 0, Committed index: 0, Last appended: 0.0, Last appended by leader: 0, Current term: 1, Majority size: 2, State: 0, Mode: LEADER, active raft config: opid_index: -1 OBSOLETE_local: false peers { permanent_uuid: "01245c1fa1a34816acda770b1d506519" member_type: VOTER last_known_addr { host: "127.5.181.65" port: 44659 } } peers { permanent_uuid: "c82176e299ba49039edd937481e2cb80" member_type: VOTER last_known_addr { host: "127.5.181.66" port: 38093 } } peers { permanent_uuid: "7d1f8af348264670b78caba5dcf7edd6" member_type: VOTER last_known_addr { host: "127.5.181.67" port: 36063 } }
I20260709 12:09:14.483739  7217 ts_tablet_manager.cc:1434] T 1a74cc293a0947f78b1fbf28dc2afde0 P 7d1f8af348264670b78caba5dcf7edd6: Time spent starting tablet: real 0.062s	user 0.009s	sys 0.000s
I20260709 12:09:14.484601  7217 tablet_bootstrap.cc:492] T 63e000e17e9848ff891f34b02fe84a17 P 7d1f8af348264670b78caba5dcf7edd6: Bootstrap starting.
I20260709 12:09:14.500976  7223 consensus_queue.cc:1048] T 0218dfd4480f42929228bfe9ddbb63ca P 01245c1fa1a34816acda770b1d506519 [LEADER]: Connected to new peer: Peer: permanent_uuid: "c82176e299ba49039edd937481e2cb80" member_type: VOTER last_known_addr { host: "127.5.181.66" port: 38093 }, Status: LMP_MISMATCH, Last received: 0.0, Next index: 1, Last known committed idx: 0, Time since last communication: 0.001s
I20260709 12:09:14.505105  6923 catalog_manager.cc:5697] T ec08bfdad234444cb44f253f5e0efc74 P 7d1f8af348264670b78caba5dcf7edd6 reported cstate change: term changed from 0 to 1, leader changed from <none> to 7d1f8af348264670b78caba5dcf7edd6 (127.5.181.67). New cstate: current_term: 1 leader_uuid: "7d1f8af348264670b78caba5dcf7edd6" committed_config { opid_index: -1 OBSOLETE_local: false peers { permanent_uuid: "c82176e299ba49039edd937481e2cb80" member_type: VOTER last_known_addr { host: "127.5.181.66" port: 38093 } health_report { overall_health: UNKNOWN } } peers { permanent_uuid: "01245c1fa1a34816acda770b1d506519" member_type: VOTER last_known_addr { host: "127.5.181.65" port: 44659 } health_report { overall_health: UNKNOWN } } peers { permanent_uuid: "7d1f8af348264670b78caba5dcf7edd6" member_type: VOTER last_known_addr { host: "127.5.181.67" port: 36063 } health_report { overall_health: HEALTHY } } }
I20260709 12:09:14.508267  7271 consensus_queue.cc:1048] T 35749aeab801416eaad397b511c414d0 P c82176e299ba49039edd937481e2cb80 [LEADER]: Connected to new peer: Peer: permanent_uuid: "7d1f8af348264670b78caba5dcf7edd6" member_type: VOTER last_known_addr { host: "127.5.181.67" port: 36063 }, Status: LMP_MISMATCH, Last received: 0.0, Next index: 1, Last known committed idx: 0, Time since last communication: 0.000s
I20260709 12:09:14.534433  7223 raft_consensus.cc:493] T eacff0c4dc604651bb859a9670f52d46 P 01245c1fa1a34816acda770b1d506519 [term 0 FOLLOWER]: Starting pre-election (no leader contacted us within the election timeout)
I20260709 12:09:14.535218  7223 raft_consensus.cc:515] T eacff0c4dc604651bb859a9670f52d46 P 01245c1fa1a34816acda770b1d506519 [term 0 FOLLOWER]: Starting pre-election with config: opid_index: -1 OBSOLETE_local: false peers { permanent_uuid: "01245c1fa1a34816acda770b1d506519" member_type: VOTER last_known_addr { host: "127.5.181.65" port: 44659 } } peers { permanent_uuid: "c82176e299ba49039edd937481e2cb80" member_type: VOTER last_known_addr { host: "127.5.181.66" port: 38093 } } peers { permanent_uuid: "7d1f8af348264670b78caba5dcf7edd6" member_type: VOTER last_known_addr { host: "127.5.181.67" port: 36063 } }
I20260709 12:09:14.540858  7103 tablet_service.cc:1917] Received RequestConsensusVote() RPC: tablet_id: "eacff0c4dc604651bb859a9670f52d46" candidate_uuid: "01245c1fa1a34816acda770b1d506519" candidate_term: 1 candidate_status { last_received { term: 0 index: 0 } } ignore_live_leader: false dest_uuid: "c82176e299ba49039edd937481e2cb80" is_pre_election: true
I20260709 12:09:14.548444  7217 tablet_bootstrap.cc:654] T 63e000e17e9848ff891f34b02fe84a17 P 7d1f8af348264670b78caba5dcf7edd6: Neither blocks nor log segments found. Creating new log.
I20260709 12:09:14.557852  7223 leader_election.cc:290] T eacff0c4dc604651bb859a9670f52d46 P 01245c1fa1a34816acda770b1d506519 [CANDIDATE]: Term 1 pre-election: Requested pre-vote from peers c82176e299ba49039edd937481e2cb80 (127.5.181.66:38093), 7d1f8af348264670b78caba5dcf7edd6 (127.5.181.67:36063)
I20260709 12:09:14.562129  7177 tablet_service.cc:1917] Received RequestConsensusVote() RPC: tablet_id: "eacff0c4dc604651bb859a9670f52d46" candidate_uuid: "01245c1fa1a34816acda770b1d506519" candidate_term: 1 candidate_status { last_received { term: 0 index: 0 } } ignore_live_leader: false dest_uuid: "7d1f8af348264670b78caba5dcf7edd6" is_pre_election: true
I20260709 12:09:14.563736  6993 leader_election.cc:304] T eacff0c4dc604651bb859a9670f52d46 P 01245c1fa1a34816acda770b1d506519 [CANDIDATE]: Term 1 pre-election: Election decided. Result: candidate lost. Election summary: received 3 responses out of 3 voters: 1 yes votes; 2 no votes. yes voters: 01245c1fa1a34816acda770b1d506519; no voters: 7d1f8af348264670b78caba5dcf7edd6, c82176e299ba49039edd937481e2cb80
I20260709 12:09:14.564491  7223 raft_consensus.cc:2749] T eacff0c4dc604651bb859a9670f52d46 P 01245c1fa1a34816acda770b1d506519 [term 0 FOLLOWER]: Leader pre-election lost for term 1. Reason: could not achieve majority
I20260709 12:09:14.579697  7303 raft_consensus.cc:493] T 92755d25c7dc4eb39cadeb7347defb99 P 01245c1fa1a34816acda770b1d506519 [term 0 FOLLOWER]: Starting pre-election (no leader contacted us within the election timeout)
I20260709 12:09:14.580195  7303 raft_consensus.cc:515] T 92755d25c7dc4eb39cadeb7347defb99 P 01245c1fa1a34816acda770b1d506519 [term 0 FOLLOWER]: Starting pre-election with config: opid_index: -1 OBSOLETE_local: false peers { permanent_uuid: "01245c1fa1a34816acda770b1d506519" member_type: VOTER last_known_addr { host: "127.5.181.65" port: 44659 } } peers { permanent_uuid: "c82176e299ba49039edd937481e2cb80" member_type: VOTER last_known_addr { host: "127.5.181.66" port: 38093 } } peers { permanent_uuid: "7d1f8af348264670b78caba5dcf7edd6" member_type: VOTER last_known_addr { host: "127.5.181.67" port: 36063 } }
I20260709 12:09:14.580876  7218 tablet_bootstrap.cc:492] T 172da35af91d41dfad39453168e902f6 P 01245c1fa1a34816acda770b1d506519: No bootstrap required, opened a new log
I20260709 12:09:14.581341  7218 ts_tablet_manager.cc:1403] T 172da35af91d41dfad39453168e902f6 P 01245c1fa1a34816acda770b1d506519: Time spent bootstrapping tablet: real 0.162s	user 0.016s	sys 0.004s
I20260709 12:09:14.583684  7303 leader_election.cc:290] T 92755d25c7dc4eb39cadeb7347defb99 P 01245c1fa1a34816acda770b1d506519 [CANDIDATE]: Term 1 pre-election: Requested pre-vote from peers c82176e299ba49039edd937481e2cb80 (127.5.181.66:38093), 7d1f8af348264670b78caba5dcf7edd6 (127.5.181.67:36063)
I20260709 12:09:14.584645  7101 tablet_service.cc:1917] Received RequestConsensusVote() RPC: tablet_id: "92755d25c7dc4eb39cadeb7347defb99" candidate_uuid: "01245c1fa1a34816acda770b1d506519" candidate_term: 1 candidate_status { last_received { term: 0 index: 0 } } ignore_live_leader: false dest_uuid: "c82176e299ba49039edd937481e2cb80" is_pre_election: true
I20260709 12:09:14.587884  7219 tablet_bootstrap.cc:492] T 92755d25c7dc4eb39cadeb7347defb99 P c82176e299ba49039edd937481e2cb80: No bootstrap required, opened a new log
I20260709 12:09:14.588456  7219 ts_tablet_manager.cc:1403] T 92755d25c7dc4eb39cadeb7347defb99 P c82176e299ba49039edd937481e2cb80: Time spent bootstrapping tablet: real 0.169s	user 0.011s	sys 0.004s
I20260709 12:09:14.589960  7218 raft_consensus.cc:359] T 172da35af91d41dfad39453168e902f6 P 01245c1fa1a34816acda770b1d506519 [term 0 FOLLOWER]: Replica starting. Triggering 0 pending ops. Active config: opid_index: -1 OBSOLETE_local: false peers { permanent_uuid: "01245c1fa1a34816acda770b1d506519" member_type: VOTER last_known_addr { host: "127.5.181.65" port: 44659 } } peers { permanent_uuid: "c82176e299ba49039edd937481e2cb80" member_type: VOTER last_known_addr { host: "127.5.181.66" port: 38093 } } peers { permanent_uuid: "7d1f8af348264670b78caba5dcf7edd6" member_type: VOTER last_known_addr { host: "127.5.181.67" port: 36063 } }
I20260709 12:09:14.590636  7218 raft_consensus.cc:385] T 172da35af91d41dfad39453168e902f6 P 01245c1fa1a34816acda770b1d506519 [term 0 FOLLOWER]: Consensus starting up: Expiring failure detector timer to make a prompt election more likely
I20260709 12:09:14.590898  7218 raft_consensus.cc:740] T 172da35af91d41dfad39453168e902f6 P 01245c1fa1a34816acda770b1d506519 [term 0 FOLLOWER]: Becoming Follower/Learner. State: Replica: 01245c1fa1a34816acda770b1d506519, State: Initialized, Role: FOLLOWER
W20260709 12:09:14.590961  6992 leader_election.cc:343] T 92755d25c7dc4eb39cadeb7347defb99 P 01245c1fa1a34816acda770b1d506519 [CANDIDATE]: Term 1 pre-election: Tablet error from VoteRequest() call to peer c82176e299ba49039edd937481e2cb80 (127.5.181.66:38093): Illegal state: must be running to vote when last-logged opid is not known
I20260709 12:09:14.591181  7219 raft_consensus.cc:359] T 92755d25c7dc4eb39cadeb7347defb99 P c82176e299ba49039edd937481e2cb80 [term 0 FOLLOWER]: Replica starting. Triggering 0 pending ops. Active config: opid_index: -1 OBSOLETE_local: false peers { permanent_uuid: "01245c1fa1a34816acda770b1d506519" member_type: VOTER last_known_addr { host: "127.5.181.65" port: 44659 } } peers { permanent_uuid: "c82176e299ba49039edd937481e2cb80" member_type: VOTER last_known_addr { host: "127.5.181.66" port: 38093 } } peers { permanent_uuid: "7d1f8af348264670b78caba5dcf7edd6" member_type: VOTER last_known_addr { host: "127.5.181.67" port: 36063 } }
I20260709 12:09:14.591864  7219 raft_consensus.cc:385] T 92755d25c7dc4eb39cadeb7347defb99 P c82176e299ba49039edd937481e2cb80 [term 0 FOLLOWER]: Consensus starting up: Expiring failure detector timer to make a prompt election more likely
