I20260709 12:09:18.452929  8464 consensus_queue.cc:237] T 780be62adbee46ab82f7bb83039d3a31 P a2874d6884f8464fac45e580c8104cb9 [LEADER]: Queue going to LEADER mode. State: All replicated index: 0, Majority replicated index: 0, Committed index: 0, Last appended: 0.0, Last appended by leader: 0, Current term: 1, Majority size: 2, State: 0, Mode: LEADER, active raft config: opid_index: -1 OBSOLETE_local: false peers { permanent_uuid: "2edebd18e6bf4cd595e537e48ec64bf5" member_type: VOTER last_known_addr { host: "127.6.233.129" port: 37501 } } peers { permanent_uuid: "a2874d6884f8464fac45e580c8104cb9" member_type: VOTER last_known_addr { host: "127.6.233.130" port: 40783 } } peers { permanent_uuid: "e903f11699f546b3815b1c541018f1de" member_type: VOTER last_known_addr { host: "127.6.233.131" port: 46781 } }
W20260709 12:09:18.453709  8308 leader_election.cc:343] T 8b103d64fd514c00a0744165c97b9814 P a2874d6884f8464fac45e580c8104cb9 [CANDIDATE]: Term 1 election: Tablet error from VoteRequest() call to peer e903f11699f546b3815b1c541018f1de (127.6.233.131:46781): Illegal state: must be running to vote when last-logged opid is not known
I20260709 12:09:18.454574  8503 leader_election.cc:290] T 8b103d64fd514c00a0744165c97b9814 P a2874d6884f8464fac45e580c8104cb9 [CANDIDATE]: Term 1 election: Requested vote from peers 2edebd18e6bf4cd595e537e48ec64bf5 (127.6.233.129:37501), e903f11699f546b3815b1c541018f1de (127.6.233.131:46781)
I20260709 12:09:18.457899  8616 consensus_queue.cc:1048] T 410604fd22224b489810d197abad19b2 P a2874d6884f8464fac45e580c8104cb9 [LEADER]: Connected to new peer: Peer: permanent_uuid: "2edebd18e6bf4cd595e537e48ec64bf5" member_type: VOTER last_known_addr { host: "127.6.233.129" port: 37501 }, Status: LMP_MISMATCH, Last received: 0.0, Next index: 1, Last known committed idx: 0, Time since last communication: 0.000s
I20260709 12:09:18.461341  8616 consensus_queue.cc:1048] T ae690cfdb2fd4a6693f20c128a1e6fb2 P a2874d6884f8464fac45e580c8104cb9 [LEADER]: Connected to new peer: Peer: permanent_uuid: "2edebd18e6bf4cd595e537e48ec64bf5" member_type: VOTER last_known_addr { host: "127.6.233.129" port: 37501 }, Status: LMP_MISMATCH, Last received: 0.0, Next index: 1, Last known committed idx: 0, Time since last communication: 0.000s
I20260709 12:09:18.464866  8457 tablet_bootstrap.cc:654] T d389bfdfd3434460b0b3f3ee253b24bf P 2edebd18e6bf4cd595e537e48ec64bf5: Neither blocks nor log segments found. Creating new log.
I20260709 12:09:18.464987  8265 tablet_service.cc:1917] Received RequestConsensusVote() RPC: tablet_id: "8b103d64fd514c00a0744165c97b9814" candidate_uuid: "a2874d6884f8464fac45e580c8104cb9" candidate_term: 1 candidate_status { last_received { term: 0 index: 0 } } ignore_live_leader: false dest_uuid: "2edebd18e6bf4cd595e537e48ec64bf5"
I20260709 12:09:18.465835  8265 raft_consensus.cc:2393] T 8b103d64fd514c00a0744165c97b9814 P 2edebd18e6bf4cd595e537e48ec64bf5 [term 1 FOLLOWER]: Leader election vote request: Denying vote to candidate a2874d6884f8464fac45e580c8104cb9 in current term 1: Already voted for candidate 2edebd18e6bf4cd595e537e48ec64bf5 in this term.
I20260709 12:09:18.468092  8458 ts_tablet_manager.cc:1434] T 2a0ed49697d2465bba0789c93c4976c2 P e903f11699f546b3815b1c541018f1de: Time spent starting tablet: real 0.040s	user 0.005s	sys 0.000s
I20260709 12:09:18.469066  8458 tablet_bootstrap.cc:492] T 780be62adbee46ab82f7bb83039d3a31 P e903f11699f546b3815b1c541018f1de: Bootstrap starting.
I20260709 12:09:18.477466  8342 tablet_service.cc:1917] Received RequestConsensusVote() RPC: tablet_id: "8b103d64fd514c00a0744165c97b9814" candidate_uuid: "2edebd18e6bf4cd595e537e48ec64bf5" candidate_term: 1 candidate_status { last_received { term: 0 index: 0 } } ignore_live_leader: false dest_uuid: "a2874d6884f8464fac45e580c8104cb9"
I20260709 12:09:18.478473  8309 leader_election.cc:304] T 8b103d64fd514c00a0744165c97b9814 P a2874d6884f8464fac45e580c8104cb9 [CANDIDATE]: Term 1 election: Election decided. Result: candidate lost. Election summary: received 3 responses out of 3 voters: 1 yes votes; 2 no votes. yes voters: a2874d6884f8464fac45e580c8104cb9; no voters: 2edebd18e6bf4cd595e537e48ec64bf5, e903f11699f546b3815b1c541018f1de
I20260709 12:09:18.483949  8342 raft_consensus.cc:2393] T 8b103d64fd514c00a0744165c97b9814 P a2874d6884f8464fac45e580c8104cb9 [term 1 FOLLOWER]: Leader election vote request: Denying vote to candidate 2edebd18e6bf4cd595e537e48ec64bf5 in current term 1: Already voted for candidate a2874d6884f8464fac45e580c8104cb9 in this term.
I20260709 12:09:18.484876  8458 tablet_bootstrap.cc:654] T 780be62adbee46ab82f7bb83039d3a31 P e903f11699f546b3815b1c541018f1de: Neither blocks nor log segments found. Creating new log.
I20260709 12:09:18.484853  8464 raft_consensus.cc:2749] T 8b103d64fd514c00a0744165c97b9814 P a2874d6884f8464fac45e580c8104cb9 [term 1 FOLLOWER]: Leader election lost for term 1. Reason: could not achieve majority
I20260709 12:09:18.485327  8641 consensus_queue.cc:1048] T 2a0ed49697d2465bba0789c93c4976c2 P 2edebd18e6bf4cd595e537e48ec64bf5 [LEADER]: Connected to new peer: Peer: permanent_uuid: "a2874d6884f8464fac45e580c8104cb9" member_type: VOTER last_known_addr { host: "127.6.233.130" port: 40783 }, Status: LMP_MISMATCH, Last received: 0.0, Next index: 1, Last known committed idx: 0, Time since last communication: 0.001s
I20260709 12:09:18.492458  8459 tablet_bootstrap.cc:492] T 6e7ad595485e44a9a292092d99528f5d P a2874d6884f8464fac45e580c8104cb9: No bootstrap required, opened a new log
I20260709 12:09:18.493105  8459 ts_tablet_manager.cc:1403] T 6e7ad595485e44a9a292092d99528f5d P a2874d6884f8464fac45e580c8104cb9: Time spent bootstrapping tablet: real 0.113s	user 0.008s	sys 0.005s
I20260709 12:09:18.496635  8459 raft_consensus.cc:359] T 6e7ad595485e44a9a292092d99528f5d P a2874d6884f8464fac45e580c8104cb9 [term 0 FOLLOWER]: Replica starting. Triggering 0 pending ops. Active config: opid_index: -1 OBSOLETE_local: false peers { permanent_uuid: "2edebd18e6bf4cd595e537e48ec64bf5" member_type: VOTER last_known_addr { host: "127.6.233.129" port: 37501 } } peers { permanent_uuid: "a2874d6884f8464fac45e580c8104cb9" member_type: VOTER last_known_addr { host: "127.6.233.130" port: 40783 } } peers { permanent_uuid: "e903f11699f546b3815b1c541018f1de" member_type: VOTER last_known_addr { host: "127.6.233.131" port: 46781 } }
I20260709 12:09:18.497573  8459 raft_consensus.cc:385] T 6e7ad595485e44a9a292092d99528f5d P a2874d6884f8464fac45e580c8104cb9 [term 0 FOLLOWER]: Consensus starting up: Expiring failure detector timer to make a prompt election more likely
I20260709 12:09:18.497140  8163 catalog_manager.cc:5697] T 780be62adbee46ab82f7bb83039d3a31 P a2874d6884f8464fac45e580c8104cb9 reported cstate change: term changed from 0 to 1, leader changed from <none> to a2874d6884f8464fac45e580c8104cb9 (127.6.233.130). New cstate: current_term: 1 leader_uuid: "a2874d6884f8464fac45e580c8104cb9" committed_config { opid_index: -1 OBSOLETE_local: false peers { permanent_uuid: "2edebd18e6bf4cd595e537e48ec64bf5" member_type: VOTER last_known_addr { host: "127.6.233.129" port: 37501 } health_report { overall_health: UNKNOWN } } peers { permanent_uuid: "a2874d6884f8464fac45e580c8104cb9" member_type: VOTER last_known_addr { host: "127.6.233.130" port: 40783 } health_report { overall_health: HEALTHY } } peers { permanent_uuid: "e903f11699f546b3815b1c541018f1de" member_type: VOTER last_known_addr { host: "127.6.233.131" port: 46781 } health_report { overall_health: UNKNOWN } } }
I20260709 12:09:18.497929  8459 raft_consensus.cc:740] T 6e7ad595485e44a9a292092d99528f5d P a2874d6884f8464fac45e580c8104cb9 [term 0 FOLLOWER]: Becoming Follower/Learner. State: Replica: a2874d6884f8464fac45e580c8104cb9, State: Initialized, Role: FOLLOWER
I20260709 12:09:18.499727  8230 leader_election.cc:304] T 8b103d64fd514c00a0744165c97b9814 P 2edebd18e6bf4cd595e537e48ec64bf5 [CANDIDATE]: Term 1 election: Election decided. Result: candidate lost. Election summary: received 3 responses out of 3 voters: 1 yes votes; 2 no votes. yes voters: 2edebd18e6bf4cd595e537e48ec64bf5; no voters: a2874d6884f8464fac45e580c8104cb9, e903f11699f546b3815b1c541018f1de
I20260709 12:09:18.500903  8641 raft_consensus.cc:2749] T 8b103d64fd514c00a0744165c97b9814 P 2edebd18e6bf4cd595e537e48ec64bf5 [term 1 FOLLOWER]: Leader election lost for term 1. Reason: could not achieve majority
I20260709 12:09:18.501335  8459 consensus_queue.cc:260] T 6e7ad595485e44a9a292092d99528f5d P a2874d6884f8464fac45e580c8104cb9 [NON_LEADER]: Queue going to NON_LEADER mode. State: All replicated index: 0, Majority replicated index: 0, Committed index: 0, Last appended: 0.0, Last appended by leader: 0, Current term: 0, Majority size: -1, State: 0, Mode: NON_LEADER, active raft config: opid_index: -1 OBSOLETE_local: false peers { permanent_uuid: "2edebd18e6bf4cd595e537e48ec64bf5" member_type: VOTER last_known_addr { host: "127.6.233.129" port: 37501 } } peers { permanent_uuid: "a2874d6884f8464fac45e580c8104cb9" member_type: VOTER last_known_addr { host: "127.6.233.130" port: 40783 } } peers { permanent_uuid: "e903f11699f546b3815b1c541018f1de" member_type: VOTER last_known_addr { host: "127.6.233.131" port: 46781 } }
I20260709 12:09:18.511590  8459 ts_tablet_manager.cc:1434] T 6e7ad595485e44a9a292092d99528f5d P a2874d6884f8464fac45e580c8104cb9: Time spent starting tablet: real 0.018s	user 0.007s	sys 0.000s
I20260709 12:09:18.512480  8459 tablet_bootstrap.cc:492] T 11fa838485aa4ecca17641bf14e08b5e P a2874d6884f8464fac45e580c8104cb9: Bootstrap starting.
I20260709 12:09:18.516387  8457 tablet_bootstrap.cc:492] T d389bfdfd3434460b0b3f3ee253b24bf P 2edebd18e6bf4cd595e537e48ec64bf5: No bootstrap required, opened a new log
I20260709 12:09:18.516913  8457 ts_tablet_manager.cc:1403] T d389bfdfd3434460b0b3f3ee253b24bf P 2edebd18e6bf4cd595e537e48ec64bf5: Time spent bootstrapping tablet: real 0.091s	user 0.010s	sys 0.009s
I20260709 12:09:18.519164  8415 raft_consensus.cc:3060] T 2a0ed49697d2465bba0789c93c4976c2 P e903f11699f546b3815b1c541018f1de [term 0 FOLLOWER]: Advancing to term 1
I20260709 12:09:18.519744  8457 raft_consensus.cc:359] T d389bfdfd3434460b0b3f3ee253b24bf P 2edebd18e6bf4cd595e537e48ec64bf5 [term 0 FOLLOWER]: Replica starting. Triggering 0 pending ops. Active config: opid_index: -1 OBSOLETE_local: false peers { permanent_uuid: "2edebd18e6bf4cd595e537e48ec64bf5" member_type: VOTER last_known_addr { host: "127.6.233.129" port: 37501 } } peers { permanent_uuid: "a2874d6884f8464fac45e580c8104cb9" member_type: VOTER last_known_addr { host: "127.6.233.130" port: 40783 } } peers { permanent_uuid: "e903f11699f546b3815b1c541018f1de" member_type: VOTER last_known_addr { host: "127.6.233.131" port: 46781 } }
I20260709 12:09:18.520490  8457 raft_consensus.cc:385] T d389bfdfd3434460b0b3f3ee253b24bf P 2edebd18e6bf4cd595e537e48ec64bf5 [term 0 FOLLOWER]: Consensus starting up: Expiring failure detector timer to make a prompt election more likely
I20260709 12:09:18.520787  8457 raft_consensus.cc:740] T d389bfdfd3434460b0b3f3ee253b24bf P 2edebd18e6bf4cd595e537e48ec64bf5 [term 0 FOLLOWER]: Becoming Follower/Learner. State: Replica: 2edebd18e6bf4cd595e537e48ec64bf5, State: Initialized, Role: FOLLOWER
I20260709 12:09:18.521759  8457 consensus_queue.cc:260] T d389bfdfd3434460b0b3f3ee253b24bf P 2edebd18e6bf4cd595e537e48ec64bf5 [NON_LEADER]: Queue going to NON_LEADER mode. State: All replicated index: 0, Majority replicated index: 0, Committed index: 0, Last appended: 0.0, Last appended by leader: 0, Current term: 0, Majority size: -1, State: 0, Mode: NON_LEADER, active raft config: opid_index: -1 OBSOLETE_local: false peers { permanent_uuid: "2edebd18e6bf4cd595e537e48ec64bf5" member_type: VOTER last_known_addr { host: "127.6.233.129" port: 37501 } } peers { permanent_uuid: "a2874d6884f8464fac45e580c8104cb9" member_type: VOTER last_known_addr { host: "127.6.233.130" port: 40783 } } peers { permanent_uuid: "e903f11699f546b3815b1c541018f1de" member_type: VOTER last_known_addr { host: "127.6.233.131" port: 46781 } }
I20260709 12:09:18.522930  8459 tablet_bootstrap.cc:654] T 11fa838485aa4ecca17641bf14e08b5e P a2874d6884f8464fac45e580c8104cb9: Neither blocks nor log segments found. Creating new log.
I20260709 12:09:18.523944  8457 ts_tablet_manager.cc:1434] T d389bfdfd3434460b0b3f3ee253b24bf P 2edebd18e6bf4cd595e537e48ec64bf5: Time spent starting tablet: real 0.007s	user 0.006s	sys 0.000s
I20260709 12:09:18.524875  8457 tablet_bootstrap.cc:492] T d92075c0ca2840538df7d772186a2e31 P 2edebd18e6bf4cd595e537e48ec64bf5: Bootstrap starting.
I20260709 12:09:18.530782  8457 tablet_bootstrap.cc:654] T d92075c0ca2840538df7d772186a2e31 P 2edebd18e6bf4cd595e537e48ec64bf5: Neither blocks nor log segments found. Creating new log.
I20260709 12:09:18.533833  8459 tablet_bootstrap.cc:492] T 11fa838485aa4ecca17641bf14e08b5e P a2874d6884f8464fac45e580c8104cb9: No bootstrap required, opened a new log
I20260709 12:09:18.534276  8459 ts_tablet_manager.cc:1403] T 11fa838485aa4ecca17641bf14e08b5e P a2874d6884f8464fac45e580c8104cb9: Time spent bootstrapping tablet: real 0.022s	user 0.008s	sys 0.008s
I20260709 12:09:18.536819  8459 raft_consensus.cc:359] T 11fa838485aa4ecca17641bf14e08b5e P a2874d6884f8464fac45e580c8104cb9 [term 0 FOLLOWER]: Replica starting. Triggering 0 pending ops. Active config: opid_index: -1 OBSOLETE_local: false peers { permanent_uuid: "2edebd18e6bf4cd595e537e48ec64bf5" member_type: VOTER last_known_addr { host: "127.6.233.129" port: 37501 } } peers { permanent_uuid: "a2874d6884f8464fac45e580c8104cb9" member_type: VOTER last_known_addr { host: "127.6.233.130" port: 40783 } } peers { permanent_uuid: "e903f11699f546b3815b1c541018f1de" member_type: VOTER last_known_addr { host: "127.6.233.131" port: 46781 } }
I20260709 12:09:18.537482  8459 raft_consensus.cc:385] T 11fa838485aa4ecca17641bf14e08b5e P a2874d6884f8464fac45e580c8104cb9 [term 0 FOLLOWER]: Consensus starting up: Expiring failure detector timer to make a prompt election more likely
I20260709 12:09:18.537748  8459 raft_consensus.cc:740] T 11fa838485aa4ecca17641bf14e08b5e P a2874d6884f8464fac45e580c8104cb9 [term 0 FOLLOWER]: Becoming Follower/Learner. State: Replica: a2874d6884f8464fac45e580c8104cb9, State: Initialized, Role: FOLLOWER
I20260709 12:09:18.538338  8459 consensus_queue.cc:260] T 11fa838485aa4ecca17641bf14e08b5e P a2874d6884f8464fac45e580c8104cb9 [NON_LEADER]: Queue going to NON_LEADER mode. State: All replicated index: 0, Majority replicated index: 0, Committed index: 0, Last appended: 0.0, Last appended by leader: 0, Current term: 0, Majority size: -1, State: 0, Mode: NON_LEADER, active raft config: opid_index: -1 OBSOLETE_local: false peers { permanent_uuid: "2edebd18e6bf4cd595e537e48ec64bf5" member_type: VOTER last_known_addr { host: "127.6.233.129" port: 37501 } } peers { permanent_uuid: "a2874d6884f8464fac45e580c8104cb9" member_type: VOTER last_known_addr { host: "127.6.233.130" port: 40783 } } peers { permanent_uuid: "e903f11699f546b3815b1c541018f1de" member_type: VOTER last_known_addr { host: "127.6.233.131" port: 46781 } }
I20260709 12:09:18.539547  8458 tablet_bootstrap.cc:492] T 780be62adbee46ab82f7bb83039d3a31 P e903f11699f546b3815b1c541018f1de: No bootstrap required, opened a new log
I20260709 12:09:18.540237  8458 ts_tablet_manager.cc:1403] T 780be62adbee46ab82f7bb83039d3a31 P e903f11699f546b3815b1c541018f1de: Time spent bootstrapping tablet: real 0.071s	user 0.014s	sys 0.015s
I20260709 12:09:18.541558  8459 ts_tablet_manager.cc:1434] T 11fa838485aa4ecca17641bf14e08b5e P a2874d6884f8464fac45e580c8104cb9: Time spent starting tablet: real 0.007s	user 0.007s	sys 0.000s
I20260709 12:09:18.542536  8459 tablet_bootstrap.cc:492] T d9f27d22e9e04018a74c471caba4f5e2 P a2874d6884f8464fac45e580c8104cb9: Bootstrap starting.
I20260709 12:09:18.544000  8458 raft_consensus.cc:359] T 780be62adbee46ab82f7bb83039d3a31 P e903f11699f546b3815b1c541018f1de [term 0 FOLLOWER]: Replica starting. Triggering 0 pending ops. Active config: opid_index: -1 OBSOLETE_local: false peers { permanent_uuid: "2edebd18e6bf4cd595e537e48ec64bf5" member_type: VOTER last_known_addr { host: "127.6.233.129" port: 37501 } } peers { permanent_uuid: "a2874d6884f8464fac45e580c8104cb9" member_type: VOTER last_known_addr { host: "127.6.233.130" port: 40783 } } peers { permanent_uuid: "e903f11699f546b3815b1c541018f1de" member_type: VOTER last_known_addr { host: "127.6.233.131" port: 46781 } }
I20260709 12:09:18.548424  8458 raft_consensus.cc:385] T 780be62adbee46ab82f7bb83039d3a31 P e903f11699f546b3815b1c541018f1de [term 0 FOLLOWER]: Consensus starting up: Expiring failure detector timer to make a prompt election more likely
I20260709 12:09:18.549042  8458 raft_consensus.cc:740] T 780be62adbee46ab82f7bb83039d3a31 P e903f11699f546b3815b1c541018f1de [term 0 FOLLOWER]: Becoming Follower/Learner. State: Replica: e903f11699f546b3815b1c541018f1de, State: Initialized, Role: FOLLOWER
I20260709 12:09:18.548472  8487 consensus_queue.cc:1048] T 2a0ed49697d2465bba0789c93c4976c2 P 2edebd18e6bf4cd595e537e48ec64bf5 [LEADER]: Connected to new peer: Peer: permanent_uuid: "e903f11699f546b3815b1c541018f1de" member_type: VOTER last_known_addr { host: "127.6.233.131" port: 46781 }, Status: LMP_MISMATCH, Last received: 0.0, Next index: 1, Last known committed idx: 0, Time since last communication: 0.001s
I20260709 12:09:18.550038  8458 consensus_queue.cc:260] T 780be62adbee46ab82f7bb83039d3a31 P e903f11699f546b3815b1c541018f1de [NON_LEADER]: Queue going to NON_LEADER mode. State: All replicated index: 0, Majority replicated index: 0, Committed index: 0, Last appended: 0.0, Last appended by leader: 0, Current term: 0, Majority size: -1, State: 0, Mode: NON_LEADER, active raft config: opid_index: -1 OBSOLETE_local: false peers { permanent_uuid: "2edebd18e6bf4cd595e537e48ec64bf5" member_type: VOTER last_known_addr { host: "127.6.233.129" port: 37501 } } peers { permanent_uuid: "a2874d6884f8464fac45e580c8104cb9" member_type: VOTER last_known_addr { host: "127.6.233.130" port: 40783 } } peers { permanent_uuid: "e903f11699f546b3815b1c541018f1de" member_type: VOTER last_known_addr { host: "127.6.233.131" port: 46781 } }
I20260709 12:09:18.553339  8458 ts_tablet_manager.cc:1434] T 780be62adbee46ab82f7bb83039d3a31 P e903f11699f546b3815b1c541018f1de: Time spent starting tablet: real 0.013s	user 0.009s	sys 0.000s
I20260709 12:09:18.554546  8458 tablet_bootstrap.cc:492] T 11fa838485aa4ecca17641bf14e08b5e P e903f11699f546b3815b1c541018f1de: Bootstrap starting.
I20260709 12:09:18.554612  8459 tablet_bootstrap.cc:654] T d9f27d22e9e04018a74c471caba4f5e2 P a2874d6884f8464fac45e580c8104cb9: Neither blocks nor log segments found. Creating new log.
I20260709 12:09:18.561738  8458 tablet_bootstrap.cc:654] T 11fa838485aa4ecca17641bf14e08b5e P e903f11699f546b3815b1c541018f1de: Neither blocks nor log segments found. Creating new log.
I20260709 12:09:18.568784  8457 tablet_bootstrap.cc:492] T d92075c0ca2840538df7d772186a2e31 P 2edebd18e6bf4cd595e537e48ec64bf5: No bootstrap required, opened a new log
I20260709 12:09:18.569438  8457 ts_tablet_manager.cc:1403] T d92075c0ca2840538df7d772186a2e31 P 2edebd18e6bf4cd595e537e48ec64bf5: Time spent bootstrapping tablet: real 0.045s	user 0.007s	sys 0.023s
I20260709 12:09:18.569893  8459 tablet_bootstrap.cc:492] T d9f27d22e9e04018a74c471caba4f5e2 P a2874d6884f8464fac45e580c8104cb9: No bootstrap required, opened a new log
I20260709 12:09:18.570360  8459 ts_tablet_manager.cc:1403] T d9f27d22e9e04018a74c471caba4f5e2 P a2874d6884f8464fac45e580c8104cb9: Time spent bootstrapping tablet: real 0.028s	user 0.007s	sys 0.009s
I20260709 12:09:18.573067  8459 raft_consensus.cc:359] T d9f27d22e9e04018a74c471caba4f5e2 P a2874d6884f8464fac45e580c8104cb9 [term 0 FOLLOWER]: Replica starting. Triggering 0 pending ops. Active config: opid_index: -1 OBSOLETE_local: false peers { permanent_uuid: "2edebd18e6bf4cd595e537e48ec64bf5" member_type: VOTER last_known_addr { host: "127.6.233.129" port: 37501 } } peers { permanent_uuid: "a2874d6884f8464fac45e580c8104cb9" member_type: VOTER last_known_addr { host: "127.6.233.130" port: 40783 } } peers { permanent_uuid: "e903f11699f546b3815b1c541018f1de" member_type: VOTER last_known_addr { host: "127.6.233.131" port: 46781 } }
I20260709 12:09:18.573755  8459 raft_consensus.cc:385] T d9f27d22e9e04018a74c471caba4f5e2 P a2874d6884f8464fac45e580c8104cb9 [term 0 FOLLOWER]: Consensus starting up: Expiring failure detector timer to make a prompt election more likely
I20260709 12:09:18.573132  8457 raft_consensus.cc:359] T d92075c0ca2840538df7d772186a2e31 P 2edebd18e6bf4cd595e537e48ec64bf5 [term 0 FOLLOWER]: Replica starting. Triggering 0 pending ops. Active config: opid_index: -1 OBSOLETE_local: false peers { permanent_uuid: "2edebd18e6bf4cd595e537e48ec64bf5" member_type: VOTER last_known_addr { host: "127.6.233.129" port: 37501 } } peers { permanent_uuid: "a2874d6884f8464fac45e580c8104cb9" member_type: VOTER last_known_addr { host: "127.6.233.130" port: 40783 } } peers { permanent_uuid: "e903f11699f546b3815b1c541018f1de" member_type: VOTER last_known_addr { host: "127.6.233.131" port: 46781 } }
I20260709 12:09:18.574018  8459 raft_consensus.cc:740] T d9f27d22e9e04018a74c471caba4f5e2 P a2874d6884f8464fac45e580c8104cb9 [term 0 FOLLOWER]: Becoming Follower/Learner. State: Replica: a2874d6884f8464fac45e580c8104cb9, State: Initialized, Role: FOLLOWER
I20260709 12:09:18.574337  8457 raft_consensus.cc:385] T d92075c0ca2840538df7d772186a2e31 P 2edebd18e6bf4cd595e537e48ec64bf5 [term 0 FOLLOWER]: Consensus starting up: Expiring failure detector timer to make a prompt election more likely
I20260709 12:09:18.574700  8459 consensus_queue.cc:260] T d9f27d22e9e04018a74c471caba4f5e2 P a2874d6884f8464fac45e580c8104cb9 [NON_LEADER]: Queue going to NON_LEADER mode. State: All replicated index: 0, Majority replicated index: 0, Committed index: 0, Last appended: 0.0, Last appended by leader: 0, Current term: 0, Majority size: -1, State: 0, Mode: NON_LEADER, active raft config: opid_index: -1 OBSOLETE_local: false peers { permanent_uuid: "2edebd18e6bf4cd595e537e48ec64bf5" member_type: VOTER last_known_addr { host: "127.6.233.129" port: 37501 } } peers { permanent_uuid: "a2874d6884f8464fac45e580c8104cb9" member_type: VOTER last_known_addr { host: "127.6.233.130" port: 40783 } } peers { permanent_uuid: "e903f11699f546b3815b1c541018f1de" member_type: VOTER last_known_addr { host: "127.6.233.131" port: 46781 } }
I20260709 12:09:18.574973  8457 raft_consensus.cc:740] T d92075c0ca2840538df7d772186a2e31 P 2edebd18e6bf4cd595e537e48ec64bf5 [term 0 FOLLOWER]: Becoming Follower/Learner. State: Replica: 2edebd18e6bf4cd595e537e48ec64bf5, State: Initialized, Role: FOLLOWER
I20260709 12:09:18.577045  8459 ts_tablet_manager.cc:1434] T d9f27d22e9e04018a74c471caba4f5e2 P a2874d6884f8464fac45e580c8104cb9: Time spent starting tablet: real 0.006s	user 0.006s	sys 0.000s
I20260709 12:09:18.576998  8457 consensus_queue.cc:260] T d92075c0ca2840538df7d772186a2e31 P 2edebd18e6bf4cd595e537e48ec64bf5 [NON_LEADER]: Queue going to NON_LEADER mode. State: All replicated index: 0, Majority replicated index: 0, Committed index: 0, Last appended: 0.0, Last appended by leader: 0, Current term: 0, Majority size: -1, State: 0, Mode: NON_LEADER, active raft config: opid_index: -1 OBSOLETE_local: false peers { permanent_uuid: "2edebd18e6bf4cd595e537e48ec64bf5" member_type: VOTER last_known_addr { host: "127.6.233.129" port: 37501 } } peers { permanent_uuid: "a2874d6884f8464fac45e580c8104cb9" member_type: VOTER last_known_addr { host: "127.6.233.130" port: 40783 } } peers { permanent_uuid: "e903f11699f546b3815b1c541018f1de" member_type: VOTER last_known_addr { host: "127.6.233.131" port: 46781 } }
I20260709 12:09:18.578719  8459 tablet_bootstrap.cc:492] T 7c23032cfd7c48a29fe1e32f08fb97ed P a2874d6884f8464fac45e580c8104cb9: Bootstrap starting.
I20260709 12:09:18.579607  8457 ts_tablet_manager.cc:1434] T d92075c0ca2840538df7d772186a2e31 P 2edebd18e6bf4cd595e537e48ec64bf5: Time spent starting tablet: real 0.010s	user 0.008s	sys 0.000s
I20260709 12:09:18.580600  8457 tablet_bootstrap.cc:492] T 23517a4ad04d43bfabfcfef8733b0999 P 2edebd18e6bf4cd595e537e48ec64bf5: Bootstrap starting.
I20260709 12:09:18.584853  8459 tablet_bootstrap.cc:654] T 7c23032cfd7c48a29fe1e32f08fb97ed P a2874d6884f8464fac45e580c8104cb9: Neither blocks nor log segments found. Creating new log.
I20260709 12:09:18.588596  8458 tablet_bootstrap.cc:492] T 11fa838485aa4ecca17641bf14e08b5e P e903f11699f546b3815b1c541018f1de: No bootstrap required, opened a new log
I20260709 12:09:18.589103  8458 ts_tablet_manager.cc:1403] T 11fa838485aa4ecca17641bf14e08b5e P e903f11699f546b3815b1c541018f1de: Time spent bootstrapping tablet: real 0.035s	user 0.015s	sys 0.007s
I20260709 12:09:18.591388  8457 tablet_bootstrap.cc:654] T 23517a4ad04d43bfabfcfef8733b0999 P 2edebd18e6bf4cd595e537e48ec64bf5: Neither blocks nor log segments found. Creating new log.
I20260709 12:09:18.591969  8458 raft_consensus.cc:359] T 11fa838485aa4ecca17641bf14e08b5e P e903f11699f546b3815b1c541018f1de [term 0 FOLLOWER]: Replica starting. Triggering 0 pending ops. Active config: opid_index: -1 OBSOLETE_local: false peers { permanent_uuid: "2edebd18e6bf4cd595e537e48ec64bf5" member_type: VOTER last_known_addr { host: "127.6.233.129" port: 37501 } } peers { permanent_uuid: "a2874d6884f8464fac45e580c8104cb9" member_type: VOTER last_known_addr { host: "127.6.233.130" port: 40783 } } peers { permanent_uuid: "e903f11699f546b3815b1c541018f1de" member_type: VOTER last_known_addr { host: "127.6.233.131" port: 46781 } }
I20260709 12:09:18.592769  8458 raft_consensus.cc:385] T 11fa838485aa4ecca17641bf14e08b5e P e903f11699f546b3815b1c541018f1de [term 0 FOLLOWER]: Consensus starting up: Expiring failure detector timer to make a prompt election more likely
I20260709 12:09:18.593043  8458 raft_consensus.cc:740] T 11fa838485aa4ecca17641bf14e08b5e P e903f11699f546b3815b1c541018f1de [term 0 FOLLOWER]: Becoming Follower/Learner. State: Replica: e903f11699f546b3815b1c541018f1de, State: Initialized, Role: FOLLOWER
I20260709 12:09:18.600111  8458 consensus_queue.cc:260] T 11fa838485aa4ecca17641bf14e08b5e P e903f11699f546b3815b1c541018f1de [NON_LEADER]: Queue going to NON_LEADER mode. State: All replicated index: 0, Majority replicated index: 0, Committed index: 0, Last appended: 0.0, Last appended by leader: 0, Current term: 0, Majority size: -1, State: 0, Mode: NON_LEADER, active raft config: opid_index: -1 OBSOLETE_local: false peers { permanent_uuid: "2edebd18e6bf4cd595e537e48ec64bf5" member_type: VOTER last_known_addr { host: "127.6.233.129" port: 37501 } } peers { permanent_uuid: "a2874d6884f8464fac45e580c8104cb9" member_type: VOTER last_known_addr { host: "127.6.233.130" port: 40783 } } peers { permanent_uuid: "e903f11699f546b3815b1c541018f1de" member_type: VOTER last_known_addr { host: "127.6.233.131" port: 46781 } }
I20260709 12:09:18.620329  8458 ts_tablet_manager.cc:1434] T 11fa838485aa4ecca17641bf14e08b5e P e903f11699f546b3815b1c541018f1de: Time spent starting tablet: real 0.031s	user 0.007s	sys 0.000s
I20260709 12:09:18.632244  8573 raft_consensus.cc:493] T 6985b01226d84e779c46655067416d6a P 2edebd18e6bf4cd595e537e48ec64bf5 [term 0 FOLLOWER]: Starting pre-election (no leader contacted us within the election timeout)
I20260709 12:09:18.632926  8573 raft_consensus.cc:515] T 6985b01226d84e779c46655067416d6a P 2edebd18e6bf4cd595e537e48ec64bf5 [term 0 FOLLOWER]: Starting pre-election with config: opid_index: -1 OBSOLETE_local: false peers { permanent_uuid: "2edebd18e6bf4cd595e537e48ec64bf5" member_type: VOTER last_known_addr { host: "127.6.233.129" port: 37501 } } peers { permanent_uuid: "a2874d6884f8464fac45e580c8104cb9" member_type: VOTER last_known_addr { host: "127.6.233.130" port: 40783 } } peers { permanent_uuid: "e903f11699f546b3815b1c541018f1de" member_type: VOTER last_known_addr { host: "127.6.233.131" port: 46781 } }
I20260709 12:09:18.635669  8573 leader_election.cc:290] T 6985b01226d84e779c46655067416d6a P 2edebd18e6bf4cd595e537e48ec64bf5 [CANDIDATE]: Term 1 pre-election: Requested pre-vote from peers a2874d6884f8464fac45e580c8104cb9 (127.6.233.130:40783), e903f11699f546b3815b1c541018f1de (127.6.233.131:46781)
I20260709 12:09:18.639176  8415 tablet_service.cc:1917] Received RequestConsensusVote() RPC: tablet_id: "6985b01226d84e779c46655067416d6a" candidate_uuid: "2edebd18e6bf4cd595e537e48ec64bf5" candidate_term: 1 candidate_status { last_received { term: 0 index: 0 } } ignore_live_leader: false dest_uuid: "e903f11699f546b3815b1c541018f1de" is_pre_election: true
I20260709 12:09:18.641690  8458 tablet_bootstrap.cc:492] T 6985b01226d84e779c46655067416d6a P e903f11699f546b3815b1c541018f1de: Bootstrap starting.
W20260709 12:09:18.642324  8232 leader_election.cc:343] T 6985b01226d84e779c46655067416d6a P 2edebd18e6bf4cd595e537e48ec64bf5 [CANDIDATE]: Term 1 pre-election: Tablet error from VoteRequest() call to peer e903f11699f546b3815b1c541018f1de (127.6.233.131:46781): Illegal state: must be running to vote when last-logged opid is not known
I20260709 12:09:18.655136  8342 tablet_service.cc:1917] Received RequestConsensusVote() RPC: tablet_id: "6985b01226d84e779c46655067416d6a" candidate_uuid: "2edebd18e6bf4cd595e537e48ec64bf5" candidate_term: 1 candidate_status { last_received { term: 0 index: 0 } } ignore_live_leader: false dest_uuid: "a2874d6884f8464fac45e580c8104cb9" is_pre_election: true
I20260709 12:09:18.656327  8457 tablet_bootstrap.cc:492] T 23517a4ad04d43bfabfcfef8733b0999 P 2edebd18e6bf4cd595e537e48ec64bf5: No bootstrap required, opened a new log
I20260709 12:09:18.656975  8457 ts_tablet_manager.cc:1403] T 23517a4ad04d43bfabfcfef8733b0999 P 2edebd18e6bf4cd595e537e48ec64bf5: Time spent bootstrapping tablet: real 0.077s	user 0.029s	sys 0.031s
W20260709 12:09:18.658005  8230 leader_election.cc:343] T 6985b01226d84e779c46655067416d6a P 2edebd18e6bf4cd595e537e48ec64bf5 [CANDIDATE]: Term 1 pre-election: Tablet error from VoteRequest() call to peer a2874d6884f8464fac45e580c8104cb9 (127.6.233.130:40783): Illegal state: must be running to vote when last-logged opid is not known
I20260709 12:09:18.658514  8230 leader_election.cc:304] T 6985b01226d84e779c46655067416d6a P 2edebd18e6bf4cd595e537e48ec64bf5 [CANDIDATE]: Term 1 pre-election: Election decided. Result: candidate lost. Election summary: received 3 responses out of 3 voters: 1 yes votes; 2 no votes. yes voters: 2edebd18e6bf4cd595e537e48ec64bf5; no voters: a2874d6884f8464fac45e580c8104cb9, e903f11699f546b3815b1c541018f1de
I20260709 12:09:18.659251  8487 raft_consensus.cc:2749] T 6985b01226d84e779c46655067416d6a P 2edebd18e6bf4cd595e537e48ec64bf5 [term 0 FOLLOWER]: Leader pre-election lost for term 1. Reason: could not achieve majority
I20260709 12:09:18.659665  8457 raft_consensus.cc:359] T 23517a4ad04d43bfabfcfef8733b0999 P 2edebd18e6bf4cd595e537e48ec64bf5 [term 0 FOLLOWER]: Replica starting. Triggering 0 pending ops. Active config: opid_index: -1 OBSOLETE_local: false peers { permanent_uuid: "2edebd18e6bf4cd595e537e48ec64bf5" member_type: VOTER last_known_addr { host: "127.6.233.129" port: 37501 } } peers { permanent_uuid: "a2874d6884f8464fac45e580c8104cb9" member_type: VOTER last_known_addr { host: "127.6.233.130" port: 40783 } } peers { permanent_uuid: "e903f11699f546b3815b1c541018f1de" member_type: VOTER last_known_addr { host: "127.6.233.131" port: 46781 } }
I20260709 12:09:18.660189  8457 raft_consensus.cc:385] T 23517a4ad04d43bfabfcfef8733b0999 P 2edebd18e6bf4cd595e537e48ec64bf5 [term 0 FOLLOWER]: Consensus starting up: Expiring failure detector timer to make a prompt election more likely
I20260709 12:09:18.660461  8457 raft_consensus.cc:740] T 23517a4ad04d43bfabfcfef8733b0999 P 2edebd18e6bf4cd595e537e48ec64bf5 [term 0 FOLLOWER]: Becoming Follower/Learner. State: Replica: 2edebd18e6bf4cd595e537e48ec64bf5, State: Initialized, Role: FOLLOWER
I20260709 12:09:18.661056  8457 consensus_queue.cc:260] T 23517a4ad04d43bfabfcfef8733b0999 P 2edebd18e6bf4cd595e537e48ec64bf5 [NON_LEADER]: Queue going to NON_LEADER mode. State: All replicated index: 0, Majority replicated index: 0, Committed index: 0, Last appended: 0.0, Last appended by leader: 0, Current term: 0, Majority size: -1, State: 0, Mode: NON_LEADER, active raft config: opid_index: -1 OBSOLETE_local: false peers { permanent_uuid: "2edebd18e6bf4cd595e537e48ec64bf5" member_type: VOTER last_known_addr { host: "127.6.233.129" port: 37501 } } peers { permanent_uuid: "a2874d6884f8464fac45e580c8104cb9" member_type: VOTER last_known_addr { host: "127.6.233.130" port: 40783 } } peers { permanent_uuid: "e903f11699f546b3815b1c541018f1de" member_type: VOTER last_known_addr { host: "127.6.233.131" port: 46781 } }
I20260709 12:09:18.663211  8457 ts_tablet_manager.cc:1434] T 23517a4ad04d43bfabfcfef8733b0999 P 2edebd18e6bf4cd595e537e48ec64bf5: Time spent starting tablet: real 0.006s	user 0.006s	sys 0.001s
I20260709 12:09:18.663690  8459 tablet_bootstrap.cc:492] T 7c23032cfd7c48a29fe1e32f08fb97ed P a2874d6884f8464fac45e580c8104cb9: No bootstrap required, opened a new log
I20260709 12:09:18.664124  8459 ts_tablet_manager.cc:1403] T 7c23032cfd7c48a29fe1e32f08fb97ed P a2874d6884f8464fac45e580c8104cb9: Time spent bootstrapping tablet: real 0.086s	user 0.026s	sys 0.048s
I20260709 12:09:18.664273  8458 tablet_bootstrap.cc:654] T 6985b01226d84e779c46655067416d6a P e903f11699f546b3815b1c541018f1de: Neither blocks nor log segments found. Creating new log.
I20260709 12:09:18.664552  8457 tablet_bootstrap.cc:492] T 7c23032cfd7c48a29fe1e32f08fb97ed P 2edebd18e6bf4cd595e537e48ec64bf5: Bootstrap starting.
I20260709 12:09:18.666718  8459 raft_consensus.cc:359] T 7c23032cfd7c48a29fe1e32f08fb97ed P a2874d6884f8464fac45e580c8104cb9 [term 0 FOLLOWER]: Replica starting. Triggering 0 pending ops. Active config: opid_index: -1 OBSOLETE_local: false peers { permanent_uuid: "2edebd18e6bf4cd595e537e48ec64bf5" member_type: VOTER last_known_addr { host: "127.6.233.129" port: 37501 } } peers { permanent_uuid: "a2874d6884f8464fac45e580c8104cb9" member_type: VOTER last_known_addr { host: "127.6.233.130" port: 40783 } } peers { permanent_uuid: "e903f11699f546b3815b1c541018f1de" member_type: VOTER last_known_addr { host: "127.6.233.131" port: 46781 } }
I20260709 12:09:18.667562  8459 raft_consensus.cc:385] T 7c23032cfd7c48a29fe1e32f08fb97ed P a2874d6884f8464fac45e580c8104cb9 [term 0 FOLLOWER]: Consensus starting up: Expiring failure detector timer to make a prompt election more likely
I20260709 12:09:18.667896  8459 raft_consensus.cc:740] T 7c23032cfd7c48a29fe1e32f08fb97ed P a2874d6884f8464fac45e580c8104cb9 [term 0 FOLLOWER]: Becoming Follower/Learner. State: Replica: a2874d6884f8464fac45e580c8104cb9, State: Initialized, Role: FOLLOWER
I20260709 12:09:18.668895  8459 consensus_queue.cc:260] T 7c23032cfd7c48a29fe1e32f08fb97ed P a2874d6884f8464fac45e580c8104cb9 [NON_LEADER]: Queue going to NON_LEADER mode. State: All replicated index: 0, Majority replicated index: 0, Committed index: 0, Last appended: 0.0, Last appended by leader: 0, Current term: 0, Majority size: -1, State: 0, Mode: NON_LEADER, active raft config: opid_index: -1 OBSOLETE_local: false peers { permanent_uuid: "2edebd18e6bf4cd595e537e48ec64bf5" member_type: VOTER last_known_addr { host: "127.6.233.129" port: 37501 } } peers { permanent_uuid: "a2874d6884f8464fac45e580c8104cb9" member_type: VOTER last_known_addr { host: "127.6.233.130" port: 40783 } } peers { permanent_uuid: "e903f11699f546b3815b1c541018f1de" member_type: VOTER last_known_addr { host: "127.6.233.131" port: 46781 } }
I20260709 12:09:18.670526  8457 tablet_bootstrap.cc:654] T 7c23032cfd7c48a29fe1e32f08fb97ed P 2edebd18e6bf4cd595e537e48ec64bf5: Neither blocks nor log segments found. Creating new log.
I20260709 12:09:18.675683  8458 tablet_bootstrap.cc:492] T 6985b01226d84e779c46655067416d6a P e903f11699f546b3815b1c541018f1de: No bootstrap required, opened a new log
I20260709 12:09:18.676024  8459 ts_tablet_manager.cc:1434] T 7c23032cfd7c48a29fe1e32f08fb97ed P a2874d6884f8464fac45e580c8104cb9: Time spent starting tablet: real 0.012s	user 0.007s	sys 0.000s
I20260709 12:09:18.676179  8458 ts_tablet_manager.cc:1403] T 6985b01226d84e779c46655067416d6a P e903f11699f546b3815b1c541018f1de: Time spent bootstrapping tablet: real 0.035s	user 0.008s	sys 0.011s
I20260709 12:09:18.676991  8459 tablet_bootstrap.cc:492] T 63ca123fbe814278b5a0344edfb46fbf P a2874d6884f8464fac45e580c8104cb9: Bootstrap starting.
I20260709 12:09:18.679602  8457 tablet_bootstrap.cc:492] T 7c23032cfd7c48a29fe1e32f08fb97ed P 2edebd18e6bf4cd595e537e48ec64bf5: No bootstrap required, opened a new log
I20260709 12:09:18.680158  8457 ts_tablet_manager.cc:1403] T 7c23032cfd7c48a29fe1e32f08fb97ed P 2edebd18e6bf4cd595e537e48ec64bf5: Time spent bootstrapping tablet: real 0.016s	user 0.010s	sys 0.002s
I20260709 12:09:18.679669  8458 raft_consensus.cc:359] T 6985b01226d84e779c46655067416d6a P e903f11699f546b3815b1c541018f1de [term 0 FOLLOWER]: Replica starting. Triggering 0 pending ops. Active config: opid_index: -1 OBSOLETE_local: false peers { permanent_uuid: "2edebd18e6bf4cd595e537e48ec64bf5" member_type: VOTER last_known_addr { host: "127.6.233.129" port: 37501 } } peers { permanent_uuid: "a2874d6884f8464fac45e580c8104cb9" member_type: VOTER last_known_addr { host: "127.6.233.130" port: 40783 } } peers { permanent_uuid: "e903f11699f546b3815b1c541018f1de" member_type: VOTER last_known_addr { host: "127.6.233.131" port: 46781 } }
I20260709 12:09:18.680985  8458 raft_consensus.cc:385] T 6985b01226d84e779c46655067416d6a P e903f11699f546b3815b1c541018f1de [term 0 FOLLOWER]: Consensus starting up: Expiring failure detector timer to make a prompt election more likely
I20260709 12:09:18.681551  8458 raft_consensus.cc:740] T 6985b01226d84e779c46655067416d6a P e903f11699f546b3815b1c541018f1de [term 0 FOLLOWER]: Becoming Follower/Learner. State: Replica: e903f11699f546b3815b1c541018f1de, State: Initialized, Role: FOLLOWER
I20260709 12:09:18.682346  8458 consensus_queue.cc:260] T 6985b01226d84e779c46655067416d6a P e903f11699f546b3815b1c541018f1de [NON_LEADER]: Queue going to NON_LEADER mode. State: All replicated index: 0, Majority replicated index: 0, Committed index: 0, Last appended: 0.0, Last appended by leader: 0, Current term: 0, Majority size: -1, State: 0, Mode: NON_LEADER, active raft config: opid_index: -1 OBSOLETE_local: false peers { permanent_uuid: "2edebd18e6bf4cd595e537e48ec64bf5" member_type: VOTER last_known_addr { host: "127.6.233.129" port: 37501 } } peers { permanent_uuid: "a2874d6884f8464fac45e580c8104cb9" member_type: VOTER last_known_addr { host: "127.6.233.130" port: 40783 } } peers { permanent_uuid: "e903f11699f546b3815b1c541018f1de" member_type: VOTER last_known_addr { host: "127.6.233.131" port: 46781 } }
I20260709 12:09:18.682785  8457 raft_consensus.cc:359] T 7c23032cfd7c48a29fe1e32f08fb97ed P 2edebd18e6bf4cd595e537e48ec64bf5 [term 0 FOLLOWER]: Replica starting. Triggering 0 pending ops. Active config: opid_index: -1 OBSOLETE_local: false peers { permanent_uuid: "2edebd18e6bf4cd595e537e48ec64bf5" member_type: VOTER last_known_addr { host: "127.6.233.129" port: 37501 } } peers { permanent_uuid: "a2874d6884f8464fac45e580c8104cb9" member_type: VOTER last_known_addr { host: "127.6.233.130" port: 40783 } } peers { permanent_uuid: "e903f11699f546b3815b1c541018f1de" member_type: VOTER last_known_addr { host: "127.6.233.131" port: 46781 } }
I20260709 12:09:18.683235  8459 tablet_bootstrap.cc:654] T 63ca123fbe814278b5a0344edfb46fbf P a2874d6884f8464fac45e580c8104cb9: Neither blocks nor log segments found. Creating new log.
I20260709 12:09:18.683508  8457 raft_consensus.cc:385] T 7c23032cfd7c48a29fe1e32f08fb97ed P 2edebd18e6bf4cd595e537e48ec64bf5 [term 0 FOLLOWER]: Consensus starting up: Expiring failure detector timer to make a prompt election more likely
I20260709 12:09:18.683822  8457 raft_consensus.cc:740] T 7c23032cfd7c48a29fe1e32f08fb97ed P 2edebd18e6bf4cd595e537e48ec64bf5 [term 0 FOLLOWER]: Becoming Follower/Learner. State: Replica: 2edebd18e6bf4cd595e537e48ec64bf5, State: Initialized, Role: FOLLOWER
I20260709 12:09:18.684453  8457 consensus_queue.cc:260] T 7c23032cfd7c48a29fe1e32f08fb97ed P 2edebd18e6bf4cd595e537e48ec64bf5 [NON_LEADER]: Queue going to NON_LEADER mode. State: All replicated index: 0, Majority replicated index: 0, Committed index: 0, Last appended: 0.0, Last appended by leader: 0, Current term: 0, Majority size: -1, State: 0, Mode: NON_LEADER, active raft config: opid_index: -1 OBSOLETE_local: false peers { permanent_uuid: "2edebd18e6bf4cd595e537e48ec64bf5" member_type: VOTER last_known_addr { host: "127.6.233.129" port: 37501 } } peers { permanent_uuid: "a2874d6884f8464fac45e580c8104cb9" member_type: VOTER last_known_addr { host: "127.6.233.130" port: 40783 } } peers { permanent_uuid: "e903f11699f546b3815b1c541018f1de" member_type: VOTER last_known_addr { host: "127.6.233.131" port: 46781 } }
I20260709 12:09:18.686934  8457 ts_tablet_manager.cc:1434] T 7c23032cfd7c48a29fe1e32f08fb97ed P 2edebd18e6bf4cd595e537e48ec64bf5: Time spent starting tablet: real 0.006s	user 0.006s	sys 0.001s
I20260709 12:09:18.687292  8616 raft_consensus.cc:493] T 11fa838485aa4ecca17641bf14e08b5e P a2874d6884f8464fac45e580c8104cb9 [term 0 FOLLOWER]: Starting pre-election (no leader contacted us within the election timeout)
I20260709 12:09:18.687885  8457 tablet_bootstrap.cc:492] T d58824fa02f64b23b5d7c8fa5d8f520d P 2edebd18e6bf4cd595e537e48ec64bf5: Bootstrap starting.
I20260709 12:09:18.687762  8616 raft_consensus.cc:515] T 11fa838485aa4ecca17641bf14e08b5e P a2874d6884f8464fac45e580c8104cb9 [term 0 FOLLOWER]: Starting pre-election with config: opid_index: -1 OBSOLETE_local: false peers { permanent_uuid: "2edebd18e6bf4cd595e537e48ec64bf5" member_type: VOTER last_known_addr { host: "127.6.233.129" port: 37501 } } peers { permanent_uuid: "a2874d6884f8464fac45e580c8104cb9" member_type: VOTER last_known_addr { host: "127.6.233.130" port: 40783 } } peers { permanent_uuid: "e903f11699f546b3815b1c541018f1de" member_type: VOTER last_known_addr { host: "127.6.233.131" port: 46781 } }
I20260709 12:09:18.694211  8459 tablet_bootstrap.cc:492] T 63ca123fbe814278b5a0344edfb46fbf P a2874d6884f8464fac45e580c8104cb9: No bootstrap required, opened a new log
I20260709 12:09:18.694667  8459 ts_tablet_manager.cc:1403] T 63ca123fbe814278b5a0344edfb46fbf P a2874d6884f8464fac45e580c8104cb9: Time spent bootstrapping tablet: real 0.018s	user 0.012s	sys 0.004s
I20260709 12:09:18.695036  8458 ts_tablet_manager.cc:1434] T 6985b01226d84e779c46655067416d6a P e903f11699f546b3815b1c541018f1de: Time spent starting tablet: real 0.018s	user 0.006s	sys 0.001s
I20260709 12:09:18.697815  8573 raft_consensus.cc:493] T 23517a4ad04d43bfabfcfef8733b0999 P 2edebd18e6bf4cd595e537e48ec64bf5 [term 0 FOLLOWER]: Starting pre-election (no leader contacted us within the election timeout)
I20260709 12:09:18.698565  8573 raft_consensus.cc:515] T 23517a4ad04d43bfabfcfef8733b0999 P 2edebd18e6bf4cd595e537e48ec64bf5 [term 0 FOLLOWER]: Starting pre-election with config: opid_index: -1 OBSOLETE_local: false peers { permanent_uuid: "2edebd18e6bf4cd595e537e48ec64bf5" member_type: VOTER last_known_addr { host: "127.6.233.129" port: 37501 } } peers { permanent_uuid: "a2874d6884f8464fac45e580c8104cb9" member_type: VOTER last_known_addr { host: "127.6.233.130" port: 40783 } } peers { permanent_uuid: "e903f11699f546b3815b1c541018f1de" member_type: VOTER last_known_addr { host: "127.6.233.131" port: 46781 } }
I20260709 12:09:18.699297  8457 tablet_bootstrap.cc:654] T d58824fa02f64b23b5d7c8fa5d8f520d P 2edebd18e6bf4cd595e537e48ec64bf5: Neither blocks nor log segments found. Creating new log.
I20260709 12:09:18.701576  8573 leader_election.cc:290] T 23517a4ad04d43bfabfcfef8733b0999 P 2edebd18e6bf4cd595e537e48ec64bf5 [CANDIDATE]: Term 1 pre-election: Requested pre-vote from peers a2874d6884f8464fac45e580c8104cb9 (127.6.233.130:40783), e903f11699f546b3815b1c541018f1de (127.6.233.131:46781)
I20260709 12:09:18.704128  8265 tablet_service.cc:1917] Received RequestConsensusVote() RPC: tablet_id: "11fa838485aa4ecca17641bf14e08b5e" candidate_uuid: "a2874d6884f8464fac45e580c8104cb9" candidate_term: 1 candidate_status { last_received { term: 0 index: 0 } } ignore_live_leader: false dest_uuid: "2edebd18e6bf4cd595e537e48ec64bf5" is_pre_election: true
I20260709 12:09:18.704507  8341 tablet_service.cc:1917] Received RequestConsensusVote() RPC: tablet_id: "23517a4ad04d43bfabfcfef8733b0999" candidate_uuid: "2edebd18e6bf4cd595e537e48ec64bf5" candidate_term: 1 candidate_status { last_received { term: 0 index: 0 } } ignore_live_leader: false dest_uuid: "a2874d6884f8464fac45e580c8104cb9" is_pre_election: true
I20260709 12:09:18.704730  8265 raft_consensus.cc:2468] T 11fa838485aa4ecca17641bf14e08b5e P 2edebd18e6bf4cd595e537e48ec64bf5 [term 0 FOLLOWER]: Leader pre-election vote request: Granting yes vote for candidate a2874d6884f8464fac45e580c8104cb9 in term 0.
I20260709 12:09:18.703353  8459 raft_consensus.cc:359] T 63ca123fbe814278b5a0344edfb46fbf P a2874d6884f8464fac45e580c8104cb9 [term 0 FOLLOWER]: Replica starting. Triggering 0 pending ops. Active config: opid_index: -1 OBSOLETE_local: false peers { permanent_uuid: "2edebd18e6bf4cd595e537e48ec64bf5" member_type: VOTER last_known_addr { host: "127.6.233.129" port: 37501 } } peers { permanent_uuid: "a2874d6884f8464fac45e580c8104cb9" member_type: VOTER last_known_addr { host: "127.6.233.130" port: 40783 } } peers { permanent_uuid: "e903f11699f546b3815b1c541018f1de" member_type: VOTER last_known_addr { host: "127.6.233.131" port: 46781 } }
I20260709 12:09:18.705876  8459 raft_consensus.cc:385] T 63ca123fbe814278b5a0344edfb46fbf P a2874d6884f8464fac45e580c8104cb9 [term 0 FOLLOWER]: Consensus starting up: Expiring failure detector timer to make a prompt election more likely
I20260709 12:09:18.706192  8459 raft_consensus.cc:740] T 63ca123fbe814278b5a0344edfb46fbf P a2874d6884f8464fac45e580c8104cb9 [term 0 FOLLOWER]: Becoming Follower/Learner. State: Replica: a2874d6884f8464fac45e580c8104cb9, State: Initialized, Role: FOLLOWER
I20260709 12:09:18.710954  8487 raft_consensus.cc:493] T 6de629f8dcc342d885fcaff0276739b6 P 2edebd18e6bf4cd595e537e48ec64bf5 [term 0 FOLLOWER]: Starting pre-election (no leader contacted us within the election timeout)
I20260709 12:09:18.706929  8459 consensus_queue.cc:260] T 63ca123fbe814278b5a0344edfb46fbf P a2874d6884f8464fac45e580c8104cb9 [NON_LEADER]: Queue going to NON_LEADER mode. State: All replicated index: 0, Majority replicated index: 0, Committed index: 0, Last appended: 0.0, Last appended by leader: 0, Current term: 0, Majority size: -1, State: 0, Mode: NON_LEADER, active raft config: opid_index: -1 OBSOLETE_local: false peers { permanent_uuid: "2edebd18e6bf4cd595e537e48ec64bf5" member_type: VOTER last_known_addr { host: "127.6.233.129" port: 37501 } } peers { permanent_uuid: "a2874d6884f8464fac45e580c8104cb9" member_type: VOTER last_known_addr { host: "127.6.233.130" port: 40783 } } peers { permanent_uuid: "e903f11699f546b3815b1c541018f1de" member_type: VOTER last_known_addr { host: "127.6.233.131" port: 46781 } }
I20260709 12:09:18.707019  8414 tablet_service.cc:1917] Received RequestConsensusVote() RPC: tablet_id: "23517a4ad04d43bfabfcfef8733b0999" candidate_uuid: "2edebd18e6bf4cd595e537e48ec64bf5" candidate_term: 1 candidate_status { last_received { term: 0 index: 0 } } ignore_live_leader: false dest_uuid: "e903f11699f546b3815b1c541018f1de" is_pre_election: true
I20260709 12:09:18.718751  8487 raft_consensus.cc:515] T 6de629f8dcc342d885fcaff0276739b6 P 2edebd18e6bf4cd595e537e48ec64bf5 [term 0 FOLLOWER]: Starting pre-election with config: opid_index: -1 OBSOLETE_local: false peers { permanent_uuid: "2edebd18e6bf4cd595e537e48ec64bf5" member_type: VOTER last_known_addr { host: "127.6.233.129" port: 37501 } } peers { permanent_uuid: "a2874d6884f8464fac45e580c8104cb9" member_type: VOTER last_known_addr { host: "127.6.233.130" port: 40783 } } peers { permanent_uuid: "e903f11699f546b3815b1c541018f1de" member_type: VOTER last_known_addr { host: "127.6.233.131" port: 46781 } }
W20260709 12:09:18.713325  8230 leader_election.cc:343] T 23517a4ad04d43bfabfcfef8733b0999 P 2edebd18e6bf4cd595e537e48ec64bf5 [CANDIDATE]: Term 1 pre-election: Tablet error from VoteRequest() call to peer a2874d6884f8464fac45e580c8104cb9 (127.6.233.130:40783): Illegal state: must be running to vote when last-logged opid is not known
I20260709 12:09:18.709977  8415 tablet_service.cc:1917] Received RequestConsensusVote() RPC: tablet_id: "11fa838485aa4ecca17641bf14e08b5e" candidate_uuid: "a2874d6884f8464fac45e580c8104cb9" candidate_term: 1 candidate_status { last_received { term: 0 index: 0 } } ignore_live_leader: false dest_uuid: "e903f11699f546b3815b1c541018f1de" is_pre_election: true
I20260709 12:09:18.721025  8415 raft_consensus.cc:2468] T 11fa838485aa4ecca17641bf14e08b5e P e903f11699f546b3815b1c541018f1de [term 0 FOLLOWER]: Leader pre-election vote request: Granting yes vote for candidate a2874d6884f8464fac45e580c8104cb9 in term 0.
I20260709 12:09:18.722352  8459 ts_tablet_manager.cc:1434] T 63ca123fbe814278b5a0344edfb46fbf P a2874d6884f8464fac45e580c8104cb9: Time spent starting tablet: real 0.027s	user 0.015s	sys 0.004s
I20260709 12:09:18.722800  8308 leader_election.cc:304] T 11fa838485aa4ecca17641bf14e08b5e P a2874d6884f8464fac45e580c8104cb9 [CANDIDATE]: Term 1 pre-election: Election decided. Result: candidate won. Election summary: received 2 responses out of 3 voters: 2 yes votes; 0 no votes. yes voters: a2874d6884f8464fac45e580c8104cb9, e903f11699f546b3815b1c541018f1de; no voters: 
I20260709 12:09:18.723457  8459 tablet_bootstrap.cc:492] T c68b7c15fc3a4159bcddace108a7244c P a2874d6884f8464fac45e580c8104cb9: Bootstrap starting.
