I20260709 12:09:19.307997 20581 ts_tablet_manager.cc:1434] T a185cdd06b504831b862694a458e6d7b P 93d50c7fe3524153aeb1fd925a2b358a: Time spent starting tablet: real 0.012s	user 0.006s	sys 0.000s
I20260709 12:09:19.311993 20581 tablet_bootstrap.cc:492] T 0c57ee6762b549db9904a0ebfb209efc P 93d50c7fe3524153aeb1fd925a2b358a: Bootstrap starting.
I20260709 12:09:19.312831 20582 ts_tablet_manager.cc:1434] T 0c57ee6762b549db9904a0ebfb209efc P f84c6092cc24422fa451e99bfe78ec7f: Time spent starting tablet: real 0.011s	user 0.005s	sys 0.002s
I20260709 12:09:19.313742 20630 raft_consensus.cc:493] T 832240b9cae44cc3be6a706cc7e34820 P 93d50c7fe3524153aeb1fd925a2b358a [term 0 FOLLOWER]: Starting pre-election (no leader contacted us within the election timeout)
I20260709 12:09:19.314194 20630 raft_consensus.cc:515] T 832240b9cae44cc3be6a706cc7e34820 P 93d50c7fe3524153aeb1fd925a2b358a [term 0 FOLLOWER]: Starting pre-election with config: opid_index: -1 OBSOLETE_local: false peers { permanent_uuid: "89bcf2a4f85c4447b7f3ed8ceb8dd907" member_type: VOTER last_known_addr { host: "127.18.198.129" port: 43677 } } peers { permanent_uuid: "f84c6092cc24422fa451e99bfe78ec7f" member_type: VOTER last_known_addr { host: "127.18.198.130" port: 33187 } } peers { permanent_uuid: "93d50c7fe3524153aeb1fd925a2b358a" member_type: VOTER last_known_addr { host: "127.18.198.131" port: 37189 } }
I20260709 12:09:19.316295 20630 leader_election.cc:290] T 832240b9cae44cc3be6a706cc7e34820 P 93d50c7fe3524153aeb1fd925a2b358a [CANDIDATE]: Term 1 pre-election: Requested pre-vote from peers 89bcf2a4f85c4447b7f3ed8ceb8dd907 (127.18.198.129:43677), f84c6092cc24422fa451e99bfe78ec7f (127.18.198.130:33187)
I20260709 12:09:19.313755 20582 tablet_bootstrap.cc:492] T ad20a104e09d438b979a4c73276636f0 P f84c6092cc24422fa451e99bfe78ec7f: Bootstrap starting.
I20260709 12:09:19.318802 20391 tablet_service.cc:1917] Received RequestConsensusVote() RPC: tablet_id: "832240b9cae44cc3be6a706cc7e34820" candidate_uuid: "93d50c7fe3524153aeb1fd925a2b358a" candidate_term: 1 candidate_status { last_received { term: 0 index: 0 } } ignore_live_leader: false dest_uuid: "89bcf2a4f85c4447b7f3ed8ceb8dd907" is_pre_election: true
I20260709 12:09:19.319156 20581 tablet_bootstrap.cc:654] T 0c57ee6762b549db9904a0ebfb209efc P 93d50c7fe3524153aeb1fd925a2b358a: Neither blocks nor log segments found. Creating new log.
I20260709 12:09:19.323683 20582 tablet_bootstrap.cc:654] T ad20a104e09d438b979a4c73276636f0 P f84c6092cc24422fa451e99bfe78ec7f: Neither blocks nor log segments found. Creating new log.
I20260709 12:09:19.324450 20466 tablet_service.cc:1917] Received RequestConsensusVote() RPC: tablet_id: "832240b9cae44cc3be6a706cc7e34820" candidate_uuid: "93d50c7fe3524153aeb1fd925a2b358a" candidate_term: 1 candidate_status { last_received { term: 0 index: 0 } } ignore_live_leader: false dest_uuid: "f84c6092cc24422fa451e99bfe78ec7f" is_pre_election: true
I20260709 12:09:19.325928 20504 leader_election.cc:304] T 832240b9cae44cc3be6a706cc7e34820 P 93d50c7fe3524153aeb1fd925a2b358a [CANDIDATE]: Term 1 pre-election: Election decided. Result: candidate lost. Election summary: received 3 responses out of 3 voters: 1 yes votes; 2 no votes. yes voters: 93d50c7fe3524153aeb1fd925a2b358a; no voters: 89bcf2a4f85c4447b7f3ed8ceb8dd907, f84c6092cc24422fa451e99bfe78ec7f
I20260709 12:09:19.327400 20630 raft_consensus.cc:2749] T 832240b9cae44cc3be6a706cc7e34820 P 93d50c7fe3524153aeb1fd925a2b358a [term 0 FOLLOWER]: Leader pre-election lost for term 1. Reason: could not achieve majority
I20260709 12:09:19.329207 20583 tablet_bootstrap.cc:492] T 6b0499a751654ca68a0043f38b637583 P 89bcf2a4f85c4447b7f3ed8ceb8dd907: No bootstrap required, opened a new log
I20260709 12:09:19.329679 20583 ts_tablet_manager.cc:1403] T 6b0499a751654ca68a0043f38b637583 P 89bcf2a4f85c4447b7f3ed8ceb8dd907: Time spent bootstrapping tablet: real 0.040s	user 0.010s	sys 0.003s
I20260709 12:09:19.330205 20288 catalog_manager.cc:5697] T 883ccc93048a40d6b225896ff6e06039 P f84c6092cc24422fa451e99bfe78ec7f reported cstate change: term changed from 0 to 1, leader changed from <none> to f84c6092cc24422fa451e99bfe78ec7f (127.18.198.130). New cstate: current_term: 1 leader_uuid: "f84c6092cc24422fa451e99bfe78ec7f" committed_config { opid_index: -1 OBSOLETE_local: false peers { permanent_uuid: "89bcf2a4f85c4447b7f3ed8ceb8dd907" member_type: VOTER last_known_addr { host: "127.18.198.129" port: 43677 } health_report { overall_health: UNKNOWN } } peers { permanent_uuid: "f84c6092cc24422fa451e99bfe78ec7f" member_type: VOTER last_known_addr { host: "127.18.198.130" port: 33187 } health_report { overall_health: HEALTHY } } peers { permanent_uuid: "93d50c7fe3524153aeb1fd925a2b358a" member_type: VOTER last_known_addr { host: "127.18.198.131" port: 37189 } health_report { overall_health: UNKNOWN } } }
I20260709 12:09:19.332248 20583 raft_consensus.cc:359] T 6b0499a751654ca68a0043f38b637583 P 89bcf2a4f85c4447b7f3ed8ceb8dd907 [term 0 FOLLOWER]: Replica starting. Triggering 0 pending ops. Active config: opid_index: -1 OBSOLETE_local: false peers { permanent_uuid: "89bcf2a4f85c4447b7f3ed8ceb8dd907" member_type: VOTER last_known_addr { host: "127.18.198.129" port: 43677 } } peers { permanent_uuid: "f84c6092cc24422fa451e99bfe78ec7f" member_type: VOTER last_known_addr { host: "127.18.198.130" port: 33187 } } peers { permanent_uuid: "93d50c7fe3524153aeb1fd925a2b358a" member_type: VOTER last_known_addr { host: "127.18.198.131" port: 37189 } }
I20260709 12:09:19.332907 20583 raft_consensus.cc:385] T 6b0499a751654ca68a0043f38b637583 P 89bcf2a4f85c4447b7f3ed8ceb8dd907 [term 0 FOLLOWER]: Consensus starting up: Expiring failure detector timer to make a prompt election more likely
I20260709 12:09:19.333266 20583 raft_consensus.cc:740] T 6b0499a751654ca68a0043f38b637583 P 89bcf2a4f85c4447b7f3ed8ceb8dd907 [term 0 FOLLOWER]: Becoming Follower/Learner. State: Replica: 89bcf2a4f85c4447b7f3ed8ceb8dd907, State: Initialized, Role: FOLLOWER
I20260709 12:09:19.332753 20288 catalog_manager.cc:5697] T 6b0499a751654ca68a0043f38b637583 P f84c6092cc24422fa451e99bfe78ec7f reported cstate change: term changed from 0 to 1, leader changed from <none> to f84c6092cc24422fa451e99bfe78ec7f (127.18.198.130). New cstate: current_term: 1 leader_uuid: "f84c6092cc24422fa451e99bfe78ec7f" committed_config { opid_index: -1 OBSOLETE_local: false peers { permanent_uuid: "89bcf2a4f85c4447b7f3ed8ceb8dd907" member_type: VOTER last_known_addr { host: "127.18.198.129" port: 43677 } health_report { overall_health: UNKNOWN } } peers { permanent_uuid: "f84c6092cc24422fa451e99bfe78ec7f" member_type: VOTER last_known_addr { host: "127.18.198.130" port: 33187 } health_report { overall_health: HEALTHY } } peers { permanent_uuid: "93d50c7fe3524153aeb1fd925a2b358a" member_type: VOTER last_known_addr { host: "127.18.198.131" port: 37189 } health_report { overall_health: UNKNOWN } } }
I20260709 12:09:19.334038 20583 consensus_queue.cc:260] T 6b0499a751654ca68a0043f38b637583 P 89bcf2a4f85c4447b7f3ed8ceb8dd907 [NON_LEADER]: Queue going to NON_LEADER mode. State: All replicated index: 0, Majority replicated index: 0, Committed index: 0, Last appended: 0.0, Last appended by leader: 0, Current term: 0, Majority size: -1, State: 0, Mode: NON_LEADER, active raft config: opid_index: -1 OBSOLETE_local: false peers { permanent_uuid: "89bcf2a4f85c4447b7f3ed8ceb8dd907" member_type: VOTER last_known_addr { host: "127.18.198.129" port: 43677 } } peers { permanent_uuid: "f84c6092cc24422fa451e99bfe78ec7f" member_type: VOTER last_known_addr { host: "127.18.198.130" port: 33187 } } peers { permanent_uuid: "93d50c7fe3524153aeb1fd925a2b358a" member_type: VOTER last_known_addr { host: "127.18.198.131" port: 37189 } }
I20260709 12:09:19.336221 20583 ts_tablet_manager.cc:1434] T 6b0499a751654ca68a0043f38b637583 P 89bcf2a4f85c4447b7f3ed8ceb8dd907: Time spent starting tablet: real 0.006s	user 0.007s	sys 0.000s
I20260709 12:09:19.337167 20583 tablet_bootstrap.cc:492] T 09df80df3df14a6992b9ecd3022a21af P 89bcf2a4f85c4447b7f3ed8ceb8dd907: Bootstrap starting.
I20260709 12:09:19.342392 20581 tablet_bootstrap.cc:492] T 0c57ee6762b549db9904a0ebfb209efc P 93d50c7fe3524153aeb1fd925a2b358a: No bootstrap required, opened a new log
I20260709 12:09:19.343614 20583 tablet_bootstrap.cc:654] T 09df80df3df14a6992b9ecd3022a21af P 89bcf2a4f85c4447b7f3ed8ceb8dd907: Neither blocks nor log segments found. Creating new log.
I20260709 12:09:19.343801 20581 ts_tablet_manager.cc:1403] T 0c57ee6762b549db9904a0ebfb209efc P 93d50c7fe3524153aeb1fd925a2b358a: Time spent bootstrapping tablet: real 0.032s	user 0.014s	sys 0.002s
I20260709 12:09:19.346968 20581 raft_consensus.cc:359] T 0c57ee6762b549db9904a0ebfb209efc P 93d50c7fe3524153aeb1fd925a2b358a [term 0 FOLLOWER]: Replica starting. Triggering 0 pending ops. Active config: opid_index: -1 OBSOLETE_local: false peers { permanent_uuid: "89bcf2a4f85c4447b7f3ed8ceb8dd907" member_type: VOTER last_known_addr { host: "127.18.198.129" port: 43677 } } peers { permanent_uuid: "f84c6092cc24422fa451e99bfe78ec7f" member_type: VOTER last_known_addr { host: "127.18.198.130" port: 33187 } } peers { permanent_uuid: "93d50c7fe3524153aeb1fd925a2b358a" member_type: VOTER last_known_addr { host: "127.18.198.131" port: 37189 } }
I20260709 12:09:19.347613 20581 raft_consensus.cc:385] T 0c57ee6762b549db9904a0ebfb209efc P 93d50c7fe3524153aeb1fd925a2b358a [term 0 FOLLOWER]: Consensus starting up: Expiring failure detector timer to make a prompt election more likely
I20260709 12:09:19.347909 20581 raft_consensus.cc:740] T 0c57ee6762b549db9904a0ebfb209efc P 93d50c7fe3524153aeb1fd925a2b358a [term 0 FOLLOWER]: Becoming Follower/Learner. State: Replica: 93d50c7fe3524153aeb1fd925a2b358a, State: Initialized, Role: FOLLOWER
I20260709 12:09:19.348050 20582 tablet_bootstrap.cc:492] T ad20a104e09d438b979a4c73276636f0 P f84c6092cc24422fa451e99bfe78ec7f: No bootstrap required, opened a new log
I20260709 12:09:19.348505 20582 ts_tablet_manager.cc:1403] T ad20a104e09d438b979a4c73276636f0 P f84c6092cc24422fa451e99bfe78ec7f: Time spent bootstrapping tablet: real 0.035s	user 0.012s	sys 0.000s
I20260709 12:09:19.348714 20581 consensus_queue.cc:260] T 0c57ee6762b549db9904a0ebfb209efc P 93d50c7fe3524153aeb1fd925a2b358a [NON_LEADER]: Queue going to NON_LEADER mode. State: All replicated index: 0, Majority replicated index: 0, Committed index: 0, Last appended: 0.0, Last appended by leader: 0, Current term: 0, Majority size: -1, State: 0, Mode: NON_LEADER, active raft config: opid_index: -1 OBSOLETE_local: false peers { permanent_uuid: "89bcf2a4f85c4447b7f3ed8ceb8dd907" member_type: VOTER last_known_addr { host: "127.18.198.129" port: 43677 } } peers { permanent_uuid: "f84c6092cc24422fa451e99bfe78ec7f" member_type: VOTER last_known_addr { host: "127.18.198.130" port: 33187 } } peers { permanent_uuid: "93d50c7fe3524153aeb1fd925a2b358a" member_type: VOTER last_known_addr { host: "127.18.198.131" port: 37189 } }
I20260709 12:09:19.350839 20630 raft_consensus.cc:493] T a185cdd06b504831b862694a458e6d7b P 93d50c7fe3524153aeb1fd925a2b358a [term 0 FOLLOWER]: Starting pre-election (no leader contacted us within the election timeout)
I20260709 12:09:19.351306 20630 raft_consensus.cc:515] T a185cdd06b504831b862694a458e6d7b P 93d50c7fe3524153aeb1fd925a2b358a [term 0 FOLLOWER]: Starting pre-election with config: opid_index: -1 OBSOLETE_local: false peers { permanent_uuid: "89bcf2a4f85c4447b7f3ed8ceb8dd907" member_type: VOTER last_known_addr { host: "127.18.198.129" port: 43677 } } peers { permanent_uuid: "f84c6092cc24422fa451e99bfe78ec7f" member_type: VOTER last_known_addr { host: "127.18.198.130" port: 33187 } } peers { permanent_uuid: "93d50c7fe3524153aeb1fd925a2b358a" member_type: VOTER last_known_addr { host: "127.18.198.131" port: 37189 } }
I20260709 12:09:19.352722 20583 tablet_bootstrap.cc:492] T 09df80df3df14a6992b9ecd3022a21af P 89bcf2a4f85c4447b7f3ed8ceb8dd907: No bootstrap required, opened a new log
I20260709 12:09:19.353143 20583 ts_tablet_manager.cc:1403] T 09df80df3df14a6992b9ecd3022a21af P 89bcf2a4f85c4447b7f3ed8ceb8dd907: Time spent bootstrapping tablet: real 0.016s	user 0.010s	sys 0.000s
I20260709 12:09:19.353253 20630 leader_election.cc:290] T a185cdd06b504831b862694a458e6d7b P 93d50c7fe3524153aeb1fd925a2b358a [CANDIDATE]: Term 1 pre-election: Requested pre-vote from peers 89bcf2a4f85c4447b7f3ed8ceb8dd907 (127.18.198.129:43677), f84c6092cc24422fa451e99bfe78ec7f (127.18.198.130:33187)
I20260709 12:09:19.350803 20582 raft_consensus.cc:359] T ad20a104e09d438b979a4c73276636f0 P f84c6092cc24422fa451e99bfe78ec7f [term 0 FOLLOWER]: Replica starting. Triggering 0 pending ops. Active config: opid_index: -1 OBSOLETE_local: false peers { permanent_uuid: "89bcf2a4f85c4447b7f3ed8ceb8dd907" member_type: VOTER last_known_addr { host: "127.18.198.129" port: 43677 } } peers { permanent_uuid: "f84c6092cc24422fa451e99bfe78ec7f" member_type: VOTER last_known_addr { host: "127.18.198.130" port: 33187 } } peers { permanent_uuid: "93d50c7fe3524153aeb1fd925a2b358a" member_type: VOTER last_known_addr { host: "127.18.198.131" port: 37189 } }
I20260709 12:09:19.354322 20582 raft_consensus.cc:385] T ad20a104e09d438b979a4c73276636f0 P f84c6092cc24422fa451e99bfe78ec7f [term 0 FOLLOWER]: Consensus starting up: Expiring failure detector timer to make a prompt election more likely
I20260709 12:09:19.354602 20582 raft_consensus.cc:740] T ad20a104e09d438b979a4c73276636f0 P f84c6092cc24422fa451e99bfe78ec7f [term 0 FOLLOWER]: Becoming Follower/Learner. State: Replica: f84c6092cc24422fa451e99bfe78ec7f, State: Initialized, Role: FOLLOWER
I20260709 12:09:19.354984 20539 raft_consensus.cc:3060] T 832240b9cae44cc3be6a706cc7e34820 P 93d50c7fe3524153aeb1fd925a2b358a [term 0 FOLLOWER]: Advancing to term 1
I20260709 12:09:19.355245 20582 consensus_queue.cc:260] T ad20a104e09d438b979a4c73276636f0 P f84c6092cc24422fa451e99bfe78ec7f [NON_LEADER]: Queue going to NON_LEADER mode. State: All replicated index: 0, Majority replicated index: 0, Committed index: 0, Last appended: 0.0, Last appended by leader: 0, Current term: 0, Majority size: -1, State: 0, Mode: NON_LEADER, active raft config: opid_index: -1 OBSOLETE_local: false peers { permanent_uuid: "89bcf2a4f85c4447b7f3ed8ceb8dd907" member_type: VOTER last_known_addr { host: "127.18.198.129" port: 43677 } } peers { permanent_uuid: "f84c6092cc24422fa451e99bfe78ec7f" member_type: VOTER last_known_addr { host: "127.18.198.130" port: 33187 } } peers { permanent_uuid: "93d50c7fe3524153aeb1fd925a2b358a" member_type: VOTER last_known_addr { host: "127.18.198.131" port: 37189 } }
I20260709 12:09:19.357182 20582 ts_tablet_manager.cc:1434] T ad20a104e09d438b979a4c73276636f0 P f84c6092cc24422fa451e99bfe78ec7f: Time spent starting tablet: real 0.008s	user 0.004s	sys 0.000s
I20260709 12:09:19.358007 20582 tablet_bootstrap.cc:492] T b1d0979d91c64918a651a8640aad6636 P f84c6092cc24422fa451e99bfe78ec7f: Bootstrap starting.
I20260709 12:09:19.360519 20581 ts_tablet_manager.cc:1434] T 0c57ee6762b549db9904a0ebfb209efc P 93d50c7fe3524153aeb1fd925a2b358a: Time spent starting tablet: real 0.016s	user 0.005s	sys 0.002s
I20260709 12:09:19.360409 20390 tablet_service.cc:1917] Received RequestConsensusVote() RPC: tablet_id: "a185cdd06b504831b862694a458e6d7b" candidate_uuid: "93d50c7fe3524153aeb1fd925a2b358a" candidate_term: 1 candidate_status { last_received { term: 0 index: 0 } } ignore_live_leader: false dest_uuid: "89bcf2a4f85c4447b7f3ed8ceb8dd907" is_pre_election: true
I20260709 12:09:19.361462 20581 tablet_bootstrap.cc:492] T b1d0979d91c64918a651a8640aad6636 P 93d50c7fe3524153aeb1fd925a2b358a: Bootstrap starting.
I20260709 12:09:19.362396 20466 tablet_service.cc:1917] Received RequestConsensusVote() RPC: tablet_id: "a185cdd06b504831b862694a458e6d7b" candidate_uuid: "93d50c7fe3524153aeb1fd925a2b358a" candidate_term: 1 candidate_status { last_received { term: 0 index: 0 } } ignore_live_leader: false dest_uuid: "f84c6092cc24422fa451e99bfe78ec7f" is_pre_election: true
W20260709 12:09:19.363711 20505 leader_election.cc:343] T a185cdd06b504831b862694a458e6d7b P 93d50c7fe3524153aeb1fd925a2b358a [CANDIDATE]: Term 1 pre-election: Tablet error from VoteRequest() call to peer 89bcf2a4f85c4447b7f3ed8ceb8dd907 (127.18.198.129:43677): Illegal state: must be running to vote when last-logged opid is not known
W20260709 12:09:19.364169 20504 leader_election.cc:343] T a185cdd06b504831b862694a458e6d7b P 93d50c7fe3524153aeb1fd925a2b358a [CANDIDATE]: Term 1 pre-election: Tablet error from VoteRequest() call to peer f84c6092cc24422fa451e99bfe78ec7f (127.18.198.130:33187): Illegal state: must be running to vote when last-logged opid is not known
I20260709 12:09:19.364068 20583 raft_consensus.cc:359] T 09df80df3df14a6992b9ecd3022a21af P 89bcf2a4f85c4447b7f3ed8ceb8dd907 [term 0 FOLLOWER]: Replica starting. Triggering 0 pending ops. Active config: opid_index: -1 OBSOLETE_local: false peers { permanent_uuid: "89bcf2a4f85c4447b7f3ed8ceb8dd907" member_type: VOTER last_known_addr { host: "127.18.198.129" port: 43677 } } peers { permanent_uuid: "f84c6092cc24422fa451e99bfe78ec7f" member_type: VOTER last_known_addr { host: "127.18.198.130" port: 33187 } } peers { permanent_uuid: "93d50c7fe3524153aeb1fd925a2b358a" member_type: VOTER last_known_addr { host: "127.18.198.131" port: 37189 } }
I20260709 12:09:19.364737 20583 raft_consensus.cc:385] T 09df80df3df14a6992b9ecd3022a21af P 89bcf2a4f85c4447b7f3ed8ceb8dd907 [term 0 FOLLOWER]: Consensus starting up: Expiring failure detector timer to make a prompt election more likely
I20260709 12:09:19.364602 20504 leader_election.cc:304] T a185cdd06b504831b862694a458e6d7b P 93d50c7fe3524153aeb1fd925a2b358a [CANDIDATE]: Term 1 pre-election: Election decided. Result: candidate lost. Election summary: received 3 responses out of 3 voters: 1 yes votes; 2 no votes. yes voters: 93d50c7fe3524153aeb1fd925a2b358a; no voters: 89bcf2a4f85c4447b7f3ed8ceb8dd907, f84c6092cc24422fa451e99bfe78ec7f
I20260709 12:09:19.365001 20583 raft_consensus.cc:740] T 09df80df3df14a6992b9ecd3022a21af P 89bcf2a4f85c4447b7f3ed8ceb8dd907 [term 0 FOLLOWER]: Becoming Follower/Learner. State: Replica: 89bcf2a4f85c4447b7f3ed8ceb8dd907, State: Initialized, Role: FOLLOWER
I20260709 12:09:19.365324 20630 raft_consensus.cc:2749] T a185cdd06b504831b862694a458e6d7b P 93d50c7fe3524153aeb1fd925a2b358a [term 0 FOLLOWER]: Leader pre-election lost for term 1. Reason: could not achieve majority
I20260709 12:09:19.376261 20581 tablet_bootstrap.cc:654] T b1d0979d91c64918a651a8640aad6636 P 93d50c7fe3524153aeb1fd925a2b358a: Neither blocks nor log segments found. Creating new log.
I20260709 12:09:19.375105 20583 consensus_queue.cc:260] T 09df80df3df14a6992b9ecd3022a21af P 89bcf2a4f85c4447b7f3ed8ceb8dd907 [NON_LEADER]: Queue going to NON_LEADER mode. State: All replicated index: 0, Majority replicated index: 0, Committed index: 0, Last appended: 0.0, Last appended by leader: 0, Current term: 0, Majority size: -1, State: 0, Mode: NON_LEADER, active raft config: opid_index: -1 OBSOLETE_local: false peers { permanent_uuid: "89bcf2a4f85c4447b7f3ed8ceb8dd907" member_type: VOTER last_known_addr { host: "127.18.198.129" port: 43677 } } peers { permanent_uuid: "f84c6092cc24422fa451e99bfe78ec7f" member_type: VOTER last_known_addr { host: "127.18.198.130" port: 33187 } } peers { permanent_uuid: "93d50c7fe3524153aeb1fd925a2b358a" member_type: VOTER last_known_addr { host: "127.18.198.131" port: 37189 } }
I20260709 12:09:19.379807 20582 tablet_bootstrap.cc:654] T b1d0979d91c64918a651a8640aad6636 P f84c6092cc24422fa451e99bfe78ec7f: Neither blocks nor log segments found. Creating new log.
I20260709 12:09:19.380493 20583 ts_tablet_manager.cc:1434] T 09df80df3df14a6992b9ecd3022a21af P 89bcf2a4f85c4447b7f3ed8ceb8dd907: Time spent starting tablet: real 0.027s	user 0.004s	sys 0.004s
I20260709 12:09:19.381624 20583 tablet_bootstrap.cc:492] T a185cdd06b504831b862694a458e6d7b P 89bcf2a4f85c4447b7f3ed8ceb8dd907: Bootstrap starting.
I20260709 12:09:19.388248 20583 tablet_bootstrap.cc:654] T a185cdd06b504831b862694a458e6d7b P 89bcf2a4f85c4447b7f3ed8ceb8dd907: Neither blocks nor log segments found. Creating new log.
I20260709 12:09:19.392056 20540 raft_consensus.cc:3060] T ecbcde7cc447450681ff57fe7f39961c P 93d50c7fe3524153aeb1fd925a2b358a [term 0 FOLLOWER]: Advancing to term 1
I20260709 12:09:19.403508 20589 consensus_queue.cc:1048] T ecbcde7cc447450681ff57fe7f39961c P 89bcf2a4f85c4447b7f3ed8ceb8dd907 [LEADER]: Connected to new peer: Peer: permanent_uuid: "93d50c7fe3524153aeb1fd925a2b358a" member_type: VOTER last_known_addr { host: "127.18.198.131" port: 37189 }, Status: LMP_MISMATCH, Last received: 0.0, Next index: 1, Last known committed idx: 0, Time since last communication: 0.000s
I20260709 12:09:19.408255 20589 consensus_queue.cc:1048] T ecbcde7cc447450681ff57fe7f39961c P 89bcf2a4f85c4447b7f3ed8ceb8dd907 [LEADER]: Connected to new peer: Peer: permanent_uuid: "f84c6092cc24422fa451e99bfe78ec7f" member_type: VOTER last_known_addr { host: "127.18.198.130" port: 33187 }, Status: LMP_MISMATCH, Last received: 0.0, Next index: 1, Last known committed idx: 0, Time since last communication: 0.000s
I20260709 12:09:19.409349 20588 raft_consensus.cc:493] T ad20a104e09d438b979a4c73276636f0 P f84c6092cc24422fa451e99bfe78ec7f [term 0 FOLLOWER]: Starting pre-election (no leader contacted us within the election timeout)
I20260709 12:09:19.409874 20588 raft_consensus.cc:515] T ad20a104e09d438b979a4c73276636f0 P f84c6092cc24422fa451e99bfe78ec7f [term 0 FOLLOWER]: Starting pre-election with config: opid_index: -1 OBSOLETE_local: false peers { permanent_uuid: "89bcf2a4f85c4447b7f3ed8ceb8dd907" member_type: VOTER last_known_addr { host: "127.18.198.129" port: 43677 } } peers { permanent_uuid: "f84c6092cc24422fa451e99bfe78ec7f" member_type: VOTER last_known_addr { host: "127.18.198.130" port: 33187 } } peers { permanent_uuid: "93d50c7fe3524153aeb1fd925a2b358a" member_type: VOTER last_known_addr { host: "127.18.198.131" port: 37189 } }
I20260709 12:09:19.412099 20588 leader_election.cc:290] T ad20a104e09d438b979a4c73276636f0 P f84c6092cc24422fa451e99bfe78ec7f [CANDIDATE]: Term 1 pre-election: Requested pre-vote from peers 89bcf2a4f85c4447b7f3ed8ceb8dd907 (127.18.198.129:43677), 93d50c7fe3524153aeb1fd925a2b358a (127.18.198.131:37189)
I20260709 12:09:19.412976 20390 tablet_service.cc:1917] Received RequestConsensusVote() RPC: tablet_id: "ad20a104e09d438b979a4c73276636f0" candidate_uuid: "f84c6092cc24422fa451e99bfe78ec7f" candidate_term: 1 candidate_status { last_received { term: 0 index: 0 } } ignore_live_leader: false dest_uuid: "89bcf2a4f85c4447b7f3ed8ceb8dd907" is_pre_election: true
I20260709 12:09:19.413890 20538 tablet_service.cc:1917] Received RequestConsensusVote() RPC: tablet_id: "ad20a104e09d438b979a4c73276636f0" candidate_uuid: "f84c6092cc24422fa451e99bfe78ec7f" candidate_term: 1 candidate_status { last_received { term: 0 index: 0 } } ignore_live_leader: false dest_uuid: "93d50c7fe3524153aeb1fd925a2b358a" is_pre_election: true
W20260709 12:09:19.414662 20431 leader_election.cc:343] T ad20a104e09d438b979a4c73276636f0 P f84c6092cc24422fa451e99bfe78ec7f [CANDIDATE]: Term 1 pre-election: Tablet error from VoteRequest() call to peer 89bcf2a4f85c4447b7f3ed8ceb8dd907 (127.18.198.129:43677): Illegal state: must be running to vote when last-logged opid is not known
W20260709 12:09:19.415277 20432 leader_election.cc:343] T ad20a104e09d438b979a4c73276636f0 P f84c6092cc24422fa451e99bfe78ec7f [CANDIDATE]: Term 1 pre-election: Tablet error from VoteRequest() call to peer 93d50c7fe3524153aeb1fd925a2b358a (127.18.198.131:37189): Illegal state: must be running to vote when last-logged opid is not known
I20260709 12:09:19.416213 20432 leader_election.cc:304] T ad20a104e09d438b979a4c73276636f0 P f84c6092cc24422fa451e99bfe78ec7f [CANDIDATE]: Term 1 pre-election: Election decided. Result: candidate lost. Election summary: received 3 responses out of 3 voters: 1 yes votes; 2 no votes. yes voters: f84c6092cc24422fa451e99bfe78ec7f; no voters: 89bcf2a4f85c4447b7f3ed8ceb8dd907, 93d50c7fe3524153aeb1fd925a2b358a
I20260709 12:09:19.417189 20609 raft_consensus.cc:2749] T ad20a104e09d438b979a4c73276636f0 P f84c6092cc24422fa451e99bfe78ec7f [term 0 FOLLOWER]: Leader pre-election lost for term 1. Reason: could not achieve majority
I20260709 12:09:19.422055 20630 raft_consensus.cc:493] T 0c57ee6762b549db9904a0ebfb209efc P 93d50c7fe3524153aeb1fd925a2b358a [term 0 FOLLOWER]: Starting pre-election (no leader contacted us within the election timeout)
I20260709 12:09:19.422643 20630 raft_consensus.cc:515] T 0c57ee6762b549db9904a0ebfb209efc P 93d50c7fe3524153aeb1fd925a2b358a [term 0 FOLLOWER]: Starting pre-election with config: opid_index: -1 OBSOLETE_local: false peers { permanent_uuid: "89bcf2a4f85c4447b7f3ed8ceb8dd907" member_type: VOTER last_known_addr { host: "127.18.198.129" port: 43677 } } peers { permanent_uuid: "f84c6092cc24422fa451e99bfe78ec7f" member_type: VOTER last_known_addr { host: "127.18.198.130" port: 33187 } } peers { permanent_uuid: "93d50c7fe3524153aeb1fd925a2b358a" member_type: VOTER last_known_addr { host: "127.18.198.131" port: 37189 } }
I20260709 12:09:19.424736 20630 leader_election.cc:290] T 0c57ee6762b549db9904a0ebfb209efc P 93d50c7fe3524153aeb1fd925a2b358a [CANDIDATE]: Term 1 pre-election: Requested pre-vote from peers 89bcf2a4f85c4447b7f3ed8ceb8dd907 (127.18.198.129:43677), f84c6092cc24422fa451e99bfe78ec7f (127.18.198.130:33187)
I20260709 12:09:19.426649 20390 tablet_service.cc:1917] Received RequestConsensusVote() RPC: tablet_id: "0c57ee6762b549db9904a0ebfb209efc" candidate_uuid: "93d50c7fe3524153aeb1fd925a2b358a" candidate_term: 1 candidate_status { last_received { term: 0 index: 0 } } ignore_live_leader: false dest_uuid: "89bcf2a4f85c4447b7f3ed8ceb8dd907" is_pre_election: true
I20260709 12:09:19.427070 20467 tablet_service.cc:1917] Received RequestConsensusVote() RPC: tablet_id: "0c57ee6762b549db9904a0ebfb209efc" candidate_uuid: "93d50c7fe3524153aeb1fd925a2b358a" candidate_term: 1 candidate_status { last_received { term: 0 index: 0 } } ignore_live_leader: false dest_uuid: "f84c6092cc24422fa451e99bfe78ec7f" is_pre_election: true
I20260709 12:09:19.427654 20467 raft_consensus.cc:2468] T 0c57ee6762b549db9904a0ebfb209efc P f84c6092cc24422fa451e99bfe78ec7f [term 0 FOLLOWER]: Leader pre-election vote request: Granting yes vote for candidate 93d50c7fe3524153aeb1fd925a2b358a in term 0.
W20260709 12:09:19.428081 20505 leader_election.cc:343] T 0c57ee6762b549db9904a0ebfb209efc P 93d50c7fe3524153aeb1fd925a2b358a [CANDIDATE]: Term 1 pre-election: Tablet error from VoteRequest() call to peer 89bcf2a4f85c4447b7f3ed8ceb8dd907 (127.18.198.129:43677): Illegal state: must be running to vote when last-logged opid is not known
I20260709 12:09:19.429347 20504 leader_election.cc:304] T 0c57ee6762b549db9904a0ebfb209efc P 93d50c7fe3524153aeb1fd925a2b358a [CANDIDATE]: Term 1 pre-election: Election decided. Result: candidate won. Election summary: received 3 responses out of 3 voters: 2 yes votes; 1 no votes. yes voters: 93d50c7fe3524153aeb1fd925a2b358a, f84c6092cc24422fa451e99bfe78ec7f; no voters: 89bcf2a4f85c4447b7f3ed8ceb8dd907
I20260709 12:09:19.430191 20630 raft_consensus.cc:2804] T 0c57ee6762b549db9904a0ebfb209efc P 93d50c7fe3524153aeb1fd925a2b358a [term 0 FOLLOWER]: Leader pre-election won for term 1
I20260709 12:09:19.431183 20630 raft_consensus.cc:493] T 0c57ee6762b549db9904a0ebfb209efc P 93d50c7fe3524153aeb1fd925a2b358a [term 0 FOLLOWER]: Starting leader election (no leader contacted us within the election timeout)
I20260709 12:09:19.431504 20630 raft_consensus.cc:3060] T 0c57ee6762b549db9904a0ebfb209efc P 93d50c7fe3524153aeb1fd925a2b358a [term 0 FOLLOWER]: Advancing to term 1
I20260709 12:09:19.441521 20630 raft_consensus.cc:515] T 0c57ee6762b549db9904a0ebfb209efc P 93d50c7fe3524153aeb1fd925a2b358a [term 1 FOLLOWER]: Starting leader election with config: opid_index: -1 OBSOLETE_local: false peers { permanent_uuid: "89bcf2a4f85c4447b7f3ed8ceb8dd907" member_type: VOTER last_known_addr { host: "127.18.198.129" port: 43677 } } peers { permanent_uuid: "f84c6092cc24422fa451e99bfe78ec7f" member_type: VOTER last_known_addr { host: "127.18.198.130" port: 33187 } } peers { permanent_uuid: "93d50c7fe3524153aeb1fd925a2b358a" member_type: VOTER last_known_addr { host: "127.18.198.131" port: 37189 } }
I20260709 12:09:19.444939 20390 tablet_service.cc:1917] Received RequestConsensusVote() RPC: tablet_id: "0c57ee6762b549db9904a0ebfb209efc" candidate_uuid: "93d50c7fe3524153aeb1fd925a2b358a" candidate_term: 1 candidate_status { last_received { term: 0 index: 0 } } ignore_live_leader: false dest_uuid: "89bcf2a4f85c4447b7f3ed8ceb8dd907"
W20260709 12:09:19.447404 20505 leader_election.cc:343] T 0c57ee6762b549db9904a0ebfb209efc P 93d50c7fe3524153aeb1fd925a2b358a [CANDIDATE]: Term 1 election: Tablet error from VoteRequest() call to peer 89bcf2a4f85c4447b7f3ed8ceb8dd907 (127.18.198.129:43677): Illegal state: must be running to vote when last-logged opid is not known
I20260709 12:09:19.453001 20630 leader_election.cc:290] T 0c57ee6762b549db9904a0ebfb209efc P 93d50c7fe3524153aeb1fd925a2b358a [CANDIDATE]: Term 1 election: Requested vote from peers 89bcf2a4f85c4447b7f3ed8ceb8dd907 (127.18.198.129:43677), f84c6092cc24422fa451e99bfe78ec7f (127.18.198.130:33187)
I20260709 12:09:19.454083 20466 tablet_service.cc:1917] Received RequestConsensusVote() RPC: tablet_id: "0c57ee6762b549db9904a0ebfb209efc" candidate_uuid: "93d50c7fe3524153aeb1fd925a2b358a" candidate_term: 1 candidate_status { last_received { term: 0 index: 0 } } ignore_live_leader: false dest_uuid: "f84c6092cc24422fa451e99bfe78ec7f"
I20260709 12:09:19.465436 20466 raft_consensus.cc:3060] T 0c57ee6762b549db9904a0ebfb209efc P f84c6092cc24422fa451e99bfe78ec7f [term 0 FOLLOWER]: Advancing to term 1
I20260709 12:09:19.474274 20582 tablet_bootstrap.cc:492] T b1d0979d91c64918a651a8640aad6636 P f84c6092cc24422fa451e99bfe78ec7f: No bootstrap required, opened a new log
I20260709 12:09:19.474939 20582 ts_tablet_manager.cc:1403] T b1d0979d91c64918a651a8640aad6636 P f84c6092cc24422fa451e99bfe78ec7f: Time spent bootstrapping tablet: real 0.117s	user 0.028s	sys 0.024s
I20260709 12:09:19.476589 20466 raft_consensus.cc:2468] T 0c57ee6762b549db9904a0ebfb209efc P f84c6092cc24422fa451e99bfe78ec7f [term 1 FOLLOWER]: Leader election vote request: Granting yes vote for candidate 93d50c7fe3524153aeb1fd925a2b358a in term 1.
I20260709 12:09:19.477715 20582 raft_consensus.cc:359] T b1d0979d91c64918a651a8640aad6636 P f84c6092cc24422fa451e99bfe78ec7f [term 0 FOLLOWER]: Replica starting. Triggering 0 pending ops. Active config: opid_index: -1 OBSOLETE_local: false peers { permanent_uuid: "89bcf2a4f85c4447b7f3ed8ceb8dd907" member_type: VOTER last_known_addr { host: "127.18.198.129" port: 43677 } } peers { permanent_uuid: "f84c6092cc24422fa451e99bfe78ec7f" member_type: VOTER last_known_addr { host: "127.18.198.130" port: 33187 } } peers { permanent_uuid: "93d50c7fe3524153aeb1fd925a2b358a" member_type: VOTER last_known_addr { host: "127.18.198.131" port: 37189 } }
I20260709 12:09:19.478233 20582 raft_consensus.cc:385] T b1d0979d91c64918a651a8640aad6636 P f84c6092cc24422fa451e99bfe78ec7f [term 0 FOLLOWER]: Consensus starting up: Expiring failure detector timer to make a prompt election more likely
I20260709 12:09:19.478279 20504 leader_election.cc:304] T 0c57ee6762b549db9904a0ebfb209efc P 93d50c7fe3524153aeb1fd925a2b358a [CANDIDATE]: Term 1 election: Election decided. Result: candidate won. Election summary: received 3 responses out of 3 voters: 2 yes votes; 1 no votes. yes voters: 93d50c7fe3524153aeb1fd925a2b358a, f84c6092cc24422fa451e99bfe78ec7f; no voters: 89bcf2a4f85c4447b7f3ed8ceb8dd907
I20260709 12:09:19.479173 20630 raft_consensus.cc:2804] T 0c57ee6762b549db9904a0ebfb209efc P 93d50c7fe3524153aeb1fd925a2b358a [term 1 FOLLOWER]: Leader election won for term 1
I20260709 12:09:19.479636 20630 raft_consensus.cc:697] T 0c57ee6762b549db9904a0ebfb209efc P 93d50c7fe3524153aeb1fd925a2b358a [term 1 LEADER]: Becoming Leader. State: Replica: 93d50c7fe3524153aeb1fd925a2b358a, State: Running, Role: LEADER
I20260709 12:09:19.480170 20581 tablet_bootstrap.cc:492] T b1d0979d91c64918a651a8640aad6636 P 93d50c7fe3524153aeb1fd925a2b358a: No bootstrap required, opened a new log
I20260709 12:09:19.480261 20583 tablet_bootstrap.cc:492] T a185cdd06b504831b862694a458e6d7b P 89bcf2a4f85c4447b7f3ed8ceb8dd907: No bootstrap required, opened a new log
I20260709 12:09:19.480630 20581 ts_tablet_manager.cc:1403] T b1d0979d91c64918a651a8640aad6636 P 93d50c7fe3524153aeb1fd925a2b358a: Time spent bootstrapping tablet: real 0.119s	user 0.031s	sys 0.018s
I20260709 12:09:19.480913 20583 ts_tablet_manager.cc:1403] T a185cdd06b504831b862694a458e6d7b P 89bcf2a4f85c4447b7f3ed8ceb8dd907: Time spent bootstrapping tablet: real 0.099s	user 0.018s	sys 0.008s
I20260709 12:09:19.480440 20630 consensus_queue.cc:237] T 0c57ee6762b549db9904a0ebfb209efc P 93d50c7fe3524153aeb1fd925a2b358a [LEADER]: Queue going to LEADER mode. State: All replicated index: 0, Majority replicated index: 0, Committed index: 0, Last appended: 0.0, Last appended by leader: 0, Current term: 1, Majority size: 2, State: 0, Mode: LEADER, active raft config: opid_index: -1 OBSOLETE_local: false peers { permanent_uuid: "89bcf2a4f85c4447b7f3ed8ceb8dd907" member_type: VOTER last_known_addr { host: "127.18.198.129" port: 43677 } } peers { permanent_uuid: "f84c6092cc24422fa451e99bfe78ec7f" member_type: VOTER last_known_addr { host: "127.18.198.130" port: 33187 } } peers { permanent_uuid: "93d50c7fe3524153aeb1fd925a2b358a" member_type: VOTER last_known_addr { host: "127.18.198.131" port: 37189 } }
I20260709 12:09:19.478502 20582 raft_consensus.cc:740] T b1d0979d91c64918a651a8640aad6636 P f84c6092cc24422fa451e99bfe78ec7f [term 0 FOLLOWER]: Becoming Follower/Learner. State: Replica: f84c6092cc24422fa451e99bfe78ec7f, State: Initialized, Role: FOLLOWER
I20260709 12:09:19.482828 20582 consensus_queue.cc:260] T b1d0979d91c64918a651a8640aad6636 P f84c6092cc24422fa451e99bfe78ec7f [NON_LEADER]: Queue going to NON_LEADER mode. State: All replicated index: 0, Majority replicated index: 0, Committed index: 0, Last appended: 0.0, Last appended by leader: 0, Current term: 0, Majority size: -1, State: 0, Mode: NON_LEADER, active raft config: opid_index: -1 OBSOLETE_local: false peers { permanent_uuid: "89bcf2a4f85c4447b7f3ed8ceb8dd907" member_type: VOTER last_known_addr { host: "127.18.198.129" port: 43677 } } peers { permanent_uuid: "f84c6092cc24422fa451e99bfe78ec7f" member_type: VOTER last_known_addr { host: "127.18.198.130" port: 33187 } } peers { permanent_uuid: "93d50c7fe3524153aeb1fd925a2b358a" member_type: VOTER last_known_addr { host: "127.18.198.131" port: 37189 } }
I20260709 12:09:19.484923 20582 ts_tablet_manager.cc:1434] T b1d0979d91c64918a651a8640aad6636 P f84c6092cc24422fa451e99bfe78ec7f: Time spent starting tablet: real 0.010s	user 0.005s	sys 0.000s
I20260709 12:09:19.487519 20581 raft_consensus.cc:359] T b1d0979d91c64918a651a8640aad6636 P 93d50c7fe3524153aeb1fd925a2b358a [term 0 FOLLOWER]: Replica starting. Triggering 0 pending ops. Active config: opid_index: -1 OBSOLETE_local: false peers { permanent_uuid: "89bcf2a4f85c4447b7f3ed8ceb8dd907" member_type: VOTER last_known_addr { host: "127.18.198.129" port: 43677 } } peers { permanent_uuid: "f84c6092cc24422fa451e99bfe78ec7f" member_type: VOTER last_known_addr { host: "127.18.198.130" port: 33187 } } peers { permanent_uuid: "93d50c7fe3524153aeb1fd925a2b358a" member_type: VOTER last_known_addr { host: "127.18.198.131" port: 37189 } }
I20260709 12:09:19.488230 20581 raft_consensus.cc:385] T b1d0979d91c64918a651a8640aad6636 P 93d50c7fe3524153aeb1fd925a2b358a [term 0 FOLLOWER]: Consensus starting up: Expiring failure detector timer to make a prompt election more likely
I20260709 12:09:19.487910 20583 raft_consensus.cc:359] T a185cdd06b504831b862694a458e6d7b P 89bcf2a4f85c4447b7f3ed8ceb8dd907 [term 0 FOLLOWER]: Replica starting. Triggering 0 pending ops. Active config: opid_index: -1 OBSOLETE_local: false peers { permanent_uuid: "89bcf2a4f85c4447b7f3ed8ceb8dd907" member_type: VOTER last_known_addr { host: "127.18.198.129" port: 43677 } } peers { permanent_uuid: "f84c6092cc24422fa451e99bfe78ec7f" member_type: VOTER last_known_addr { host: "127.18.198.130" port: 33187 } } peers { permanent_uuid: "93d50c7fe3524153aeb1fd925a2b358a" member_type: VOTER last_known_addr { host: "127.18.198.131" port: 37189 } }
I20260709 12:09:19.488526 20581 raft_consensus.cc:740] T b1d0979d91c64918a651a8640aad6636 P 93d50c7fe3524153aeb1fd925a2b358a [term 0 FOLLOWER]: Becoming Follower/Learner. State: Replica: 93d50c7fe3524153aeb1fd925a2b358a, State: Initialized, Role: FOLLOWER
I20260709 12:09:19.488862 20583 raft_consensus.cc:385] T a185cdd06b504831b862694a458e6d7b P 89bcf2a4f85c4447b7f3ed8ceb8dd907 [term 0 FOLLOWER]: Consensus starting up: Expiring failure detector timer to make a prompt election more likely
I20260709 12:09:19.489292 20583 raft_consensus.cc:740] T a185cdd06b504831b862694a458e6d7b P 89bcf2a4f85c4447b7f3ed8ceb8dd907 [term 0 FOLLOWER]: Becoming Follower/Learner. State: Replica: 89bcf2a4f85c4447b7f3ed8ceb8dd907, State: Initialized, Role: FOLLOWER
I20260709 12:09:19.489606 20581 consensus_queue.cc:260] T b1d0979d91c64918a651a8640aad6636 P 93d50c7fe3524153aeb1fd925a2b358a [NON_LEADER]: Queue going to NON_LEADER mode. State: All replicated index: 0, Majority replicated index: 0, Committed index: 0, Last appended: 0.0, Last appended by leader: 0, Current term: 0, Majority size: -1, State: 0, Mode: NON_LEADER, active raft config: opid_index: -1 OBSOLETE_local: false peers { permanent_uuid: "89bcf2a4f85c4447b7f3ed8ceb8dd907" member_type: VOTER last_known_addr { host: "127.18.198.129" port: 43677 } } peers { permanent_uuid: "f84c6092cc24422fa451e99bfe78ec7f" member_type: VOTER last_known_addr { host: "127.18.198.130" port: 33187 } } peers { permanent_uuid: "93d50c7fe3524153aeb1fd925a2b358a" member_type: VOTER last_known_addr { host: "127.18.198.131" port: 37189 } }
I20260709 12:09:19.490459 20583 consensus_queue.cc:260] T a185cdd06b504831b862694a458e6d7b P 89bcf2a4f85c4447b7f3ed8ceb8dd907 [NON_LEADER]: Queue going to NON_LEADER mode. State: All replicated index: 0, Majority replicated index: 0, Committed index: 0, Last appended: 0.0, Last appended by leader: 0, Current term: 0, Majority size: -1, State: 0, Mode: NON_LEADER, active raft config: opid_index: -1 OBSOLETE_local: false peers { permanent_uuid: "89bcf2a4f85c4447b7f3ed8ceb8dd907" member_type: VOTER last_known_addr { host: "127.18.198.129" port: 43677 } } peers { permanent_uuid: "f84c6092cc24422fa451e99bfe78ec7f" member_type: VOTER last_known_addr { host: "127.18.198.130" port: 33187 } } peers { permanent_uuid: "93d50c7fe3524153aeb1fd925a2b358a" member_type: VOTER last_known_addr { host: "127.18.198.131" port: 37189 } }
I20260709 12:09:19.491918 20582 tablet_bootstrap.cc:492] T a185cdd06b504831b862694a458e6d7b P f84c6092cc24422fa451e99bfe78ec7f: Bootstrap starting.
I20260709 12:09:19.492350 20581 ts_tablet_manager.cc:1434] T b1d0979d91c64918a651a8640aad6636 P 93d50c7fe3524153aeb1fd925a2b358a: Time spent starting tablet: real 0.011s	user 0.008s	sys 0.000s
I20260709 12:09:19.493418 20581 tablet_bootstrap.cc:492] T 09df80df3df14a6992b9ecd3022a21af P 93d50c7fe3524153aeb1fd925a2b358a: Bootstrap starting.
I20260709 12:09:19.496495 20583 ts_tablet_manager.cc:1434] T a185cdd06b504831b862694a458e6d7b P 89bcf2a4f85c4447b7f3ed8ceb8dd907: Time spent starting tablet: real 0.015s	user 0.006s	sys 0.000s
I20260709 12:09:19.497560 20583 tablet_bootstrap.cc:492] T ad20a104e09d438b979a4c73276636f0 P 89bcf2a4f85c4447b7f3ed8ceb8dd907: Bootstrap starting.
I20260709 12:09:19.499220 20581 tablet_bootstrap.cc:654] T 09df80df3df14a6992b9ecd3022a21af P 93d50c7fe3524153aeb1fd925a2b358a: Neither blocks nor log segments found. Creating new log.
I20260709 12:09:19.501793 20583 tablet_bootstrap.cc:654] T ad20a104e09d438b979a4c73276636f0 P 89bcf2a4f85c4447b7f3ed8ceb8dd907: Neither blocks nor log segments found. Creating new log.
I20260709 12:09:19.503067 20582 tablet_bootstrap.cc:654] T a185cdd06b504831b862694a458e6d7b P f84c6092cc24422fa451e99bfe78ec7f: Neither blocks nor log segments found. Creating new log.
I20260709 12:09:19.509718 20289 catalog_manager.cc:5697] T 0c57ee6762b549db9904a0ebfb209efc P 93d50c7fe3524153aeb1fd925a2b358a reported cstate change: term changed from 0 to 1, leader changed from <none> to 93d50c7fe3524153aeb1fd925a2b358a (127.18.198.131). New cstate: current_term: 1 leader_uuid: "93d50c7fe3524153aeb1fd925a2b358a" committed_config { opid_index: -1 OBSOLETE_local: false peers { permanent_uuid: "89bcf2a4f85c4447b7f3ed8ceb8dd907" member_type: VOTER last_known_addr { host: "127.18.198.129" port: 43677 } health_report { overall_health: UNKNOWN } } peers { permanent_uuid: "f84c6092cc24422fa451e99bfe78ec7f" member_type: VOTER last_known_addr { host: "127.18.198.130" port: 33187 } health_report { overall_health: UNKNOWN } } peers { permanent_uuid: "93d50c7fe3524153aeb1fd925a2b358a" member_type: VOTER last_known_addr { host: "127.18.198.131" port: 37189 } health_report { overall_health: HEALTHY } } }
I20260709 12:09:19.514906 20581 tablet_bootstrap.cc:492] T 09df80df3df14a6992b9ecd3022a21af P 93d50c7fe3524153aeb1fd925a2b358a: No bootstrap required, opened a new log
I20260709 12:09:19.515478 20581 ts_tablet_manager.cc:1403] T 09df80df3df14a6992b9ecd3022a21af P 93d50c7fe3524153aeb1fd925a2b358a: Time spent bootstrapping tablet: real 0.022s	user 0.018s	sys 0.001s
I20260709 12:09:19.519105 20581 raft_consensus.cc:359] T 09df80df3df14a6992b9ecd3022a21af P 93d50c7fe3524153aeb1fd925a2b358a [term 0 FOLLOWER]: Replica starting. Triggering 0 pending ops. Active config: opid_index: -1 OBSOLETE_local: false peers { permanent_uuid: "89bcf2a4f85c4447b7f3ed8ceb8dd907" member_type: VOTER last_known_addr { host: "127.18.198.129" port: 43677 } } peers { permanent_uuid: "f84c6092cc24422fa451e99bfe78ec7f" member_type: VOTER last_known_addr { host: "127.18.198.130" port: 33187 } } peers { permanent_uuid: "93d50c7fe3524153aeb1fd925a2b358a" member_type: VOTER last_known_addr { host: "127.18.198.131" port: 37189 } }
I20260709 12:09:19.520002 20581 raft_consensus.cc:385] T 09df80df3df14a6992b9ecd3022a21af P 93d50c7fe3524153aeb1fd925a2b358a [term 0 FOLLOWER]: Consensus starting up: Expiring failure detector timer to make a prompt election more likely
I20260709 12:09:19.520354 20581 raft_consensus.cc:740] T 09df80df3df14a6992b9ecd3022a21af P 93d50c7fe3524153aeb1fd925a2b358a [term 0 FOLLOWER]: Becoming Follower/Learner. State: Replica: 93d50c7fe3524153aeb1fd925a2b358a, State: Initialized, Role: FOLLOWER
I20260709 12:09:19.521173 20581 consensus_queue.cc:260] T 09df80df3df14a6992b9ecd3022a21af P 93d50c7fe3524153aeb1fd925a2b358a [NON_LEADER]: Queue going to NON_LEADER mode. State: All replicated index: 0, Majority replicated index: 0, Committed index: 0, Last appended: 0.0, Last appended by leader: 0, Current term: 0, Majority size: -1, State: 0, Mode: NON_LEADER, active raft config: opid_index: -1 OBSOLETE_local: false peers { permanent_uuid: "89bcf2a4f85c4447b7f3ed8ceb8dd907" member_type: VOTER last_known_addr { host: "127.18.198.129" port: 43677 } } peers { permanent_uuid: "f84c6092cc24422fa451e99bfe78ec7f" member_type: VOTER last_known_addr { host: "127.18.198.130" port: 33187 } } peers { permanent_uuid: "93d50c7fe3524153aeb1fd925a2b358a" member_type: VOTER last_known_addr { host: "127.18.198.131" port: 37189 } }
I20260709 12:09:19.523833 20581 ts_tablet_manager.cc:1434] T 09df80df3df14a6992b9ecd3022a21af P 93d50c7fe3524153aeb1fd925a2b358a: Time spent starting tablet: real 0.008s	user 0.006s	sys 0.000s
I20260709 12:09:19.524947 20581 tablet_bootstrap.cc:492] T 414b7dddfdbf4873b932863323a103a6 P 93d50c7fe3524153aeb1fd925a2b358a: Bootstrap starting.
I20260709 12:09:19.531391 20581 tablet_bootstrap.cc:654] T 414b7dddfdbf4873b932863323a103a6 P 93d50c7fe3524153aeb1fd925a2b358a: Neither blocks nor log segments found. Creating new log.
I20260709 12:09:19.532250 20583 tablet_bootstrap.cc:492] T ad20a104e09d438b979a4c73276636f0 P 89bcf2a4f85c4447b7f3ed8ceb8dd907: No bootstrap required, opened a new log
I20260709 12:09:19.532707 20583 ts_tablet_manager.cc:1403] T ad20a104e09d438b979a4c73276636f0 P 89bcf2a4f85c4447b7f3ed8ceb8dd907: Time spent bootstrapping tablet: real 0.035s	user 0.011s	sys 0.009s
I20260709 12:09:19.533723 20588 raft_consensus.cc:493] T afb49da14db24ecda19681d7c3c025a9 P f84c6092cc24422fa451e99bfe78ec7f [term 0 FOLLOWER]: Starting pre-election (no leader contacted us within the election timeout)
I20260709 12:09:19.534904 20607 raft_consensus.cc:493] T afb49da14db24ecda19681d7c3c025a9 P 89bcf2a4f85c4447b7f3ed8ceb8dd907 [term 0 FOLLOWER]: Starting pre-election (no leader contacted us within the election timeout)
I20260709 12:09:19.535696 20607 raft_consensus.cc:515] T afb49da14db24ecda19681d7c3c025a9 P 89bcf2a4f85c4447b7f3ed8ceb8dd907 [term 0 FOLLOWER]: Starting pre-election with config: opid_index: -1 OBSOLETE_local: false peers { permanent_uuid: "89bcf2a4f85c4447b7f3ed8ceb8dd907" member_type: VOTER last_known_addr { host: "127.18.198.129" port: 43677 } } peers { permanent_uuid: "f84c6092cc24422fa451e99bfe78ec7f" member_type: VOTER last_known_addr { host: "127.18.198.130" port: 33187 } } peers { permanent_uuid: "93d50c7fe3524153aeb1fd925a2b358a" member_type: VOTER last_known_addr { host: "127.18.198.131" port: 37189 } }
I20260709 12:09:19.537793 20583 raft_consensus.cc:359] T ad20a104e09d438b979a4c73276636f0 P 89bcf2a4f85c4447b7f3ed8ceb8dd907 [term 0 FOLLOWER]: Replica starting. Triggering 0 pending ops. Active config: opid_index: -1 OBSOLETE_local: false peers { permanent_uuid: "89bcf2a4f85c4447b7f3ed8ceb8dd907" member_type: VOTER last_known_addr { host: "127.18.198.129" port: 43677 } } peers { permanent_uuid: "f84c6092cc24422fa451e99bfe78ec7f" member_type: VOTER last_known_addr { host: "127.18.198.130" port: 33187 } } peers { permanent_uuid: "93d50c7fe3524153aeb1fd925a2b358a" member_type: VOTER last_known_addr { host: "127.18.198.131" port: 37189 } }
I20260709 12:09:19.538465 20583 raft_consensus.cc:385] T ad20a104e09d438b979a4c73276636f0 P 89bcf2a4f85c4447b7f3ed8ceb8dd907 [term 0 FOLLOWER]: Consensus starting up: Expiring failure detector timer to make a prompt election more likely
I20260709 12:09:19.538722 20583 raft_consensus.cc:740] T ad20a104e09d438b979a4c73276636f0 P 89bcf2a4f85c4447b7f3ed8ceb8dd907 [term 0 FOLLOWER]: Becoming Follower/Learner. State: Replica: 89bcf2a4f85c4447b7f3ed8ceb8dd907, State: Initialized, Role: FOLLOWER
I20260709 12:09:19.539379 20583 consensus_queue.cc:260] T ad20a104e09d438b979a4c73276636f0 P 89bcf2a4f85c4447b7f3ed8ceb8dd907 [NON_LEADER]: Queue going to NON_LEADER mode. State: All replicated index: 0, Majority replicated index: 0, Committed index: 0, Last appended: 0.0, Last appended by leader: 0, Current term: 0, Majority size: -1, State: 0, Mode: NON_LEADER, active raft config: opid_index: -1 OBSOLETE_local: false peers { permanent_uuid: "89bcf2a4f85c4447b7f3ed8ceb8dd907" member_type: VOTER last_known_addr { host: "127.18.198.129" port: 43677 } } peers { permanent_uuid: "f84c6092cc24422fa451e99bfe78ec7f" member_type: VOTER last_known_addr { host: "127.18.198.130" port: 33187 } } peers { permanent_uuid: "93d50c7fe3524153aeb1fd925a2b358a" member_type: VOTER last_known_addr { host: "127.18.198.131" port: 37189 } }
I20260709 12:09:19.541157 20466 tablet_service.cc:1917] Received RequestConsensusVote() RPC: tablet_id: "afb49da14db24ecda19681d7c3c025a9" candidate_uuid: "89bcf2a4f85c4447b7f3ed8ceb8dd907" candidate_term: 1 candidate_status { last_received { term: 0 index: 0 } } ignore_live_leader: false dest_uuid: "f84c6092cc24422fa451e99bfe78ec7f" is_pre_election: true
I20260709 12:09:19.541375 20583 ts_tablet_manager.cc:1434] T ad20a104e09d438b979a4c73276636f0 P 89bcf2a4f85c4447b7f3ed8ceb8dd907: Time spent starting tablet: real 0.008s	user 0.004s	sys 0.004s
I20260709 12:09:19.542187 20541 tablet_service.cc:1917] Received RequestConsensusVote() RPC: tablet_id: "afb49da14db24ecda19681d7c3c025a9" candidate_uuid: "89bcf2a4f85c4447b7f3ed8ceb8dd907" candidate_term: 1 candidate_status { last_received { term: 0 index: 0 } } ignore_live_leader: false dest_uuid: "93d50c7fe3524153aeb1fd925a2b358a" is_pre_election: true
I20260709 12:09:19.542704 20541 raft_consensus.cc:2468] T afb49da14db24ecda19681d7c3c025a9 P 93d50c7fe3524153aeb1fd925a2b358a [term 0 FOLLOWER]: Leader pre-election vote request: Granting yes vote for candidate 89bcf2a4f85c4447b7f3ed8ceb8dd907 in term 0.
I20260709 12:09:19.534334 20588 raft_consensus.cc:515] T afb49da14db24ecda19681d7c3c025a9 P f84c6092cc24422fa451e99bfe78ec7f [term 0 FOLLOWER]: Starting pre-election with config: opid_index: -1 OBSOLETE_local: false peers { permanent_uuid: "89bcf2a4f85c4447b7f3ed8ceb8dd907" member_type: VOTER last_known_addr { host: "127.18.198.129" port: 43677 } } peers { permanent_uuid: "f84c6092cc24422fa451e99bfe78ec7f" member_type: VOTER last_known_addr { host: "127.18.198.130" port: 33187 } } peers { permanent_uuid: "93d50c7fe3524153aeb1fd925a2b358a" member_type: VOTER last_known_addr { host: "127.18.198.131" port: 37189 } }
I20260709 12:09:19.543181 20589 raft_consensus.cc:493] T e288d0c0feac48aca0c500e8ee067b85 P 89bcf2a4f85c4447b7f3ed8ceb8dd907 [term 0 FOLLOWER]: Starting pre-election (no leader contacted us within the election timeout)
