[==========] Running 8 tests from 2 test suites.
[----------] Global test environment set-up.
[----------] 6 tests from LeaderRebalancerTest
[ RUN      ] LeaderRebalancerTest.FunctionalTestForDivided
WARNING: Logging before InitGoogleLogging() is written to STDERR
I20260709 12:08:15.989147  4610 internal_mini_cluster.cc:156] Creating distributed mini masters. Addrs: 127.4.128.190:45581
I20260709 12:08:15.990866  4610 env_posix.cc:2285] Not raising this process' open files per process limit of 1048576; it is already as high as it can go
I20260709 12:08:15.992027  4610 file_cache.cc:504] Constructed file cache file cache with capacity 419430
W20260709 12:08:16.014245  4617 instance_detector.cc:116] could not retrieve Azure instance metadata: Network error: curl error: HTTP response code said error: The requested URL returned error: 404
W20260709 12:08:16.015728  4616 instance_detector.cc:116] could not retrieve AWS instance metadata: Network error: curl error: HTTP response code said error: The requested URL returned error: 404
W20260709 12:08:16.018667  4619 instance_detector.cc:116] could not retrieve OpenStack instance metadata: Network error: curl error: HTTP response code said error: The requested URL returned error: 404
I20260709 12:08:17.157078  4610 server_base.cc:1056] Not found: could not retrieve instance metadata: unable to detect cloud type of this node, probably running in non-cloud environment
W20260709 12:08:17.157323  4618 instance_detector.cc:116] could not retrieve GCE instance metadata: Timed out: curl timeout: Timeout was reached: Connection time-out
I20260709 12:08:17.163115  4610 hybrid_clock.cc:584] initializing the hybrid clock with 'system_unsync' time source
W20260709 12:08:17.163532  4610 system_unsync_time.cc:38] NTP support is disabled. Clock error bounds will not be accurate. This configuration is not suitable for distributed clusters.
I20260709 12:08:17.163796  4610 hybrid_clock.cc:648] HybridClock initialized: now 1783598897163766 us; error 0 us; skew 500 ppm
I20260709 12:08:17.164651  4610 server_base.cc:861] Flag tcmalloc_max_total_thread_cache_bytes is not working since tcmalloc is not enabled.
I20260709 12:08:17.171409  4610 webserver.cc:533] Webserver started at http://127.4.128.190:46119/ using document root <none> and password file <none>
I20260709 12:08:17.172396  4610 fs_manager.cc:362] Metadata directory not provided
I20260709 12:08:17.172623  4610 fs_manager.cc:368] Using write-ahead log directory (fs_wal_dir) as metadata directory
I20260709 12:08:17.173053  4610 server_base.cc:909] This appears to be a new deployment of Kudu; creating new FS layout
I20260709 12:08:17.179236  4610 fs_manager.cc:1068] Generated new instance metadata in path /tmp/dist-test-taskXWeL22/test-tmp/auto_leader_rebalancer-test.0.LeaderRebalancerTest.FunctionalTestForDivided.1783598895814963-4610-0/minicluster-data/master-0-root/instance:
uuid: "5723e430acc048ea9e4c8c671ee40790"
format_stamp: "Formatted at 2026-07-09 12:08:17 on dist-test-slave-q1nk"
I20260709 12:08:17.187858  4610 fs_manager.cc:696] Time spent creating directory manager: real 0.008s	user 0.004s	sys 0.004s
I20260709 12:08:17.193686  4625 log_block_manager.cc:4127] Time spent loading block containers with low live blocks: real 0.000s	user 0.000s	sys 0.000s
I20260709 12:08:17.195092  4610 fs_manager.cc:730] Time spent opening block manager: real 0.004s	user 0.002s	sys 0.002s
I20260709 12:08:17.195502  4610 fs_manager.cc:647] Opened local filesystem: /tmp/dist-test-taskXWeL22/test-tmp/auto_leader_rebalancer-test.0.LeaderRebalancerTest.FunctionalTestForDivided.1783598895814963-4610-0/minicluster-data/master-0-root
uuid: "5723e430acc048ea9e4c8c671ee40790"
format_stamp: "Formatted at 2026-07-09 12:08:17 on dist-test-slave-q1nk"
I20260709 12:08:17.195905  4610 fs_report.cc:389] FS layout report
--------------------
wal directory: /tmp/dist-test-taskXWeL22/test-tmp/auto_leader_rebalancer-test.0.LeaderRebalancerTest.FunctionalTestForDivided.1783598895814963-4610-0/minicluster-data/master-0-root
metadata directory: /tmp/dist-test-taskXWeL22/test-tmp/auto_leader_rebalancer-test.0.LeaderRebalancerTest.FunctionalTestForDivided.1783598895814963-4610-0/minicluster-data/master-0-root
1 data directories: /tmp/dist-test-taskXWeL22/test-tmp/auto_leader_rebalancer-test.0.LeaderRebalancerTest.FunctionalTestForDivided.1783598895814963-4610-0/minicluster-data/master-0-root/data
Total live blocks: 0
Total live bytes: 0
Total live bytes (after alignment): 0
Total number of LBM containers: 0 (0 full)
Did not check for missing blocks
Did not check for orphaned blocks
Total full LBM containers with extra space: 0 (0 repaired)
Total full LBM container extra space in bytes: 0 (0 repaired)
Total incomplete LBM containers: 0 (0 repaired)
Total LBM partial records: 0 (0 repaired)
Total corrupted LBM metadata records in RocksDB: 0 (0 repaired)
I20260709 12:08:17.272791  4610 rpc_server.cc:225] running with OpenSSL 1.1.1  11 Sep 2018
I20260709 12:08:17.274449  4610 env_posix.cc:2285] Not raising this process' running threads per effective uid limit of 18446744073709551615; it is already as high as it can go
I20260709 12:08:17.274923  4610 kserver.cc:163] Server-wide thread pool size limit: 3276
I20260709 12:08:17.352983  4610 rpc_server.cc:307] RPC server started. Bound to: 127.4.128.190:45581
I20260709 12:08:17.353094  4676 acceptor_pool.cc:272] collecting diagnostics on the listening RPC socket 127.4.128.190:45581 every 8 connection(s)
I20260709 12:08:17.361753  4677 data_dirs.cc:400] Could only allocate 1 dirs of requested 3 for tablet 00000000000000000000000000000000. 1 dirs total, 0 dirs full, 0 dirs failed
I20260709 12:08:17.385188  4677 tablet_bootstrap.cc:492] T 00000000000000000000000000000000 P 5723e430acc048ea9e4c8c671ee40790: Bootstrap starting.
I20260709 12:08:17.391564  4677 tablet_bootstrap.cc:654] T 00000000000000000000000000000000 P 5723e430acc048ea9e4c8c671ee40790: Neither blocks nor log segments found. Creating new log.
I20260709 12:08:17.393960  4677 log.cc:826] T 00000000000000000000000000000000 P 5723e430acc048ea9e4c8c671ee40790: Log is configured to *not* fsync() on all Append() calls
I20260709 12:08:17.399107  4677 tablet_bootstrap.cc:492] T 00000000000000000000000000000000 P 5723e430acc048ea9e4c8c671ee40790: No bootstrap required, opened a new log
I20260709 12:08:17.424897  4677 raft_consensus.cc:359] T 00000000000000000000000000000000 P 5723e430acc048ea9e4c8c671ee40790 [term 0 FOLLOWER]: Replica starting. Triggering 0 pending ops. Active config: opid_index: -1 OBSOLETE_local: true peers { permanent_uuid: "5723e430acc048ea9e4c8c671ee40790" member_type: VOTER }
I20260709 12:08:17.425530  4677 raft_consensus.cc:385] T 00000000000000000000000000000000 P 5723e430acc048ea9e4c8c671ee40790 [term 0 FOLLOWER]: Consensus starting up: Expiring failure detector timer to make a prompt election more likely
I20260709 12:08:17.425813  4677 raft_consensus.cc:740] T 00000000000000000000000000000000 P 5723e430acc048ea9e4c8c671ee40790 [term 0 FOLLOWER]: Becoming Follower/Learner. State: Replica: 5723e430acc048ea9e4c8c671ee40790, State: Initialized, Role: FOLLOWER
I20260709 12:08:17.427232  4677 consensus_queue.cc:260] T 00000000000000000000000000000000 P 5723e430acc048ea9e4c8c671ee40790 [NON_LEADER]: Queue going to NON_LEADER mode. State: All replicated index: 0, Majority replicated index: 0, Committed index: 0, Last appended: 0.0, Last appended by leader: 0, Current term: 0, Majority size: -1, State: 0, Mode: NON_LEADER, active raft config: opid_index: -1 OBSOLETE_local: true peers { permanent_uuid: "5723e430acc048ea9e4c8c671ee40790" member_type: VOTER }
I20260709 12:08:17.428186  4677 raft_consensus.cc:399] T 00000000000000000000000000000000 P 5723e430acc048ea9e4c8c671ee40790 [term 0 FOLLOWER]: Only one voter in the Raft config. Triggering election immediately
I20260709 12:08:17.428648  4677 raft_consensus.cc:493] T 00000000000000000000000000000000 P 5723e430acc048ea9e4c8c671ee40790 [term 0 FOLLOWER]: Starting leader election (initial election of a single-replica configuration)
I20260709 12:08:17.429214  4677 raft_consensus.cc:3060] T 00000000000000000000000000000000 P 5723e430acc048ea9e4c8c671ee40790 [term 0 FOLLOWER]: Advancing to term 1
I20260709 12:08:17.437250  4677 raft_consensus.cc:515] T 00000000000000000000000000000000 P 5723e430acc048ea9e4c8c671ee40790 [term 1 FOLLOWER]: Starting leader election with config: opid_index: -1 OBSOLETE_local: true peers { permanent_uuid: "5723e430acc048ea9e4c8c671ee40790" member_type: VOTER }
I20260709 12:08:17.438184  4677 leader_election.cc:304] T 00000000000000000000000000000000 P 5723e430acc048ea9e4c8c671ee40790 [CANDIDATE]: Term 1 election: Election decided. Result: candidate won. Election summary: received 1 responses out of 1 voters: 1 yes votes; 0 no votes. yes voters: 5723e430acc048ea9e4c8c671ee40790; no voters: 
I20260709 12:08:17.441453  4677 leader_election.cc:290] T 00000000000000000000000000000000 P 5723e430acc048ea9e4c8c671ee40790 [CANDIDATE]: Term 1 election: Requested vote from peers 
I20260709 12:08:17.441958  4680 raft_consensus.cc:2804] T 00000000000000000000000000000000 P 5723e430acc048ea9e4c8c671ee40790 [term 1 FOLLOWER]: Leader election won for term 1
I20260709 12:08:17.446493  4680 raft_consensus.cc:697] T 00000000000000000000000000000000 P 5723e430acc048ea9e4c8c671ee40790 [term 1 LEADER]: Becoming Leader. State: Replica: 5723e430acc048ea9e4c8c671ee40790, State: Running, Role: LEADER
I20260709 12:08:17.447737  4680 consensus_queue.cc:237] T 00000000000000000000000000000000 P 5723e430acc048ea9e4c8c671ee40790 [LEADER]: Queue going to LEADER mode. State: All replicated index: 0, Majority replicated index: 0, Committed index: 0, Last appended: 0.0, Last appended by leader: 0, Current term: 1, Majority size: 1, State: 0, Mode: LEADER, active raft config: opid_index: -1 OBSOLETE_local: true peers { permanent_uuid: "5723e430acc048ea9e4c8c671ee40790" member_type: VOTER }
I20260709 12:08:17.449249  4677 sys_catalog.cc:565] T 00000000000000000000000000000000 P 5723e430acc048ea9e4c8c671ee40790 [sys.catalog]: configured and running, proceeding with master startup.
I20260709 12:08:17.461917  4681 sys_catalog.cc:455] T 00000000000000000000000000000000 P 5723e430acc048ea9e4c8c671ee40790 [sys.catalog]: SysCatalogTable state changed. Reason: New leader 5723e430acc048ea9e4c8c671ee40790. Latest consensus state: current_term: 1 leader_uuid: "5723e430acc048ea9e4c8c671ee40790" committed_config { opid_index: -1 OBSOLETE_local: true peers { permanent_uuid: "5723e430acc048ea9e4c8c671ee40790" member_type: VOTER } }
I20260709 12:08:17.462697  4681 sys_catalog.cc:458] T 00000000000000000000000000000000 P 5723e430acc048ea9e4c8c671ee40790 [sys.catalog]: This master's current role is: LEADER
I20260709 12:08:17.464773  4682 sys_catalog.cc:455] T 00000000000000000000000000000000 P 5723e430acc048ea9e4c8c671ee40790 [sys.catalog]: SysCatalogTable state changed. Reason: RaftConsensus started. Latest consensus state: current_term: 1 leader_uuid: "5723e430acc048ea9e4c8c671ee40790" committed_config { opid_index: -1 OBSOLETE_local: true peers { permanent_uuid: "5723e430acc048ea9e4c8c671ee40790" member_type: VOTER } }
I20260709 12:08:17.465291  4682 sys_catalog.cc:458] T 00000000000000000000000000000000 P 5723e430acc048ea9e4c8c671ee40790 [sys.catalog]: This master's current role is: LEADER
I20260709 12:08:17.467519  4688 catalog_manager.cc:1511] Loading table and tablet metadata into memory...
I20260709 12:08:17.487092  4688 catalog_manager.cc:1520] Initializing Kudu cluster ID...
I20260709 12:08:17.489410  4610 internal_mini_cluster.cc:184] Waiting to initialize catalog manager on master 0
I20260709 12:08:17.507124  4688 catalog_manager.cc:1383] Generated new cluster ID: a0f45e8daa914e289c66a5aad2054bf2
I20260709 12:08:17.507477  4688 catalog_manager.cc:1531] Initializing Kudu internal certificate authority...
I20260709 12:08:17.535207  4688 catalog_manager.cc:1406] Generated new certificate authority record
I20260709 12:08:17.537313  4688 catalog_manager.cc:1540] Loading token signing keys...
I20260709 12:08:17.555125  4688 catalog_manager.cc:6070] T 00000000000000000000000000000000 P 5723e430acc048ea9e4c8c671ee40790: Generated new TSK 0
I20260709 12:08:17.556427  4688 catalog_manager.cc:1550] Initializing in-progress tserver states...
I20260709 12:08:17.622236  4610 file_cache.cc:504] Constructed file cache file cache with capacity 419430
W20260709 12:08:17.632433  4699 instance_detector.cc:116] could not retrieve AWS instance metadata: Network error: curl error: HTTP response code said error: The requested URL returned error: 404
W20260709 12:08:17.633553  4700 instance_detector.cc:116] could not retrieve Azure instance metadata: Network error: curl error: HTTP response code said error: The requested URL returned error: 404
I20260709 12:08:17.638628  4610 server_base.cc:1061] running on GCE node
W20260709 12:08:17.638746  4702 instance_detector.cc:116] could not retrieve OpenStack instance metadata: Network error: curl error: HTTP response code said error: The requested URL returned error: 404
I20260709 12:08:17.639892  4610 hybrid_clock.cc:584] initializing the hybrid clock with 'system_unsync' time source
W20260709 12:08:17.640226  4610 system_unsync_time.cc:38] NTP support is disabled. Clock error bounds will not be accurate. This configuration is not suitable for distributed clusters.
I20260709 12:08:17.640446  4610 hybrid_clock.cc:648] HybridClock initialized: now 1783598897640423 us; error 0 us; skew 500 ppm
I20260709 12:08:17.641295  4610 server_base.cc:861] Flag tcmalloc_max_total_thread_cache_bytes is not working since tcmalloc is not enabled.
I20260709 12:08:17.645838  4610 webserver.cc:533] Webserver started at http://127.4.128.129:45119/ using document root <none> and password file <none>
I20260709 12:08:17.646646  4610 fs_manager.cc:362] Metadata directory not provided
I20260709 12:08:17.646926  4610 fs_manager.cc:368] Using write-ahead log directory (fs_wal_dir) as metadata directory
I20260709 12:08:17.647331  4610 server_base.cc:909] This appears to be a new deployment of Kudu; creating new FS layout
I20260709 12:08:17.648980  4610 fs_manager.cc:1068] Generated new instance metadata in path /tmp/dist-test-taskXWeL22/test-tmp/auto_leader_rebalancer-test.0.LeaderRebalancerTest.FunctionalTestForDivided.1783598895814963-4610-0/minicluster-data/ts-0-root/instance:
uuid: "541f72ef73a84a2fa4f2aa01677b1cec"
format_stamp: "Formatted at 2026-07-09 12:08:17 on dist-test-slave-q1nk"
I20260709 12:08:17.656957  4610 fs_manager.cc:696] Time spent creating directory manager: real 0.007s	user 0.002s	sys 0.008s
I20260709 12:08:17.662881  4707 log_block_manager.cc:4127] Time spent loading block containers with low live blocks: real 0.000s	user 0.000s	sys 0.000s
I20260709 12:08:17.663897  4610 fs_manager.cc:730] Time spent opening block manager: real 0.004s	user 0.003s	sys 0.002s
I20260709 12:08:17.664340  4610 fs_manager.cc:647] Opened local filesystem: /tmp/dist-test-taskXWeL22/test-tmp/auto_leader_rebalancer-test.0.LeaderRebalancerTest.FunctionalTestForDivided.1783598895814963-4610-0/minicluster-data/ts-0-root
uuid: "541f72ef73a84a2fa4f2aa01677b1cec"
format_stamp: "Formatted at 2026-07-09 12:08:17 on dist-test-slave-q1nk"
I20260709 12:08:17.664773  4610 fs_report.cc:389] FS layout report
--------------------
wal directory: /tmp/dist-test-taskXWeL22/test-tmp/auto_leader_rebalancer-test.0.LeaderRebalancerTest.FunctionalTestForDivided.1783598895814963-4610-0/minicluster-data/ts-0-root
metadata directory: /tmp/dist-test-taskXWeL22/test-tmp/auto_leader_rebalancer-test.0.LeaderRebalancerTest.FunctionalTestForDivided.1783598895814963-4610-0/minicluster-data/ts-0-root
1 data directories: /tmp/dist-test-taskXWeL22/test-tmp/auto_leader_rebalancer-test.0.LeaderRebalancerTest.FunctionalTestForDivided.1783598895814963-4610-0/minicluster-data/ts-0-root/data
Total live blocks: 0
Total live bytes: 0
Total live bytes (after alignment): 0
Total number of LBM containers: 0 (0 full)
Did not check for missing blocks
Did not check for orphaned blocks
Total full LBM containers with extra space: 0 (0 repaired)
Total full LBM container extra space in bytes: 0 (0 repaired)
Total incomplete LBM containers: 0 (0 repaired)
Total LBM partial records: 0 (0 repaired)
Total corrupted LBM metadata records in RocksDB: 0 (0 repaired)
I20260709 12:08:17.685318  4610 rpc_server.cc:225] running with OpenSSL 1.1.1  11 Sep 2018
I20260709 12:08:17.687355  4610 kserver.cc:163] Server-wide thread pool size limit: 3276
I20260709 12:08:17.690841  4610 txn_system_client.cc:432] TxnSystemClient initialization is disabled...
I20260709 12:08:17.696887  4610 ts_tablet_manager.cc:585] Loaded tablet metadata (0 total tablets, 0 live tablets)
I20260709 12:08:17.697438  4610 ts_tablet_manager.cc:531] Time spent load tablet metadata: real 0.001s	user 0.000s	sys 0.000s
I20260709 12:08:17.697849  4610 ts_tablet_manager.cc:616] Registered 0 tablets
I20260709 12:08:17.698145  4610 ts_tablet_manager.cc:595] Time spent register tablets: real 0.000s	user 0.002s	sys 0.000s
I20260709 12:08:17.797163  4610 rpc_server.cc:307] RPC server started. Bound to: 127.4.128.129:40321
I20260709 12:08:17.797281  4769 acceptor_pool.cc:272] collecting diagnostics on the listening RPC socket 127.4.128.129:40321 every 8 connection(s)
I20260709 12:08:17.811071  4610 file_cache.cc:504] Constructed file cache file cache with capacity 419430
W20260709 12:08:17.822685  4774 instance_detector.cc:116] could not retrieve AWS instance metadata: Network error: curl error: HTTP response code said error: The requested URL returned error: 404
W20260709 12:08:17.825652  4775 instance_detector.cc:116] could not retrieve Azure instance metadata: Network error: curl error: HTTP response code said error: The requested URL returned error: 404
W20260709 12:08:17.835266  4777 instance_detector.cc:116] could not retrieve OpenStack instance metadata: Network error: curl error: HTTP response code said error: The requested URL returned error: 404
I20260709 12:08:17.836449  4610 server_base.cc:1061] running on GCE node
I20260709 12:08:17.837688  4610 hybrid_clock.cc:584] initializing the hybrid clock with 'system_unsync' time source
W20260709 12:08:17.838001  4610 system_unsync_time.cc:38] NTP support is disabled. Clock error bounds will not be accurate. This configuration is not suitable for distributed clusters.
I20260709 12:08:17.838212  4610 hybrid_clock.cc:648] HybridClock initialized: now 1783598897838194 us; error 0 us; skew 500 ppm
I20260709 12:08:17.839015  4610 server_base.cc:861] Flag tcmalloc_max_total_thread_cache_bytes is not working since tcmalloc is not enabled.
I20260709 12:08:17.840440  4770 heartbeater.cc:344] Connected to a master server at 127.4.128.190:45581
I20260709 12:08:17.841010  4770 heartbeater.cc:461] Registering TS with master...
I20260709 12:08:17.842371  4770 heartbeater.cc:507] Master 127.4.128.190:45581 requested a full tablet report, sending...
I20260709 12:08:17.842767  4610 webserver.cc:533] Webserver started at http://127.4.128.130:44829/ using document root <none> and password file <none>
I20260709 12:08:17.843464  4610 fs_manager.cc:362] Metadata directory not provided
I20260709 12:08:17.843727  4610 fs_manager.cc:368] Using write-ahead log directory (fs_wal_dir) as metadata directory
I20260709 12:08:17.844072  4610 server_base.cc:909] This appears to be a new deployment of Kudu; creating new FS layout
I20260709 12:08:17.845604  4610 fs_manager.cc:1068] Generated new instance metadata in path /tmp/dist-test-taskXWeL22/test-tmp/auto_leader_rebalancer-test.0.LeaderRebalancerTest.FunctionalTestForDivided.1783598895814963-4610-0/minicluster-data/ts-1-root/instance:
uuid: "5e0f4899f3c54ef6a9a3a847685fabfe"
format_stamp: "Formatted at 2026-07-09 12:08:17 on dist-test-slave-q1nk"
I20260709 12:08:17.846490  4642 ts_manager.cc:194] Registered new tserver with Master: 541f72ef73a84a2fa4f2aa01677b1cec (127.4.128.129:40321)
I20260709 12:08:17.849807  4642 master_service.cc:502] Signed X509 certificate for tserver {username='slave'} at 127.0.0.1:41752
I20260709 12:08:17.853502  4610 fs_manager.cc:696] Time spent creating directory manager: real 0.007s	user 0.006s	sys 0.001s
I20260709 12:08:17.858428  4782 log_block_manager.cc:4127] Time spent loading block containers with low live blocks: real 0.000s	user 0.000s	sys 0.000s
I20260709 12:08:17.859431  4610 fs_manager.cc:730] Time spent opening block manager: real 0.004s	user 0.004s	sys 0.000s
I20260709 12:08:17.859763  4610 fs_manager.cc:647] Opened local filesystem: /tmp/dist-test-taskXWeL22/test-tmp/auto_leader_rebalancer-test.0.LeaderRebalancerTest.FunctionalTestForDivided.1783598895814963-4610-0/minicluster-data/ts-1-root
uuid: "5e0f4899f3c54ef6a9a3a847685fabfe"
format_stamp: "Formatted at 2026-07-09 12:08:17 on dist-test-slave-q1nk"
I20260709 12:08:17.860077  4610 fs_report.cc:389] FS layout report
--------------------
wal directory: /tmp/dist-test-taskXWeL22/test-tmp/auto_leader_rebalancer-test.0.LeaderRebalancerTest.FunctionalTestForDivided.1783598895814963-4610-0/minicluster-data/ts-1-root
metadata directory: /tmp/dist-test-taskXWeL22/test-tmp/auto_leader_rebalancer-test.0.LeaderRebalancerTest.FunctionalTestForDivided.1783598895814963-4610-0/minicluster-data/ts-1-root
1 data directories: /tmp/dist-test-taskXWeL22/test-tmp/auto_leader_rebalancer-test.0.LeaderRebalancerTest.FunctionalTestForDivided.1783598895814963-4610-0/minicluster-data/ts-1-root/data
Total live blocks: 0
Total live bytes: 0
Total live bytes (after alignment): 0
Total number of LBM containers: 0 (0 full)
Did not check for missing blocks
Did not check for orphaned blocks
Total full LBM containers with extra space: 0 (0 repaired)
Total full LBM container extra space in bytes: 0 (0 repaired)
Total incomplete LBM containers: 0 (0 repaired)
Total LBM partial records: 0 (0 repaired)
Total corrupted LBM metadata records in RocksDB: 0 (0 repaired)
I20260709 12:08:17.880793  4610 rpc_server.cc:225] running with OpenSSL 1.1.1  11 Sep 2018
I20260709 12:08:17.882261  4610 kserver.cc:163] Server-wide thread pool size limit: 3276
I20260709 12:08:17.884646  4610 txn_system_client.cc:432] TxnSystemClient initialization is disabled...
I20260709 12:08:17.888159  4610 ts_tablet_manager.cc:585] Loaded tablet metadata (0 total tablets, 0 live tablets)
I20260709 12:08:17.888411  4610 ts_tablet_manager.cc:531] Time spent load tablet metadata: real 0.000s	user 0.000s	sys 0.000s
I20260709 12:08:17.888670  4610 ts_tablet_manager.cc:616] Registered 0 tablets
I20260709 12:08:17.888833  4610 ts_tablet_manager.cc:595] Time spent register tablets: real 0.000s	user 0.000s	sys 0.000s
I20260709 12:08:17.981050  4610 rpc_server.cc:307] RPC server started. Bound to: 127.4.128.130:42065
I20260709 12:08:17.981314  4844 acceptor_pool.cc:272] collecting diagnostics on the listening RPC socket 127.4.128.130:42065 every 8 connection(s)
I20260709 12:08:17.991466  4610 file_cache.cc:504] Constructed file cache file cache with capacity 419430
W20260709 12:08:18.002239  4849 instance_detector.cc:116] could not retrieve Azure instance metadata: Network error: curl error: HTTP response code said error: The requested URL returned error: 404
W20260709 12:08:18.002624  4848 instance_detector.cc:116] could not retrieve AWS instance metadata: Network error: curl error: HTTP response code said error: The requested URL returned error: 404
I20260709 12:08:18.003119  4845 heartbeater.cc:344] Connected to a master server at 127.4.128.190:45581
I20260709 12:08:18.004949  4845 heartbeater.cc:461] Registering TS with master...
I20260709 12:08:18.006111  4845 heartbeater.cc:507] Master 127.4.128.190:45581 requested a full tablet report, sending...
I20260709 12:08:18.008766  4642 ts_manager.cc:194] Registered new tserver with Master: 5e0f4899f3c54ef6a9a3a847685fabfe (127.4.128.130:42065)
W20260709 12:08:18.009043  4851 instance_detector.cc:116] could not retrieve OpenStack instance metadata: Network error: curl error: HTTP response code said error: The requested URL returned error: 404
I20260709 12:08:18.009541  4610 server_base.cc:1061] running on GCE node
I20260709 12:08:18.010550  4642 master_service.cc:502] Signed X509 certificate for tserver {username='slave'} at 127.0.0.1:41766
I20260709 12:08:18.010715  4610 hybrid_clock.cc:584] initializing the hybrid clock with 'system_unsync' time source
W20260709 12:08:18.011003  4610 system_unsync_time.cc:38] NTP support is disabled. Clock error bounds will not be accurate. This configuration is not suitable for distributed clusters.
I20260709 12:08:18.011212  4610 hybrid_clock.cc:648] HybridClock initialized: now 1783598898011194 us; error 0 us; skew 500 ppm
I20260709 12:08:18.013144  4610 server_base.cc:861] Flag tcmalloc_max_total_thread_cache_bytes is not working since tcmalloc is not enabled.
I20260709 12:08:18.016070  4610 webserver.cc:533] Webserver started at http://127.4.128.131:44269/ using document root <none> and password file <none>
I20260709 12:08:18.016739  4610 fs_manager.cc:362] Metadata directory not provided
I20260709 12:08:18.016995  4610 fs_manager.cc:368] Using write-ahead log directory (fs_wal_dir) as metadata directory
I20260709 12:08:18.017315  4610 server_base.cc:909] This appears to be a new deployment of Kudu; creating new FS layout
I20260709 12:08:18.018776  4610 fs_manager.cc:1068] Generated new instance metadata in path /tmp/dist-test-taskXWeL22/test-tmp/auto_leader_rebalancer-test.0.LeaderRebalancerTest.FunctionalTestForDivided.1783598895814963-4610-0/minicluster-data/ts-2-root/instance:
uuid: "42ec04d1523e47e29e1626ddcb0c5feb"
format_stamp: "Formatted at 2026-07-09 12:08:18 on dist-test-slave-q1nk"
I20260709 12:08:18.024946  4610 fs_manager.cc:696] Time spent creating directory manager: real 0.005s	user 0.005s	sys 0.001s
I20260709 12:08:18.030823  4856 log_block_manager.cc:4127] Time spent loading block containers with low live blocks: real 0.000s	user 0.000s	sys 0.000s
I20260709 12:08:18.031899  4610 fs_manager.cc:730] Time spent opening block manager: real 0.004s	user 0.002s	sys 0.002s
I20260709 12:08:18.032302  4610 fs_manager.cc:647] Opened local filesystem: /tmp/dist-test-taskXWeL22/test-tmp/auto_leader_rebalancer-test.0.LeaderRebalancerTest.FunctionalTestForDivided.1783598895814963-4610-0/minicluster-data/ts-2-root
uuid: "42ec04d1523e47e29e1626ddcb0c5feb"
format_stamp: "Formatted at 2026-07-09 12:08:18 on dist-test-slave-q1nk"
I20260709 12:08:18.032697  4610 fs_report.cc:389] FS layout report
--------------------
wal directory: /tmp/dist-test-taskXWeL22/test-tmp/auto_leader_rebalancer-test.0.LeaderRebalancerTest.FunctionalTestForDivided.1783598895814963-4610-0/minicluster-data/ts-2-root
metadata directory: /tmp/dist-test-taskXWeL22/test-tmp/auto_leader_rebalancer-test.0.LeaderRebalancerTest.FunctionalTestForDivided.1783598895814963-4610-0/minicluster-data/ts-2-root
1 data directories: /tmp/dist-test-taskXWeL22/test-tmp/auto_leader_rebalancer-test.0.LeaderRebalancerTest.FunctionalTestForDivided.1783598895814963-4610-0/minicluster-data/ts-2-root/data
Total live blocks: 0
Total live bytes: 0
Total live bytes (after alignment): 0
Total number of LBM containers: 0 (0 full)
Did not check for missing blocks
Did not check for orphaned blocks
Total full LBM containers with extra space: 0 (0 repaired)
Total full LBM container extra space in bytes: 0 (0 repaired)
Total incomplete LBM containers: 0 (0 repaired)
Total LBM partial records: 0 (0 repaired)
Total corrupted LBM metadata records in RocksDB: 0 (0 repaired)
I20260709 12:08:18.051862  4610 rpc_server.cc:225] running with OpenSSL 1.1.1  11 Sep 2018
I20260709 12:08:18.053272  4610 kserver.cc:163] Server-wide thread pool size limit: 3276
I20260709 12:08:18.055135  4610 txn_system_client.cc:432] TxnSystemClient initialization is disabled...
I20260709 12:08:18.057781  4610 ts_tablet_manager.cc:585] Loaded tablet metadata (0 total tablets, 0 live tablets)
I20260709 12:08:18.058038  4610 ts_tablet_manager.cc:531] Time spent load tablet metadata: real 0.000s	user 0.001s	sys 0.000s
I20260709 12:08:18.058303  4610 ts_tablet_manager.cc:616] Registered 0 tablets
I20260709 12:08:18.058467  4610 ts_tablet_manager.cc:595] Time spent register tablets: real 0.000s	user 0.000s	sys 0.000s
I20260709 12:08:18.167531  4610 rpc_server.cc:307] RPC server started. Bound to: 127.4.128.131:45943
I20260709 12:08:18.167639  4918 acceptor_pool.cc:272] collecting diagnostics on the listening RPC socket 127.4.128.131:45943 every 8 connection(s)
I20260709 12:08:18.185465  4919 heartbeater.cc:344] Connected to a master server at 127.4.128.190:45581
I20260709 12:08:18.185969  4919 heartbeater.cc:461] Registering TS with master...
I20260709 12:08:18.187017  4919 heartbeater.cc:507] Master 127.4.128.190:45581 requested a full tablet report, sending...
I20260709 12:08:18.189390  4642 ts_manager.cc:194] Registered new tserver with Master: 42ec04d1523e47e29e1626ddcb0c5feb (127.4.128.131:45943)
I20260709 12:08:18.189558  4610 internal_mini_cluster.cc:371] 3 TS(s) registered with all masters after 0.013299101s
I20260709 12:08:18.190914  4642 master_service.cc:502] Signed X509 certificate for tserver {username='slave'} at 127.0.0.1:41772
I20260709 12:08:18.248145  4642 catalog_manager.cc:2283] Servicing CreateTable request from {username='slave'} at 127.0.0.1:41784:
name: "test-workload"
schema {
  columns {
    name: "key"
    type: INT32
    is_key: true
    is_nullable: false
    encoding: AUTO_ENCODING
    compression: DEFAULT_COMPRESSION
    cfile_block_size: 0
    immutable: false
  }
  columns {
    name: "int_val"
    type: INT32
    is_key: false
    is_nullable: false
    encoding: AUTO_ENCODING
    compression: DEFAULT_COMPRESSION
    cfile_block_size: 0
    immutable: false
  }
  columns {
    name: "string_val"
    type: STRING
    is_key: false
    is_nullable: true
    encoding: AUTO_ENCODING
    compression: DEFAULT_COMPRESSION
    cfile_block_size: 0
    immutable: false
  }
}
num_replicas: 3
split_rows_range_bounds {
  rows: "\004\001\000\216\3438\016\004\001\000\034\307q\034\004\001\000\252\252\252*\004\001\0008\216\3438\004\001\000\306q\034G\004\001\000TUUU\004\001\000\3428\216c\004\001\000p\034\307q""\004\001\000\216\3438\016\004\001\000\034\307q\034\004\001\000\252\252\252*\004\001\0008\216\3438\004\001\000\306q\034G\004\001\000TUUU\004\001\000\3428\216c\004\001\000p\034\307q"
  indirect_data: """"
}
partition_schema {
  range_schema {
    columns {
      name: "key"
    }
  }
}
W20260709 12:08:18.252336  4642 catalog_manager.cc:7077] The number of live tablet servers is not enough to re-replicate a tablet replica of the newly created table test-workload in case of a server failure: 4 tablet servers would be needed, 3 are available. Consider bringing up more tablet servers.
I20260709 12:08:18.390314  4809 tablet_service.cc:1511] Processing CreateTablet for tablet f0d0b7c094224cddbcdcd1d7ef22e9c7 (DEFAULT_TABLE table=test-workload [id=3e0f63574f22444aa5a440b73ae04a3f]), partition=RANGE (key) PARTITION 238609294 <= VALUES < 477218588
I20260709 12:08:18.391391  4806 tablet_service.cc:1511] Processing CreateTablet for tablet 7db675605b194207813be5b79b6f0511 (DEFAULT_TABLE table=test-workload [id=3e0f63574f22444aa5a440b73ae04a3f]), partition=RANGE (key) PARTITION 954437176 <= VALUES < 1193046470
I20260709 12:08:18.391966  4809 data_dirs.cc:400] Could only allocate 1 dirs of requested 3 for tablet f0d0b7c094224cddbcdcd1d7ef22e9c7. 1 dirs total, 0 dirs full, 0 dirs failed
I20260709 12:08:18.392933  4806 data_dirs.cc:400] Could only allocate 1 dirs of requested 3 for tablet 7db675605b194207813be5b79b6f0511. 1 dirs total, 0 dirs full, 0 dirs failed
I20260709 12:08:18.394384  4883 tablet_service.cc:1511] Processing CreateTablet for tablet f0d0b7c094224cddbcdcd1d7ef22e9c7 (DEFAULT_TABLE table=test-workload [id=3e0f63574f22444aa5a440b73ae04a3f]), partition=RANGE (key) PARTITION 238609294 <= VALUES < 477218588
I20260709 12:08:18.394542  4808 tablet_service.cc:1511] Processing CreateTablet for tablet 87ae591a173d44ae9ca3df8e2d60321a (DEFAULT_TABLE table=test-workload [id=3e0f63574f22444aa5a440b73ae04a3f]), partition=RANGE (key) PARTITION 477218588 <= VALUES < 715827882
I20260709 12:08:18.395638  4882 tablet_service.cc:1511] Processing CreateTablet for tablet 87ae591a173d44ae9ca3df8e2d60321a (DEFAULT_TABLE table=test-workload [id=3e0f63574f22444aa5a440b73ae04a3f]), partition=RANGE (key) PARTITION 477218588 <= VALUES < 715827882
I20260709 12:08:18.395953  4883 data_dirs.cc:400] Could only allocate 1 dirs of requested 3 for tablet f0d0b7c094224cddbcdcd1d7ef22e9c7. 1 dirs total, 0 dirs full, 0 dirs failed
I20260709 12:08:18.395968  4808 data_dirs.cc:400] Could only allocate 1 dirs of requested 3 for tablet 87ae591a173d44ae9ca3df8e2d60321a. 1 dirs total, 0 dirs full, 0 dirs failed
I20260709 12:08:18.403400  4882 data_dirs.cc:400] Could only allocate 1 dirs of requested 3 for tablet 87ae591a173d44ae9ca3df8e2d60321a. 1 dirs total, 0 dirs full, 0 dirs failed
I20260709 12:08:18.403451  4884 tablet_service.cc:1511] Processing CreateTablet for tablet bde78635dda546448dfb99746542ae94 (DEFAULT_TABLE table=test-workload [id=3e0f63574f22444aa5a440b73ae04a3f]), partition=RANGE (key) PARTITION VALUES < 238609294
I20260709 12:08:18.402338  4807 tablet_service.cc:1511] Processing CreateTablet for tablet 14147116ed464bd19212a318487e0493 (DEFAULT_TABLE table=test-workload [id=3e0f63574f22444aa5a440b73ae04a3f]), partition=RANGE (key) PARTITION 715827882 <= VALUES < 954437176
I20260709 12:08:18.402606  4881 tablet_service.cc:1511] Processing CreateTablet for tablet 14147116ed464bd19212a318487e0493 (DEFAULT_TABLE table=test-workload [id=3e0f63574f22444aa5a440b73ae04a3f]), partition=RANGE (key) PARTITION 715827882 <= VALUES < 954437176
I20260709 12:08:18.404776  4810 tablet_service.cc:1511] Processing CreateTablet for tablet bde78635dda546448dfb99746542ae94 (DEFAULT_TABLE table=test-workload [id=3e0f63574f22444aa5a440b73ae04a3f]), partition=RANGE (key) PARTITION VALUES < 238609294
I20260709 12:08:18.406945  4805 tablet_service.cc:1511] Processing CreateTablet for tablet a2797da918854cf0aba0ea2fefdec730 (DEFAULT_TABLE table=test-workload [id=3e0f63574f22444aa5a440b73ae04a3f]), partition=RANGE (key) PARTITION 1193046470 <= VALUES < 1431655764
I20260709 12:08:18.408573  4880 tablet_service.cc:1511] Processing CreateTablet for tablet 7db675605b194207813be5b79b6f0511 (DEFAULT_TABLE table=test-workload [id=3e0f63574f22444aa5a440b73ae04a3f]), partition=RANGE (key) PARTITION 954437176 <= VALUES < 1193046470
I20260709 12:08:18.409847  4807 data_dirs.cc:400] Could only allocate 1 dirs of requested 3 for tablet 14147116ed464bd19212a318487e0493. 1 dirs total, 0 dirs full, 0 dirs failed
I20260709 12:08:18.409509  4879 tablet_service.cc:1511] Processing CreateTablet for tablet a2797da918854cf0aba0ea2fefdec730 (DEFAULT_TABLE table=test-workload [id=3e0f63574f22444aa5a440b73ae04a3f]), partition=RANGE (key) PARTITION 1193046470 <= VALUES < 1431655764
I20260709 12:08:18.412068  4805 data_dirs.cc:400] Could only allocate 1 dirs of requested 3 for tablet a2797da918854cf0aba0ea2fefdec730. 1 dirs total, 0 dirs full, 0 dirs failed
I20260709 12:08:18.411705  4884 data_dirs.cc:400] Could only allocate 1 dirs of requested 3 for tablet bde78635dda546448dfb99746542ae94. 1 dirs total, 0 dirs full, 0 dirs failed
I20260709 12:08:18.413828  4810 data_dirs.cc:400] Could only allocate 1 dirs of requested 3 for tablet bde78635dda546448dfb99746542ae94. 1 dirs total, 0 dirs full, 0 dirs failed
I20260709 12:08:18.418778  4804 tablet_service.cc:1511] Processing CreateTablet for tablet bc0238149a0d412badb95ccfcd25346d (DEFAULT_TABLE table=test-workload [id=3e0f63574f22444aa5a440b73ae04a3f]), partition=RANGE (key) PARTITION 1431655764 <= VALUES < 1670265058
I20260709 12:08:18.422566  4804 data_dirs.cc:400] Could only allocate 1 dirs of requested 3 for tablet bc0238149a0d412badb95ccfcd25346d. 1 dirs total, 0 dirs full, 0 dirs failed
I20260709 12:08:18.423086  4880 data_dirs.cc:400] Could only allocate 1 dirs of requested 3 for tablet 7db675605b194207813be5b79b6f0511. 1 dirs total, 0 dirs full, 0 dirs failed
I20260709 12:08:18.426180  4881 data_dirs.cc:400] Could only allocate 1 dirs of requested 3 for tablet 14147116ed464bd19212a318487e0493. 1 dirs total, 0 dirs full, 0 dirs failed
I20260709 12:08:18.431792  4879 data_dirs.cc:400] Could only allocate 1 dirs of requested 3 for tablet a2797da918854cf0aba0ea2fefdec730. 1 dirs total, 0 dirs full, 0 dirs failed
I20260709 12:08:18.443961  4878 tablet_service.cc:1511] Processing CreateTablet for tablet bc0238149a0d412badb95ccfcd25346d (DEFAULT_TABLE table=test-workload [id=3e0f63574f22444aa5a440b73ae04a3f]), partition=RANGE (key) PARTITION 1431655764 <= VALUES < 1670265058
I20260709 12:08:18.446627  4878 data_dirs.cc:400] Could only allocate 1 dirs of requested 3 for tablet bc0238149a0d412badb95ccfcd25346d. 1 dirs total, 0 dirs full, 0 dirs failed
I20260709 12:08:18.456993  4803 tablet_service.cc:1511] Processing CreateTablet for tablet 31b1ebc5c31c45d281b8c4c18c5a7ece (DEFAULT_TABLE table=test-workload [id=3e0f63574f22444aa5a440b73ae04a3f]), partition=RANGE (key) PARTITION 1670265058 <= VALUES < 1908874352
I20260709 12:08:18.462261  4803 data_dirs.cc:400] Could only allocate 1 dirs of requested 3 for tablet 31b1ebc5c31c45d281b8c4c18c5a7ece. 1 dirs total, 0 dirs full, 0 dirs failed
I20260709 12:08:18.466673  4877 tablet_service.cc:1511] Processing CreateTablet for tablet 31b1ebc5c31c45d281b8c4c18c5a7ece (DEFAULT_TABLE table=test-workload [id=3e0f63574f22444aa5a440b73ae04a3f]), partition=RANGE (key) PARTITION 1670265058 <= VALUES < 1908874352
I20260709 12:08:18.488981  4877 data_dirs.cc:400] Could only allocate 1 dirs of requested 3 for tablet 31b1ebc5c31c45d281b8c4c18c5a7ece. 1 dirs total, 0 dirs full, 0 dirs failed
W20260709 12:08:18.494055  4690 auto_rebalancer.cc:288] Could not retrieve cluster info: Service unavailable: Tablet not running
I20260709 12:08:18.506388  4802 tablet_service.cc:1511] Processing CreateTablet for tablet 89297dae637b4ae0989ea820f7932b88 (DEFAULT_TABLE table=test-workload [id=3e0f63574f22444aa5a440b73ae04a3f]), partition=RANGE (key) PARTITION 1908874352 <= VALUES
I20260709 12:08:18.507817  4802 data_dirs.cc:400] Could only allocate 1 dirs of requested 3 for tablet 89297dae637b4ae0989ea820f7932b88. 1 dirs total, 0 dirs full, 0 dirs failed
I20260709 12:08:18.520229  4876 tablet_service.cc:1511] Processing CreateTablet for tablet 89297dae637b4ae0989ea820f7932b88 (DEFAULT_TABLE table=test-workload [id=3e0f63574f22444aa5a440b73ae04a3f]), partition=RANGE (key) PARTITION 1908874352 <= VALUES
I20260709 12:08:18.530692  4876 data_dirs.cc:400] Could only allocate 1 dirs of requested 3 for tablet 89297dae637b4ae0989ea820f7932b88. 1 dirs total, 0 dirs full, 0 dirs failed
I20260709 12:08:18.562052  4735 tablet_service.cc:1511] Processing CreateTablet for tablet bde78635dda546448dfb99746542ae94 (DEFAULT_TABLE table=test-workload [id=3e0f63574f22444aa5a440b73ae04a3f]), partition=RANGE (key) PARTITION VALUES < 238609294
I20260709 12:08:18.574885  4735 data_dirs.cc:400] Could only allocate 1 dirs of requested 3 for tablet bde78635dda546448dfb99746542ae94. 1 dirs total, 0 dirs full, 0 dirs failed
I20260709 12:08:18.574389  4734 tablet_service.cc:1511] Processing CreateTablet for tablet f0d0b7c094224cddbcdcd1d7ef22e9c7 (DEFAULT_TABLE table=test-workload [id=3e0f63574f22444aa5a440b73ae04a3f]), partition=RANGE (key) PARTITION 238609294 <= VALUES < 477218588
I20260709 12:08:18.568473  4733 tablet_service.cc:1511] Processing CreateTablet for tablet 87ae591a173d44ae9ca3df8e2d60321a (DEFAULT_TABLE table=test-workload [id=3e0f63574f22444aa5a440b73ae04a3f]), partition=RANGE (key) PARTITION 477218588 <= VALUES < 715827882
I20260709 12:08:18.568416  4732 tablet_service.cc:1511] Processing CreateTablet for tablet 14147116ed464bd19212a318487e0493 (DEFAULT_TABLE table=test-workload [id=3e0f63574f22444aa5a440b73ae04a3f]), partition=RANGE (key) PARTITION 715827882 <= VALUES < 954437176
I20260709 12:08:18.579871  4937 tablet_bootstrap.cc:492] T 7db675605b194207813be5b79b6f0511 P 5e0f4899f3c54ef6a9a3a847685fabfe: Bootstrap starting.
I20260709 12:08:18.591789  4731 tablet_service.cc:1511] Processing CreateTablet for tablet 7db675605b194207813be5b79b6f0511 (DEFAULT_TABLE table=test-workload [id=3e0f63574f22444aa5a440b73ae04a3f]), partition=RANGE (key) PARTITION 954437176 <= VALUES < 1193046470
I20260709 12:08:18.600762  4733 data_dirs.cc:400] Could only allocate 1 dirs of requested 3 for tablet 87ae591a173d44ae9ca3df8e2d60321a. 1 dirs total, 0 dirs full, 0 dirs failed
I20260709 12:08:18.597478  4730 tablet_service.cc:1511] Processing CreateTablet for tablet a2797da918854cf0aba0ea2fefdec730 (DEFAULT_TABLE table=test-workload [id=3e0f63574f22444aa5a440b73ae04a3f]), partition=RANGE (key) PARTITION 1193046470 <= VALUES < 1431655764
I20260709 12:08:18.608657  4727 tablet_service.cc:1511] Processing CreateTablet for tablet 89297dae637b4ae0989ea820f7932b88 (DEFAULT_TABLE table=test-workload [id=3e0f63574f22444aa5a440b73ae04a3f]), partition=RANGE (key) PARTITION 1908874352 <= VALUES
I20260709 12:08:18.610329  4728 tablet_service.cc:1511] Processing CreateTablet for tablet 31b1ebc5c31c45d281b8c4c18c5a7ece (DEFAULT_TABLE table=test-workload [id=3e0f63574f22444aa5a440b73ae04a3f]), partition=RANGE (key) PARTITION 1670265058 <= VALUES < 1908874352
I20260709 12:08:18.614316  4732 data_dirs.cc:400] Could only allocate 1 dirs of requested 3 for tablet 14147116ed464bd19212a318487e0493. 1 dirs total, 0 dirs full, 0 dirs failed
I20260709 12:08:18.601634  4729 tablet_service.cc:1511] Processing CreateTablet for tablet bc0238149a0d412badb95ccfcd25346d (DEFAULT_TABLE table=test-workload [id=3e0f63574f22444aa5a440b73ae04a3f]), partition=RANGE (key) PARTITION 1431655764 <= VALUES < 1670265058
I20260709 12:08:18.615746  4727 data_dirs.cc:400] Could only allocate 1 dirs of requested 3 for tablet 89297dae637b4ae0989ea820f7932b88. 1 dirs total, 0 dirs full, 0 dirs failed
I20260709 12:08:18.626773  4731 data_dirs.cc:400] Could only allocate 1 dirs of requested 3 for tablet 7db675605b194207813be5b79b6f0511. 1 dirs total, 0 dirs full, 0 dirs failed
I20260709 12:08:18.629173  4729 data_dirs.cc:400] Could only allocate 1 dirs of requested 3 for tablet bc0238149a0d412badb95ccfcd25346d. 1 dirs total, 0 dirs full, 0 dirs failed
I20260709 12:08:18.633661  4734 data_dirs.cc:400] Could only allocate 1 dirs of requested 3 for tablet f0d0b7c094224cddbcdcd1d7ef22e9c7. 1 dirs total, 0 dirs full, 0 dirs failed
I20260709 12:08:18.638058  4730 data_dirs.cc:400] Could only allocate 1 dirs of requested 3 for tablet a2797da918854cf0aba0ea2fefdec730. 1 dirs total, 0 dirs full, 0 dirs failed
I20260709 12:08:18.642789  4938 tablet_bootstrap.cc:492] T 31b1ebc5c31c45d281b8c4c18c5a7ece P 42ec04d1523e47e29e1626ddcb0c5feb: Bootstrap starting.
I20260709 12:08:18.644820  4728 data_dirs.cc:400] Could only allocate 1 dirs of requested 3 for tablet 31b1ebc5c31c45d281b8c4c18c5a7ece. 1 dirs total, 0 dirs full, 0 dirs failed
I20260709 12:08:18.708458  4937 tablet_bootstrap.cc:654] T 7db675605b194207813be5b79b6f0511 P 5e0f4899f3c54ef6a9a3a847685fabfe: Neither blocks nor log segments found. Creating new log.
I20260709 12:08:18.714478  4939 tablet_bootstrap.cc:492] T 14147116ed464bd19212a318487e0493 P 541f72ef73a84a2fa4f2aa01677b1cec: Bootstrap starting.
I20260709 12:08:18.724726  4938 tablet_bootstrap.cc:654] T 31b1ebc5c31c45d281b8c4c18c5a7ece P 42ec04d1523e47e29e1626ddcb0c5feb: Neither blocks nor log segments found. Creating new log.
I20260709 12:08:18.731585  4937 tablet_bootstrap.cc:492] T 7db675605b194207813be5b79b6f0511 P 5e0f4899f3c54ef6a9a3a847685fabfe: No bootstrap required, opened a new log
I20260709 12:08:18.732126  4937 ts_tablet_manager.cc:1403] T 7db675605b194207813be5b79b6f0511 P 5e0f4899f3c54ef6a9a3a847685fabfe: Time spent bootstrapping tablet: real 0.171s	user 0.014s	sys 0.012s
I20260709 12:08:18.737201  4939 tablet_bootstrap.cc:654] T 14147116ed464bd19212a318487e0493 P 541f72ef73a84a2fa4f2aa01677b1cec: Neither blocks nor log segments found. Creating new log.
I20260709 12:08:18.737258  4937 raft_consensus.cc:359] T 7db675605b194207813be5b79b6f0511 P 5e0f4899f3c54ef6a9a3a847685fabfe [term 0 FOLLOWER]: Replica starting. Triggering 0 pending ops. Active config: opid_index: -1 OBSOLETE_local: false peers { permanent_uuid: "541f72ef73a84a2fa4f2aa01677b1cec" member_type: VOTER last_known_addr { host: "127.4.128.129" port: 40321 } } peers { permanent_uuid: "5e0f4899f3c54ef6a9a3a847685fabfe" member_type: VOTER last_known_addr { host: "127.4.128.130" port: 42065 } } peers { permanent_uuid: "42ec04d1523e47e29e1626ddcb0c5feb" member_type: VOTER last_known_addr { host: "127.4.128.131" port: 45943 } }
I20260709 12:08:18.738176  4937 raft_consensus.cc:385] T 7db675605b194207813be5b79b6f0511 P 5e0f4899f3c54ef6a9a3a847685fabfe [term 0 FOLLOWER]: Consensus starting up: Expiring failure detector timer to make a prompt election more likely
I20260709 12:08:18.738509  4937 raft_consensus.cc:740] T 7db675605b194207813be5b79b6f0511 P 5e0f4899f3c54ef6a9a3a847685fabfe [term 0 FOLLOWER]: Becoming Follower/Learner. State: Replica: 5e0f4899f3c54ef6a9a3a847685fabfe, State: Initialized, Role: FOLLOWER
I20260709 12:08:18.739315  4937 consensus_queue.cc:260] T 7db675605b194207813be5b79b6f0511 P 5e0f4899f3c54ef6a9a3a847685fabfe [NON_LEADER]: Queue going to NON_LEADER mode. State: All replicated index: 0, Majority replicated index: 0, Committed index: 0, Last appended: 0.0, Last appended by leader: 0, Current term: 0, Majority size: -1, State: 0, Mode: NON_LEADER, active raft config: opid_index: -1 OBSOLETE_local: false peers { permanent_uuid: "541f72ef73a84a2fa4f2aa01677b1cec" member_type: VOTER last_known_addr { host: "127.4.128.129" port: 40321 } } peers { permanent_uuid: "5e0f4899f3c54ef6a9a3a847685fabfe" member_type: VOTER last_known_addr { host: "127.4.128.130" port: 42065 } } peers { permanent_uuid: "42ec04d1523e47e29e1626ddcb0c5feb" member_type: VOTER last_known_addr { host: "127.4.128.131" port: 45943 } }
I20260709 12:08:18.742743  4845 heartbeater.cc:499] Master 127.4.128.190:45581 was elected leader, sending a full tablet report...
I20260709 12:08:18.743860  4937 ts_tablet_manager.cc:1434] T 7db675605b194207813be5b79b6f0511 P 5e0f4899f3c54ef6a9a3a847685fabfe: Time spent starting tablet: real 0.011s	user 0.007s	sys 0.002s
I20260709 12:08:18.745847  4938 tablet_bootstrap.cc:492] T 31b1ebc5c31c45d281b8c4c18c5a7ece P 42ec04d1523e47e29e1626ddcb0c5feb: No bootstrap required, opened a new log
I20260709 12:08:18.746040  4939 tablet_bootstrap.cc:492] T 14147116ed464bd19212a318487e0493 P 541f72ef73a84a2fa4f2aa01677b1cec: No bootstrap required, opened a new log
I20260709 12:08:18.746361  4938 ts_tablet_manager.cc:1403] T 31b1ebc5c31c45d281b8c4c18c5a7ece P 42ec04d1523e47e29e1626ddcb0c5feb: Time spent bootstrapping tablet: real 0.153s	user 0.002s	sys 0.013s
I20260709 12:08:18.746698  4939 ts_tablet_manager.cc:1403] T 14147116ed464bd19212a318487e0493 P 541f72ef73a84a2fa4f2aa01677b1cec: Time spent bootstrapping tablet: real 0.033s	user 0.013s	sys 0.000s
I20260709 12:08:18.749441  4938 raft_consensus.cc:359] T 31b1ebc5c31c45d281b8c4c18c5a7ece P 42ec04d1523e47e29e1626ddcb0c5feb [term 0 FOLLOWER]: Replica starting. Triggering 0 pending ops. Active config: opid_index: -1 OBSOLETE_local: false peers { permanent_uuid: "541f72ef73a84a2fa4f2aa01677b1cec" member_type: VOTER last_known_addr { host: "127.4.128.129" port: 40321 } } peers { permanent_uuid: "5e0f4899f3c54ef6a9a3a847685fabfe" member_type: VOTER last_known_addr { host: "127.4.128.130" port: 42065 } } peers { permanent_uuid: "42ec04d1523e47e29e1626ddcb0c5feb" member_type: VOTER last_known_addr { host: "127.4.128.131" port: 45943 } }
I20260709 12:08:18.750248  4938 raft_consensus.cc:385] T 31b1ebc5c31c45d281b8c4c18c5a7ece P 42ec04d1523e47e29e1626ddcb0c5feb [term 0 FOLLOWER]: Consensus starting up: Expiring failure detector timer to make a prompt election more likely
I20260709 12:08:18.749733  4939 raft_consensus.cc:359] T 14147116ed464bd19212a318487e0493 P 541f72ef73a84a2fa4f2aa01677b1cec [term 0 FOLLOWER]: Replica starting. Triggering 0 pending ops. Active config: opid_index: -1 OBSOLETE_local: false peers { permanent_uuid: "541f72ef73a84a2fa4f2aa01677b1cec" member_type: VOTER last_known_addr { host: "127.4.128.129" port: 40321 } } peers { permanent_uuid: "5e0f4899f3c54ef6a9a3a847685fabfe" member_type: VOTER last_known_addr { host: "127.4.128.130" port: 42065 } } peers { permanent_uuid: "42ec04d1523e47e29e1626ddcb0c5feb" member_type: VOTER last_known_addr { host: "127.4.128.131" port: 45943 } }
I20260709 12:08:18.750589  4938 raft_consensus.cc:740] T 31b1ebc5c31c45d281b8c4c18c5a7ece P 42ec04d1523e47e29e1626ddcb0c5feb [term 0 FOLLOWER]: Becoming Follower/Learner. State: Replica: 42ec04d1523e47e29e1626ddcb0c5feb, State: Initialized, Role: FOLLOWER
I20260709 12:08:18.751312  4939 raft_consensus.cc:385] T 14147116ed464bd19212a318487e0493 P 541f72ef73a84a2fa4f2aa01677b1cec [term 0 FOLLOWER]: Consensus starting up: Expiring failure detector timer to make a prompt election more likely
I20260709 12:08:18.751770  4939 raft_consensus.cc:740] T 14147116ed464bd19212a318487e0493 P 541f72ef73a84a2fa4f2aa01677b1cec [term 0 FOLLOWER]: Becoming Follower/Learner. State: Replica: 541f72ef73a84a2fa4f2aa01677b1cec, State: Initialized, Role: FOLLOWER
