I20260709 12:09:18.030900  1909 tablet_bootstrap.cc:492] T 0559029fc65b4ea5b2a959f08880a7b6 P 07feb6c36ad543889568656308b8a3d4: No bootstrap required, opened a new log
I20260709 12:09:18.031289  1909 ts_tablet_manager.cc:1403] T 0559029fc65b4ea5b2a959f08880a7b6 P 07feb6c36ad543889568656308b8a3d4: Time spent bootstrapping tablet: real 0.059s	user 0.015s	sys 0.010s
I20260709 12:09:18.033500  1718 raft_consensus.cc:2468] T e14c485dfb0842bab66d3f3c08a0c72d P 40564e07931740ff8fd0c2f7f55c621c [term 1 FOLLOWER]: Leader election vote request: Granting yes vote for candidate 07feb6c36ad543889568656308b8a3d4 in term 1.
I20260709 12:09:18.035266  1992 raft_consensus.cc:493] T 239ac3a39c58451d814c5ef960e09065 P 40564e07931740ff8fd0c2f7f55c621c [term 0 FOLLOWER]: Starting pre-election (no leader contacted us within the election timeout)
I20260709 12:09:18.035732  1992 raft_consensus.cc:515] T 239ac3a39c58451d814c5ef960e09065 P 40564e07931740ff8fd0c2f7f55c621c [term 0 FOLLOWER]: Starting pre-election with config: opid_index: -1 OBSOLETE_local: false peers { permanent_uuid: "40564e07931740ff8fd0c2f7f55c621c" member_type: VOTER last_known_addr { host: "127.0.136.193" port: 44753 } } peers { permanent_uuid: "6c1082a705ec42afa90cbccc82d7dd54" member_type: VOTER last_known_addr { host: "127.0.136.194" port: 45123 } } peers { permanent_uuid: "07feb6c36ad543889568656308b8a3d4" member_type: VOTER last_known_addr { host: "127.0.136.195" port: 39093 } }
I20260709 12:09:18.036168  1910 tablet_bootstrap.cc:654] T 349fa21dc9544a17a990055f8cade3cb P 40564e07931740ff8fd0c2f7f55c621c: Neither blocks nor log segments found. Creating new log.
I20260709 12:09:18.038815  1834 leader_election.cc:304] T e14c485dfb0842bab66d3f3c08a0c72d P 07feb6c36ad543889568656308b8a3d4 [CANDIDATE]: Term 1 election: Election decided. Result: candidate won. Election summary: received 2 responses out of 3 voters: 2 yes votes; 0 no votes. yes voters: 07feb6c36ad543889568656308b8a3d4, 40564e07931740ff8fd0c2f7f55c621c; no voters: 
I20260709 12:09:18.039019  1863 tablet_service.cc:1917] Received RequestConsensusVote() RPC: tablet_id: "239ac3a39c58451d814c5ef960e09065" candidate_uuid: "40564e07931740ff8fd0c2f7f55c621c" candidate_term: 1 candidate_status { last_received { term: 0 index: 0 } } ignore_live_leader: false dest_uuid: "07feb6c36ad543889568656308b8a3d4" is_pre_election: true
I20260709 12:09:18.039675  1863 raft_consensus.cc:2468] T 239ac3a39c58451d814c5ef960e09065 P 07feb6c36ad543889568656308b8a3d4 [term 0 FOLLOWER]: Leader pre-election vote request: Granting yes vote for candidate 40564e07931740ff8fd0c2f7f55c621c in term 0.
I20260709 12:09:18.041332  2121 raft_consensus.cc:2804] T e14c485dfb0842bab66d3f3c08a0c72d P 07feb6c36ad543889568656308b8a3d4 [term 1 FOLLOWER]: Leader election won for term 1
I20260709 12:09:18.041873  1795 tablet_service.cc:1917] Received RequestConsensusVote() RPC: tablet_id: "239ac3a39c58451d814c5ef960e09065" candidate_uuid: "40564e07931740ff8fd0c2f7f55c621c" candidate_term: 1 candidate_status { last_received { term: 0 index: 0 } } ignore_live_leader: false dest_uuid: "6c1082a705ec42afa90cbccc82d7dd54" is_pre_election: true
I20260709 12:09:18.042303  1866 raft_consensus.cc:2468] T 6d0e0f4f91ce4a28b02234e7888b376b P 07feb6c36ad543889568656308b8a3d4 [term 1 FOLLOWER]: Leader election vote request: Granting yes vote for candidate 6c1082a705ec42afa90cbccc82d7dd54 in term 1.
I20260709 12:09:18.044340  1760 leader_election.cc:304] T 6d0e0f4f91ce4a28b02234e7888b376b P 6c1082a705ec42afa90cbccc82d7dd54 [CANDIDATE]: Term 1 election: Election decided. Result: candidate won. Election summary: received 3 responses out of 3 voters: 2 yes votes; 1 no votes. yes voters: 07feb6c36ad543889568656308b8a3d4, 6c1082a705ec42afa90cbccc82d7dd54; no voters: 40564e07931740ff8fd0c2f7f55c621c
I20260709 12:09:18.044662  1911 tablet_bootstrap.cc:492] T 239ac3a39c58451d814c5ef960e09065 P 6c1082a705ec42afa90cbccc82d7dd54: No bootstrap required, opened a new log
I20260709 12:09:18.045090  1911 ts_tablet_manager.cc:1403] T 239ac3a39c58451d814c5ef960e09065 P 6c1082a705ec42afa90cbccc82d7dd54: Time spent bootstrapping tablet: real 0.068s	user 0.005s	sys 0.013s
W20260709 12:09:18.045846  1683 leader_election.cc:343] T 239ac3a39c58451d814c5ef960e09065 P 40564e07931740ff8fd0c2f7f55c621c [CANDIDATE]: Term 1 pre-election: Tablet error from VoteRequest() call to peer 6c1082a705ec42afa90cbccc82d7dd54 (127.0.136.194:45123): Illegal state: must be running to vote when last-logged opid is not known
I20260709 12:09:18.047505  1917 raft_consensus.cc:2804] T 6d0e0f4f91ce4a28b02234e7888b376b P 6c1082a705ec42afa90cbccc82d7dd54 [term 1 FOLLOWER]: Leader election won for term 1
I20260709 12:09:18.048027  1917 raft_consensus.cc:697] T 6d0e0f4f91ce4a28b02234e7888b376b P 6c1082a705ec42afa90cbccc82d7dd54 [term 1 LEADER]: Becoming Leader. State: Replica: 6c1082a705ec42afa90cbccc82d7dd54, State: Running, Role: LEADER
I20260709 12:09:18.047648  1911 raft_consensus.cc:359] T 239ac3a39c58451d814c5ef960e09065 P 6c1082a705ec42afa90cbccc82d7dd54 [term 0 FOLLOWER]: Replica starting. Triggering 0 pending ops. Active config: opid_index: -1 OBSOLETE_local: false peers { permanent_uuid: "40564e07931740ff8fd0c2f7f55c621c" member_type: VOTER last_known_addr { host: "127.0.136.193" port: 44753 } } peers { permanent_uuid: "6c1082a705ec42afa90cbccc82d7dd54" member_type: VOTER last_known_addr { host: "127.0.136.194" port: 45123 } } peers { permanent_uuid: "07feb6c36ad543889568656308b8a3d4" member_type: VOTER last_known_addr { host: "127.0.136.195" port: 39093 } }
I20260709 12:09:18.048554  1911 raft_consensus.cc:385] T 239ac3a39c58451d814c5ef960e09065 P 6c1082a705ec42afa90cbccc82d7dd54 [term 0 FOLLOWER]: Consensus starting up: Expiring failure detector timer to make a prompt election more likely
I20260709 12:09:18.048823  1911 raft_consensus.cc:740] T 239ac3a39c58451d814c5ef960e09065 P 6c1082a705ec42afa90cbccc82d7dd54 [term 0 FOLLOWER]: Becoming Follower/Learner. State: Replica: 6c1082a705ec42afa90cbccc82d7dd54, State: Initialized, Role: FOLLOWER
I20260709 12:09:18.041823  2121 raft_consensus.cc:697] T e14c485dfb0842bab66d3f3c08a0c72d P 07feb6c36ad543889568656308b8a3d4 [term 1 LEADER]: Becoming Leader. State: Replica: 07feb6c36ad543889568656308b8a3d4, State: Running, Role: LEADER
I20260709 12:09:18.050688  2121 consensus_queue.cc:237] T e14c485dfb0842bab66d3f3c08a0c72d P 07feb6c36ad543889568656308b8a3d4 [LEADER]: Queue going to LEADER mode. State: All replicated index: 0, Majority replicated index: 0, Committed index: 0, Last appended: 0.0, Last appended by leader: 0, Current term: 1, Majority size: 2, State: 0, Mode: LEADER, active raft config: opid_index: -1 OBSOLETE_local: false peers { permanent_uuid: "40564e07931740ff8fd0c2f7f55c621c" member_type: VOTER last_known_addr { host: "127.0.136.193" port: 44753 } } peers { permanent_uuid: "6c1082a705ec42afa90cbccc82d7dd54" member_type: VOTER last_known_addr { host: "127.0.136.194" port: 45123 } } peers { permanent_uuid: "07feb6c36ad543889568656308b8a3d4" member_type: VOTER last_known_addr { host: "127.0.136.195" port: 39093 } }
I20260709 12:09:18.051254  1685 leader_election.cc:304] T 239ac3a39c58451d814c5ef960e09065 P 40564e07931740ff8fd0c2f7f55c621c [CANDIDATE]: Term 1 pre-election: Election decided. Result: candidate won. Election summary: received 3 responses out of 3 voters: 2 yes votes; 1 no votes. yes voters: 07feb6c36ad543889568656308b8a3d4, 40564e07931740ff8fd0c2f7f55c621c; no voters: 6c1082a705ec42afa90cbccc82d7dd54
I20260709 12:09:18.052248  2030 raft_consensus.cc:2804] T 239ac3a39c58451d814c5ef960e09065 P 40564e07931740ff8fd0c2f7f55c621c [term 0 FOLLOWER]: Leader pre-election won for term 1
I20260709 12:09:18.052623  2030 raft_consensus.cc:493] T 239ac3a39c58451d814c5ef960e09065 P 40564e07931740ff8fd0c2f7f55c621c [term 0 FOLLOWER]: Starting leader election (no leader contacted us within the election timeout)
I20260709 12:09:18.052938  2030 raft_consensus.cc:3060] T 239ac3a39c58451d814c5ef960e09065 P 40564e07931740ff8fd0c2f7f55c621c [term 0 FOLLOWER]: Advancing to term 1
I20260709 12:09:18.048838  1917 consensus_queue.cc:237] T 6d0e0f4f91ce4a28b02234e7888b376b P 6c1082a705ec42afa90cbccc82d7dd54 [LEADER]: Queue going to LEADER mode. State: All replicated index: 0, Majority replicated index: 0, Committed index: 0, Last appended: 0.0, Last appended by leader: 0, Current term: 1, Majority size: 2, State: 0, Mode: LEADER, active raft config: opid_index: -1 OBSOLETE_local: false peers { permanent_uuid: "40564e07931740ff8fd0c2f7f55c621c" member_type: VOTER last_known_addr { host: "127.0.136.193" port: 44753 } } peers { permanent_uuid: "6c1082a705ec42afa90cbccc82d7dd54" member_type: VOTER last_known_addr { host: "127.0.136.194" port: 45123 } } peers { permanent_uuid: "07feb6c36ad543889568656308b8a3d4" member_type: VOTER last_known_addr { host: "127.0.136.195" port: 39093 } }
I20260709 12:09:18.036907  1909 raft_consensus.cc:359] T 0559029fc65b4ea5b2a959f08880a7b6 P 07feb6c36ad543889568656308b8a3d4 [term 0 FOLLOWER]: Replica starting. Triggering 0 pending ops. Active config: opid_index: -1 OBSOLETE_local: false peers { permanent_uuid: "40564e07931740ff8fd0c2f7f55c621c" member_type: VOTER last_known_addr { host: "127.0.136.193" port: 44753 } } peers { permanent_uuid: "6c1082a705ec42afa90cbccc82d7dd54" member_type: VOTER last_known_addr { host: "127.0.136.194" port: 45123 } } peers { permanent_uuid: "07feb6c36ad543889568656308b8a3d4" member_type: VOTER last_known_addr { host: "127.0.136.195" port: 39093 } }
I20260709 12:09:18.073184  1909 raft_consensus.cc:385] T 0559029fc65b4ea5b2a959f08880a7b6 P 07feb6c36ad543889568656308b8a3d4 [term 0 FOLLOWER]: Consensus starting up: Expiring failure detector timer to make a prompt election more likely
I20260709 12:09:18.032243  2175 consensus_queue.cc:1048] T 8f37a0f202b948879e1208365129ac39 P 07feb6c36ad543889568656308b8a3d4 [LEADER]: Connected to new peer: Peer: permanent_uuid: "40564e07931740ff8fd0c2f7f55c621c" member_type: VOTER last_known_addr { host: "127.0.136.193" port: 44753 }, Status: LMP_MISMATCH, Last received: 0.0, Next index: 1, Last known committed idx: 0, Time since last communication: 0.002s
I20260709 12:09:18.073787  1909 raft_consensus.cc:740] T 0559029fc65b4ea5b2a959f08880a7b6 P 07feb6c36ad543889568656308b8a3d4 [term 0 FOLLOWER]: Becoming Follower/Learner. State: Replica: 07feb6c36ad543889568656308b8a3d4, State: Initialized, Role: FOLLOWER
I20260709 12:09:18.037243  1791 raft_consensus.cc:2468] T e14c485dfb0842bab66d3f3c08a0c72d P 6c1082a705ec42afa90cbccc82d7dd54 [term 1 FOLLOWER]: Leader election vote request: Granting yes vote for candidate 07feb6c36ad543889568656308b8a3d4 in term 1.
I20260709 12:09:18.037770  1992 leader_election.cc:290] T 239ac3a39c58451d814c5ef960e09065 P 40564e07931740ff8fd0c2f7f55c621c [CANDIDATE]: Term 1 pre-election: Requested pre-vote from peers 6c1082a705ec42afa90cbccc82d7dd54 (127.0.136.194:45123), 07feb6c36ad543889568656308b8a3d4 (127.0.136.195:39093)
I20260709 12:09:18.074251  2030 raft_consensus.cc:515] T 239ac3a39c58451d814c5ef960e09065 P 40564e07931740ff8fd0c2f7f55c621c [term 1 FOLLOWER]: Starting leader election with config: opid_index: -1 OBSOLETE_local: false peers { permanent_uuid: "40564e07931740ff8fd0c2f7f55c621c" member_type: VOTER last_known_addr { host: "127.0.136.193" port: 44753 } } peers { permanent_uuid: "6c1082a705ec42afa90cbccc82d7dd54" member_type: VOTER last_known_addr { host: "127.0.136.194" port: 45123 } } peers { permanent_uuid: "07feb6c36ad543889568656308b8a3d4" member_type: VOTER last_known_addr { host: "127.0.136.195" port: 39093 } }
I20260709 12:09:18.076886  2081 raft_consensus.cc:493] T a7d8f6eacb254549b0390717bf76105b P 6c1082a705ec42afa90cbccc82d7dd54 [term 0 FOLLOWER]: Starting pre-election (no leader contacted us within the election timeout)
I20260709 12:09:18.105046  2081 raft_consensus.cc:515] T a7d8f6eacb254549b0390717bf76105b P 6c1082a705ec42afa90cbccc82d7dd54 [term 0 FOLLOWER]: Starting pre-election with config: opid_index: -1 OBSOLETE_local: false peers { permanent_uuid: "40564e07931740ff8fd0c2f7f55c621c" member_type: VOTER last_known_addr { host: "127.0.136.193" port: 44753 } } peers { permanent_uuid: "6c1082a705ec42afa90cbccc82d7dd54" member_type: VOTER last_known_addr { host: "127.0.136.194" port: 45123 } } peers { permanent_uuid: "07feb6c36ad543889568656308b8a3d4" member_type: VOTER last_known_addr { host: "127.0.136.195" port: 39093 } }
I20260709 12:09:18.107851  2081 leader_election.cc:290] T a7d8f6eacb254549b0390717bf76105b P 6c1082a705ec42afa90cbccc82d7dd54 [CANDIDATE]: Term 1 pre-election: Requested pre-vote from peers 40564e07931740ff8fd0c2f7f55c621c (127.0.136.193:44753), 07feb6c36ad543889568656308b8a3d4 (127.0.136.195:39093)
I20260709 12:09:18.077903  1911 consensus_queue.cc:260] T 239ac3a39c58451d814c5ef960e09065 P 6c1082a705ec42afa90cbccc82d7dd54 [NON_LEADER]: Queue going to NON_LEADER mode. State: All replicated index: 0, Majority replicated index: 0, Committed index: 0, Last appended: 0.0, Last appended by leader: 0, Current term: 0, Majority size: -1, State: 0, Mode: NON_LEADER, active raft config: opid_index: -1 OBSOLETE_local: false peers { permanent_uuid: "40564e07931740ff8fd0c2f7f55c621c" member_type: VOTER last_known_addr { host: "127.0.136.193" port: 44753 } } peers { permanent_uuid: "6c1082a705ec42afa90cbccc82d7dd54" member_type: VOTER last_known_addr { host: "127.0.136.194" port: 45123 } } peers { permanent_uuid: "07feb6c36ad543889568656308b8a3d4" member_type: VOTER last_known_addr { host: "127.0.136.195" port: 39093 } }
I20260709 12:09:18.104022  2030 leader_election.cc:290] T 239ac3a39c58451d814c5ef960e09065 P 40564e07931740ff8fd0c2f7f55c621c [CANDIDATE]: Term 1 election: Requested vote from peers 6c1082a705ec42afa90cbccc82d7dd54 (127.0.136.194:45123), 07feb6c36ad543889568656308b8a3d4 (127.0.136.195:39093)
I20260709 12:09:18.102789  1909 consensus_queue.cc:260] T 0559029fc65b4ea5b2a959f08880a7b6 P 07feb6c36ad543889568656308b8a3d4 [NON_LEADER]: Queue going to NON_LEADER mode. State: All replicated index: 0, Majority replicated index: 0, Committed index: 0, Last appended: 0.0, Last appended by leader: 0, Current term: 0, Majority size: -1, State: 0, Mode: NON_LEADER, active raft config: opid_index: -1 OBSOLETE_local: false peers { permanent_uuid: "40564e07931740ff8fd0c2f7f55c621c" member_type: VOTER last_known_addr { host: "127.0.136.193" port: 44753 } } peers { permanent_uuid: "6c1082a705ec42afa90cbccc82d7dd54" member_type: VOTER last_known_addr { host: "127.0.136.194" port: 45123 } } peers { permanent_uuid: "07feb6c36ad543889568656308b8a3d4" member_type: VOTER last_known_addr { host: "127.0.136.195" port: 39093 } }
I20260709 12:09:18.111541  1909 ts_tablet_manager.cc:1434] T 0559029fc65b4ea5b2a959f08880a7b6 P 07feb6c36ad543889568656308b8a3d4: Time spent starting tablet: real 0.080s	user 0.004s	sys 0.004s
I20260709 12:09:18.111753  1718 tablet_service.cc:1917] Received RequestConsensusVote() RPC: tablet_id: "a7d8f6eacb254549b0390717bf76105b" candidate_uuid: "6c1082a705ec42afa90cbccc82d7dd54" candidate_term: 1 candidate_status { last_received { term: 0 index: 0 } } ignore_live_leader: false dest_uuid: "40564e07931740ff8fd0c2f7f55c621c" is_pre_election: true
I20260709 12:09:18.112512  1911 ts_tablet_manager.cc:1434] T 239ac3a39c58451d814c5ef960e09065 P 6c1082a705ec42afa90cbccc82d7dd54: Time spent starting tablet: real 0.067s	user 0.010s	sys 0.001s
I20260709 12:09:18.113734  1718 raft_consensus.cc:2468] T a7d8f6eacb254549b0390717bf76105b P 40564e07931740ff8fd0c2f7f55c621c [term 0 FOLLOWER]: Leader pre-election vote request: Granting yes vote for candidate 6c1082a705ec42afa90cbccc82d7dd54 in term 0.
I20260709 12:09:18.115913  1911 tablet_bootstrap.cc:492] T a21de03889d34190834832730640ead7 P 6c1082a705ec42afa90cbccc82d7dd54: Bootstrap starting.
I20260709 12:09:18.114264  1863 tablet_service.cc:1917] Received RequestConsensusVote() RPC: tablet_id: "a7d8f6eacb254549b0390717bf76105b" candidate_uuid: "6c1082a705ec42afa90cbccc82d7dd54" candidate_term: 1 candidate_status { last_received { term: 0 index: 0 } } ignore_live_leader: false dest_uuid: "07feb6c36ad543889568656308b8a3d4" is_pre_election: true
I20260709 12:09:18.116835  1863 raft_consensus.cc:2468] T a7d8f6eacb254549b0390717bf76105b P 07feb6c36ad543889568656308b8a3d4 [term 0 FOLLOWER]: Leader pre-election vote request: Granting yes vote for candidate 6c1082a705ec42afa90cbccc82d7dd54 in term 0.
I20260709 12:09:18.117532  1910 tablet_bootstrap.cc:492] T 349fa21dc9544a17a990055f8cade3cb P 40564e07931740ff8fd0c2f7f55c621c: No bootstrap required, opened a new log
I20260709 12:09:18.116140  1760 leader_election.cc:304] T a7d8f6eacb254549b0390717bf76105b P 6c1082a705ec42afa90cbccc82d7dd54 [CANDIDATE]: Term 1 pre-election: Election decided. Result: candidate won. Election summary: received 2 responses out of 3 voters: 2 yes votes; 0 no votes. yes voters: 40564e07931740ff8fd0c2f7f55c621c, 6c1082a705ec42afa90cbccc82d7dd54; no voters: 
I20260709 12:09:18.117992  1910 ts_tablet_manager.cc:1403] T 349fa21dc9544a17a990055f8cade3cb P 40564e07931740ff8fd0c2f7f55c621c: Time spent bootstrapping tablet: real 0.133s	user 0.039s	sys 0.037s
I20260709 12:09:18.118927  2081 raft_consensus.cc:2804] T a7d8f6eacb254549b0390717bf76105b P 6c1082a705ec42afa90cbccc82d7dd54 [term 0 FOLLOWER]: Leader pre-election won for term 1
I20260709 12:09:18.119506  2081 raft_consensus.cc:493] T a7d8f6eacb254549b0390717bf76105b P 6c1082a705ec42afa90cbccc82d7dd54 [term 0 FOLLOWER]: Starting leader election (no leader contacted us within the election timeout)
I20260709 12:09:18.119895  2081 raft_consensus.cc:3060] T a7d8f6eacb254549b0390717bf76105b P 6c1082a705ec42afa90cbccc82d7dd54 [term 0 FOLLOWER]: Advancing to term 1
I20260709 12:09:18.121104  1791 tablet_service.cc:1917] Received RequestConsensusVote() RPC: tablet_id: "239ac3a39c58451d814c5ef960e09065" candidate_uuid: "40564e07931740ff8fd0c2f7f55c621c" candidate_term: 1 candidate_status { last_received { term: 0 index: 0 } } ignore_live_leader: false dest_uuid: "6c1082a705ec42afa90cbccc82d7dd54"
I20260709 12:09:18.114697  1909 tablet_bootstrap.cc:492] T 4cec4a4a44b647a0ab51dc9ee372a21d P 07feb6c36ad543889568656308b8a3d4: Bootstrap starting.
I20260709 12:09:18.125778  1791 raft_consensus.cc:3060] T 239ac3a39c58451d814c5ef960e09065 P 6c1082a705ec42afa90cbccc82d7dd54 [term 0 FOLLOWER]: Advancing to term 1
I20260709 12:09:18.125694  2025 consensus_queue.cc:1048] T 8f37a0f202b948879e1208365129ac39 P 07feb6c36ad543889568656308b8a3d4 [LEADER]: Connected to new peer: Peer: permanent_uuid: "6c1082a705ec42afa90cbccc82d7dd54" member_type: VOTER last_known_addr { host: "127.0.136.194" port: 45123 }, Status: LMP_MISMATCH, Last received: 0.0, Next index: 1, Last known committed idx: 0, Time since last communication: 0.001s
I20260709 12:09:18.128679  1863 tablet_service.cc:1917] Received RequestConsensusVote() RPC: tablet_id: "239ac3a39c58451d814c5ef960e09065" candidate_uuid: "40564e07931740ff8fd0c2f7f55c621c" candidate_term: 1 candidate_status { last_received { term: 0 index: 0 } } ignore_live_leader: false dest_uuid: "07feb6c36ad543889568656308b8a3d4"
I20260709 12:09:18.129333  1863 raft_consensus.cc:3060] T 239ac3a39c58451d814c5ef960e09065 P 07feb6c36ad543889568656308b8a3d4 [term 0 FOLLOWER]: Advancing to term 1
I20260709 12:09:18.120913  1910 raft_consensus.cc:359] T 349fa21dc9544a17a990055f8cade3cb P 40564e07931740ff8fd0c2f7f55c621c [term 0 FOLLOWER]: Replica starting. Triggering 0 pending ops. Active config: opid_index: -1 OBSOLETE_local: false peers { permanent_uuid: "40564e07931740ff8fd0c2f7f55c621c" member_type: VOTER last_known_addr { host: "127.0.136.193" port: 44753 } } peers { permanent_uuid: "6c1082a705ec42afa90cbccc82d7dd54" member_type: VOTER last_known_addr { host: "127.0.136.194" port: 45123 } } peers { permanent_uuid: "07feb6c36ad543889568656308b8a3d4" member_type: VOTER last_known_addr { host: "127.0.136.195" port: 39093 } }
I20260709 12:09:18.133205  1910 raft_consensus.cc:385] T 349fa21dc9544a17a990055f8cade3cb P 40564e07931740ff8fd0c2f7f55c621c [term 0 FOLLOWER]: Consensus starting up: Expiring failure detector timer to make a prompt election more likely
I20260709 12:09:18.133709  1910 raft_consensus.cc:740] T 349fa21dc9544a17a990055f8cade3cb P 40564e07931740ff8fd0c2f7f55c621c [term 0 FOLLOWER]: Becoming Follower/Learner. State: Replica: 40564e07931740ff8fd0c2f7f55c621c, State: Initialized, Role: FOLLOWER
I20260709 12:09:18.134749  1910 consensus_queue.cc:260] T 349fa21dc9544a17a990055f8cade3cb P 40564e07931740ff8fd0c2f7f55c621c [NON_LEADER]: Queue going to NON_LEADER mode. State: All replicated index: 0, Majority replicated index: 0, Committed index: 0, Last appended: 0.0, Last appended by leader: 0, Current term: 0, Majority size: -1, State: 0, Mode: NON_LEADER, active raft config: opid_index: -1 OBSOLETE_local: false peers { permanent_uuid: "40564e07931740ff8fd0c2f7f55c621c" member_type: VOTER last_known_addr { host: "127.0.136.193" port: 44753 } } peers { permanent_uuid: "6c1082a705ec42afa90cbccc82d7dd54" member_type: VOTER last_known_addr { host: "127.0.136.194" port: 45123 } } peers { permanent_uuid: "07feb6c36ad543889568656308b8a3d4" member_type: VOTER last_known_addr { host: "127.0.136.195" port: 39093 } }
I20260709 12:09:18.121301  1615 catalog_manager.cc:5697] T 6d0e0f4f91ce4a28b02234e7888b376b P 6c1082a705ec42afa90cbccc82d7dd54 reported cstate change: term changed from 0 to 1, leader changed from <none> to 6c1082a705ec42afa90cbccc82d7dd54 (127.0.136.194). New cstate: current_term: 1 leader_uuid: "6c1082a705ec42afa90cbccc82d7dd54" committed_config { opid_index: -1 OBSOLETE_local: false peers { permanent_uuid: "40564e07931740ff8fd0c2f7f55c621c" member_type: VOTER last_known_addr { host: "127.0.136.193" port: 44753 } health_report { overall_health: UNKNOWN } } peers { permanent_uuid: "6c1082a705ec42afa90cbccc82d7dd54" member_type: VOTER last_known_addr { host: "127.0.136.194" port: 45123 } health_report { overall_health: HEALTHY } } peers { permanent_uuid: "07feb6c36ad543889568656308b8a3d4" member_type: VOTER last_known_addr { host: "127.0.136.195" port: 39093 } health_report { overall_health: UNKNOWN } } }
I20260709 12:09:18.143258  1992 raft_consensus.cc:493] T 595da8c64d6244c486f6ba2891020c7e P 40564e07931740ff8fd0c2f7f55c621c [term 0 FOLLOWER]: Starting pre-election (no leader contacted us within the election timeout)
I20260709 12:09:18.144253  1992 raft_consensus.cc:515] T 595da8c64d6244c486f6ba2891020c7e P 40564e07931740ff8fd0c2f7f55c621c [term 0 FOLLOWER]: Starting pre-election with config: opid_index: -1 OBSOLETE_local: false peers { permanent_uuid: "40564e07931740ff8fd0c2f7f55c621c" member_type: VOTER last_known_addr { host: "127.0.136.193" port: 44753 } } peers { permanent_uuid: "6c1082a705ec42afa90cbccc82d7dd54" member_type: VOTER last_known_addr { host: "127.0.136.194" port: 45123 } } peers { permanent_uuid: "07feb6c36ad543889568656308b8a3d4" member_type: VOTER last_known_addr { host: "127.0.136.195" port: 39093 } }
I20260709 12:09:18.147310  1992 leader_election.cc:290] T 595da8c64d6244c486f6ba2891020c7e P 40564e07931740ff8fd0c2f7f55c621c [CANDIDATE]: Term 1 pre-election: Requested pre-vote from peers 6c1082a705ec42afa90cbccc82d7dd54 (127.0.136.194:45123), 07feb6c36ad543889568656308b8a3d4 (127.0.136.195:39093)
I20260709 12:09:18.147848  1791 raft_consensus.cc:2468] T 239ac3a39c58451d814c5ef960e09065 P 6c1082a705ec42afa90cbccc82d7dd54 [term 1 FOLLOWER]: Leader election vote request: Granting yes vote for candidate 40564e07931740ff8fd0c2f7f55c621c in term 1.
I20260709 12:09:18.148618  1910 ts_tablet_manager.cc:1434] T 349fa21dc9544a17a990055f8cade3cb P 40564e07931740ff8fd0c2f7f55c621c: Time spent starting tablet: real 0.030s	user 0.007s	sys 0.000s
I20260709 12:09:18.149582  2030 raft_consensus.cc:493] T 349fa21dc9544a17a990055f8cade3cb P 40564e07931740ff8fd0c2f7f55c621c [term 0 FOLLOWER]: Starting pre-election (no leader contacted us within the election timeout)
I20260709 12:09:18.154754  1910 tablet_bootstrap.cc:492] T 4cec4a4a44b647a0ab51dc9ee372a21d P 40564e07931740ff8fd0c2f7f55c621c: Bootstrap starting.
I20260709 12:09:18.155687  2030 raft_consensus.cc:515] T 349fa21dc9544a17a990055f8cade3cb P 40564e07931740ff8fd0c2f7f55c621c [term 0 FOLLOWER]: Starting pre-election with config: opid_index: -1 OBSOLETE_local: false peers { permanent_uuid: "40564e07931740ff8fd0c2f7f55c621c" member_type: VOTER last_known_addr { host: "127.0.136.193" port: 44753 } } peers { permanent_uuid: "6c1082a705ec42afa90cbccc82d7dd54" member_type: VOTER last_known_addr { host: "127.0.136.194" port: 45123 } } peers { permanent_uuid: "07feb6c36ad543889568656308b8a3d4" member_type: VOTER last_known_addr { host: "127.0.136.195" port: 39093 } }
I20260709 12:09:18.159299  2030 leader_election.cc:290] T 349fa21dc9544a17a990055f8cade3cb P 40564e07931740ff8fd0c2f7f55c621c [CANDIDATE]: Term 1 pre-election: Requested pre-vote from peers 6c1082a705ec42afa90cbccc82d7dd54 (127.0.136.194:45123), 07feb6c36ad543889568656308b8a3d4 (127.0.136.195:39093)
I20260709 12:09:18.160976  1909 tablet_bootstrap.cc:654] T 4cec4a4a44b647a0ab51dc9ee372a21d P 07feb6c36ad543889568656308b8a3d4: Neither blocks nor log segments found. Creating new log.
I20260709 12:09:18.159857  1866 tablet_service.cc:1917] Received RequestConsensusVote() RPC: tablet_id: "595da8c64d6244c486f6ba2891020c7e" candidate_uuid: "40564e07931740ff8fd0c2f7f55c621c" candidate_term: 1 candidate_status { last_received { term: 0 index: 0 } } ignore_live_leader: false dest_uuid: "07feb6c36ad543889568656308b8a3d4" is_pre_election: true
I20260709 12:09:18.163022  1911 tablet_bootstrap.cc:654] T a21de03889d34190834832730640ead7 P 6c1082a705ec42afa90cbccc82d7dd54: Neither blocks nor log segments found. Creating new log.
I20260709 12:09:18.167301  1865 tablet_service.cc:1917] Received RequestConsensusVote() RPC: tablet_id: "349fa21dc9544a17a990055f8cade3cb" candidate_uuid: "40564e07931740ff8fd0c2f7f55c621c" candidate_term: 1 candidate_status { last_received { term: 0 index: 0 } } ignore_live_leader: false dest_uuid: "07feb6c36ad543889568656308b8a3d4" is_pre_election: true
I20260709 12:09:18.168169  1865 raft_consensus.cc:2468] T 349fa21dc9544a17a990055f8cade3cb P 07feb6c36ad543889568656308b8a3d4 [term 0 FOLLOWER]: Leader pre-election vote request: Granting yes vote for candidate 40564e07931740ff8fd0c2f7f55c621c in term 0.
I20260709 12:09:18.168044  2081 raft_consensus.cc:515] T a7d8f6eacb254549b0390717bf76105b P 6c1082a705ec42afa90cbccc82d7dd54 [term 1 FOLLOWER]: Starting leader election with config: opid_index: -1 OBSOLETE_local: false peers { permanent_uuid: "40564e07931740ff8fd0c2f7f55c621c" member_type: VOTER last_known_addr { host: "127.0.136.193" port: 44753 } } peers { permanent_uuid: "6c1082a705ec42afa90cbccc82d7dd54" member_type: VOTER last_known_addr { host: "127.0.136.194" port: 45123 } } peers { permanent_uuid: "07feb6c36ad543889568656308b8a3d4" member_type: VOTER last_known_addr { host: "127.0.136.195" port: 39093 } }
I20260709 12:09:18.168392  1790 tablet_service.cc:1917] Received RequestConsensusVote() RPC: tablet_id: "349fa21dc9544a17a990055f8cade3cb" candidate_uuid: "40564e07931740ff8fd0c2f7f55c621c" candidate_term: 1 candidate_status { last_received { term: 0 index: 0 } } ignore_live_leader: false dest_uuid: "6c1082a705ec42afa90cbccc82d7dd54" is_pre_election: true
I20260709 12:09:18.169011  1790 raft_consensus.cc:2468] T 349fa21dc9544a17a990055f8cade3cb P 6c1082a705ec42afa90cbccc82d7dd54 [term 0 FOLLOWER]: Leader pre-election vote request: Granting yes vote for candidate 40564e07931740ff8fd0c2f7f55c621c in term 0.
I20260709 12:09:18.169477  1685 leader_election.cc:304] T 349fa21dc9544a17a990055f8cade3cb P 40564e07931740ff8fd0c2f7f55c621c [CANDIDATE]: Term 1 pre-election: Election decided. Result: candidate won. Election summary: received 2 responses out of 3 voters: 2 yes votes; 0 no votes. yes voters: 07feb6c36ad543889568656308b8a3d4, 40564e07931740ff8fd0c2f7f55c621c; no voters: 
I20260709 12:09:18.169701  1795 tablet_service.cc:1917] Received RequestConsensusVote() RPC: tablet_id: "595da8c64d6244c486f6ba2891020c7e" candidate_uuid: "40564e07931740ff8fd0c2f7f55c621c" candidate_term: 1 candidate_status { last_received { term: 0 index: 0 } } ignore_live_leader: false dest_uuid: "6c1082a705ec42afa90cbccc82d7dd54" is_pre_election: true
I20260709 12:09:18.170267  2030 raft_consensus.cc:2804] T 349fa21dc9544a17a990055f8cade3cb P 40564e07931740ff8fd0c2f7f55c621c [term 0 FOLLOWER]: Leader pre-election won for term 1
I20260709 12:09:18.170653  2030 raft_consensus.cc:493] T 349fa21dc9544a17a990055f8cade3cb P 40564e07931740ff8fd0c2f7f55c621c [term 0 FOLLOWER]: Starting leader election (no leader contacted us within the election timeout)
I20260709 12:09:18.161868  1866 raft_consensus.cc:2468] T 595da8c64d6244c486f6ba2891020c7e P 07feb6c36ad543889568656308b8a3d4 [term 0 FOLLOWER]: Leader pre-election vote request: Granting yes vote for candidate 40564e07931740ff8fd0c2f7f55c621c in term 0.
I20260709 12:09:18.174199  1683 leader_election.cc:304] T 239ac3a39c58451d814c5ef960e09065 P 40564e07931740ff8fd0c2f7f55c621c [CANDIDATE]: Term 1 election: Election decided. Result: candidate won. Election summary: received 2 responses out of 3 voters: 2 yes votes; 0 no votes. yes voters: 40564e07931740ff8fd0c2f7f55c621c, 6c1082a705ec42afa90cbccc82d7dd54; no voters: 
I20260709 12:09:18.170997  2030 raft_consensus.cc:3060] T 349fa21dc9544a17a990055f8cade3cb P 40564e07931740ff8fd0c2f7f55c621c [term 0 FOLLOWER]: Advancing to term 1
I20260709 12:09:18.178148  1992 raft_consensus.cc:2804] T 239ac3a39c58451d814c5ef960e09065 P 40564e07931740ff8fd0c2f7f55c621c [term 1 FOLLOWER]: Leader election won for term 1
I20260709 12:09:18.178675  1992 raft_consensus.cc:697] T 239ac3a39c58451d814c5ef960e09065 P 40564e07931740ff8fd0c2f7f55c621c [term 1 LEADER]: Becoming Leader. State: Replica: 40564e07931740ff8fd0c2f7f55c621c, State: Running, Role: LEADER
I20260709 12:09:18.179545  1992 consensus_queue.cc:237] T 239ac3a39c58451d814c5ef960e09065 P 40564e07931740ff8fd0c2f7f55c621c [LEADER]: Queue going to LEADER mode. State: All replicated index: 0, Majority replicated index: 0, Committed index: 0, Last appended: 0.0, Last appended by leader: 0, Current term: 1, Majority size: 2, State: 0, Mode: LEADER, active raft config: opid_index: -1 OBSOLETE_local: false peers { permanent_uuid: "40564e07931740ff8fd0c2f7f55c621c" member_type: VOTER last_known_addr { host: "127.0.136.193" port: 44753 } } peers { permanent_uuid: "6c1082a705ec42afa90cbccc82d7dd54" member_type: VOTER last_known_addr { host: "127.0.136.194" port: 45123 } } peers { permanent_uuid: "07feb6c36ad543889568656308b8a3d4" member_type: VOTER last_known_addr { host: "127.0.136.195" port: 39093 } }
I20260709 12:09:18.185318  1720 tablet_service.cc:1917] Received RequestConsensusVote() RPC: tablet_id: "a7d8f6eacb254549b0390717bf76105b" candidate_uuid: "6c1082a705ec42afa90cbccc82d7dd54" candidate_term: 1 candidate_status { last_received { term: 0 index: 0 } } ignore_live_leader: false dest_uuid: "40564e07931740ff8fd0c2f7f55c621c"
I20260709 12:09:18.185951  1720 raft_consensus.cc:3060] T a7d8f6eacb254549b0390717bf76105b P 40564e07931740ff8fd0c2f7f55c621c [term 0 FOLLOWER]: Advancing to term 1
I20260709 12:09:18.187942  1863 raft_consensus.cc:2468] T 239ac3a39c58451d814c5ef960e09065 P 07feb6c36ad543889568656308b8a3d4 [term 1 FOLLOWER]: Leader election vote request: Granting yes vote for candidate 40564e07931740ff8fd0c2f7f55c621c in term 1.
I20260709 12:09:18.191831  1685 leader_election.cc:304] T 595da8c64d6244c486f6ba2891020c7e P 40564e07931740ff8fd0c2f7f55c621c [CANDIDATE]: Term 1 pre-election: Election decided. Result: candidate won. Election summary: received 2 responses out of 3 voters: 2 yes votes; 0 no votes. yes voters: 07feb6c36ad543889568656308b8a3d4, 40564e07931740ff8fd0c2f7f55c621c; no voters: 
I20260709 12:09:18.188103  2081 leader_election.cc:290] T a7d8f6eacb254549b0390717bf76105b P 6c1082a705ec42afa90cbccc82d7dd54 [CANDIDATE]: Term 1 election: Requested vote from peers 40564e07931740ff8fd0c2f7f55c621c (127.0.136.193:44753), 07feb6c36ad543889568656308b8a3d4 (127.0.136.195:39093)
I20260709 12:09:18.194958  2028 raft_consensus.cc:2804] T 595da8c64d6244c486f6ba2891020c7e P 40564e07931740ff8fd0c2f7f55c621c [term 0 FOLLOWER]: Leader pre-election won for term 1
I20260709 12:09:18.195349  2028 raft_consensus.cc:493] T 595da8c64d6244c486f6ba2891020c7e P 40564e07931740ff8fd0c2f7f55c621c [term 0 FOLLOWER]: Starting leader election (no leader contacted us within the election timeout)
I20260709 12:09:18.195683  2028 raft_consensus.cc:3060] T 595da8c64d6244c486f6ba2891020c7e P 40564e07931740ff8fd0c2f7f55c621c [term 0 FOLLOWER]: Advancing to term 1
I20260709 12:09:18.195416  2030 raft_consensus.cc:515] T 349fa21dc9544a17a990055f8cade3cb P 40564e07931740ff8fd0c2f7f55c621c [term 1 FOLLOWER]: Starting leader election with config: opid_index: -1 OBSOLETE_local: false peers { permanent_uuid: "40564e07931740ff8fd0c2f7f55c621c" member_type: VOTER last_known_addr { host: "127.0.136.193" port: 44753 } } peers { permanent_uuid: "6c1082a705ec42afa90cbccc82d7dd54" member_type: VOTER last_known_addr { host: "127.0.136.194" port: 45123 } } peers { permanent_uuid: "07feb6c36ad543889568656308b8a3d4" member_type: VOTER last_known_addr { host: "127.0.136.195" port: 39093 } }
I20260709 12:09:18.195981  1866 tablet_service.cc:1917] Received RequestConsensusVote() RPC: tablet_id: "a7d8f6eacb254549b0390717bf76105b" candidate_uuid: "6c1082a705ec42afa90cbccc82d7dd54" candidate_term: 1 candidate_status { last_received { term: 0 index: 0 } } ignore_live_leader: false dest_uuid: "07feb6c36ad543889568656308b8a3d4"
I20260709 12:09:18.196568  1866 raft_consensus.cc:3060] T a7d8f6eacb254549b0390717bf76105b P 07feb6c36ad543889568656308b8a3d4 [term 0 FOLLOWER]: Advancing to term 1
I20260709 12:09:18.197512  2030 leader_election.cc:290] T 349fa21dc9544a17a990055f8cade3cb P 40564e07931740ff8fd0c2f7f55c621c [CANDIDATE]: Term 1 election: Requested vote from peers 6c1082a705ec42afa90cbccc82d7dd54 (127.0.136.194:45123), 07feb6c36ad543889568656308b8a3d4 (127.0.136.195:39093)
I20260709 12:09:18.210491  1863 tablet_service.cc:1917] Received RequestConsensusVote() RPC: tablet_id: "349fa21dc9544a17a990055f8cade3cb" candidate_uuid: "40564e07931740ff8fd0c2f7f55c621c" candidate_term: 1 candidate_status { last_received { term: 0 index: 0 } } ignore_live_leader: false dest_uuid: "07feb6c36ad543889568656308b8a3d4"
I20260709 12:09:18.211113  1863 raft_consensus.cc:3060] T 349fa21dc9544a17a990055f8cade3cb P 07feb6c36ad543889568656308b8a3d4 [term 0 FOLLOWER]: Advancing to term 1
I20260709 12:09:18.212724  1720 raft_consensus.cc:2468] T a7d8f6eacb254549b0390717bf76105b P 40564e07931740ff8fd0c2f7f55c621c [term 1 FOLLOWER]: Leader election vote request: Granting yes vote for candidate 6c1082a705ec42afa90cbccc82d7dd54 in term 1.
I20260709 12:09:18.215353  1760 leader_election.cc:304] T a7d8f6eacb254549b0390717bf76105b P 6c1082a705ec42afa90cbccc82d7dd54 [CANDIDATE]: Term 1 election: Election decided. Result: candidate won. Election summary: received 2 responses out of 3 voters: 2 yes votes; 0 no votes. yes voters: 40564e07931740ff8fd0c2f7f55c621c, 6c1082a705ec42afa90cbccc82d7dd54; no voters: 
I20260709 12:09:18.219401  1909 tablet_bootstrap.cc:492] T 4cec4a4a44b647a0ab51dc9ee372a21d P 07feb6c36ad543889568656308b8a3d4: No bootstrap required, opened a new log
I20260709 12:09:18.219831  1909 ts_tablet_manager.cc:1403] T 4cec4a4a44b647a0ab51dc9ee372a21d P 07feb6c36ad543889568656308b8a3d4: Time spent bootstrapping tablet: real 0.105s	user 0.009s	sys 0.002s
I20260709 12:09:18.220577  1911 tablet_bootstrap.cc:492] T a21de03889d34190834832730640ead7 P 6c1082a705ec42afa90cbccc82d7dd54: No bootstrap required, opened a new log
I20260709 12:09:18.222291  1911 ts_tablet_manager.cc:1403] T a21de03889d34190834832730640ead7 P 6c1082a705ec42afa90cbccc82d7dd54: Time spent bootstrapping tablet: real 0.107s	user 0.010s	sys 0.015s
I20260709 12:09:18.224288  1615 catalog_manager.cc:5697] T e14c485dfb0842bab66d3f3c08a0c72d P 07feb6c36ad543889568656308b8a3d4 reported cstate change: term changed from 0 to 1, leader changed from <none> to 07feb6c36ad543889568656308b8a3d4 (127.0.136.195). New cstate: current_term: 1 leader_uuid: "07feb6c36ad543889568656308b8a3d4" committed_config { opid_index: -1 OBSOLETE_local: false peers { permanent_uuid: "40564e07931740ff8fd0c2f7f55c621c" member_type: VOTER last_known_addr { host: "127.0.136.193" port: 44753 } health_report { overall_health: UNKNOWN } } peers { permanent_uuid: "6c1082a705ec42afa90cbccc82d7dd54" member_type: VOTER last_known_addr { host: "127.0.136.194" port: 45123 } health_report { overall_health: UNKNOWN } } peers { permanent_uuid: "07feb6c36ad543889568656308b8a3d4" member_type: VOTER last_known_addr { host: "127.0.136.195" port: 39093 } health_report { overall_health: HEALTHY } } }
I20260709 12:09:18.226637  1909 raft_consensus.cc:359] T 4cec4a4a44b647a0ab51dc9ee372a21d P 07feb6c36ad543889568656308b8a3d4 [term 0 FOLLOWER]: Replica starting. Triggering 0 pending ops. Active config: opid_index: -1 OBSOLETE_local: false peers { permanent_uuid: "40564e07931740ff8fd0c2f7f55c621c" member_type: VOTER last_known_addr { host: "127.0.136.193" port: 44753 } } peers { permanent_uuid: "6c1082a705ec42afa90cbccc82d7dd54" member_type: VOTER last_known_addr { host: "127.0.136.194" port: 45123 } } peers { permanent_uuid: "07feb6c36ad543889568656308b8a3d4" member_type: VOTER last_known_addr { host: "127.0.136.195" port: 39093 } }
I20260709 12:09:18.227162  1909 raft_consensus.cc:385] T 4cec4a4a44b647a0ab51dc9ee372a21d P 07feb6c36ad543889568656308b8a3d4 [term 0 FOLLOWER]: Consensus starting up: Expiring failure detector timer to make a prompt election more likely
I20260709 12:09:18.227447  1909 raft_consensus.cc:740] T 4cec4a4a44b647a0ab51dc9ee372a21d P 07feb6c36ad543889568656308b8a3d4 [term 0 FOLLOWER]: Becoming Follower/Learner. State: Replica: 07feb6c36ad543889568656308b8a3d4, State: Initialized, Role: FOLLOWER
I20260709 12:09:18.222689  1917 raft_consensus.cc:2804] T a7d8f6eacb254549b0390717bf76105b P 6c1082a705ec42afa90cbccc82d7dd54 [term 1 FOLLOWER]: Leader election won for term 1
I20260709 12:09:18.228037  1909 consensus_queue.cc:260] T 4cec4a4a44b647a0ab51dc9ee372a21d P 07feb6c36ad543889568656308b8a3d4 [NON_LEADER]: Queue going to NON_LEADER mode. State: All replicated index: 0, Majority replicated index: 0, Committed index: 0, Last appended: 0.0, Last appended by leader: 0, Current term: 0, Majority size: -1, State: 0, Mode: NON_LEADER, active raft config: opid_index: -1 OBSOLETE_local: false peers { permanent_uuid: "40564e07931740ff8fd0c2f7f55c621c" member_type: VOTER last_known_addr { host: "127.0.136.193" port: 44753 } } peers { permanent_uuid: "6c1082a705ec42afa90cbccc82d7dd54" member_type: VOTER last_known_addr { host: "127.0.136.194" port: 45123 } } peers { permanent_uuid: "07feb6c36ad543889568656308b8a3d4" member_type: VOTER last_known_addr { host: "127.0.136.195" port: 39093 } }
I20260709 12:09:18.243398  1909 ts_tablet_manager.cc:1434] T 4cec4a4a44b647a0ab51dc9ee372a21d P 07feb6c36ad543889568656308b8a3d4: Time spent starting tablet: real 0.023s	user 0.005s	sys 0.001s
I20260709 12:09:18.244772  1909 tablet_bootstrap.cc:492] T 35ee4baec88a496387e1f70a51abd6fe P 07feb6c36ad543889568656308b8a3d4: Bootstrap starting.
I20260709 12:09:18.250522  2028 raft_consensus.cc:515] T 595da8c64d6244c486f6ba2891020c7e P 40564e07931740ff8fd0c2f7f55c621c [term 1 FOLLOWER]: Starting leader election with config: opid_index: -1 OBSOLETE_local: false peers { permanent_uuid: "40564e07931740ff8fd0c2f7f55c621c" member_type: VOTER last_known_addr { host: "127.0.136.193" port: 44753 } } peers { permanent_uuid: "6c1082a705ec42afa90cbccc82d7dd54" member_type: VOTER last_known_addr { host: "127.0.136.194" port: 45123 } } peers { permanent_uuid: "07feb6c36ad543889568656308b8a3d4" member_type: VOTER last_known_addr { host: "127.0.136.195" port: 39093 } }
I20260709 12:09:18.252630  2028 leader_election.cc:290] T 595da8c64d6244c486f6ba2891020c7e P 40564e07931740ff8fd0c2f7f55c621c [CANDIDATE]: Term 1 election: Requested vote from peers 6c1082a705ec42afa90cbccc82d7dd54 (127.0.136.194:45123), 07feb6c36ad543889568656308b8a3d4 (127.0.136.195:39093)
I20260709 12:09:18.254246  1868 tablet_service.cc:1917] Received RequestConsensusVote() RPC: tablet_id: "595da8c64d6244c486f6ba2891020c7e" candidate_uuid: "40564e07931740ff8fd0c2f7f55c621c" candidate_term: 1 candidate_status { last_received { term: 0 index: 0 } } ignore_live_leader: false dest_uuid: "07feb6c36ad543889568656308b8a3d4"
I20260709 12:09:18.255018  1868 raft_consensus.cc:3060] T 595da8c64d6244c486f6ba2891020c7e P 07feb6c36ad543889568656308b8a3d4 [term 0 FOLLOWER]: Advancing to term 1
I20260709 12:09:18.256590  1863 raft_consensus.cc:2468] T 349fa21dc9544a17a990055f8cade3cb P 07feb6c36ad543889568656308b8a3d4 [term 1 FOLLOWER]: Leader election vote request: Granting yes vote for candidate 40564e07931740ff8fd0c2f7f55c621c in term 1.
I20260709 12:09:18.258033  1917 raft_consensus.cc:697] T a7d8f6eacb254549b0390717bf76105b P 6c1082a705ec42afa90cbccc82d7dd54 [term 1 LEADER]: Becoming Leader. State: Replica: 6c1082a705ec42afa90cbccc82d7dd54, State: Running, Role: LEADER
W20260709 12:09:18.269652  1683 leader_election.cc:343] T 595da8c64d6244c486f6ba2891020c7e P 40564e07931740ff8fd0c2f7f55c621c [CANDIDATE]: Term 1 pre-election: Tablet error from VoteRequest() call to peer 6c1082a705ec42afa90cbccc82d7dd54 (127.0.136.194:45123): Illegal state: must be running to vote when last-logged opid is not known
I20260709 12:09:18.270236  1868 raft_consensus.cc:2468] T 595da8c64d6244c486f6ba2891020c7e P 07feb6c36ad543889568656308b8a3d4 [term 1 FOLLOWER]: Leader election vote request: Granting yes vote for candidate 40564e07931740ff8fd0c2f7f55c621c in term 1.
I20260709 12:09:18.271446  1795 tablet_service.cc:1917] Received RequestConsensusVote() RPC: tablet_id: "349fa21dc9544a17a990055f8cade3cb" candidate_uuid: "40564e07931740ff8fd0c2f7f55c621c" candidate_term: 1 candidate_status { last_received { term: 0 index: 0 } } ignore_live_leader: false dest_uuid: "6c1082a705ec42afa90cbccc82d7dd54"
I20260709 12:09:18.272066  1795 raft_consensus.cc:3060] T 349fa21dc9544a17a990055f8cade3cb P 6c1082a705ec42afa90cbccc82d7dd54 [term 0 FOLLOWER]: Advancing to term 1
I20260709 12:09:18.272956  1917 consensus_queue.cc:237] T a7d8f6eacb254549b0390717bf76105b P 6c1082a705ec42afa90cbccc82d7dd54 [LEADER]: Queue going to LEADER mode. State: All replicated index: 0, Majority replicated index: 0, Committed index: 0, Last appended: 0.0, Last appended by leader: 0, Current term: 1, Majority size: 2, State: 0, Mode: LEADER, active raft config: opid_index: -1 OBSOLETE_local: false peers { permanent_uuid: "40564e07931740ff8fd0c2f7f55c621c" member_type: VOTER last_known_addr { host: "127.0.136.193" port: 44753 } } peers { permanent_uuid: "6c1082a705ec42afa90cbccc82d7dd54" member_type: VOTER last_known_addr { host: "127.0.136.194" port: 45123 } } peers { permanent_uuid: "07feb6c36ad543889568656308b8a3d4" member_type: VOTER last_known_addr { host: "127.0.136.195" port: 39093 } }
I20260709 12:09:18.271711  1910 tablet_bootstrap.cc:654] T 4cec4a4a44b647a0ab51dc9ee372a21d P 40564e07931740ff8fd0c2f7f55c621c: Neither blocks nor log segments found. Creating new log.
I20260709 12:09:18.274205  1685 leader_election.cc:304] T 349fa21dc9544a17a990055f8cade3cb P 40564e07931740ff8fd0c2f7f55c621c [CANDIDATE]: Term 1 election: Election decided. Result: candidate won. Election summary: received 2 responses out of 3 voters: 2 yes votes; 0 no votes. yes voters: 07feb6c36ad543889568656308b8a3d4, 40564e07931740ff8fd0c2f7f55c621c; no voters: 
I20260709 12:09:18.277526  1791 tablet_service.cc:1917] Received RequestConsensusVote() RPC: tablet_id: "595da8c64d6244c486f6ba2891020c7e" candidate_uuid: "40564e07931740ff8fd0c2f7f55c621c" candidate_term: 1 candidate_status { last_received { term: 0 index: 0 } } ignore_live_leader: false dest_uuid: "6c1082a705ec42afa90cbccc82d7dd54"
I20260709 12:09:18.279210  1992 raft_consensus.cc:2804] T 349fa21dc9544a17a990055f8cade3cb P 40564e07931740ff8fd0c2f7f55c621c [term 1 FOLLOWER]: Leader election won for term 1
I20260709 12:09:18.280970  1866 raft_consensus.cc:2468] T a7d8f6eacb254549b0390717bf76105b P 07feb6c36ad543889568656308b8a3d4 [term 1 FOLLOWER]: Leader election vote request: Granting yes vote for candidate 6c1082a705ec42afa90cbccc82d7dd54 in term 1.
I20260709 12:09:18.282909  1685 leader_election.cc:304] T 595da8c64d6244c486f6ba2891020c7e P 40564e07931740ff8fd0c2f7f55c621c [CANDIDATE]: Term 1 election: Election decided. Result: candidate won. Election summary: received 2 responses out of 3 voters: 2 yes votes; 0 no votes. yes voters: 07feb6c36ad543889568656308b8a3d4, 40564e07931740ff8fd0c2f7f55c621c; no voters: 
I20260709 12:09:18.281035  1795 raft_consensus.cc:2468] T 349fa21dc9544a17a990055f8cade3cb P 6c1082a705ec42afa90cbccc82d7dd54 [term 1 FOLLOWER]: Leader election vote request: Granting yes vote for candidate 40564e07931740ff8fd0c2f7f55c621c in term 1.
I20260709 12:09:18.285133  1911 raft_consensus.cc:359] T a21de03889d34190834832730640ead7 P 6c1082a705ec42afa90cbccc82d7dd54 [term 0 FOLLOWER]: Replica starting. Triggering 0 pending ops. Active config: opid_index: -1 OBSOLETE_local: false peers { permanent_uuid: "40564e07931740ff8fd0c2f7f55c621c" member_type: VOTER last_known_addr { host: "127.0.136.193" port: 44753 } } peers { permanent_uuid: "6c1082a705ec42afa90cbccc82d7dd54" member_type: VOTER last_known_addr { host: "127.0.136.194" port: 45123 } } peers { permanent_uuid: "07feb6c36ad543889568656308b8a3d4" member_type: VOTER last_known_addr { host: "127.0.136.195" port: 39093 } }
I20260709 12:09:18.285804  1911 raft_consensus.cc:385] T a21de03889d34190834832730640ead7 P 6c1082a705ec42afa90cbccc82d7dd54 [term 0 FOLLOWER]: Consensus starting up: Expiring failure detector timer to make a prompt election more likely
I20260709 12:09:18.286109  1911 raft_consensus.cc:740] T a21de03889d34190834832730640ead7 P 6c1082a705ec42afa90cbccc82d7dd54 [term 0 FOLLOWER]: Becoming Follower/Learner. State: Replica: 6c1082a705ec42afa90cbccc82d7dd54, State: Initialized, Role: FOLLOWER
I20260709 12:09:18.286902  1992 raft_consensus.cc:697] T 349fa21dc9544a17a990055f8cade3cb P 40564e07931740ff8fd0c2f7f55c621c [term 1 LEADER]: Becoming Leader. State: Replica: 40564e07931740ff8fd0c2f7f55c621c, State: Running, Role: LEADER
I20260709 12:09:18.288101  1992 consensus_queue.cc:237] T 349fa21dc9544a17a990055f8cade3cb P 40564e07931740ff8fd0c2f7f55c621c [LEADER]: Queue going to LEADER mode. State: All replicated index: 0, Majority replicated index: 0, Committed index: 0, Last appended: 0.0, Last appended by leader: 0, Current term: 1, Majority size: 2, State: 0, Mode: LEADER, active raft config: opid_index: -1 OBSOLETE_local: false peers { permanent_uuid: "40564e07931740ff8fd0c2f7f55c621c" member_type: VOTER last_known_addr { host: "127.0.136.193" port: 44753 } } peers { permanent_uuid: "6c1082a705ec42afa90cbccc82d7dd54" member_type: VOTER last_known_addr { host: "127.0.136.194" port: 45123 } } peers { permanent_uuid: "07feb6c36ad543889568656308b8a3d4" member_type: VOTER last_known_addr { host: "127.0.136.195" port: 39093 } }
I20260709 12:09:18.288977  2028 raft_consensus.cc:2804] T 595da8c64d6244c486f6ba2891020c7e P 40564e07931740ff8fd0c2f7f55c621c [term 1 FOLLOWER]: Leader election won for term 1
I20260709 12:09:18.289448  2028 raft_consensus.cc:697] T 595da8c64d6244c486f6ba2891020c7e P 40564e07931740ff8fd0c2f7f55c621c [term 1 LEADER]: Becoming Leader. State: Replica: 40564e07931740ff8fd0c2f7f55c621c, State: Running, Role: LEADER
I20260709 12:09:18.291302  1909 tablet_bootstrap.cc:654] T 35ee4baec88a496387e1f70a51abd6fe P 07feb6c36ad543889568656308b8a3d4: Neither blocks nor log segments found. Creating new log.
I20260709 12:09:18.293813  2030 consensus_queue.cc:1048] T f99a5732aa1e40079f50289a1274a4b8 P 40564e07931740ff8fd0c2f7f55c621c [LEADER]: Connected to new peer: Peer: permanent_uuid: "07feb6c36ad543889568656308b8a3d4" member_type: VOTER last_known_addr { host: "127.0.136.195" port: 39093 }, Status: LMP_MISMATCH, Last received: 0.0, Next index: 1, Last known committed idx: 0, Time since last communication: 0.000s
I20260709 12:09:18.298180  2028 consensus_queue.cc:237] T 595da8c64d6244c486f6ba2891020c7e P 40564e07931740ff8fd0c2f7f55c621c [LEADER]: Queue going to LEADER mode. State: All replicated index: 0, Majority replicated index: 0, Committed index: 0, Last appended: 0.0, Last appended by leader: 0, Current term: 1, Majority size: 2, State: 0, Mode: LEADER, active raft config: opid_index: -1 OBSOLETE_local: false peers { permanent_uuid: "40564e07931740ff8fd0c2f7f55c621c" member_type: VOTER last_known_addr { host: "127.0.136.193" port: 44753 } } peers { permanent_uuid: "6c1082a705ec42afa90cbccc82d7dd54" member_type: VOTER last_known_addr { host: "127.0.136.194" port: 45123 } } peers { permanent_uuid: "07feb6c36ad543889568656308b8a3d4" member_type: VOTER last_known_addr { host: "127.0.136.195" port: 39093 } }
I20260709 12:09:18.299621  1910 tablet_bootstrap.cc:492] T 4cec4a4a44b647a0ab51dc9ee372a21d P 40564e07931740ff8fd0c2f7f55c621c: No bootstrap required, opened a new log
I20260709 12:09:18.300092  1910 ts_tablet_manager.cc:1403] T 4cec4a4a44b647a0ab51dc9ee372a21d P 40564e07931740ff8fd0c2f7f55c621c: Time spent bootstrapping tablet: real 0.146s	user 0.014s	sys 0.002s
W20260709 12:09:18.303737  1683 leader_election.cc:343] T 595da8c64d6244c486f6ba2891020c7e P 40564e07931740ff8fd0c2f7f55c621c [CANDIDATE]: Term 1 election: Tablet error from VoteRequest() call to peer 6c1082a705ec42afa90cbccc82d7dd54 (127.0.136.194:45123): Illegal state: must be running to vote when last-logged opid is not known
