I20260709 12:09:15.795858  1911 raft_consensus.cc:359] T c1e3030f8a824b1d83b93fdc55e6cc79 P 6c1082a705ec42afa90cbccc82d7dd54 [term 0 FOLLOWER]: Replica starting. Triggering 0 pending ops. Active config: opid_index: -1 OBSOLETE_local: false peers { permanent_uuid: "40564e07931740ff8fd0c2f7f55c621c" member_type: VOTER last_known_addr { host: "127.0.136.193" port: 44753 } } peers { permanent_uuid: "6c1082a705ec42afa90cbccc82d7dd54" member_type: VOTER last_known_addr { host: "127.0.136.194" port: 45123 } } peers { permanent_uuid: "07feb6c36ad543889568656308b8a3d4" member_type: VOTER last_known_addr { host: "127.0.136.195" port: 39093 } }
I20260709 12:09:15.796397  1911 raft_consensus.cc:385] T c1e3030f8a824b1d83b93fdc55e6cc79 P 6c1082a705ec42afa90cbccc82d7dd54 [term 0 FOLLOWER]: Consensus starting up: Expiring failure detector timer to make a prompt election more likely
I20260709 12:09:15.796648  1911 raft_consensus.cc:740] T c1e3030f8a824b1d83b93fdc55e6cc79 P 6c1082a705ec42afa90cbccc82d7dd54 [term 0 FOLLOWER]: Becoming Follower/Learner. State: Replica: 6c1082a705ec42afa90cbccc82d7dd54, State: Initialized, Role: FOLLOWER
I20260709 12:09:15.797276  1911 consensus_queue.cc:260] T c1e3030f8a824b1d83b93fdc55e6cc79 P 6c1082a705ec42afa90cbccc82d7dd54 [NON_LEADER]: Queue going to NON_LEADER mode. State: All replicated index: 0, Majority replicated index: 0, Committed index: 0, Last appended: 0.0, Last appended by leader: 0, Current term: 0, Majority size: -1, State: 0, Mode: NON_LEADER, active raft config: opid_index: -1 OBSOLETE_local: false peers { permanent_uuid: "40564e07931740ff8fd0c2f7f55c621c" member_type: VOTER last_known_addr { host: "127.0.136.193" port: 44753 } } peers { permanent_uuid: "6c1082a705ec42afa90cbccc82d7dd54" member_type: VOTER last_known_addr { host: "127.0.136.194" port: 45123 } } peers { permanent_uuid: "07feb6c36ad543889568656308b8a3d4" member_type: VOTER last_known_addr { host: "127.0.136.195" port: 39093 } }
I20260709 12:09:15.798879  1911 ts_tablet_manager.cc:1434] T c1e3030f8a824b1d83b93fdc55e6cc79 P 6c1082a705ec42afa90cbccc82d7dd54: Time spent starting tablet: real 0.006s	user 0.005s	sys 0.000s
I20260709 12:09:15.799661  1911 tablet_bootstrap.cc:492] T b7e7944f541d48e8a03e8417dd163325 P 6c1082a705ec42afa90cbccc82d7dd54: Bootstrap starting.
I20260709 12:09:15.802016  1919 raft_consensus.cc:493] T c1e3030f8a824b1d83b93fdc55e6cc79 P 40564e07931740ff8fd0c2f7f55c621c [term 0 FOLLOWER]: Starting pre-election (no leader contacted us within the election timeout)
I20260709 12:09:15.802625  1919 raft_consensus.cc:515] T c1e3030f8a824b1d83b93fdc55e6cc79 P 40564e07931740ff8fd0c2f7f55c621c [term 0 FOLLOWER]: Starting pre-election with config: opid_index: -1 OBSOLETE_local: false peers { permanent_uuid: "40564e07931740ff8fd0c2f7f55c621c" member_type: VOTER last_known_addr { host: "127.0.136.193" port: 44753 } } peers { permanent_uuid: "6c1082a705ec42afa90cbccc82d7dd54" member_type: VOTER last_known_addr { host: "127.0.136.194" port: 45123 } } peers { permanent_uuid: "07feb6c36ad543889568656308b8a3d4" member_type: VOTER last_known_addr { host: "127.0.136.195" port: 39093 } }
I20260709 12:09:15.804750  1911 tablet_bootstrap.cc:654] T b7e7944f541d48e8a03e8417dd163325 P 6c1082a705ec42afa90cbccc82d7dd54: Neither blocks nor log segments found. Creating new log.
I20260709 12:09:15.808190  1792 tablet_service.cc:1917] Received RequestConsensusVote() RPC: tablet_id: "c1e3030f8a824b1d83b93fdc55e6cc79" candidate_uuid: "40564e07931740ff8fd0c2f7f55c621c" candidate_term: 1 candidate_status { last_received { term: 0 index: 0 } } ignore_live_leader: false dest_uuid: "6c1082a705ec42afa90cbccc82d7dd54" is_pre_election: true
I20260709 12:09:15.808863  1792 raft_consensus.cc:2468] T c1e3030f8a824b1d83b93fdc55e6cc79 P 6c1082a705ec42afa90cbccc82d7dd54 [term 0 FOLLOWER]: Leader pre-election vote request: Granting yes vote for candidate 40564e07931740ff8fd0c2f7f55c621c in term 0.
I20260709 12:09:15.809242  1919 leader_election.cc:290] T c1e3030f8a824b1d83b93fdc55e6cc79 P 40564e07931740ff8fd0c2f7f55c621c [CANDIDATE]: Term 1 pre-election: Requested pre-vote from peers 6c1082a705ec42afa90cbccc82d7dd54 (127.0.136.194:45123), 07feb6c36ad543889568656308b8a3d4 (127.0.136.195:39093)
I20260709 12:09:15.811236  1617 catalog_manager.cc:5697] T 73948e7cc6b94e3cbaf85909ac968755 P 6c1082a705ec42afa90cbccc82d7dd54 reported cstate change: term changed from 0 to 1, leader changed from <none> to 6c1082a705ec42afa90cbccc82d7dd54 (127.0.136.194). New cstate: current_term: 1 leader_uuid: "6c1082a705ec42afa90cbccc82d7dd54" committed_config { opid_index: -1 OBSOLETE_local: false peers { permanent_uuid: "40564e07931740ff8fd0c2f7f55c621c" member_type: VOTER last_known_addr { host: "127.0.136.193" port: 44753 } health_report { overall_health: UNKNOWN } } peers { permanent_uuid: "6c1082a705ec42afa90cbccc82d7dd54" member_type: VOTER last_known_addr { host: "127.0.136.194" port: 45123 } health_report { overall_health: HEALTHY } } peers { permanent_uuid: "07feb6c36ad543889568656308b8a3d4" member_type: VOTER last_known_addr { host: "127.0.136.195" port: 39093 } health_report { overall_health: UNKNOWN } } }
I20260709 12:09:15.802591  1909 raft_consensus.cc:359] T d4e0c32e8e25455ab27839671603e832 P 07feb6c36ad543889568656308b8a3d4 [term 0 FOLLOWER]: Replica starting. Triggering 0 pending ops. Active config: opid_index: -1 OBSOLETE_local: false peers { permanent_uuid: "40564e07931740ff8fd0c2f7f55c621c" member_type: VOTER last_known_addr { host: "127.0.136.193" port: 44753 } } peers { permanent_uuid: "6c1082a705ec42afa90cbccc82d7dd54" member_type: VOTER last_known_addr { host: "127.0.136.194" port: 45123 } } peers { permanent_uuid: "07feb6c36ad543889568656308b8a3d4" member_type: VOTER last_known_addr { host: "127.0.136.195" port: 39093 } }
I20260709 12:09:15.812604  1909 raft_consensus.cc:385] T d4e0c32e8e25455ab27839671603e832 P 07feb6c36ad543889568656308b8a3d4 [term 0 FOLLOWER]: Consensus starting up: Expiring failure detector timer to make a prompt election more likely
I20260709 12:09:15.811970  1615 catalog_manager.cc:5697] T 9b96342ff46f4064b6190ab128b618d1 P 40564e07931740ff8fd0c2f7f55c621c reported cstate change: term changed from 0 to 1, leader changed from <none> to 40564e07931740ff8fd0c2f7f55c621c (127.0.136.193). New cstate: current_term: 1 leader_uuid: "40564e07931740ff8fd0c2f7f55c621c" committed_config { opid_index: -1 OBSOLETE_local: false peers { permanent_uuid: "40564e07931740ff8fd0c2f7f55c621c" member_type: VOTER last_known_addr { host: "127.0.136.193" port: 44753 } health_report { overall_health: HEALTHY } } peers { permanent_uuid: "6c1082a705ec42afa90cbccc82d7dd54" member_type: VOTER last_known_addr { host: "127.0.136.194" port: 45123 } health_report { overall_health: UNKNOWN } } peers { permanent_uuid: "07feb6c36ad543889568656308b8a3d4" member_type: VOTER last_known_addr { host: "127.0.136.195" port: 39093 } health_report { overall_health: UNKNOWN } } }
I20260709 12:09:15.812866  1909 raft_consensus.cc:740] T d4e0c32e8e25455ab27839671603e832 P 07feb6c36ad543889568656308b8a3d4 [term 0 FOLLOWER]: Becoming Follower/Learner. State: Replica: 07feb6c36ad543889568656308b8a3d4, State: Initialized, Role: FOLLOWER
I20260709 12:09:15.814245  1909 consensus_queue.cc:260] T d4e0c32e8e25455ab27839671603e832 P 07feb6c36ad543889568656308b8a3d4 [NON_LEADER]: Queue going to NON_LEADER mode. State: All replicated index: 0, Majority replicated index: 0, Committed index: 0, Last appended: 0.0, Last appended by leader: 0, Current term: 0, Majority size: -1, State: 0, Mode: NON_LEADER, active raft config: opid_index: -1 OBSOLETE_local: false peers { permanent_uuid: "40564e07931740ff8fd0c2f7f55c621c" member_type: VOTER last_known_addr { host: "127.0.136.193" port: 44753 } } peers { permanent_uuid: "6c1082a705ec42afa90cbccc82d7dd54" member_type: VOTER last_known_addr { host: "127.0.136.194" port: 45123 } } peers { permanent_uuid: "07feb6c36ad543889568656308b8a3d4" member_type: VOTER last_known_addr { host: "127.0.136.195" port: 39093 } }
I20260709 12:09:15.816521  1683 leader_election.cc:304] T c1e3030f8a824b1d83b93fdc55e6cc79 P 40564e07931740ff8fd0c2f7f55c621c [CANDIDATE]: Term 1 pre-election: Election decided. Result: candidate won. Election summary: received 2 responses out of 3 voters: 2 yes votes; 0 no votes. yes voters: 40564e07931740ff8fd0c2f7f55c621c, 6c1082a705ec42afa90cbccc82d7dd54; no voters: 
I20260709 12:09:15.818594  1865 tablet_service.cc:1917] Received RequestConsensusVote() RPC: tablet_id: "c1e3030f8a824b1d83b93fdc55e6cc79" candidate_uuid: "40564e07931740ff8fd0c2f7f55c621c" candidate_term: 1 candidate_status { last_received { term: 0 index: 0 } } ignore_live_leader: false dest_uuid: "07feb6c36ad543889568656308b8a3d4" is_pre_election: true
I20260709 12:09:15.820492  1992 raft_consensus.cc:2804] T c1e3030f8a824b1d83b93fdc55e6cc79 P 40564e07931740ff8fd0c2f7f55c621c [term 0 FOLLOWER]: Leader pre-election won for term 1
W20260709 12:09:15.820948  1685 leader_election.cc:343] T c1e3030f8a824b1d83b93fdc55e6cc79 P 40564e07931740ff8fd0c2f7f55c621c [CANDIDATE]: Term 1 pre-election: Tablet error from VoteRequest() call to peer 07feb6c36ad543889568656308b8a3d4 (127.0.136.195:39093): Illegal state: must be running to vote when last-logged opid is not known
I20260709 12:09:15.821017  1992 raft_consensus.cc:493] T c1e3030f8a824b1d83b93fdc55e6cc79 P 40564e07931740ff8fd0c2f7f55c621c [term 0 FOLLOWER]: Starting leader election (no leader contacted us within the election timeout)
I20260709 12:09:15.821573  1992 raft_consensus.cc:3060] T c1e3030f8a824b1d83b93fdc55e6cc79 P 40564e07931740ff8fd0c2f7f55c621c [term 0 FOLLOWER]: Advancing to term 1
I20260709 12:09:15.831507  1909 ts_tablet_manager.cc:1434] T d4e0c32e8e25455ab27839671603e832 P 07feb6c36ad543889568656308b8a3d4: Time spent starting tablet: real 0.036s	user 0.009s	sys 0.000s
I20260709 12:09:15.836736  1992 raft_consensus.cc:515] T c1e3030f8a824b1d83b93fdc55e6cc79 P 40564e07931740ff8fd0c2f7f55c621c [term 1 FOLLOWER]: Starting leader election with config: opid_index: -1 OBSOLETE_local: false peers { permanent_uuid: "40564e07931740ff8fd0c2f7f55c621c" member_type: VOTER last_known_addr { host: "127.0.136.193" port: 44753 } } peers { permanent_uuid: "6c1082a705ec42afa90cbccc82d7dd54" member_type: VOTER last_known_addr { host: "127.0.136.194" port: 45123 } } peers { permanent_uuid: "07feb6c36ad543889568656308b8a3d4" member_type: VOTER last_known_addr { host: "127.0.136.195" port: 39093 } }
I20260709 12:09:15.839696  1978 raft_consensus.cc:493] T d4e0c32e8e25455ab27839671603e832 P 6c1082a705ec42afa90cbccc82d7dd54 [term 0 FOLLOWER]: Starting pre-election (no leader contacted us within the election timeout)
I20260709 12:09:15.840183  1978 raft_consensus.cc:515] T d4e0c32e8e25455ab27839671603e832 P 6c1082a705ec42afa90cbccc82d7dd54 [term 0 FOLLOWER]: Starting pre-election with config: opid_index: -1 OBSOLETE_local: false peers { permanent_uuid: "40564e07931740ff8fd0c2f7f55c621c" member_type: VOTER last_known_addr { host: "127.0.136.193" port: 44753 } } peers { permanent_uuid: "6c1082a705ec42afa90cbccc82d7dd54" member_type: VOTER last_known_addr { host: "127.0.136.194" port: 45123 } } peers { permanent_uuid: "07feb6c36ad543889568656308b8a3d4" member_type: VOTER last_known_addr { host: "127.0.136.195" port: 39093 } }
I20260709 12:09:15.841356  1792 tablet_service.cc:1917] Received RequestConsensusVote() RPC: tablet_id: "c1e3030f8a824b1d83b93fdc55e6cc79" candidate_uuid: "40564e07931740ff8fd0c2f7f55c621c" candidate_term: 1 candidate_status { last_received { term: 0 index: 0 } } ignore_live_leader: false dest_uuid: "6c1082a705ec42afa90cbccc82d7dd54"
I20260709 12:09:15.841920  1792 raft_consensus.cc:3060] T c1e3030f8a824b1d83b93fdc55e6cc79 P 6c1082a705ec42afa90cbccc82d7dd54 [term 0 FOLLOWER]: Advancing to term 1
I20260709 12:09:15.843001  1715 tablet_service.cc:1917] Received RequestConsensusVote() RPC: tablet_id: "d4e0c32e8e25455ab27839671603e832" candidate_uuid: "6c1082a705ec42afa90cbccc82d7dd54" candidate_term: 1 candidate_status { last_received { term: 0 index: 0 } } ignore_live_leader: false dest_uuid: "40564e07931740ff8fd0c2f7f55c621c" is_pre_election: true
W20260709 12:09:15.844447  1760 leader_election.cc:343] T d4e0c32e8e25455ab27839671603e832 P 6c1082a705ec42afa90cbccc82d7dd54 [CANDIDATE]: Term 1 pre-election: Tablet error from VoteRequest() call to peer 40564e07931740ff8fd0c2f7f55c621c (127.0.136.193:44753): Illegal state: must be running to vote when last-logged opid is not known
I20260709 12:09:15.846184  1909 tablet_bootstrap.cc:492] T 1842fec1b7454b1ab04d9a8711a7fd0b P 07feb6c36ad543889568656308b8a3d4: Bootstrap starting.
I20260709 12:09:15.871299  1917 raft_consensus.cc:493] T efdd2f74e4914d5ea02916139031d6e4 P 6c1082a705ec42afa90cbccc82d7dd54 [term 0 FOLLOWER]: Starting pre-election (no leader contacted us within the election timeout)
I20260709 12:09:15.872148  1917 raft_consensus.cc:515] T efdd2f74e4914d5ea02916139031d6e4 P 6c1082a705ec42afa90cbccc82d7dd54 [term 0 FOLLOWER]: Starting pre-election with config: opid_index: -1 OBSOLETE_local: false peers { permanent_uuid: "40564e07931740ff8fd0c2f7f55c621c" member_type: VOTER last_known_addr { host: "127.0.136.193" port: 44753 } } peers { permanent_uuid: "6c1082a705ec42afa90cbccc82d7dd54" member_type: VOTER last_known_addr { host: "127.0.136.194" port: 45123 } } peers { permanent_uuid: "07feb6c36ad543889568656308b8a3d4" member_type: VOTER last_known_addr { host: "127.0.136.195" port: 39093 } }
I20260709 12:09:15.876472  1715 tablet_service.cc:1917] Received RequestConsensusVote() RPC: tablet_id: "efdd2f74e4914d5ea02916139031d6e4" candidate_uuid: "6c1082a705ec42afa90cbccc82d7dd54" candidate_term: 1 candidate_status { last_received { term: 0 index: 0 } } ignore_live_leader: false dest_uuid: "40564e07931740ff8fd0c2f7f55c621c" is_pre_election: true
I20260709 12:09:15.877357  1715 raft_consensus.cc:2468] T efdd2f74e4914d5ea02916139031d6e4 P 40564e07931740ff8fd0c2f7f55c621c [term 0 FOLLOWER]: Leader pre-election vote request: Granting yes vote for candidate 6c1082a705ec42afa90cbccc82d7dd54 in term 0.
I20260709 12:09:15.879298  1978 leader_election.cc:290] T d4e0c32e8e25455ab27839671603e832 P 6c1082a705ec42afa90cbccc82d7dd54 [CANDIDATE]: Term 1 pre-election: Requested pre-vote from peers 40564e07931740ff8fd0c2f7f55c621c (127.0.136.193:44753), 07feb6c36ad543889568656308b8a3d4 (127.0.136.195:39093)
I20260709 12:09:15.879266  1760 leader_election.cc:304] T efdd2f74e4914d5ea02916139031d6e4 P 6c1082a705ec42afa90cbccc82d7dd54 [CANDIDATE]: Term 1 pre-election: Election decided. Result: candidate won. Election summary: received 2 responses out of 3 voters: 2 yes votes; 0 no votes. yes voters: 40564e07931740ff8fd0c2f7f55c621c, 6c1082a705ec42afa90cbccc82d7dd54; no voters: 
I20260709 12:09:15.879624  1910 tablet_bootstrap.cc:492] T beaa645747044d06a9dd217b2b9dada8 P 40564e07931740ff8fd0c2f7f55c621c: No bootstrap required, opened a new log
I20260709 12:09:15.880615  1978 raft_consensus.cc:2804] T efdd2f74e4914d5ea02916139031d6e4 P 6c1082a705ec42afa90cbccc82d7dd54 [term 0 FOLLOWER]: Leader pre-election won for term 1
I20260709 12:09:15.880321  1910 ts_tablet_manager.cc:1403] T beaa645747044d06a9dd217b2b9dada8 P 40564e07931740ff8fd0c2f7f55c621c: Time spent bootstrapping tablet: real 0.164s	user 0.024s	sys 0.023s
I20260709 12:09:15.881254  1917 leader_election.cc:290] T efdd2f74e4914d5ea02916139031d6e4 P 6c1082a705ec42afa90cbccc82d7dd54 [CANDIDATE]: Term 1 pre-election: Requested pre-vote from peers 40564e07931740ff8fd0c2f7f55c621c (127.0.136.193:44753), 07feb6c36ad543889568656308b8a3d4 (127.0.136.195:39093)
I20260709 12:09:15.880991  1978 raft_consensus.cc:493] T efdd2f74e4914d5ea02916139031d6e4 P 6c1082a705ec42afa90cbccc82d7dd54 [term 0 FOLLOWER]: Starting leader election (no leader contacted us within the election timeout)
I20260709 12:09:15.881346  1865 tablet_service.cc:1917] Received RequestConsensusVote() RPC: tablet_id: "d4e0c32e8e25455ab27839671603e832" candidate_uuid: "6c1082a705ec42afa90cbccc82d7dd54" candidate_term: 1 candidate_status { last_received { term: 0 index: 0 } } ignore_live_leader: false dest_uuid: "07feb6c36ad543889568656308b8a3d4" is_pre_election: true
I20260709 12:09:15.882006  1978 raft_consensus.cc:3060] T efdd2f74e4914d5ea02916139031d6e4 P 6c1082a705ec42afa90cbccc82d7dd54 [term 0 FOLLOWER]: Advancing to term 1
I20260709 12:09:15.882230  1865 raft_consensus.cc:2468] T d4e0c32e8e25455ab27839671603e832 P 07feb6c36ad543889568656308b8a3d4 [term 0 FOLLOWER]: Leader pre-election vote request: Granting yes vote for candidate 6c1082a705ec42afa90cbccc82d7dd54 in term 0.
I20260709 12:09:15.883443  1911 tablet_bootstrap.cc:492] T b7e7944f541d48e8a03e8417dd163325 P 6c1082a705ec42afa90cbccc82d7dd54: No bootstrap required, opened a new log
I20260709 12:09:15.883826  1992 leader_election.cc:290] T c1e3030f8a824b1d83b93fdc55e6cc79 P 40564e07931740ff8fd0c2f7f55c621c [CANDIDATE]: Term 1 election: Requested vote from peers 6c1082a705ec42afa90cbccc82d7dd54 (127.0.136.194:45123), 07feb6c36ad543889568656308b8a3d4 (127.0.136.195:39093)
I20260709 12:09:15.883921  1911 ts_tablet_manager.cc:1403] T b7e7944f541d48e8a03e8417dd163325 P 6c1082a705ec42afa90cbccc82d7dd54: Time spent bootstrapping tablet: real 0.084s	user 0.024s	sys 0.049s
I20260709 12:09:15.884723  1867 tablet_service.cc:1917] Received RequestConsensusVote() RPC: tablet_id: "efdd2f74e4914d5ea02916139031d6e4" candidate_uuid: "6c1082a705ec42afa90cbccc82d7dd54" candidate_term: 1 candidate_status { last_received { term: 0 index: 0 } } ignore_live_leader: false dest_uuid: "07feb6c36ad543889568656308b8a3d4" is_pre_election: true
I20260709 12:09:15.883944  1760 leader_election.cc:304] T d4e0c32e8e25455ab27839671603e832 P 6c1082a705ec42afa90cbccc82d7dd54 [CANDIDATE]: Term 1 pre-election: Election decided. Result: candidate won. Election summary: received 3 responses out of 3 voters: 2 yes votes; 1 no votes. yes voters: 07feb6c36ad543889568656308b8a3d4, 6c1082a705ec42afa90cbccc82d7dd54; no voters: 40564e07931740ff8fd0c2f7f55c621c
I20260709 12:09:15.885457  1867 raft_consensus.cc:2468] T efdd2f74e4914d5ea02916139031d6e4 P 07feb6c36ad543889568656308b8a3d4 [term 0 FOLLOWER]: Leader pre-election vote request: Granting yes vote for candidate 6c1082a705ec42afa90cbccc82d7dd54 in term 0.
I20260709 12:09:15.885632  1792 raft_consensus.cc:2468] T c1e3030f8a824b1d83b93fdc55e6cc79 P 6c1082a705ec42afa90cbccc82d7dd54 [term 1 FOLLOWER]: Leader election vote request: Granting yes vote for candidate 40564e07931740ff8fd0c2f7f55c621c in term 1.
I20260709 12:09:15.886258  1917 raft_consensus.cc:2804] T d4e0c32e8e25455ab27839671603e832 P 6c1082a705ec42afa90cbccc82d7dd54 [term 0 FOLLOWER]: Leader pre-election won for term 1
I20260709 12:09:15.890302  1917 raft_consensus.cc:493] T d4e0c32e8e25455ab27839671603e832 P 6c1082a705ec42afa90cbccc82d7dd54 [term 0 FOLLOWER]: Starting leader election (no leader contacted us within the election timeout)
I20260709 12:09:15.890671  1917 raft_consensus.cc:3060] T d4e0c32e8e25455ab27839671603e832 P 6c1082a705ec42afa90cbccc82d7dd54 [term 0 FOLLOWER]: Advancing to term 1
I20260709 12:09:15.890990  1909 tablet_bootstrap.cc:654] T 1842fec1b7454b1ab04d9a8711a7fd0b P 07feb6c36ad543889568656308b8a3d4: Neither blocks nor log segments found. Creating new log.
I20260709 12:09:15.891865  1910 raft_consensus.cc:359] T beaa645747044d06a9dd217b2b9dada8 P 40564e07931740ff8fd0c2f7f55c621c [term 0 FOLLOWER]: Replica starting. Triggering 0 pending ops. Active config: opid_index: -1 OBSOLETE_local: false peers { permanent_uuid: "40564e07931740ff8fd0c2f7f55c621c" member_type: VOTER last_known_addr { host: "127.0.136.193" port: 44753 } } peers { permanent_uuid: "6c1082a705ec42afa90cbccc82d7dd54" member_type: VOTER last_known_addr { host: "127.0.136.194" port: 45123 } } peers { permanent_uuid: "07feb6c36ad543889568656308b8a3d4" member_type: VOTER last_known_addr { host: "127.0.136.195" port: 39093 } }
I20260709 12:09:15.892597  1910 raft_consensus.cc:385] T beaa645747044d06a9dd217b2b9dada8 P 40564e07931740ff8fd0c2f7f55c621c [term 0 FOLLOWER]: Consensus starting up: Expiring failure detector timer to make a prompt election more likely
I20260709 12:09:15.892366  1978 raft_consensus.cc:515] T efdd2f74e4914d5ea02916139031d6e4 P 6c1082a705ec42afa90cbccc82d7dd54 [term 1 FOLLOWER]: Starting leader election with config: opid_index: -1 OBSOLETE_local: false peers { permanent_uuid: "40564e07931740ff8fd0c2f7f55c621c" member_type: VOTER last_known_addr { host: "127.0.136.193" port: 44753 } } peers { permanent_uuid: "6c1082a705ec42afa90cbccc82d7dd54" member_type: VOTER last_known_addr { host: "127.0.136.194" port: 45123 } } peers { permanent_uuid: "07feb6c36ad543889568656308b8a3d4" member_type: VOTER last_known_addr { host: "127.0.136.195" port: 39093 } }
I20260709 12:09:15.894683  1978 leader_election.cc:290] T efdd2f74e4914d5ea02916139031d6e4 P 6c1082a705ec42afa90cbccc82d7dd54 [CANDIDATE]: Term 1 election: Requested vote from peers 40564e07931740ff8fd0c2f7f55c621c (127.0.136.193:44753), 07feb6c36ad543889568656308b8a3d4 (127.0.136.195:39093)
I20260709 12:09:15.893931  1683 leader_election.cc:304] T c1e3030f8a824b1d83b93fdc55e6cc79 P 40564e07931740ff8fd0c2f7f55c621c [CANDIDATE]: Term 1 election: Election decided. Result: candidate won. Election summary: received 2 responses out of 3 voters: 2 yes votes; 0 no votes. yes voters: 40564e07931740ff8fd0c2f7f55c621c, 6c1082a705ec42afa90cbccc82d7dd54; no voters: 
I20260709 12:09:15.892870  1910 raft_consensus.cc:740] T beaa645747044d06a9dd217b2b9dada8 P 40564e07931740ff8fd0c2f7f55c621c [term 0 FOLLOWER]: Becoming Follower/Learner. State: Replica: 40564e07931740ff8fd0c2f7f55c621c, State: Initialized, Role: FOLLOWER
I20260709 12:09:15.895620  1992 raft_consensus.cc:2804] T c1e3030f8a824b1d83b93fdc55e6cc79 P 40564e07931740ff8fd0c2f7f55c621c [term 1 FOLLOWER]: Leader election won for term 1
I20260709 12:09:15.887797  1911 raft_consensus.cc:359] T b7e7944f541d48e8a03e8417dd163325 P 6c1082a705ec42afa90cbccc82d7dd54 [term 0 FOLLOWER]: Replica starting. Triggering 0 pending ops. Active config: opid_index: -1 OBSOLETE_local: false peers { permanent_uuid: "40564e07931740ff8fd0c2f7f55c621c" member_type: VOTER last_known_addr { host: "127.0.136.193" port: 44753 } } peers { permanent_uuid: "6c1082a705ec42afa90cbccc82d7dd54" member_type: VOTER last_known_addr { host: "127.0.136.194" port: 45123 } } peers { permanent_uuid: "07feb6c36ad543889568656308b8a3d4" member_type: VOTER last_known_addr { host: "127.0.136.195" port: 39093 } }
I20260709 12:09:15.896085  1992 raft_consensus.cc:697] T c1e3030f8a824b1d83b93fdc55e6cc79 P 40564e07931740ff8fd0c2f7f55c621c [term 1 LEADER]: Becoming Leader. State: Replica: 40564e07931740ff8fd0c2f7f55c621c, State: Running, Role: LEADER
I20260709 12:09:15.896205  1911 raft_consensus.cc:385] T b7e7944f541d48e8a03e8417dd163325 P 6c1082a705ec42afa90cbccc82d7dd54 [term 0 FOLLOWER]: Consensus starting up: Expiring failure detector timer to make a prompt election more likely
I20260709 12:09:15.896993  1911 raft_consensus.cc:740] T b7e7944f541d48e8a03e8417dd163325 P 6c1082a705ec42afa90cbccc82d7dd54 [term 0 FOLLOWER]: Becoming Follower/Learner. State: Replica: 6c1082a705ec42afa90cbccc82d7dd54, State: Initialized, Role: FOLLOWER
I20260709 12:09:15.896888  1992 consensus_queue.cc:237] T c1e3030f8a824b1d83b93fdc55e6cc79 P 40564e07931740ff8fd0c2f7f55c621c [LEADER]: Queue going to LEADER mode. State: All replicated index: 0, Majority replicated index: 0, Committed index: 0, Last appended: 0.0, Last appended by leader: 0, Current term: 1, Majority size: 2, State: 0, Mode: LEADER, active raft config: opid_index: -1 OBSOLETE_local: false peers { permanent_uuid: "40564e07931740ff8fd0c2f7f55c621c" member_type: VOTER last_known_addr { host: "127.0.136.193" port: 44753 } } peers { permanent_uuid: "6c1082a705ec42afa90cbccc82d7dd54" member_type: VOTER last_known_addr { host: "127.0.136.194" port: 45123 } } peers { permanent_uuid: "07feb6c36ad543889568656308b8a3d4" member_type: VOTER last_known_addr { host: "127.0.136.195" port: 39093 } }
I20260709 12:09:15.897754  1911 consensus_queue.cc:260] T b7e7944f541d48e8a03e8417dd163325 P 6c1082a705ec42afa90cbccc82d7dd54 [NON_LEADER]: Queue going to NON_LEADER mode. State: All replicated index: 0, Majority replicated index: 0, Committed index: 0, Last appended: 0.0, Last appended by leader: 0, Current term: 0, Majority size: -1, State: 0, Mode: NON_LEADER, active raft config: opid_index: -1 OBSOLETE_local: false peers { permanent_uuid: "40564e07931740ff8fd0c2f7f55c621c" member_type: VOTER last_known_addr { host: "127.0.136.193" port: 44753 } } peers { permanent_uuid: "6c1082a705ec42afa90cbccc82d7dd54" member_type: VOTER last_known_addr { host: "127.0.136.194" port: 45123 } } peers { permanent_uuid: "07feb6c36ad543889568656308b8a3d4" member_type: VOTER last_known_addr { host: "127.0.136.195" port: 39093 } }
I20260709 12:09:15.899827  1911 ts_tablet_manager.cc:1434] T b7e7944f541d48e8a03e8417dd163325 P 6c1082a705ec42afa90cbccc82d7dd54: Time spent starting tablet: real 0.015s	user 0.005s	sys 0.000s
I20260709 12:09:15.900717  1911 tablet_bootstrap.cc:492] T 7dc12eea8bdd48a6ba16d3dcb2437fd8 P 6c1082a705ec42afa90cbccc82d7dd54: Bootstrap starting.
I20260709 12:09:15.902108  1910 consensus_queue.cc:260] T beaa645747044d06a9dd217b2b9dada8 P 40564e07931740ff8fd0c2f7f55c621c [NON_LEADER]: Queue going to NON_LEADER mode. State: All replicated index: 0, Majority replicated index: 0, Committed index: 0, Last appended: 0.0, Last appended by leader: 0, Current term: 0, Majority size: -1, State: 0, Mode: NON_LEADER, active raft config: opid_index: -1 OBSOLETE_local: false peers { permanent_uuid: "40564e07931740ff8fd0c2f7f55c621c" member_type: VOTER last_known_addr { host: "127.0.136.193" port: 44753 } } peers { permanent_uuid: "6c1082a705ec42afa90cbccc82d7dd54" member_type: VOTER last_known_addr { host: "127.0.136.194" port: 45123 } } peers { permanent_uuid: "07feb6c36ad543889568656308b8a3d4" member_type: VOTER last_known_addr { host: "127.0.136.195" port: 39093 } }
I20260709 12:09:15.887224  1867 tablet_service.cc:1917] Received RequestConsensusVote() RPC: tablet_id: "c1e3030f8a824b1d83b93fdc55e6cc79" candidate_uuid: "40564e07931740ff8fd0c2f7f55c621c" candidate_term: 1 candidate_status { last_received { term: 0 index: 0 } } ignore_live_leader: false dest_uuid: "07feb6c36ad543889568656308b8a3d4"
I20260709 12:09:15.905205  1910 ts_tablet_manager.cc:1434] T beaa645747044d06a9dd217b2b9dada8 P 40564e07931740ff8fd0c2f7f55c621c: Time spent starting tablet: real 0.024s	user 0.006s	sys 0.001s
W20260709 12:09:15.906062  1685 leader_election.cc:343] T c1e3030f8a824b1d83b93fdc55e6cc79 P 40564e07931740ff8fd0c2f7f55c621c [CANDIDATE]: Term 1 election: Tablet error from VoteRequest() call to peer 07feb6c36ad543889568656308b8a3d4 (127.0.136.195:39093): Illegal state: must be running to vote when last-logged opid is not known
I20260709 12:09:15.907879  1910 tablet_bootstrap.cc:492] T d4e0c32e8e25455ab27839671603e832 P 40564e07931740ff8fd0c2f7f55c621c: Bootstrap starting.
I20260709 12:09:15.917764  1867 tablet_service.cc:1917] Received RequestConsensusVote() RPC: tablet_id: "efdd2f74e4914d5ea02916139031d6e4" candidate_uuid: "6c1082a705ec42afa90cbccc82d7dd54" candidate_term: 1 candidate_status { last_received { term: 0 index: 0 } } ignore_live_leader: false dest_uuid: "07feb6c36ad543889568656308b8a3d4"
I20260709 12:09:15.927410  1867 raft_consensus.cc:3060] T efdd2f74e4914d5ea02916139031d6e4 P 07feb6c36ad543889568656308b8a3d4 [term 0 FOLLOWER]: Advancing to term 1
I20260709 12:09:15.928561  1715 tablet_service.cc:1917] Received RequestConsensusVote() RPC: tablet_id: "efdd2f74e4914d5ea02916139031d6e4" candidate_uuid: "6c1082a705ec42afa90cbccc82d7dd54" candidate_term: 1 candidate_status { last_received { term: 0 index: 0 } } ignore_live_leader: false dest_uuid: "40564e07931740ff8fd0c2f7f55c621c"
I20260709 12:09:15.929260  1715 raft_consensus.cc:3060] T efdd2f74e4914d5ea02916139031d6e4 P 40564e07931740ff8fd0c2f7f55c621c [term 0 FOLLOWER]: Advancing to term 1
I20260709 12:09:15.931135  1917 raft_consensus.cc:515] T d4e0c32e8e25455ab27839671603e832 P 6c1082a705ec42afa90cbccc82d7dd54 [term 1 FOLLOWER]: Starting leader election with config: opid_index: -1 OBSOLETE_local: false peers { permanent_uuid: "40564e07931740ff8fd0c2f7f55c621c" member_type: VOTER last_known_addr { host: "127.0.136.193" port: 44753 } } peers { permanent_uuid: "6c1082a705ec42afa90cbccc82d7dd54" member_type: VOTER last_known_addr { host: "127.0.136.194" port: 45123 } } peers { permanent_uuid: "07feb6c36ad543889568656308b8a3d4" member_type: VOTER last_known_addr { host: "127.0.136.195" port: 39093 } }
I20260709 12:09:15.933146  1917 leader_election.cc:290] T d4e0c32e8e25455ab27839671603e832 P 6c1082a705ec42afa90cbccc82d7dd54 [CANDIDATE]: Term 1 election: Requested vote from peers 40564e07931740ff8fd0c2f7f55c621c (127.0.136.193:44753), 07feb6c36ad543889568656308b8a3d4 (127.0.136.195:39093)
I20260709 12:09:15.936419  1911 tablet_bootstrap.cc:654] T 7dc12eea8bdd48a6ba16d3dcb2437fd8 P 6c1082a705ec42afa90cbccc82d7dd54: Neither blocks nor log segments found. Creating new log.
I20260709 12:09:15.936757  1715 raft_consensus.cc:2468] T efdd2f74e4914d5ea02916139031d6e4 P 40564e07931740ff8fd0c2f7f55c621c [term 1 FOLLOWER]: Leader election vote request: Granting yes vote for candidate 6c1082a705ec42afa90cbccc82d7dd54 in term 1.
W20260709 12:09:15.945152  1683 consensus_peers.cc:597] T 7dc12eea8bdd48a6ba16d3dcb2437fd8 P 40564e07931740ff8fd0c2f7f55c621c -> Peer 6c1082a705ec42afa90cbccc82d7dd54 (127.0.136.194:45123): Couldn't send request to peer 6c1082a705ec42afa90cbccc82d7dd54. Error code: TABLET_NOT_RUNNING (12). Status: Illegal state: Tablet not RUNNING: BOOTSTRAPPING. This is attempt 1: this message will repeat every 5th retry.
I20260709 12:09:15.947503  1760 leader_election.cc:304] T efdd2f74e4914d5ea02916139031d6e4 P 6c1082a705ec42afa90cbccc82d7dd54 [CANDIDATE]: Term 1 election: Election decided. Result: candidate won. Election summary: received 2 responses out of 3 voters: 2 yes votes; 0 no votes. yes voters: 40564e07931740ff8fd0c2f7f55c621c, 6c1082a705ec42afa90cbccc82d7dd54; no voters: 
I20260709 12:09:15.947503  1715 tablet_service.cc:1917] Received RequestConsensusVote() RPC: tablet_id: "d4e0c32e8e25455ab27839671603e832" candidate_uuid: "6c1082a705ec42afa90cbccc82d7dd54" candidate_term: 1 candidate_status { last_received { term: 0 index: 0 } } ignore_live_leader: false dest_uuid: "40564e07931740ff8fd0c2f7f55c621c"
I20260709 12:09:15.948112  1867 raft_consensus.cc:2468] T efdd2f74e4914d5ea02916139031d6e4 P 07feb6c36ad543889568656308b8a3d4 [term 1 FOLLOWER]: Leader election vote request: Granting yes vote for candidate 6c1082a705ec42afa90cbccc82d7dd54 in term 1.
W20260709 12:09:15.949314  1760 leader_election.cc:343] T d4e0c32e8e25455ab27839671603e832 P 6c1082a705ec42afa90cbccc82d7dd54 [CANDIDATE]: Term 1 election: Tablet error from VoteRequest() call to peer 40564e07931740ff8fd0c2f7f55c621c (127.0.136.193:44753): Illegal state: must be running to vote when last-logged opid is not known
I20260709 12:09:15.950642  1917 raft_consensus.cc:2804] T efdd2f74e4914d5ea02916139031d6e4 P 6c1082a705ec42afa90cbccc82d7dd54 [term 1 FOLLOWER]: Leader election won for term 1
I20260709 12:09:15.951381  1917 raft_consensus.cc:697] T efdd2f74e4914d5ea02916139031d6e4 P 6c1082a705ec42afa90cbccc82d7dd54 [term 1 LEADER]: Becoming Leader. State: Replica: 6c1082a705ec42afa90cbccc82d7dd54, State: Running, Role: LEADER
I20260709 12:09:15.952544  1917 consensus_queue.cc:237] T efdd2f74e4914d5ea02916139031d6e4 P 6c1082a705ec42afa90cbccc82d7dd54 [LEADER]: Queue going to LEADER mode. State: All replicated index: 0, Majority replicated index: 0, Committed index: 0, Last appended: 0.0, Last appended by leader: 0, Current term: 1, Majority size: 2, State: 0, Mode: LEADER, active raft config: opid_index: -1 OBSOLETE_local: false peers { permanent_uuid: "40564e07931740ff8fd0c2f7f55c621c" member_type: VOTER last_known_addr { host: "127.0.136.193" port: 44753 } } peers { permanent_uuid: "6c1082a705ec42afa90cbccc82d7dd54" member_type: VOTER last_known_addr { host: "127.0.136.194" port: 45123 } } peers { permanent_uuid: "07feb6c36ad543889568656308b8a3d4" member_type: VOTER last_known_addr { host: "127.0.136.195" port: 39093 } }
I20260709 12:09:15.960796  1910 tablet_bootstrap.cc:654] T d4e0c32e8e25455ab27839671603e832 P 40564e07931740ff8fd0c2f7f55c621c: Neither blocks nor log segments found. Creating new log.
I20260709 12:09:15.963001  1865 tablet_service.cc:1917] Received RequestConsensusVote() RPC: tablet_id: "d4e0c32e8e25455ab27839671603e832" candidate_uuid: "6c1082a705ec42afa90cbccc82d7dd54" candidate_term: 1 candidate_status { last_received { term: 0 index: 0 } } ignore_live_leader: false dest_uuid: "07feb6c36ad543889568656308b8a3d4"
I20260709 12:09:15.963696  1865 raft_consensus.cc:3060] T d4e0c32e8e25455ab27839671603e832 P 07feb6c36ad543889568656308b8a3d4 [term 0 FOLLOWER]: Advancing to term 1
I20260709 12:09:15.964993  2028 raft_consensus.cc:493] T beaa645747044d06a9dd217b2b9dada8 P 40564e07931740ff8fd0c2f7f55c621c [term 0 FOLLOWER]: Starting pre-election (no leader contacted us within the election timeout)
I20260709 12:09:15.965538  2028 raft_consensus.cc:515] T beaa645747044d06a9dd217b2b9dada8 P 40564e07931740ff8fd0c2f7f55c621c [term 0 FOLLOWER]: Starting pre-election with config: opid_index: -1 OBSOLETE_local: false peers { permanent_uuid: "40564e07931740ff8fd0c2f7f55c621c" member_type: VOTER last_known_addr { host: "127.0.136.193" port: 44753 } } peers { permanent_uuid: "6c1082a705ec42afa90cbccc82d7dd54" member_type: VOTER last_known_addr { host: "127.0.136.194" port: 45123 } } peers { permanent_uuid: "07feb6c36ad543889568656308b8a3d4" member_type: VOTER last_known_addr { host: "127.0.136.195" port: 39093 } }
I20260709 12:09:15.968904  1792 tablet_service.cc:1917] Received RequestConsensusVote() RPC: tablet_id: "beaa645747044d06a9dd217b2b9dada8" candidate_uuid: "40564e07931740ff8fd0c2f7f55c621c" candidate_term: 1 candidate_status { last_received { term: 0 index: 0 } } ignore_live_leader: false dest_uuid: "6c1082a705ec42afa90cbccc82d7dd54" is_pre_election: true
W20260709 12:09:15.970381  1683 leader_election.cc:343] T beaa645747044d06a9dd217b2b9dada8 P 40564e07931740ff8fd0c2f7f55c621c [CANDIDATE]: Term 1 pre-election: Tablet error from VoteRequest() call to peer 6c1082a705ec42afa90cbccc82d7dd54 (127.0.136.194:45123): Illegal state: must be running to vote when last-logged opid is not known
I20260709 12:09:15.971220  1911 tablet_bootstrap.cc:492] T 7dc12eea8bdd48a6ba16d3dcb2437fd8 P 6c1082a705ec42afa90cbccc82d7dd54: No bootstrap required, opened a new log
I20260709 12:09:15.971678  1911 ts_tablet_manager.cc:1403] T 7dc12eea8bdd48a6ba16d3dcb2437fd8 P 6c1082a705ec42afa90cbccc82d7dd54: Time spent bootstrapping tablet: real 0.071s	user 0.005s	sys 0.004s
I20260709 12:09:15.974246  2028 leader_election.cc:290] T beaa645747044d06a9dd217b2b9dada8 P 40564e07931740ff8fd0c2f7f55c621c [CANDIDATE]: Term 1 pre-election: Requested pre-vote from peers 6c1082a705ec42afa90cbccc82d7dd54 (127.0.136.194:45123), 07feb6c36ad543889568656308b8a3d4 (127.0.136.195:39093)
I20260709 12:09:15.974547  1911 raft_consensus.cc:359] T 7dc12eea8bdd48a6ba16d3dcb2437fd8 P 6c1082a705ec42afa90cbccc82d7dd54 [term 0 FOLLOWER]: Replica starting. Triggering 0 pending ops. Active config: opid_index: -1 OBSOLETE_local: false peers { permanent_uuid: "40564e07931740ff8fd0c2f7f55c621c" member_type: VOTER last_known_addr { host: "127.0.136.193" port: 44753 } } peers { permanent_uuid: "6c1082a705ec42afa90cbccc82d7dd54" member_type: VOTER last_known_addr { host: "127.0.136.194" port: 45123 } } peers { permanent_uuid: "07feb6c36ad543889568656308b8a3d4" member_type: VOTER last_known_addr { host: "127.0.136.195" port: 39093 } }
I20260709 12:09:15.975229  1911 raft_consensus.cc:385] T 7dc12eea8bdd48a6ba16d3dcb2437fd8 P 6c1082a705ec42afa90cbccc82d7dd54 [term 0 FOLLOWER]: Consensus starting up: Expiring failure detector timer to make a prompt election more likely
I20260709 12:09:15.975299  1867 tablet_service.cc:1917] Received RequestConsensusVote() RPC: tablet_id: "beaa645747044d06a9dd217b2b9dada8" candidate_uuid: "40564e07931740ff8fd0c2f7f55c621c" candidate_term: 1 candidate_status { last_received { term: 0 index: 0 } } ignore_live_leader: false dest_uuid: "07feb6c36ad543889568656308b8a3d4" is_pre_election: true
I20260709 12:09:15.977358  1867 raft_consensus.cc:2468] T beaa645747044d06a9dd217b2b9dada8 P 07feb6c36ad543889568656308b8a3d4 [term 0 FOLLOWER]: Leader pre-election vote request: Granting yes vote for candidate 40564e07931740ff8fd0c2f7f55c621c in term 0.
I20260709 12:09:15.978098  1910 tablet_bootstrap.cc:492] T d4e0c32e8e25455ab27839671603e832 P 40564e07931740ff8fd0c2f7f55c621c: No bootstrap required, opened a new log
I20260709 12:09:15.978618  1910 ts_tablet_manager.cc:1403] T d4e0c32e8e25455ab27839671603e832 P 40564e07931740ff8fd0c2f7f55c621c: Time spent bootstrapping tablet: real 0.073s	user 0.005s	sys 0.008s
I20260709 12:09:15.977984  1617 catalog_manager.cc:5697] T c1e3030f8a824b1d83b93fdc55e6cc79 P 40564e07931740ff8fd0c2f7f55c621c reported cstate change: term changed from 0 to 1, leader changed from <none> to 40564e07931740ff8fd0c2f7f55c621c (127.0.136.193). New cstate: current_term: 1 leader_uuid: "40564e07931740ff8fd0c2f7f55c621c" committed_config { opid_index: -1 OBSOLETE_local: false peers { permanent_uuid: "40564e07931740ff8fd0c2f7f55c621c" member_type: VOTER last_known_addr { host: "127.0.136.193" port: 44753 } health_report { overall_health: HEALTHY } } peers { permanent_uuid: "6c1082a705ec42afa90cbccc82d7dd54" member_type: VOTER last_known_addr { host: "127.0.136.194" port: 45123 } health_report { overall_health: UNKNOWN } } peers { permanent_uuid: "07feb6c36ad543889568656308b8a3d4" member_type: VOTER last_known_addr { host: "127.0.136.195" port: 39093 } health_report { overall_health: UNKNOWN } } }
I20260709 12:09:15.979116  1685 leader_election.cc:304] T beaa645747044d06a9dd217b2b9dada8 P 40564e07931740ff8fd0c2f7f55c621c [CANDIDATE]: Term 1 pre-election: Election decided. Result: candidate won. Election summary: received 3 responses out of 3 voters: 2 yes votes; 1 no votes. yes voters: 07feb6c36ad543889568656308b8a3d4, 40564e07931740ff8fd0c2f7f55c621c; no voters: 6c1082a705ec42afa90cbccc82d7dd54
I20260709 12:09:15.979926  2028 raft_consensus.cc:2804] T beaa645747044d06a9dd217b2b9dada8 P 40564e07931740ff8fd0c2f7f55c621c [term 0 FOLLOWER]: Leader pre-election won for term 1
I20260709 12:09:15.980327  2028 raft_consensus.cc:493] T beaa645747044d06a9dd217b2b9dada8 P 40564e07931740ff8fd0c2f7f55c621c [term 0 FOLLOWER]: Starting leader election (no leader contacted us within the election timeout)
I20260709 12:09:15.980700  2028 raft_consensus.cc:3060] T beaa645747044d06a9dd217b2b9dada8 P 40564e07931740ff8fd0c2f7f55c621c [term 0 FOLLOWER]: Advancing to term 1
I20260709 12:09:15.981360  1910 raft_consensus.cc:359] T d4e0c32e8e25455ab27839671603e832 P 40564e07931740ff8fd0c2f7f55c621c [term 0 FOLLOWER]: Replica starting. Triggering 0 pending ops. Active config: opid_index: -1 OBSOLETE_local: false peers { permanent_uuid: "40564e07931740ff8fd0c2f7f55c621c" member_type: VOTER last_known_addr { host: "127.0.136.193" port: 44753 } } peers { permanent_uuid: "6c1082a705ec42afa90cbccc82d7dd54" member_type: VOTER last_known_addr { host: "127.0.136.194" port: 45123 } } peers { permanent_uuid: "07feb6c36ad543889568656308b8a3d4" member_type: VOTER last_known_addr { host: "127.0.136.195" port: 39093 } }
I20260709 12:09:15.982044  1910 raft_consensus.cc:385] T d4e0c32e8e25455ab27839671603e832 P 40564e07931740ff8fd0c2f7f55c621c [term 0 FOLLOWER]: Consensus starting up: Expiring failure detector timer to make a prompt election more likely
I20260709 12:09:15.982328  1910 raft_consensus.cc:740] T d4e0c32e8e25455ab27839671603e832 P 40564e07931740ff8fd0c2f7f55c621c [term 0 FOLLOWER]: Becoming Follower/Learner. State: Replica: 40564e07931740ff8fd0c2f7f55c621c, State: Initialized, Role: FOLLOWER
I20260709 12:09:15.983093  1910 consensus_queue.cc:260] T d4e0c32e8e25455ab27839671603e832 P 40564e07931740ff8fd0c2f7f55c621c [NON_LEADER]: Queue going to NON_LEADER mode. State: All replicated index: 0, Majority replicated index: 0, Committed index: 0, Last appended: 0.0, Last appended by leader: 0, Current term: 0, Majority size: -1, State: 0, Mode: NON_LEADER, active raft config: opid_index: -1 OBSOLETE_local: false peers { permanent_uuid: "40564e07931740ff8fd0c2f7f55c621c" member_type: VOTER last_known_addr { host: "127.0.136.193" port: 44753 } } peers { permanent_uuid: "6c1082a705ec42afa90cbccc82d7dd54" member_type: VOTER last_known_addr { host: "127.0.136.194" port: 45123 } } peers { permanent_uuid: "07feb6c36ad543889568656308b8a3d4" member_type: VOTER last_known_addr { host: "127.0.136.195" port: 39093 } }
I20260709 12:09:15.983614  1865 raft_consensus.cc:2468] T d4e0c32e8e25455ab27839671603e832 P 07feb6c36ad543889568656308b8a3d4 [term 1 FOLLOWER]: Leader election vote request: Granting yes vote for candidate 6c1082a705ec42afa90cbccc82d7dd54 in term 1.
I20260709 12:09:15.975553  1911 raft_consensus.cc:740] T 7dc12eea8bdd48a6ba16d3dcb2437fd8 P 6c1082a705ec42afa90cbccc82d7dd54 [term 0 FOLLOWER]: Becoming Follower/Learner. State: Replica: 6c1082a705ec42afa90cbccc82d7dd54, State: Initialized, Role: FOLLOWER
I20260709 12:09:15.985626  1911 consensus_queue.cc:260] T 7dc12eea8bdd48a6ba16d3dcb2437fd8 P 6c1082a705ec42afa90cbccc82d7dd54 [NON_LEADER]: Queue going to NON_LEADER mode. State: All replicated index: 0, Majority replicated index: 0, Committed index: 0, Last appended: 0.0, Last appended by leader: 0, Current term: 0, Majority size: -1, State: 0, Mode: NON_LEADER, active raft config: opid_index: -1 OBSOLETE_local: false peers { permanent_uuid: "40564e07931740ff8fd0c2f7f55c621c" member_type: VOTER last_known_addr { host: "127.0.136.193" port: 44753 } } peers { permanent_uuid: "6c1082a705ec42afa90cbccc82d7dd54" member_type: VOTER last_known_addr { host: "127.0.136.194" port: 45123 } } peers { permanent_uuid: "07feb6c36ad543889568656308b8a3d4" member_type: VOTER last_known_addr { host: "127.0.136.195" port: 39093 } }
I20260709 12:09:15.987643  1911 ts_tablet_manager.cc:1434] T 7dc12eea8bdd48a6ba16d3dcb2437fd8 P 6c1082a705ec42afa90cbccc82d7dd54: Time spent starting tablet: real 0.016s	user 0.008s	sys 0.000s
I20260709 12:09:15.988595  1911 tablet_bootstrap.cc:492] T beaa645747044d06a9dd217b2b9dada8 P 6c1082a705ec42afa90cbccc82d7dd54: Bootstrap starting.
I20260709 12:09:15.990639  1760 leader_election.cc:304] T d4e0c32e8e25455ab27839671603e832 P 6c1082a705ec42afa90cbccc82d7dd54 [CANDIDATE]: Term 1 election: Election decided. Result: candidate won. Election summary: received 3 responses out of 3 voters: 2 yes votes; 1 no votes. yes voters: 07feb6c36ad543889568656308b8a3d4, 6c1082a705ec42afa90cbccc82d7dd54; no voters: 40564e07931740ff8fd0c2f7f55c621c
I20260709 12:09:15.992908  1967 raft_consensus.cc:2804] T d4e0c32e8e25455ab27839671603e832 P 6c1082a705ec42afa90cbccc82d7dd54 [term 1 FOLLOWER]: Leader election won for term 1
I20260709 12:09:15.993355  1967 raft_consensus.cc:697] T d4e0c32e8e25455ab27839671603e832 P 6c1082a705ec42afa90cbccc82d7dd54 [term 1 LEADER]: Becoming Leader. State: Replica: 6c1082a705ec42afa90cbccc82d7dd54, State: Running, Role: LEADER
I20260709 12:09:15.994159  1967 consensus_queue.cc:237] T d4e0c32e8e25455ab27839671603e832 P 6c1082a705ec42afa90cbccc82d7dd54 [LEADER]: Queue going to LEADER mode. State: All replicated index: 0, Majority replicated index: 0, Committed index: 0, Last appended: 0.0, Last appended by leader: 0, Current term: 1, Majority size: 2, State: 0, Mode: LEADER, active raft config: opid_index: -1 OBSOLETE_local: false peers { permanent_uuid: "40564e07931740ff8fd0c2f7f55c621c" member_type: VOTER last_known_addr { host: "127.0.136.193" port: 44753 } } peers { permanent_uuid: "6c1082a705ec42afa90cbccc82d7dd54" member_type: VOTER last_known_addr { host: "127.0.136.194" port: 45123 } } peers { permanent_uuid: "07feb6c36ad543889568656308b8a3d4" member_type: VOTER last_known_addr { host: "127.0.136.195" port: 39093 } }
I20260709 12:09:15.996112  1909 tablet_bootstrap.cc:492] T 1842fec1b7454b1ab04d9a8711a7fd0b P 07feb6c36ad543889568656308b8a3d4: No bootstrap required, opened a new log
I20260709 12:09:15.996672  1909 ts_tablet_manager.cc:1403] T 1842fec1b7454b1ab04d9a8711a7fd0b P 07feb6c36ad543889568656308b8a3d4: Time spent bootstrapping tablet: real 0.151s	user 0.021s	sys 0.030s
I20260709 12:09:15.999619  1911 tablet_bootstrap.cc:654] T beaa645747044d06a9dd217b2b9dada8 P 6c1082a705ec42afa90cbccc82d7dd54: Neither blocks nor log segments found. Creating new log.
I20260709 12:09:16.006263  1909 raft_consensus.cc:359] T 1842fec1b7454b1ab04d9a8711a7fd0b P 07feb6c36ad543889568656308b8a3d4 [term 0 FOLLOWER]: Replica starting. Triggering 0 pending ops. Active config: opid_index: -1 OBSOLETE_local: false peers { permanent_uuid: "40564e07931740ff8fd0c2f7f55c621c" member_type: VOTER last_known_addr { host: "127.0.136.193" port: 44753 } } peers { permanent_uuid: "6c1082a705ec42afa90cbccc82d7dd54" member_type: VOTER last_known_addr { host: "127.0.136.194" port: 45123 } } peers { permanent_uuid: "07feb6c36ad543889568656308b8a3d4" member_type: VOTER last_known_addr { host: "127.0.136.195" port: 39093 } }
I20260709 12:09:16.007032  1909 raft_consensus.cc:385] T 1842fec1b7454b1ab04d9a8711a7fd0b P 07feb6c36ad543889568656308b8a3d4 [term 0 FOLLOWER]: Consensus starting up: Expiring failure detector timer to make a prompt election more likely
I20260709 12:09:16.007289  1909 raft_consensus.cc:740] T 1842fec1b7454b1ab04d9a8711a7fd0b P 07feb6c36ad543889568656308b8a3d4 [term 0 FOLLOWER]: Becoming Follower/Learner. State: Replica: 07feb6c36ad543889568656308b8a3d4, State: Initialized, Role: FOLLOWER
I20260709 12:09:16.008101  1909 consensus_queue.cc:260] T 1842fec1b7454b1ab04d9a8711a7fd0b P 07feb6c36ad543889568656308b8a3d4 [NON_LEADER]: Queue going to NON_LEADER mode. State: All replicated index: 0, Majority replicated index: 0, Committed index: 0, Last appended: 0.0, Last appended by leader: 0, Current term: 0, Majority size: -1, State: 0, Mode: NON_LEADER, active raft config: opid_index: -1 OBSOLETE_local: false peers { permanent_uuid: "40564e07931740ff8fd0c2f7f55c621c" member_type: VOTER last_known_addr { host: "127.0.136.193" port: 44753 } } peers { permanent_uuid: "6c1082a705ec42afa90cbccc82d7dd54" member_type: VOTER last_known_addr { host: "127.0.136.194" port: 45123 } } peers { permanent_uuid: "07feb6c36ad543889568656308b8a3d4" member_type: VOTER last_known_addr { host: "127.0.136.195" port: 39093 } }
I20260709 12:09:16.010196  1909 ts_tablet_manager.cc:1434] T 1842fec1b7454b1ab04d9a8711a7fd0b P 07feb6c36ad543889568656308b8a3d4: Time spent starting tablet: real 0.013s	user 0.007s	sys 0.000s
I20260709 12:09:16.008865  1910 ts_tablet_manager.cc:1434] T d4e0c32e8e25455ab27839671603e832 P 40564e07931740ff8fd0c2f7f55c621c: Time spent starting tablet: real 0.030s	user 0.006s	sys 0.000s
I20260709 12:09:16.010708  1911 tablet_bootstrap.cc:492] T beaa645747044d06a9dd217b2b9dada8 P 6c1082a705ec42afa90cbccc82d7dd54: No bootstrap required, opened a new log
I20260709 12:09:16.008162  1616 catalog_manager.cc:5697] T efdd2f74e4914d5ea02916139031d6e4 P 6c1082a705ec42afa90cbccc82d7dd54 reported cstate change: term changed from 0 to 1, leader changed from <none> to 6c1082a705ec42afa90cbccc82d7dd54 (127.0.136.194). New cstate: current_term: 1 leader_uuid: "6c1082a705ec42afa90cbccc82d7dd54" committed_config { opid_index: -1 OBSOLETE_local: false peers { permanent_uuid: "40564e07931740ff8fd0c2f7f55c621c" member_type: VOTER last_known_addr { host: "127.0.136.193" port: 44753 } health_report { overall_health: UNKNOWN } } peers { permanent_uuid: "6c1082a705ec42afa90cbccc82d7dd54" member_type: VOTER last_known_addr { host: "127.0.136.194" port: 45123 } health_report { overall_health: HEALTHY } } peers { permanent_uuid: "07feb6c36ad543889568656308b8a3d4" member_type: VOTER last_known_addr { host: "127.0.136.195" port: 39093 } health_report { overall_health: UNKNOWN } } }
I20260709 12:09:16.011171  1911 ts_tablet_manager.cc:1403] T beaa645747044d06a9dd217b2b9dada8 P 6c1082a705ec42afa90cbccc82d7dd54: Time spent bootstrapping tablet: real 0.023s	user 0.011s	sys 0.000s
I20260709 12:09:16.011440  1910 tablet_bootstrap.cc:492] T 8f37a0f202b948879e1208365129ac39 P 40564e07931740ff8fd0c2f7f55c621c: Bootstrap starting.
I20260709 12:09:16.013724  1911 raft_consensus.cc:359] T beaa645747044d06a9dd217b2b9dada8 P 6c1082a705ec42afa90cbccc82d7dd54 [term 0 FOLLOWER]: Replica starting. Triggering 0 pending ops. Active config: opid_index: -1 OBSOLETE_local: false peers { permanent_uuid: "40564e07931740ff8fd0c2f7f55c621c" member_type: VOTER last_known_addr { host: "127.0.136.193" port: 44753 } } peers { permanent_uuid: "6c1082a705ec42afa90cbccc82d7dd54" member_type: VOTER last_known_addr { host: "127.0.136.194" port: 45123 } } peers { permanent_uuid: "07feb6c36ad543889568656308b8a3d4" member_type: VOTER last_known_addr { host: "127.0.136.195" port: 39093 } }
I20260709 12:09:16.014497  1911 raft_consensus.cc:385] T beaa645747044d06a9dd217b2b9dada8 P 6c1082a705ec42afa90cbccc82d7dd54 [term 0 FOLLOWER]: Consensus starting up: Expiring failure detector timer to make a prompt election more likely
I20260709 12:09:16.014750  1911 raft_consensus.cc:740] T beaa645747044d06a9dd217b2b9dada8 P 6c1082a705ec42afa90cbccc82d7dd54 [term 0 FOLLOWER]: Becoming Follower/Learner. State: Replica: 6c1082a705ec42afa90cbccc82d7dd54, State: Initialized, Role: FOLLOWER
