I20260709 12:09:19.849385 29219 tablet_service.cc:1917] Received RequestConsensusVote() RPC: tablet_id: "dbba1a6230b84fe0aab1f69d104cd113" candidate_uuid: "ba18ddc10a7c4d068a32107e39aedc64" candidate_term: 1 candidate_status { last_received { term: 0 index: 0 } } ignore_live_leader: false dest_uuid: "f5789021c8b0486a98887435c5190ec7" is_pre_election: true
I20260709 12:09:19.850121 29219 raft_consensus.cc:2468] T dbba1a6230b84fe0aab1f69d104cd113 P f5789021c8b0486a98887435c5190ec7 [term 0 FOLLOWER]: Leader pre-election vote request: Granting yes vote for candidate ba18ddc10a7c4d068a32107e39aedc64 in term 0.
I20260709 12:09:19.853662 29184 leader_election.cc:304] T 6543b2babeeb42699b6631129f712ff5 P f5789021c8b0486a98887435c5190ec7 [CANDIDATE]: Term 1 pre-election: Election decided. Result: candidate won. Election summary: received 2 responses out of 3 voters: 2 yes votes; 0 no votes. yes voters: 5b2ca00992dd413b9a76049f08812412, f5789021c8b0486a98887435c5190ec7; no voters: 
I20260709 12:09:19.854372 29409 tablet_bootstrap.cc:654] T daeb9c2f015a47a096afd81b453637a3 P f5789021c8b0486a98887435c5190ec7: Neither blocks nor log segments found. Creating new log.
I20260709 12:09:19.860539 29417 raft_consensus.cc:2804] T 6543b2babeeb42699b6631129f712ff5 P f5789021c8b0486a98887435c5190ec7 [term 0 FOLLOWER]: Leader pre-election won for term 1
I20260709 12:09:19.860934 29417 raft_consensus.cc:493] T 6543b2babeeb42699b6631129f712ff5 P f5789021c8b0486a98887435c5190ec7 [term 0 FOLLOWER]: Starting leader election (no leader contacted us within the election timeout)
I20260709 12:09:19.861276 29417 raft_consensus.cc:3060] T 6543b2babeeb42699b6631129f712ff5 P f5789021c8b0486a98887435c5190ec7 [term 0 FOLLOWER]: Advancing to term 1
I20260709 12:09:19.864281 29409 tablet_bootstrap.cc:492] T daeb9c2f015a47a096afd81b453637a3 P f5789021c8b0486a98887435c5190ec7: No bootstrap required, opened a new log
I20260709 12:09:19.864864 29409 ts_tablet_manager.cc:1403] T daeb9c2f015a47a096afd81b453637a3 P f5789021c8b0486a98887435c5190ec7: Time spent bootstrapping tablet: real 0.027s	user 0.012s	sys 0.000s
I20260709 12:09:19.860149 29440 raft_consensus.cc:515] T dbba1a6230b84fe0aab1f69d104cd113 P ba18ddc10a7c4d068a32107e39aedc64 [term 1 FOLLOWER]: Starting leader election with config: opid_index: -1 OBSOLETE_local: false peers { permanent_uuid: "f5789021c8b0486a98887435c5190ec7" member_type: VOTER last_known_addr { host: "127.27.101.193" port: 36007 } } peers { permanent_uuid: "5b2ca00992dd413b9a76049f08812412" member_type: VOTER last_known_addr { host: "127.27.101.194" port: 40497 } } peers { permanent_uuid: "ba18ddc10a7c4d068a32107e39aedc64" member_type: VOTER last_known_addr { host: "127.27.101.195" port: 45059 } }
I20260709 12:09:19.869189 29411 tablet_bootstrap.cc:492] T daeb9c2f015a47a096afd81b453637a3 P 5b2ca00992dd413b9a76049f08812412: No bootstrap required, opened a new log
I20260709 12:09:19.869720 29411 ts_tablet_manager.cc:1403] T daeb9c2f015a47a096afd81b453637a3 P 5b2ca00992dd413b9a76049f08812412: Time spent bootstrapping tablet: real 0.041s	user 0.008s	sys 0.005s
I20260709 12:09:19.870414 29218 tablet_service.cc:1917] Received RequestConsensusVote() RPC: tablet_id: "dbba1a6230b84fe0aab1f69d104cd113" candidate_uuid: "ba18ddc10a7c4d068a32107e39aedc64" candidate_term: 1 candidate_status { last_received { term: 0 index: 0 } } ignore_live_leader: false dest_uuid: "f5789021c8b0486a98887435c5190ec7"
I20260709 12:09:19.871011 29218 raft_consensus.cc:3060] T dbba1a6230b84fe0aab1f69d104cd113 P f5789021c8b0486a98887435c5190ec7 [term 0 FOLLOWER]: Advancing to term 1
I20260709 12:09:19.875463 29411 raft_consensus.cc:359] T daeb9c2f015a47a096afd81b453637a3 P 5b2ca00992dd413b9a76049f08812412 [term 0 FOLLOWER]: Replica starting. Triggering 0 pending ops. Active config: opid_index: -1 OBSOLETE_local: false peers { permanent_uuid: "f5789021c8b0486a98887435c5190ec7" member_type: VOTER last_known_addr { host: "127.27.101.193" port: 36007 } } peers { permanent_uuid: "5b2ca00992dd413b9a76049f08812412" member_type: VOTER last_known_addr { host: "127.27.101.194" port: 40497 } } peers { permanent_uuid: "ba18ddc10a7c4d068a32107e39aedc64" member_type: VOTER last_known_addr { host: "127.27.101.195" port: 45059 } }
I20260709 12:09:19.876387 29411 raft_consensus.cc:385] T daeb9c2f015a47a096afd81b453637a3 P 5b2ca00992dd413b9a76049f08812412 [term 0 FOLLOWER]: Consensus starting up: Expiring failure detector timer to make a prompt election more likely
I20260709 12:09:19.876703 29411 raft_consensus.cc:740] T daeb9c2f015a47a096afd81b453637a3 P 5b2ca00992dd413b9a76049f08812412 [term 0 FOLLOWER]: Becoming Follower/Learner. State: Replica: 5b2ca00992dd413b9a76049f08812412, State: Initialized, Role: FOLLOWER
I20260709 12:09:19.877334 29411 consensus_queue.cc:260] T daeb9c2f015a47a096afd81b453637a3 P 5b2ca00992dd413b9a76049f08812412 [NON_LEADER]: Queue going to NON_LEADER mode. State: All replicated index: 0, Majority replicated index: 0, Committed index: 0, Last appended: 0.0, Last appended by leader: 0, Current term: 0, Majority size: -1, State: 0, Mode: NON_LEADER, active raft config: opid_index: -1 OBSOLETE_local: false peers { permanent_uuid: "f5789021c8b0486a98887435c5190ec7" member_type: VOTER last_known_addr { host: "127.27.101.193" port: 36007 } } peers { permanent_uuid: "5b2ca00992dd413b9a76049f08812412" member_type: VOTER last_known_addr { host: "127.27.101.194" port: 40497 } } peers { permanent_uuid: "ba18ddc10a7c4d068a32107e39aedc64" member_type: VOTER last_known_addr { host: "127.27.101.195" port: 45059 } }
I20260709 12:09:19.878535 29219 raft_consensus.cc:3060] T 94a2aae43d7144269b0cfa12958c5beb P f5789021c8b0486a98887435c5190ec7 [term 0 FOLLOWER]: Advancing to term 1
I20260709 12:09:19.879459 29411 ts_tablet_manager.cc:1434] T daeb9c2f015a47a096afd81b453637a3 P 5b2ca00992dd413b9a76049f08812412: Time spent starting tablet: real 0.009s	user 0.006s	sys 0.000s
I20260709 12:09:19.880491 29411 tablet_bootstrap.cc:492] T 8a384dfcf29f43968856938e8f10a0e1 P 5b2ca00992dd413b9a76049f08812412: Bootstrap starting.
I20260709 12:09:19.882476 29293 tablet_service.cc:1917] Received RequestConsensusVote() RPC: tablet_id: "dbba1a6230b84fe0aab1f69d104cd113" candidate_uuid: "ba18ddc10a7c4d068a32107e39aedc64" candidate_term: 1 candidate_status { last_received { term: 0 index: 0 } } ignore_live_leader: false dest_uuid: "5b2ca00992dd413b9a76049f08812412"
I20260709 12:09:19.883219 29293 raft_consensus.cc:3060] T dbba1a6230b84fe0aab1f69d104cd113 P 5b2ca00992dd413b9a76049f08812412 [term 0 FOLLOWER]: Advancing to term 1
I20260709 12:09:19.884280 29409 raft_consensus.cc:359] T daeb9c2f015a47a096afd81b453637a3 P f5789021c8b0486a98887435c5190ec7 [term 0 FOLLOWER]: Replica starting. Triggering 0 pending ops. Active config: opid_index: -1 OBSOLETE_local: false peers { permanent_uuid: "f5789021c8b0486a98887435c5190ec7" member_type: VOTER last_known_addr { host: "127.27.101.193" port: 36007 } } peers { permanent_uuid: "5b2ca00992dd413b9a76049f08812412" member_type: VOTER last_known_addr { host: "127.27.101.194" port: 40497 } } peers { permanent_uuid: "ba18ddc10a7c4d068a32107e39aedc64" member_type: VOTER last_known_addr { host: "127.27.101.195" port: 45059 } }
I20260709 12:09:19.885051 29409 raft_consensus.cc:385] T daeb9c2f015a47a096afd81b453637a3 P f5789021c8b0486a98887435c5190ec7 [term 0 FOLLOWER]: Consensus starting up: Expiring failure detector timer to make a prompt election more likely
I20260709 12:09:19.885334 29409 raft_consensus.cc:740] T daeb9c2f015a47a096afd81b453637a3 P f5789021c8b0486a98887435c5190ec7 [term 0 FOLLOWER]: Becoming Follower/Learner. State: Replica: f5789021c8b0486a98887435c5190ec7, State: Initialized, Role: FOLLOWER
I20260709 12:09:19.886183 29440 leader_election.cc:290] T dbba1a6230b84fe0aab1f69d104cd113 P ba18ddc10a7c4d068a32107e39aedc64 [CANDIDATE]: Term 1 election: Requested vote from peers f5789021c8b0486a98887435c5190ec7 (127.27.101.193:36007), 5b2ca00992dd413b9a76049f08812412 (127.27.101.194:40497)
I20260709 12:09:19.886049 29409 consensus_queue.cc:260] T daeb9c2f015a47a096afd81b453637a3 P f5789021c8b0486a98887435c5190ec7 [NON_LEADER]: Queue going to NON_LEADER mode. State: All replicated index: 0, Majority replicated index: 0, Committed index: 0, Last appended: 0.0, Last appended by leader: 0, Current term: 0, Majority size: -1, State: 0, Mode: NON_LEADER, active raft config: opid_index: -1 OBSOLETE_local: false peers { permanent_uuid: "f5789021c8b0486a98887435c5190ec7" member_type: VOTER last_known_addr { host: "127.27.101.193" port: 36007 } } peers { permanent_uuid: "5b2ca00992dd413b9a76049f08812412" member_type: VOTER last_known_addr { host: "127.27.101.194" port: 40497 } } peers { permanent_uuid: "ba18ddc10a7c4d068a32107e39aedc64" member_type: VOTER last_known_addr { host: "127.27.101.195" port: 45059 } }
I20260709 12:09:19.888554 29417 raft_consensus.cc:515] T 6543b2babeeb42699b6631129f712ff5 P f5789021c8b0486a98887435c5190ec7 [term 1 FOLLOWER]: Starting leader election with config: opid_index: -1 OBSOLETE_local: false peers { permanent_uuid: "f5789021c8b0486a98887435c5190ec7" member_type: VOTER last_known_addr { host: "127.27.101.193" port: 36007 } } peers { permanent_uuid: "5b2ca00992dd413b9a76049f08812412" member_type: VOTER last_known_addr { host: "127.27.101.194" port: 40497 } } peers { permanent_uuid: "ba18ddc10a7c4d068a32107e39aedc64" member_type: VOTER last_known_addr { host: "127.27.101.195" port: 45059 } }
I20260709 12:09:19.889187 29409 ts_tablet_manager.cc:1434] T daeb9c2f015a47a096afd81b453637a3 P f5789021c8b0486a98887435c5190ec7: Time spent starting tablet: real 0.024s	user 0.008s	sys 0.000s
I20260709 12:09:19.890394 29409 tablet_bootstrap.cc:492] T ce3624d55a874e399ef157477a1434f8 P f5789021c8b0486a98887435c5190ec7: Bootstrap starting.
I20260709 12:09:19.896263 29440 consensus_queue.cc:1048] T ac58ea418f264ceaac774d50d76878ee P ba18ddc10a7c4d068a32107e39aedc64 [LEADER]: Connected to new peer: Peer: permanent_uuid: "f5789021c8b0486a98887435c5190ec7" member_type: VOTER last_known_addr { host: "127.27.101.193" port: 36007 }, Status: LMP_MISMATCH, Last received: 0.0, Next index: 1, Last known committed idx: 0, Time since last communication: 0.000s
I20260709 12:09:19.898430 29411 tablet_bootstrap.cc:654] T 8a384dfcf29f43968856938e8f10a0e1 P 5b2ca00992dd413b9a76049f08812412: Neither blocks nor log segments found. Creating new log.
I20260709 12:09:19.907588 29409 tablet_bootstrap.cc:654] T ce3624d55a874e399ef157477a1434f8 P f5789021c8b0486a98887435c5190ec7: Neither blocks nor log segments found. Creating new log.
I20260709 12:09:19.912873 29440 raft_consensus.cc:493] T 671d3bc3914b42ef89aa8ea0fd0d983c P ba18ddc10a7c4d068a32107e39aedc64 [term 0 FOLLOWER]: Starting pre-election (no leader contacted us within the election timeout)
I20260709 12:09:19.913444 29440 raft_consensus.cc:515] T 671d3bc3914b42ef89aa8ea0fd0d983c P ba18ddc10a7c4d068a32107e39aedc64 [term 0 FOLLOWER]: Starting pre-election with config: opid_index: -1 OBSOLETE_local: false peers { permanent_uuid: "f5789021c8b0486a98887435c5190ec7" member_type: VOTER last_known_addr { host: "127.27.101.193" port: 36007 } } peers { permanent_uuid: "5b2ca00992dd413b9a76049f08812412" member_type: VOTER last_known_addr { host: "127.27.101.194" port: 40497 } } peers { permanent_uuid: "ba18ddc10a7c4d068a32107e39aedc64" member_type: VOTER last_known_addr { host: "127.27.101.195" port: 45059 } }
I20260709 12:09:19.913830 29411 tablet_bootstrap.cc:492] T 8a384dfcf29f43968856938e8f10a0e1 P 5b2ca00992dd413b9a76049f08812412: No bootstrap required, opened a new log
I20260709 12:09:19.914947 29411 ts_tablet_manager.cc:1403] T 8a384dfcf29f43968856938e8f10a0e1 P 5b2ca00992dd413b9a76049f08812412: Time spent bootstrapping tablet: real 0.034s	user 0.012s	sys 0.000s
I20260709 12:09:19.915591 29440 leader_election.cc:290] T 671d3bc3914b42ef89aa8ea0fd0d983c P ba18ddc10a7c4d068a32107e39aedc64 [CANDIDATE]: Term 1 pre-election: Requested pre-vote from peers f5789021c8b0486a98887435c5190ec7 (127.27.101.193:36007), 5b2ca00992dd413b9a76049f08812412 (127.27.101.194:40497)
I20260709 12:09:19.917534 29215 tablet_service.cc:1917] Received RequestConsensusVote() RPC: tablet_id: "671d3bc3914b42ef89aa8ea0fd0d983c" candidate_uuid: "ba18ddc10a7c4d068a32107e39aedc64" candidate_term: 1 candidate_status { last_received { term: 0 index: 0 } } ignore_live_leader: false dest_uuid: "f5789021c8b0486a98887435c5190ec7" is_pre_election: true
I20260709 12:09:19.918404 29411 raft_consensus.cc:359] T 8a384dfcf29f43968856938e8f10a0e1 P 5b2ca00992dd413b9a76049f08812412 [term 0 FOLLOWER]: Replica starting. Triggering 0 pending ops. Active config: opid_index: -1 OBSOLETE_local: false peers { permanent_uuid: "f5789021c8b0486a98887435c5190ec7" member_type: VOTER last_known_addr { host: "127.27.101.193" port: 36007 } } peers { permanent_uuid: "5b2ca00992dd413b9a76049f08812412" member_type: VOTER last_known_addr { host: "127.27.101.194" port: 40497 } } peers { permanent_uuid: "ba18ddc10a7c4d068a32107e39aedc64" member_type: VOTER last_known_addr { host: "127.27.101.195" port: 45059 } }
I20260709 12:09:19.919128 29411 raft_consensus.cc:385] T 8a384dfcf29f43968856938e8f10a0e1 P 5b2ca00992dd413b9a76049f08812412 [term 0 FOLLOWER]: Consensus starting up: Expiring failure detector timer to make a prompt election more likely
I20260709 12:09:19.919381 29411 raft_consensus.cc:740] T 8a384dfcf29f43968856938e8f10a0e1 P 5b2ca00992dd413b9a76049f08812412 [term 0 FOLLOWER]: Becoming Follower/Learner. State: Replica: 5b2ca00992dd413b9a76049f08812412, State: Initialized, Role: FOLLOWER
I20260709 12:09:19.922704 29409 tablet_bootstrap.cc:492] T ce3624d55a874e399ef157477a1434f8 P f5789021c8b0486a98887435c5190ec7: No bootstrap required, opened a new log
I20260709 12:09:19.923513 29291 tablet_service.cc:1917] Received RequestConsensusVote() RPC: tablet_id: "671d3bc3914b42ef89aa8ea0fd0d983c" candidate_uuid: "ba18ddc10a7c4d068a32107e39aedc64" candidate_term: 1 candidate_status { last_received { term: 0 index: 0 } } ignore_live_leader: false dest_uuid: "5b2ca00992dd413b9a76049f08812412" is_pre_election: true
I20260709 12:09:19.923337 29457 raft_consensus.cc:515] T a0fe14fb8387478d8c76ed2c7e634454 P 5b2ca00992dd413b9a76049f08812412 [term 1 FOLLOWER]: Starting leader election with config: opid_index: -1 OBSOLETE_local: false peers { permanent_uuid: "f5789021c8b0486a98887435c5190ec7" member_type: VOTER last_known_addr { host: "127.27.101.193" port: 36007 } } peers { permanent_uuid: "5b2ca00992dd413b9a76049f08812412" member_type: VOTER last_known_addr { host: "127.27.101.194" port: 40497 } } peers { permanent_uuid: "ba18ddc10a7c4d068a32107e39aedc64" member_type: VOTER last_known_addr { host: "127.27.101.195" port: 45059 } }
I20260709 12:09:19.924293 29291 raft_consensus.cc:2393] T 671d3bc3914b42ef89aa8ea0fd0d983c P 5b2ca00992dd413b9a76049f08812412 [term 1 FOLLOWER]: Leader pre-election vote request: Denying vote to candidate ba18ddc10a7c4d068a32107e39aedc64 in current term 1: Already voted for candidate f5789021c8b0486a98887435c5190ec7 in this term.
I20260709 12:09:19.924374 29218 raft_consensus.cc:2468] T dbba1a6230b84fe0aab1f69d104cd113 P f5789021c8b0486a98887435c5190ec7 [term 1 FOLLOWER]: Leader election vote request: Granting yes vote for candidate ba18ddc10a7c4d068a32107e39aedc64 in term 1.
I20260709 12:09:19.923254 29409 ts_tablet_manager.cc:1403] T ce3624d55a874e399ef157477a1434f8 P f5789021c8b0486a98887435c5190ec7: Time spent bootstrapping tablet: real 0.033s	user 0.011s	sys 0.002s
I20260709 12:09:19.936786 29409 raft_consensus.cc:359] T ce3624d55a874e399ef157477a1434f8 P f5789021c8b0486a98887435c5190ec7 [term 0 FOLLOWER]: Replica starting. Triggering 0 pending ops. Active config: opid_index: -1 OBSOLETE_local: false peers { permanent_uuid: "f5789021c8b0486a98887435c5190ec7" member_type: VOTER last_known_addr { host: "127.27.101.193" port: 36007 } } peers { permanent_uuid: "5b2ca00992dd413b9a76049f08812412" member_type: VOTER last_known_addr { host: "127.27.101.194" port: 40497 } } peers { permanent_uuid: "ba18ddc10a7c4d068a32107e39aedc64" member_type: VOTER last_known_addr { host: "127.27.101.195" port: 45059 } }
I20260709 12:09:19.937492 29409 raft_consensus.cc:385] T ce3624d55a874e399ef157477a1434f8 P f5789021c8b0486a98887435c5190ec7 [term 0 FOLLOWER]: Consensus starting up: Expiring failure detector timer to make a prompt election more likely
I20260709 12:09:19.937795 29409 raft_consensus.cc:740] T ce3624d55a874e399ef157477a1434f8 P f5789021c8b0486a98887435c5190ec7 [term 0 FOLLOWER]: Becoming Follower/Learner. State: Replica: f5789021c8b0486a98887435c5190ec7, State: Initialized, Role: FOLLOWER
I20260709 12:09:19.938576 29409 consensus_queue.cc:260] T ce3624d55a874e399ef157477a1434f8 P f5789021c8b0486a98887435c5190ec7 [NON_LEADER]: Queue going to NON_LEADER mode. State: All replicated index: 0, Majority replicated index: 0, Committed index: 0, Last appended: 0.0, Last appended by leader: 0, Current term: 0, Majority size: -1, State: 0, Mode: NON_LEADER, active raft config: opid_index: -1 OBSOLETE_local: false peers { permanent_uuid: "f5789021c8b0486a98887435c5190ec7" member_type: VOTER last_known_addr { host: "127.27.101.193" port: 36007 } } peers { permanent_uuid: "5b2ca00992dd413b9a76049f08812412" member_type: VOTER last_known_addr { host: "127.27.101.194" port: 40497 } } peers { permanent_uuid: "ba18ddc10a7c4d068a32107e39aedc64" member_type: VOTER last_known_addr { host: "127.27.101.195" port: 45059 } }
I20260709 12:09:19.920302 29411 consensus_queue.cc:260] T 8a384dfcf29f43968856938e8f10a0e1 P 5b2ca00992dd413b9a76049f08812412 [NON_LEADER]: Queue going to NON_LEADER mode. State: All replicated index: 0, Majority replicated index: 0, Committed index: 0, Last appended: 0.0, Last appended by leader: 0, Current term: 0, Majority size: -1, State: 0, Mode: NON_LEADER, active raft config: opid_index: -1 OBSOLETE_local: false peers { permanent_uuid: "f5789021c8b0486a98887435c5190ec7" member_type: VOTER last_known_addr { host: "127.27.101.193" port: 36007 } } peers { permanent_uuid: "5b2ca00992dd413b9a76049f08812412" member_type: VOTER last_known_addr { host: "127.27.101.194" port: 40497 } } peers { permanent_uuid: "ba18ddc10a7c4d068a32107e39aedc64" member_type: VOTER last_known_addr { host: "127.27.101.195" port: 45059 } }
I20260709 12:09:19.941429 29411 ts_tablet_manager.cc:1434] T 8a384dfcf29f43968856938e8f10a0e1 P 5b2ca00992dd413b9a76049f08812412: Time spent starting tablet: real 0.026s	user 0.005s	sys 0.000s
I20260709 12:09:19.942559 29411 tablet_bootstrap.cc:492] T d9904d2a18c240de81e8e379910cf107 P 5b2ca00992dd413b9a76049f08812412: Bootstrap starting.
I20260709 12:09:19.825387 29442 leader_election.cc:290] T 30fae9f6ecd44ecd9489f6e35d982e5e P ba18ddc10a7c4d068a32107e39aedc64 [CANDIDATE]: Term 1 election: Requested vote from peers f5789021c8b0486a98887435c5190ec7 (127.27.101.193:36007), 5b2ca00992dd413b9a76049f08812412 (127.27.101.194:40497)
I20260709 12:09:19.945078 29417 leader_election.cc:290] T 6543b2babeeb42699b6631129f712ff5 P f5789021c8b0486a98887435c5190ec7 [CANDIDATE]: Term 1 election: Requested vote from peers 5b2ca00992dd413b9a76049f08812412 (127.27.101.194:40497), ba18ddc10a7c4d068a32107e39aedc64 (127.27.101.195:45059)
I20260709 12:09:19.945837 29471 raft_consensus.cc:493] T f0024fa018d842ccb75a1dfdb4b2a9a1 P 5b2ca00992dd413b9a76049f08812412 [term 0 FOLLOWER]: Starting pre-election (no leader contacted us within the election timeout)
I20260709 12:09:19.849349 29217 raft_consensus.cc:2468] T 30fae9f6ecd44ecd9489f6e35d982e5e P f5789021c8b0486a98887435c5190ec7 [term 1 FOLLOWER]: Leader election vote request: Granting yes vote for candidate ba18ddc10a7c4d068a32107e39aedc64 in term 1.
I20260709 12:09:19.946373 29471 raft_consensus.cc:515] T f0024fa018d842ccb75a1dfdb4b2a9a1 P 5b2ca00992dd413b9a76049f08812412 [term 0 FOLLOWER]: Starting pre-election with config: opid_index: -1 OBSOLETE_local: false peers { permanent_uuid: "f5789021c8b0486a98887435c5190ec7" member_type: VOTER last_known_addr { host: "127.27.101.193" port: 36007 } } peers { permanent_uuid: "5b2ca00992dd413b9a76049f08812412" member_type: VOTER last_known_addr { host: "127.27.101.194" port: 40497 } } peers { permanent_uuid: "ba18ddc10a7c4d068a32107e39aedc64" member_type: VOTER last_known_addr { host: "127.27.101.195" port: 45059 } }
I20260709 12:09:19.937481 29334 leader_election.cc:304] T 671d3bc3914b42ef89aa8ea0fd0d983c P ba18ddc10a7c4d068a32107e39aedc64 [CANDIDATE]: Term 1 pre-election: Election decided. Result: candidate lost. Election summary: received 3 responses out of 3 voters: 1 yes votes; 2 no votes. yes voters: ba18ddc10a7c4d068a32107e39aedc64; no voters: 5b2ca00992dd413b9a76049f08812412, f5789021c8b0486a98887435c5190ec7
I20260709 12:09:19.948945 29334 leader_election.cc:304] T dbba1a6230b84fe0aab1f69d104cd113 P ba18ddc10a7c4d068a32107e39aedc64 [CANDIDATE]: Term 1 election: Election decided. Result: candidate won. Election summary: received 2 responses out of 3 voters: 2 yes votes; 0 no votes. yes voters: ba18ddc10a7c4d068a32107e39aedc64, f5789021c8b0486a98887435c5190ec7; no voters: 
I20260709 12:09:19.949712 29440 raft_consensus.cc:3060] T 671d3bc3914b42ef89aa8ea0fd0d983c P ba18ddc10a7c4d068a32107e39aedc64 [term 0 FOLLOWER]: Advancing to term 1
I20260709 12:09:19.950096 29471 leader_election.cc:290] T f0024fa018d842ccb75a1dfdb4b2a9a1 P 5b2ca00992dd413b9a76049f08812412 [CANDIDATE]: Term 1 pre-election: Requested pre-vote from peers f5789021c8b0486a98887435c5190ec7 (127.27.101.193:36007), ba18ddc10a7c4d068a32107e39aedc64 (127.27.101.195:45059)
I20260709 12:09:19.956295 29291 tablet_service.cc:1917] Received RequestConsensusVote() RPC: tablet_id: "6543b2babeeb42699b6631129f712ff5" candidate_uuid: "f5789021c8b0486a98887435c5190ec7" candidate_term: 1 candidate_status { last_received { term: 0 index: 0 } } ignore_live_leader: false dest_uuid: "5b2ca00992dd413b9a76049f08812412"
I20260709 12:09:19.956660 29440 raft_consensus.cc:2749] T 671d3bc3914b42ef89aa8ea0fd0d983c P ba18ddc10a7c4d068a32107e39aedc64 [term 1 FOLLOWER]: Leader pre-election lost for term 1. Reason: could not achieve majority
I20260709 12:09:19.956924 29291 raft_consensus.cc:3060] T 6543b2babeeb42699b6631129f712ff5 P 5b2ca00992dd413b9a76049f08812412 [term 0 FOLLOWER]: Advancing to term 1
I20260709 12:09:19.957329 29440 raft_consensus.cc:2804] T dbba1a6230b84fe0aab1f69d104cd113 P ba18ddc10a7c4d068a32107e39aedc64 [term 1 FOLLOWER]: Leader election won for term 1
I20260709 12:09:19.957432 29411 tablet_bootstrap.cc:654] T d9904d2a18c240de81e8e379910cf107 P 5b2ca00992dd413b9a76049f08812412: Neither blocks nor log segments found. Creating new log.
I20260709 12:09:19.958622 29334 leader_election.cc:304] T 30fae9f6ecd44ecd9489f6e35d982e5e P ba18ddc10a7c4d068a32107e39aedc64 [CANDIDATE]: Term 1 election: Election decided. Result: candidate won. Election summary: received 3 responses out of 3 voters: 2 yes votes; 1 no votes. yes voters: ba18ddc10a7c4d068a32107e39aedc64, f5789021c8b0486a98887435c5190ec7; no voters: 5b2ca00992dd413b9a76049f08812412
I20260709 12:09:19.957808 29440 raft_consensus.cc:697] T dbba1a6230b84fe0aab1f69d104cd113 P ba18ddc10a7c4d068a32107e39aedc64 [term 1 LEADER]: Becoming Leader. State: Replica: ba18ddc10a7c4d068a32107e39aedc64, State: Running, Role: LEADER
I20260709 12:09:19.946381 29409 ts_tablet_manager.cc:1434] T ce3624d55a874e399ef157477a1434f8 P f5789021c8b0486a98887435c5190ec7: Time spent starting tablet: real 0.012s	user 0.006s	sys 0.001s
I20260709 12:09:19.960706 29440 consensus_queue.cc:237] T dbba1a6230b84fe0aab1f69d104cd113 P ba18ddc10a7c4d068a32107e39aedc64 [LEADER]: Queue going to LEADER mode. State: All replicated index: 0, Majority replicated index: 0, Committed index: 0, Last appended: 0.0, Last appended by leader: 0, Current term: 1, Majority size: 2, State: 0, Mode: LEADER, active raft config: opid_index: -1 OBSOLETE_local: false peers { permanent_uuid: "f5789021c8b0486a98887435c5190ec7" member_type: VOTER last_known_addr { host: "127.27.101.193" port: 36007 } } peers { permanent_uuid: "5b2ca00992dd413b9a76049f08812412" member_type: VOTER last_known_addr { host: "127.27.101.194" port: 40497 } } peers { permanent_uuid: "ba18ddc10a7c4d068a32107e39aedc64" member_type: VOTER last_known_addr { host: "127.27.101.195" port: 45059 } }
I20260709 12:09:19.961306 29409 tablet_bootstrap.cc:492] T 8a384dfcf29f43968856938e8f10a0e1 P f5789021c8b0486a98887435c5190ec7: Bootstrap starting.
I20260709 12:09:19.960330 29420 raft_consensus.cc:2804] T 30fae9f6ecd44ecd9489f6e35d982e5e P ba18ddc10a7c4d068a32107e39aedc64 [term 1 FOLLOWER]: Leader election won for term 1
I20260709 12:09:19.962815 29420 raft_consensus.cc:697] T 30fae9f6ecd44ecd9489f6e35d982e5e P ba18ddc10a7c4d068a32107e39aedc64 [term 1 LEADER]: Becoming Leader. State: Replica: ba18ddc10a7c4d068a32107e39aedc64, State: Running, Role: LEADER
I20260709 12:09:19.963613 29420 consensus_queue.cc:237] T 30fae9f6ecd44ecd9489f6e35d982e5e P ba18ddc10a7c4d068a32107e39aedc64 [LEADER]: Queue going to LEADER mode. State: All replicated index: 0, Majority replicated index: 0, Committed index: 0, Last appended: 0.0, Last appended by leader: 0, Current term: 1, Majority size: 2, State: 0, Mode: LEADER, active raft config: opid_index: -1 OBSOLETE_local: false peers { permanent_uuid: "f5789021c8b0486a98887435c5190ec7" member_type: VOTER last_known_addr { host: "127.27.101.193" port: 36007 } } peers { permanent_uuid: "5b2ca00992dd413b9a76049f08812412" member_type: VOTER last_known_addr { host: "127.27.101.194" port: 40497 } } peers { permanent_uuid: "ba18ddc10a7c4d068a32107e39aedc64" member_type: VOTER last_known_addr { host: "127.27.101.195" port: 45059 } }
I20260709 12:09:19.966056 29217 tablet_service.cc:1917] Received RequestConsensusVote() RPC: tablet_id: "f0024fa018d842ccb75a1dfdb4b2a9a1" candidate_uuid: "5b2ca00992dd413b9a76049f08812412" candidate_term: 1 candidate_status { last_received { term: 0 index: 0 } } ignore_live_leader: false dest_uuid: "f5789021c8b0486a98887435c5190ec7" is_pre_election: true
I20260709 12:09:19.966706 29217 raft_consensus.cc:2468] T f0024fa018d842ccb75a1dfdb4b2a9a1 P f5789021c8b0486a98887435c5190ec7 [term 0 FOLLOWER]: Leader pre-election vote request: Granting yes vote for candidate 5b2ca00992dd413b9a76049f08812412 in term 0.
I20260709 12:09:19.967674 29409 tablet_bootstrap.cc:654] T 8a384dfcf29f43968856938e8f10a0e1 P f5789021c8b0486a98887435c5190ec7: Neither blocks nor log segments found. Creating new log.
I20260709 12:09:19.968034 29260 leader_election.cc:304] T f0024fa018d842ccb75a1dfdb4b2a9a1 P 5b2ca00992dd413b9a76049f08812412 [CANDIDATE]: Term 1 pre-election: Election decided. Result: candidate won. Election summary: received 2 responses out of 3 voters: 2 yes votes; 0 no votes. yes voters: 5b2ca00992dd413b9a76049f08812412, f5789021c8b0486a98887435c5190ec7; no voters: 
I20260709 12:09:19.968946 29471 raft_consensus.cc:2804] T f0024fa018d842ccb75a1dfdb4b2a9a1 P 5b2ca00992dd413b9a76049f08812412 [term 0 FOLLOWER]: Leader pre-election won for term 1
I20260709 12:09:19.969290 29471 raft_consensus.cc:493] T f0024fa018d842ccb75a1dfdb4b2a9a1 P 5b2ca00992dd413b9a76049f08812412 [term 0 FOLLOWER]: Starting leader election (no leader contacted us within the election timeout)
I20260709 12:09:19.969604 29471 raft_consensus.cc:3060] T f0024fa018d842ccb75a1dfdb4b2a9a1 P 5b2ca00992dd413b9a76049f08812412 [term 0 FOLLOWER]: Advancing to term 1
I20260709 12:09:19.985033 29417 raft_consensus.cc:493] T 7cd5820b2e1340f6b7b25e220f2959b9 P f5789021c8b0486a98887435c5190ec7 [term 0 FOLLOWER]: Starting pre-election (no leader contacted us within the election timeout)
I20260709 12:09:19.986205 29417 raft_consensus.cc:515] T 7cd5820b2e1340f6b7b25e220f2959b9 P f5789021c8b0486a98887435c5190ec7 [term 0 FOLLOWER]: Starting pre-election with config: opid_index: -1 OBSOLETE_local: false peers { permanent_uuid: "f5789021c8b0486a98887435c5190ec7" member_type: VOTER last_known_addr { host: "127.27.101.193" port: 36007 } } peers { permanent_uuid: "5b2ca00992dd413b9a76049f08812412" member_type: VOTER last_known_addr { host: "127.27.101.194" port: 40497 } } peers { permanent_uuid: "ba18ddc10a7c4d068a32107e39aedc64" member_type: VOTER last_known_addr { host: "127.27.101.195" port: 45059 } }
I20260709 12:09:19.986955 29291 raft_consensus.cc:2468] T 6543b2babeeb42699b6631129f712ff5 P 5b2ca00992dd413b9a76049f08812412 [term 1 FOLLOWER]: Leader election vote request: Granting yes vote for candidate f5789021c8b0486a98887435c5190ec7 in term 1.
I20260709 12:09:19.988261 29417 leader_election.cc:290] T 7cd5820b2e1340f6b7b25e220f2959b9 P f5789021c8b0486a98887435c5190ec7 [CANDIDATE]: Term 1 pre-election: Requested pre-vote from peers 5b2ca00992dd413b9a76049f08812412 (127.27.101.194:40497), ba18ddc10a7c4d068a32107e39aedc64 (127.27.101.195:45059)
I20260709 12:09:19.988551 29184 leader_election.cc:304] T 6543b2babeeb42699b6631129f712ff5 P f5789021c8b0486a98887435c5190ec7 [CANDIDATE]: Term 1 election: Election decided. Result: candidate won. Election summary: received 2 responses out of 3 voters: 2 yes votes; 0 no votes. yes voters: 5b2ca00992dd413b9a76049f08812412, f5789021c8b0486a98887435c5190ec7; no voters: 
I20260709 12:09:19.989822 29471 raft_consensus.cc:515] T f0024fa018d842ccb75a1dfdb4b2a9a1 P 5b2ca00992dd413b9a76049f08812412 [term 1 FOLLOWER]: Starting leader election with config: opid_index: -1 OBSOLETE_local: false peers { permanent_uuid: "f5789021c8b0486a98887435c5190ec7" member_type: VOTER last_known_addr { host: "127.27.101.193" port: 36007 } } peers { permanent_uuid: "5b2ca00992dd413b9a76049f08812412" member_type: VOTER last_known_addr { host: "127.27.101.194" port: 40497 } } peers { permanent_uuid: "ba18ddc10a7c4d068a32107e39aedc64" member_type: VOTER last_known_addr { host: "127.27.101.195" port: 45059 } }
I20260709 12:09:19.992408 29365 tablet_service.cc:1917] Received RequestConsensusVote() RPC: tablet_id: "6543b2babeeb42699b6631129f712ff5" candidate_uuid: "f5789021c8b0486a98887435c5190ec7" candidate_term: 1 candidate_status { last_received { term: 0 index: 0 } } ignore_live_leader: false dest_uuid: "ba18ddc10a7c4d068a32107e39aedc64"
I20260709 12:09:19.992646 29367 tablet_service.cc:1917] Received RequestConsensusVote() RPC: tablet_id: "f0024fa018d842ccb75a1dfdb4b2a9a1" candidate_uuid: "5b2ca00992dd413b9a76049f08812412" candidate_term: 1 candidate_status { last_received { term: 0 index: 0 } } ignore_live_leader: false dest_uuid: "ba18ddc10a7c4d068a32107e39aedc64" is_pre_election: true
I20260709 12:09:19.993012 29365 raft_consensus.cc:3060] T 6543b2babeeb42699b6631129f712ff5 P ba18ddc10a7c4d068a32107e39aedc64 [term 0 FOLLOWER]: Advancing to term 1
I20260709 12:09:19.993992 29409 tablet_bootstrap.cc:492] T 8a384dfcf29f43968856938e8f10a0e1 P f5789021c8b0486a98887435c5190ec7: No bootstrap required, opened a new log
I20260709 12:09:19.994462 29409 ts_tablet_manager.cc:1403] T 8a384dfcf29f43968856938e8f10a0e1 P f5789021c8b0486a98887435c5190ec7: Time spent bootstrapping tablet: real 0.033s	user 0.015s	sys 0.003s
W20260709 12:09:19.995383 29259 leader_election.cc:343] T f0024fa018d842ccb75a1dfdb4b2a9a1 P 5b2ca00992dd413b9a76049f08812412 [CANDIDATE]: Term 1 pre-election: Tablet error from VoteRequest() call to peer ba18ddc10a7c4d068a32107e39aedc64 (127.27.101.195:45059): Illegal state: must be running to vote when last-logged opid is not known
I20260709 12:09:19.997359 29409 raft_consensus.cc:359] T 8a384dfcf29f43968856938e8f10a0e1 P f5789021c8b0486a98887435c5190ec7 [term 0 FOLLOWER]: Replica starting. Triggering 0 pending ops. Active config: opid_index: -1 OBSOLETE_local: false peers { permanent_uuid: "f5789021c8b0486a98887435c5190ec7" member_type: VOTER last_known_addr { host: "127.27.101.193" port: 36007 } } peers { permanent_uuid: "5b2ca00992dd413b9a76049f08812412" member_type: VOTER last_known_addr { host: "127.27.101.194" port: 40497 } } peers { permanent_uuid: "ba18ddc10a7c4d068a32107e39aedc64" member_type: VOTER last_known_addr { host: "127.27.101.195" port: 45059 } }
I20260709 12:09:19.998809 29409 raft_consensus.cc:385] T 8a384dfcf29f43968856938e8f10a0e1 P f5789021c8b0486a98887435c5190ec7 [term 0 FOLLOWER]: Consensus starting up: Expiring failure detector timer to make a prompt election more likely
I20260709 12:09:19.999078 29216 tablet_service.cc:1917] Received RequestConsensusVote() RPC: tablet_id: "f0024fa018d842ccb75a1dfdb4b2a9a1" candidate_uuid: "5b2ca00992dd413b9a76049f08812412" candidate_term: 1 candidate_status { last_received { term: 0 index: 0 } } ignore_live_leader: false dest_uuid: "f5789021c8b0486a98887435c5190ec7"
I20260709 12:09:19.999334 29471 leader_election.cc:290] T f0024fa018d842ccb75a1dfdb4b2a9a1 P 5b2ca00992dd413b9a76049f08812412 [CANDIDATE]: Term 1 election: Requested vote from peers f5789021c8b0486a98887435c5190ec7 (127.27.101.193:36007), ba18ddc10a7c4d068a32107e39aedc64 (127.27.101.195:45059)
I20260709 12:09:19.999109 29409 raft_consensus.cc:740] T 8a384dfcf29f43968856938e8f10a0e1 P f5789021c8b0486a98887435c5190ec7 [term 0 FOLLOWER]: Becoming Follower/Learner. State: Replica: f5789021c8b0486a98887435c5190ec7, State: Initialized, Role: FOLLOWER
I20260709 12:09:19.999715 29216 raft_consensus.cc:3060] T f0024fa018d842ccb75a1dfdb4b2a9a1 P f5789021c8b0486a98887435c5190ec7 [term 0 FOLLOWER]: Advancing to term 1
I20260709 12:09:20.000413 29409 consensus_queue.cc:260] T 8a384dfcf29f43968856938e8f10a0e1 P f5789021c8b0486a98887435c5190ec7 [NON_LEADER]: Queue going to NON_LEADER mode. State: All replicated index: 0, Majority replicated index: 0, Committed index: 0, Last appended: 0.0, Last appended by leader: 0, Current term: 0, Majority size: -1, State: 0, Mode: NON_LEADER, active raft config: opid_index: -1 OBSOLETE_local: false peers { permanent_uuid: "f5789021c8b0486a98887435c5190ec7" member_type: VOTER last_known_addr { host: "127.27.101.193" port: 36007 } } peers { permanent_uuid: "5b2ca00992dd413b9a76049f08812412" member_type: VOTER last_known_addr { host: "127.27.101.194" port: 40497 } } peers { permanent_uuid: "ba18ddc10a7c4d068a32107e39aedc64" member_type: VOTER last_known_addr { host: "127.27.101.195" port: 45059 } }
I20260709 12:09:20.014724 29409 ts_tablet_manager.cc:1434] T 8a384dfcf29f43968856938e8f10a0e1 P f5789021c8b0486a98887435c5190ec7: Time spent starting tablet: real 0.020s	user 0.005s	sys 0.002s
I20260709 12:09:20.016078 29409 tablet_bootstrap.cc:492] T d9904d2a18c240de81e8e379910cf107 P f5789021c8b0486a98887435c5190ec7: Bootstrap starting.
I20260709 12:09:20.002660 29417 raft_consensus.cc:2804] T 6543b2babeeb42699b6631129f712ff5 P f5789021c8b0486a98887435c5190ec7 [term 1 FOLLOWER]: Leader election won for term 1
I20260709 12:09:20.022001 29218 tablet_service.cc:1917] Received RequestConsensusVote() RPC: tablet_id: "a0fe14fb8387478d8c76ed2c7e634454" candidate_uuid: "5b2ca00992dd413b9a76049f08812412" candidate_term: 1 candidate_status { last_received { term: 0 index: 0 } } ignore_live_leader: false dest_uuid: "f5789021c8b0486a98887435c5190ec7"
I20260709 12:09:20.022640 29218 raft_consensus.cc:3060] T a0fe14fb8387478d8c76ed2c7e634454 P f5789021c8b0486a98887435c5190ec7 [term 0 FOLLOWER]: Advancing to term 1
I20260709 12:09:20.004026 29293 raft_consensus.cc:2468] T dbba1a6230b84fe0aab1f69d104cd113 P 5b2ca00992dd413b9a76049f08812412 [term 1 FOLLOWER]: Leader election vote request: Granting yes vote for candidate ba18ddc10a7c4d068a32107e39aedc64 in term 1.
I20260709 12:09:20.019672 29291 tablet_service.cc:1917] Received RequestConsensusVote() RPC: tablet_id: "7cd5820b2e1340f6b7b25e220f2959b9" candidate_uuid: "f5789021c8b0486a98887435c5190ec7" candidate_term: 1 candidate_status { last_received { term: 0 index: 0 } } ignore_live_leader: false dest_uuid: "5b2ca00992dd413b9a76049f08812412" is_pre_election: true
I20260709 12:09:20.035180 29472 raft_consensus.cc:493] T ce3624d55a874e399ef157477a1434f8 P 5b2ca00992dd413b9a76049f08812412 [term 0 FOLLOWER]: Starting pre-election (no leader contacted us within the election timeout)
I20260709 12:09:20.026278 29365 raft_consensus.cc:2468] T 6543b2babeeb42699b6631129f712ff5 P ba18ddc10a7c4d068a32107e39aedc64 [term 1 FOLLOWER]: Leader election vote request: Granting yes vote for candidate f5789021c8b0486a98887435c5190ec7 in term 1.
I20260709 12:09:20.027652 29417 raft_consensus.cc:697] T 6543b2babeeb42699b6631129f712ff5 P f5789021c8b0486a98887435c5190ec7 [term 1 LEADER]: Becoming Leader. State: Replica: f5789021c8b0486a98887435c5190ec7, State: Running, Role: LEADER
I20260709 12:09:20.029234 29367 tablet_service.cc:1917] Received RequestConsensusVote() RPC: tablet_id: "f0024fa018d842ccb75a1dfdb4b2a9a1" candidate_uuid: "5b2ca00992dd413b9a76049f08812412" candidate_term: 1 candidate_status { last_received { term: 0 index: 0 } } ignore_live_leader: false dest_uuid: "ba18ddc10a7c4d068a32107e39aedc64"
I20260709 12:09:20.035754 29472 raft_consensus.cc:515] T ce3624d55a874e399ef157477a1434f8 P 5b2ca00992dd413b9a76049f08812412 [term 0 FOLLOWER]: Starting pre-election with config: opid_index: -1 OBSOLETE_local: false peers { permanent_uuid: "f5789021c8b0486a98887435c5190ec7" member_type: VOTER last_known_addr { host: "127.27.101.193" port: 36007 } } peers { permanent_uuid: "5b2ca00992dd413b9a76049f08812412" member_type: VOTER last_known_addr { host: "127.27.101.194" port: 40497 } } peers { permanent_uuid: "ba18ddc10a7c4d068a32107e39aedc64" member_type: VOTER last_known_addr { host: "127.27.101.195" port: 45059 } }
I20260709 12:09:20.038718 29436 consensus_queue.cc:1048] T 671d3bc3914b42ef89aa8ea0fd0d983c P f5789021c8b0486a98887435c5190ec7 [LEADER]: Connected to new peer: Peer: permanent_uuid: "ba18ddc10a7c4d068a32107e39aedc64" member_type: VOTER last_known_addr { host: "127.27.101.195" port: 45059 }, Status: LMP_MISMATCH, Last received: 0.0, Next index: 1, Last known committed idx: 0, Time since last communication: 0.005s
I20260709 12:09:20.035202 29366 tablet_service.cc:1917] Received RequestConsensusVote() RPC: tablet_id: "7cd5820b2e1340f6b7b25e220f2959b9" candidate_uuid: "f5789021c8b0486a98887435c5190ec7" candidate_term: 1 candidate_status { last_received { term: 0 index: 0 } } ignore_live_leader: false dest_uuid: "ba18ddc10a7c4d068a32107e39aedc64" is_pre_election: true
I20260709 12:09:20.045858 29364 tablet_service.cc:1917] Received RequestConsensusVote() RPC: tablet_id: "a0fe14fb8387478d8c76ed2c7e634454" candidate_uuid: "5b2ca00992dd413b9a76049f08812412" candidate_term: 1 candidate_status { last_received { term: 0 index: 0 } } ignore_live_leader: false dest_uuid: "ba18ddc10a7c4d068a32107e39aedc64"
I20260709 12:09:20.055022 29472 leader_election.cc:290] T ce3624d55a874e399ef157477a1434f8 P 5b2ca00992dd413b9a76049f08812412 [CANDIDATE]: Term 1 pre-election: Requested pre-vote from peers f5789021c8b0486a98887435c5190ec7 (127.27.101.193:36007), ba18ddc10a7c4d068a32107e39aedc64 (127.27.101.195:45059)
I20260709 12:09:20.046204 29115 catalog_manager.cc:5697] T dbba1a6230b84fe0aab1f69d104cd113 P ba18ddc10a7c4d068a32107e39aedc64 reported cstate change: term changed from 0 to 1, leader changed from <none> to ba18ddc10a7c4d068a32107e39aedc64 (127.27.101.195). New cstate: current_term: 1 leader_uuid: "ba18ddc10a7c4d068a32107e39aedc64" committed_config { opid_index: -1 OBSOLETE_local: false peers { permanent_uuid: "f5789021c8b0486a98887435c5190ec7" member_type: VOTER last_known_addr { host: "127.27.101.193" port: 36007 } health_report { overall_health: UNKNOWN } } peers { permanent_uuid: "5b2ca00992dd413b9a76049f08812412" member_type: VOTER last_known_addr { host: "127.27.101.194" port: 40497 } health_report { overall_health: UNKNOWN } } peers { permanent_uuid: "ba18ddc10a7c4d068a32107e39aedc64" member_type: VOTER last_known_addr { host: "127.27.101.195" port: 45059 } health_report { overall_health: HEALTHY } } }
W20260709 12:09:20.056666 29259 leader_election.cc:343] T f0024fa018d842ccb75a1dfdb4b2a9a1 P 5b2ca00992dd413b9a76049f08812412 [CANDIDATE]: Term 1 election: Tablet error from VoteRequest() call to peer ba18ddc10a7c4d068a32107e39aedc64 (127.27.101.195:45059): Illegal state: must be running to vote when last-logged opid is not known
I20260709 12:09:20.057034 29412 tablet_bootstrap.cc:492] T 859e609cdea442f69894b77b4e677d2a P ba18ddc10a7c4d068a32107e39aedc64: No bootstrap required, opened a new log
I20260709 12:09:20.057466 29412 ts_tablet_manager.cc:1403] T 859e609cdea442f69894b77b4e677d2a P ba18ddc10a7c4d068a32107e39aedc64: Time spent bootstrapping tablet: real 0.272s	user 0.076s	sys 0.084s
W20260709 12:09:20.057353 29259 leader_election.cc:343] T a0fe14fb8387478d8c76ed2c7e634454 P 5b2ca00992dd413b9a76049f08812412 [CANDIDATE]: Term 1 election: Tablet error from VoteRequest() call to peer ba18ddc10a7c4d068a32107e39aedc64 (127.27.101.195:45059): Illegal state: must be running to vote when last-logged opid is not known
I20260709 12:09:20.036810 29457 leader_election.cc:290] T a0fe14fb8387478d8c76ed2c7e634454 P 5b2ca00992dd413b9a76049f08812412 [CANDIDATE]: Term 1 election: Requested vote from peers f5789021c8b0486a98887435c5190ec7 (127.27.101.193:36007), ba18ddc10a7c4d068a32107e39aedc64 (127.27.101.195:45059)
I20260709 12:09:20.058425 29364 tablet_service.cc:1917] Received RequestConsensusVote() RPC: tablet_id: "ce3624d55a874e399ef157477a1434f8" candidate_uuid: "5b2ca00992dd413b9a76049f08812412" candidate_term: 1 candidate_status { last_received { term: 0 index: 0 } } ignore_live_leader: false dest_uuid: "ba18ddc10a7c4d068a32107e39aedc64" is_pre_election: true
I20260709 12:09:20.063562 29436 raft_consensus.cc:493] T 8a384dfcf29f43968856938e8f10a0e1 P f5789021c8b0486a98887435c5190ec7 [term 0 FOLLOWER]: Starting pre-election (no leader contacted us within the election timeout)
I20260709 12:09:20.070123 29436 raft_consensus.cc:515] T 8a384dfcf29f43968856938e8f10a0e1 P f5789021c8b0486a98887435c5190ec7 [term 0 FOLLOWER]: Starting pre-election with config: opid_index: -1 OBSOLETE_local: false peers { permanent_uuid: "f5789021c8b0486a98887435c5190ec7" member_type: VOTER last_known_addr { host: "127.27.101.193" port: 36007 } } peers { permanent_uuid: "5b2ca00992dd413b9a76049f08812412" member_type: VOTER last_known_addr { host: "127.27.101.194" port: 40497 } } peers { permanent_uuid: "ba18ddc10a7c4d068a32107e39aedc64" member_type: VOTER last_known_addr { host: "127.27.101.195" port: 45059 } }
I20260709 12:09:20.033700 29291 raft_consensus.cc:2468] T 7cd5820b2e1340f6b7b25e220f2959b9 P 5b2ca00992dd413b9a76049f08812412 [term 0 FOLLOWER]: Leader pre-election vote request: Granting yes vote for candidate f5789021c8b0486a98887435c5190ec7 in term 0.
I20260709 12:09:20.079577 29411 tablet_bootstrap.cc:492] T d9904d2a18c240de81e8e379910cf107 P 5b2ca00992dd413b9a76049f08812412: No bootstrap required, opened a new log
I20260709 12:09:20.080089 29411 ts_tablet_manager.cc:1403] T d9904d2a18c240de81e8e379910cf107 P 5b2ca00992dd413b9a76049f08812412: Time spent bootstrapping tablet: real 0.138s	user 0.017s	sys 0.023s
I20260709 12:09:20.083117 29412 raft_consensus.cc:359] T 859e609cdea442f69894b77b4e677d2a P ba18ddc10a7c4d068a32107e39aedc64 [term 0 FOLLOWER]: Replica starting. Triggering 0 pending ops. Active config: opid_index: -1 OBSOLETE_local: false peers { permanent_uuid: "f5789021c8b0486a98887435c5190ec7" member_type: VOTER last_known_addr { host: "127.27.101.193" port: 36007 } } peers { permanent_uuid: "5b2ca00992dd413b9a76049f08812412" member_type: VOTER last_known_addr { host: "127.27.101.194" port: 40497 } } peers { permanent_uuid: "ba18ddc10a7c4d068a32107e39aedc64" member_type: VOTER last_known_addr { host: "127.27.101.195" port: 45059 } }
I20260709 12:09:20.083870 29412 raft_consensus.cc:385] T 859e609cdea442f69894b77b4e677d2a P ba18ddc10a7c4d068a32107e39aedc64 [term 0 FOLLOWER]: Consensus starting up: Expiring failure detector timer to make a prompt election more likely
W20260709 12:09:20.087251 29184 leader_election.cc:343] T 7cd5820b2e1340f6b7b25e220f2959b9 P f5789021c8b0486a98887435c5190ec7 [CANDIDATE]: Term 1 pre-election: Tablet error from VoteRequest() call to peer ba18ddc10a7c4d068a32107e39aedc64 (127.27.101.195:45059): Illegal state: must be running to vote when last-logged opid is not known
I20260709 12:09:20.087647 29412 raft_consensus.cc:740] T 859e609cdea442f69894b77b4e677d2a P ba18ddc10a7c4d068a32107e39aedc64 [term 0 FOLLOWER]: Becoming Follower/Learner. State: Replica: ba18ddc10a7c4d068a32107e39aedc64, State: Initialized, Role: FOLLOWER
I20260709 12:09:20.088709 29217 tablet_service.cc:1917] Received RequestConsensusVote() RPC: tablet_id: "ce3624d55a874e399ef157477a1434f8" candidate_uuid: "5b2ca00992dd413b9a76049f08812412" candidate_term: 1 candidate_status { last_received { term: 0 index: 0 } } ignore_live_leader: false dest_uuid: "f5789021c8b0486a98887435c5190ec7" is_pre_election: true
I20260709 12:09:20.082422 29218 raft_consensus.cc:2468] T a0fe14fb8387478d8c76ed2c7e634454 P f5789021c8b0486a98887435c5190ec7 [term 1 FOLLOWER]: Leader election vote request: Granting yes vote for candidate 5b2ca00992dd413b9a76049f08812412 in term 1.
I20260709 12:09:20.087133 29216 raft_consensus.cc:2468] T f0024fa018d842ccb75a1dfdb4b2a9a1 P f5789021c8b0486a98887435c5190ec7 [term 1 FOLLOWER]: Leader election vote request: Granting yes vote for candidate 5b2ca00992dd413b9a76049f08812412 in term 1.
I20260709 12:09:20.089735 29409 tablet_bootstrap.cc:654] T d9904d2a18c240de81e8e379910cf107 P f5789021c8b0486a98887435c5190ec7: Neither blocks nor log segments found. Creating new log.
I20260709 12:09:20.088457 29412 consensus_queue.cc:260] T 859e609cdea442f69894b77b4e677d2a P ba18ddc10a7c4d068a32107e39aedc64 [NON_LEADER]: Queue going to NON_LEADER mode. State: All replicated index: 0, Majority replicated index: 0, Committed index: 0, Last appended: 0.0, Last appended by leader: 0, Current term: 0, Majority size: -1, State: 0, Mode: NON_LEADER, active raft config: opid_index: -1 OBSOLETE_local: false peers { permanent_uuid: "f5789021c8b0486a98887435c5190ec7" member_type: VOTER last_known_addr { host: "127.27.101.193" port: 36007 } } peers { permanent_uuid: "5b2ca00992dd413b9a76049f08812412" member_type: VOTER last_known_addr { host: "127.27.101.194" port: 40497 } } peers { permanent_uuid: "ba18ddc10a7c4d068a32107e39aedc64" member_type: VOTER last_known_addr { host: "127.27.101.195" port: 45059 } }
I20260709 12:09:20.085588 29411 raft_consensus.cc:359] T d9904d2a18c240de81e8e379910cf107 P 5b2ca00992dd413b9a76049f08812412 [term 0 FOLLOWER]: Replica starting. Triggering 0 pending ops. Active config: opid_index: -1 OBSOLETE_local: false peers { permanent_uuid: "f5789021c8b0486a98887435c5190ec7" member_type: VOTER last_known_addr { host: "127.27.101.193" port: 36007 } } peers { permanent_uuid: "5b2ca00992dd413b9a76049f08812412" member_type: VOTER last_known_addr { host: "127.27.101.194" port: 40497 } } peers { permanent_uuid: "ba18ddc10a7c4d068a32107e39aedc64" member_type: VOTER last_known_addr { host: "127.27.101.195" port: 45059 } }
I20260709 12:09:20.090654 29411 raft_consensus.cc:385] T d9904d2a18c240de81e8e379910cf107 P 5b2ca00992dd413b9a76049f08812412 [term 0 FOLLOWER]: Consensus starting up: Expiring failure detector timer to make a prompt election more likely
I20260709 12:09:20.091032 29411 raft_consensus.cc:740] T d9904d2a18c240de81e8e379910cf107 P 5b2ca00992dd413b9a76049f08812412 [term 0 FOLLOWER]: Becoming Follower/Learner. State: Replica: 5b2ca00992dd413b9a76049f08812412, State: Initialized, Role: FOLLOWER
I20260709 12:09:20.089375 29217 raft_consensus.cc:2468] T ce3624d55a874e399ef157477a1434f8 P f5789021c8b0486a98887435c5190ec7 [term 0 FOLLOWER]: Leader pre-election vote request: Granting yes vote for candidate 5b2ca00992dd413b9a76049f08812412 in term 0.
I20260709 12:09:20.066886 29417 consensus_queue.cc:237] T 6543b2babeeb42699b6631129f712ff5 P f5789021c8b0486a98887435c5190ec7 [LEADER]: Queue going to LEADER mode. State: All replicated index: 0, Majority replicated index: 0, Committed index: 0, Last appended: 0.0, Last appended by leader: 0, Current term: 1, Majority size: 2, State: 0, Mode: LEADER, active raft config: opid_index: -1 OBSOLETE_local: false peers { permanent_uuid: "f5789021c8b0486a98887435c5190ec7" member_type: VOTER last_known_addr { host: "127.27.101.193" port: 36007 } } peers { permanent_uuid: "5b2ca00992dd413b9a76049f08812412" member_type: VOTER last_known_addr { host: "127.27.101.194" port: 40497 } } peers { permanent_uuid: "ba18ddc10a7c4d068a32107e39aedc64" member_type: VOTER last_known_addr { host: "127.27.101.195" port: 45059 } }
I20260709 12:09:20.097886 29411 consensus_queue.cc:260] T d9904d2a18c240de81e8e379910cf107 P 5b2ca00992dd413b9a76049f08812412 [NON_LEADER]: Queue going to NON_LEADER mode. State: All replicated index: 0, Majority replicated index: 0, Committed index: 0, Last appended: 0.0, Last appended by leader: 0, Current term: 0, Majority size: -1, State: 0, Mode: NON_LEADER, active raft config: opid_index: -1 OBSOLETE_local: false peers { permanent_uuid: "f5789021c8b0486a98887435c5190ec7" member_type: VOTER last_known_addr { host: "127.27.101.193" port: 36007 } } peers { permanent_uuid: "5b2ca00992dd413b9a76049f08812412" member_type: VOTER last_known_addr { host: "127.27.101.194" port: 40497 } } peers { permanent_uuid: "ba18ddc10a7c4d068a32107e39aedc64" member_type: VOTER last_known_addr { host: "127.27.101.195" port: 45059 } }
I20260709 12:09:20.102815 29586 raft_consensus.cc:493] T 859e609cdea442f69894b77b4e677d2a P f5789021c8b0486a98887435c5190ec7 [term 0 FOLLOWER]: Starting pre-election (no leader contacted us within the election timeout)
I20260709 12:09:20.103682 29472 raft_consensus.cc:493] T 859e609cdea442f69894b77b4e677d2a P 5b2ca00992dd413b9a76049f08812412 [term 0 FOLLOWER]: Starting pre-election (no leader contacted us within the election timeout)
