I20260709 12:08:52.397933  6599 consensus_queue.cc:260] T 192cd67abc454e13aa0e8cab34862059 P 364aac82c1a64f7e959594d5119ec749 [NON_LEADER]: Queue going to NON_LEADER mode. State: All replicated index: 0, Majority replicated index: 1, Committed index: 1, Last appended: 1.1, Last appended by leader: 1, Current term: 1, Majority size: -1, State: 0, Mode: NON_LEADER, active raft config: opid_index: -1 OBSOLETE_local: false peers { permanent_uuid: "364aac82c1a64f7e959594d5119ec749" member_type: VOTER last_known_addr { host: "127.5.208.65" port: 40713 } } peers { permanent_uuid: "8a2048e55eaa4f33b422a930a2a3eac7" member_type: VOTER last_known_addr { host: "127.5.208.66" port: 44903 } } peers { permanent_uuid: "9c1fcc892a4d438397ec5570b173a145" member_type: VOTER last_known_addr { host: "127.5.208.67" port: 37005 } }
I20260709 12:08:52.399348  6599 raft_consensus.cc:3060] T 192cd67abc454e13aa0e8cab34862059 P 364aac82c1a64f7e959594d5119ec749 [term 1 FOLLOWER]: Advancing to term 2
I20260709 12:08:52.405546  6674 raft_consensus.cc:2468] T 192cd67abc454e13aa0e8cab34862059 P 8a2048e55eaa4f33b422a930a2a3eac7 [term 2 FOLLOWER]: Leader election vote request: Granting yes vote for candidate 9c1fcc892a4d438397ec5570b173a145 in term 2.
I20260709 12:08:52.406162  6599 raft_consensus.cc:2468] T 192cd67abc454e13aa0e8cab34862059 P 364aac82c1a64f7e959594d5119ec749 [term 2 FOLLOWER]: Leader election vote request: Granting yes vote for candidate 9c1fcc892a4d438397ec5570b173a145 in term 2.
I20260709 12:08:52.406528  6711 leader_election.cc:304] T 192cd67abc454e13aa0e8cab34862059 P 9c1fcc892a4d438397ec5570b173a145 [CANDIDATE]: Term 2 election: Election decided. Result: candidate won. Election summary: received 2 responses out of 3 voters: 2 yes votes; 0 no votes. yes voters: 8a2048e55eaa4f33b422a930a2a3eac7, 9c1fcc892a4d438397ec5570b173a145; no voters: 
I20260709 12:08:52.407232  6834 raft_consensus.cc:2804] T 192cd67abc454e13aa0e8cab34862059 P 9c1fcc892a4d438397ec5570b173a145 [term 2 FOLLOWER]: Leader election won for term 2
I20260709 12:08:52.407630  6834 raft_consensus.cc:697] T 192cd67abc454e13aa0e8cab34862059 P 9c1fcc892a4d438397ec5570b173a145 [term 2 LEADER]: Becoming Leader. State: Replica: 9c1fcc892a4d438397ec5570b173a145, State: Running, Role: LEADER
I20260709 12:08:52.408344  6834 consensus_queue.cc:237] T 192cd67abc454e13aa0e8cab34862059 P 9c1fcc892a4d438397ec5570b173a145 [LEADER]: Queue going to LEADER mode. State: All replicated index: 0, Majority replicated index: 1, Committed index: 1, Last appended: 1.1, Last appended by leader: 1, Current term: 2, Majority size: 2, State: 0, Mode: LEADER, active raft config: opid_index: -1 OBSOLETE_local: false peers { permanent_uuid: "364aac82c1a64f7e959594d5119ec749" member_type: VOTER last_known_addr { host: "127.5.208.65" port: 40713 } } peers { permanent_uuid: "8a2048e55eaa4f33b422a930a2a3eac7" member_type: VOTER last_known_addr { host: "127.5.208.66" port: 44903 } } peers { permanent_uuid: "9c1fcc892a4d438397ec5570b173a145" member_type: VOTER last_known_addr { host: "127.5.208.67" port: 37005 } }
I20260709 12:08:52.414193  6496 catalog_manager.cc:5697] T 192cd67abc454e13aa0e8cab34862059 P 9c1fcc892a4d438397ec5570b173a145 reported cstate change: term changed from 1 to 2, leader changed from 364aac82c1a64f7e959594d5119ec749 (127.5.208.65) to 9c1fcc892a4d438397ec5570b173a145 (127.5.208.67). New cstate: current_term: 2 leader_uuid: "9c1fcc892a4d438397ec5570b173a145" committed_config { opid_index: -1 OBSOLETE_local: false peers { permanent_uuid: "364aac82c1a64f7e959594d5119ec749" member_type: VOTER last_known_addr { host: "127.5.208.65" port: 40713 } health_report { overall_health: UNKNOWN } } peers { permanent_uuid: "8a2048e55eaa4f33b422a930a2a3eac7" member_type: VOTER last_known_addr { host: "127.5.208.66" port: 44903 } health_report { overall_health: UNKNOWN } } peers { permanent_uuid: "9c1fcc892a4d438397ec5570b173a145" member_type: VOTER last_known_addr { host: "127.5.208.67" port: 37005 } health_report { overall_health: HEALTHY } } }
I20260709 12:08:52.789068  6599 raft_consensus.cc:1275] T 192cd67abc454e13aa0e8cab34862059 P 364aac82c1a64f7e959594d5119ec749 [term 2 FOLLOWER]: Refusing update from remote peer 9c1fcc892a4d438397ec5570b173a145: Log matching property violated. Preceding OpId in replica: term: 1 index: 1. Preceding OpId from leader: term: 2 index: 2. (index mismatch)
I20260709 12:08:52.790489  6834 consensus_queue.cc:1048] T 192cd67abc454e13aa0e8cab34862059 P 9c1fcc892a4d438397ec5570b173a145 [LEADER]: Connected to new peer: Peer: permanent_uuid: "364aac82c1a64f7e959594d5119ec749" member_type: VOTER last_known_addr { host: "127.5.208.65" port: 40713 }, Status: LMP_MISMATCH, Last received: 0.0, Next index: 2, Last known committed idx: 1, Time since last communication: 0.000s
I20260709 12:08:52.802680  6674 raft_consensus.cc:1275] T 192cd67abc454e13aa0e8cab34862059 P 8a2048e55eaa4f33b422a930a2a3eac7 [term 2 FOLLOWER]: Refusing update from remote peer 9c1fcc892a4d438397ec5570b173a145: Log matching property violated. Preceding OpId in replica: term: 1 index: 1. Preceding OpId from leader: term: 2 index: 2. (index mismatch)
I20260709 12:08:52.804221  6894 consensus_queue.cc:1048] T 192cd67abc454e13aa0e8cab34862059 P 9c1fcc892a4d438397ec5570b173a145 [LEADER]: Connected to new peer: Peer: permanent_uuid: "8a2048e55eaa4f33b422a930a2a3eac7" member_type: VOTER last_known_addr { host: "127.5.208.66" port: 44903 }, Status: LMP_MISMATCH, Last received: 0.0, Next index: 2, Last known committed idx: 1, Time since last communication: 0.000s
I20260709 12:08:52.830693  6674 raft_consensus.cc:1275] T ffb4972dbf6b423e8f150549f26dc11f P 8a2048e55eaa4f33b422a930a2a3eac7 [term 3 FOLLOWER]: Refusing update from remote peer 9c1fcc892a4d438397ec5570b173a145: Log matching property violated. Preceding OpId in replica: term: 2 index: 2. Preceding OpId from leader: term: 3 index: 3. (index mismatch)
I20260709 12:08:52.832094  6894 consensus_queue.cc:1048] T ffb4972dbf6b423e8f150549f26dc11f P 9c1fcc892a4d438397ec5570b173a145 [LEADER]: Connected to new peer: Peer: permanent_uuid: "8a2048e55eaa4f33b422a930a2a3eac7" member_type: VOTER last_known_addr { host: "127.5.208.66" port: 44903 }, Status: LMP_MISMATCH, Last received: 0.0, Next index: 3, Last known committed idx: 2, Time since last communication: 0.000s
I20260709 12:08:52.840934  6599 raft_consensus.cc:1275] T ffb4972dbf6b423e8f150549f26dc11f P 364aac82c1a64f7e959594d5119ec749 [term 3 FOLLOWER]: Refusing update from remote peer 9c1fcc892a4d438397ec5570b173a145: Log matching property violated. Preceding OpId in replica: term: 2 index: 2. Preceding OpId from leader: term: 3 index: 3. (index mismatch)
I20260709 12:08:52.843107  6885 consensus_queue.cc:1048] T ffb4972dbf6b423e8f150549f26dc11f P 9c1fcc892a4d438397ec5570b173a145 [LEADER]: Connected to new peer: Peer: permanent_uuid: "364aac82c1a64f7e959594d5119ec749" member_type: VOTER last_known_addr { host: "127.5.208.65" port: 40713 }, Status: LMP_MISMATCH, Last received: 0.0, Next index: 3, Last known committed idx: 2, Time since last communication: 0.000s
I20260709 12:08:52.903965  5953 auto_leader_rebalancer.cc:141] leader rebalance for table test-workload
I20260709 12:08:52.909448  5953 auto_leader_rebalancer.cc:440] table: test-workload, leader rebalance finish, leader transfer count: 0
I20260709 12:08:52.909817  5953 auto_leader_rebalancer.cc:515] All tables' leader rebalancing finished this round
I20260709 12:08:53.910763  5953 auto_leader_rebalancer.cc:141] leader rebalance for table test-workload
I20260709 12:08:53.916755  5953 auto_leader_rebalancer.cc:440] table: test-workload, leader rebalance finish, leader transfer count: 0
I20260709 12:08:53.917147  5953 auto_leader_rebalancer.cc:515] All tables' leader rebalancing finished this round
I20260709 12:08:54.918079  5953 auto_leader_rebalancer.cc:141] leader rebalance for table test-workload
I20260709 12:08:54.924656  5953 auto_leader_rebalancer.cc:440] table: test-workload, leader rebalance finish, leader transfer count: 0
I20260709 12:08:54.925037  5953 auto_leader_rebalancer.cc:515] All tables' leader rebalancing finished this round
I20260709 12:08:55.925922  5953 auto_leader_rebalancer.cc:141] leader rebalance for table test-workload
I20260709 12:08:55.932595  5953 auto_leader_rebalancer.cc:440] table: test-workload, leader rebalance finish, leader transfer count: 0
I20260709 12:08:55.933014  5953 auto_leader_rebalancer.cc:515] All tables' leader rebalancing finished this round
I20260709 12:08:56.934159  5953 auto_leader_rebalancer.cc:141] leader rebalance for table test-workload
I20260709 12:08:56.941143  5953 auto_leader_rebalancer.cc:440] table: test-workload, leader rebalance finish, leader transfer count: 0
I20260709 12:08:56.941582  5953 auto_leader_rebalancer.cc:515] All tables' leader rebalancing finished this round
I20260709 12:08:57.942545  5953 auto_leader_rebalancer.cc:141] leader rebalance for table test-workload
I20260709 12:08:57.948251  5953 auto_leader_rebalancer.cc:440] table: test-workload, leader rebalance finish, leader transfer count: 0
I20260709 12:08:57.948657  5953 auto_leader_rebalancer.cc:515] All tables' leader rebalancing finished this round
I20260709 12:08:58.949569  5953 auto_leader_rebalancer.cc:141] leader rebalance for table test-workload
I20260709 12:08:58.955142  5953 auto_leader_rebalancer.cc:440] table: test-workload, leader rebalance finish, leader transfer count: 0
I20260709 12:08:58.955590  5953 auto_leader_rebalancer.cc:515] All tables' leader rebalancing finished this round
I20260709 12:08:59.956583  5953 auto_leader_rebalancer.cc:141] leader rebalance for table test-workload
I20260709 12:08:59.962225  5953 auto_leader_rebalancer.cc:440] table: test-workload, leader rebalance finish, leader transfer count: 0
I20260709 12:08:59.962635  5953 auto_leader_rebalancer.cc:515] All tables' leader rebalancing finished this round
I20260709 12:09:00.963711  5953 auto_leader_rebalancer.cc:141] leader rebalance for table test-workload
I20260709 12:09:00.970659  5953 auto_leader_rebalancer.cc:440] table: test-workload, leader rebalance finish, leader transfer count: 0
I20260709 12:09:00.971184  5953 auto_leader_rebalancer.cc:515] All tables' leader rebalancing finished this round
I20260709 12:09:02.004668  5953 auto_leader_rebalancer-test.cc:384] The leader distribution is 
I20260709 12:09:02.013077  6747 tablet_service.cc:2072] Received LeaderStepDown RPC: tablet_id: "ffb4972dbf6b423e8f150549f26dc11f"
dest_uuid: "9c1fcc892a4d438397ec5570b173a145"
mode: GRACEFUL
new_leader_uuid: "364aac82c1a64f7e959594d5119ec749"
 from {username='slave'} at 127.0.0.1:54888
I20260709 12:09:02.013783  6747 raft_consensus.cc:606] T ffb4972dbf6b423e8f150549f26dc11f P 9c1fcc892a4d438397ec5570b173a145 [term 3 LEADER]: Received request to transfer leadership to TS 364aac82c1a64f7e959594d5119ec749
I20260709 12:09:02.027236  6747 tablet_service.cc:2072] Received LeaderStepDown RPC: tablet_id: "192cd67abc454e13aa0e8cab34862059"
dest_uuid: "9c1fcc892a4d438397ec5570b173a145"
mode: GRACEFUL
new_leader_uuid: "364aac82c1a64f7e959594d5119ec749"
 from {username='slave'} at 127.0.0.1:54888
I20260709 12:09:02.027702  6747 raft_consensus.cc:606] T 192cd67abc454e13aa0e8cab34862059 P 9c1fcc892a4d438397ec5570b173a145 [term 2 LEADER]: Received request to transfer leadership to TS 364aac82c1a64f7e959594d5119ec749
I20260709 12:09:02.032332  6671 tablet_service.cc:2072] Received LeaderStepDown RPC: tablet_id: "1c9b891a457d4d3cbd6e30d5c7514a34"
dest_uuid: "8a2048e55eaa4f33b422a930a2a3eac7"
mode: GRACEFUL
new_leader_uuid: "364aac82c1a64f7e959594d5119ec749"
 from {username='slave'} at 127.0.0.1:50390
I20260709 12:09:02.032879  6671 raft_consensus.cc:606] T 1c9b891a457d4d3cbd6e30d5c7514a34 P 8a2048e55eaa4f33b422a930a2a3eac7 [term 2 LEADER]: Received request to transfer leadership to TS 364aac82c1a64f7e959594d5119ec749
I20260709 12:09:02.037739  6671 tablet_service.cc:2072] Received LeaderStepDown RPC: tablet_id: "ea5f03d5f92c4c45b9a508fdb3a0f64e"
dest_uuid: "8a2048e55eaa4f33b422a930a2a3eac7"
mode: GRACEFUL
new_leader_uuid: "364aac82c1a64f7e959594d5119ec749"
 from {username='slave'} at 127.0.0.1:50390
I20260709 12:09:02.038264  6671 raft_consensus.cc:606] T ea5f03d5f92c4c45b9a508fdb3a0f64e P 8a2048e55eaa4f33b422a930a2a3eac7 [term 2 LEADER]: Received request to transfer leadership to TS 364aac82c1a64f7e959594d5119ec749
I20260709 12:09:02.042636  6671 tablet_service.cc:2072] Received LeaderStepDown RPC: tablet_id: "a11f178ff68f4c2b8696510f6dcb0c31"
dest_uuid: "8a2048e55eaa4f33b422a930a2a3eac7"
mode: GRACEFUL
new_leader_uuid: "364aac82c1a64f7e959594d5119ec749"
 from {username='slave'} at 127.0.0.1:50390
I20260709 12:09:02.043185  6671 raft_consensus.cc:606] T a11f178ff68f4c2b8696510f6dcb0c31 P 8a2048e55eaa4f33b422a930a2a3eac7 [term 2 LEADER]: Received request to transfer leadership to TS 364aac82c1a64f7e959594d5119ec749
I20260709 12:09:02.089895  6885 raft_consensus.cc:993] T ffb4972dbf6b423e8f150549f26dc11f P 9c1fcc892a4d438397ec5570b173a145: : Instructing follower 364aac82c1a64f7e959594d5119ec749 to start an election
I20260709 12:09:02.090004  6905 raft_consensus.cc:993] T 1c9b891a457d4d3cbd6e30d5c7514a34 P 8a2048e55eaa4f33b422a930a2a3eac7: : Instructing follower 364aac82c1a64f7e959594d5119ec749 to start an election
I20260709 12:09:02.090615  6910 raft_consensus.cc:1081] T ffb4972dbf6b423e8f150549f26dc11f P 9c1fcc892a4d438397ec5570b173a145 [term 3 LEADER]: Signalling peer 364aac82c1a64f7e959594d5119ec749 to start an election
I20260709 12:09:02.090637  6911 raft_consensus.cc:1081] T 1c9b891a457d4d3cbd6e30d5c7514a34 P 8a2048e55eaa4f33b422a930a2a3eac7 [term 2 LEADER]: Signalling peer 364aac82c1a64f7e959594d5119ec749 to start an election
I20260709 12:09:02.092386  6599 tablet_service.cc:2044] Received Run Leader Election RPC: tablet_id: "1c9b891a457d4d3cbd6e30d5c7514a34"
dest_uuid: "364aac82c1a64f7e959594d5119ec749"
 from {username='slave'} at 127.0.0.1:32954
I20260709 12:09:02.092399  6598 tablet_service.cc:2044] Received Run Leader Election RPC: tablet_id: "ffb4972dbf6b423e8f150549f26dc11f"
dest_uuid: "364aac82c1a64f7e959594d5119ec749"
 from {username='slave'} at 127.0.0.1:32942
I20260709 12:09:02.092911  6599 raft_consensus.cc:493] T 1c9b891a457d4d3cbd6e30d5c7514a34 P 364aac82c1a64f7e959594d5119ec749 [term 2 FOLLOWER]: Starting forced leader election (received explicit request)
I20260709 12:09:02.092954  6598 raft_consensus.cc:493] T ffb4972dbf6b423e8f150549f26dc11f P 364aac82c1a64f7e959594d5119ec749 [term 3 FOLLOWER]: Starting forced leader election (received explicit request)
I20260709 12:09:02.093308  6599 raft_consensus.cc:3060] T 1c9b891a457d4d3cbd6e30d5c7514a34 P 364aac82c1a64f7e959594d5119ec749 [term 2 FOLLOWER]: Advancing to term 3
I20260709 12:09:02.093396  6598 raft_consensus.cc:3060] T ffb4972dbf6b423e8f150549f26dc11f P 364aac82c1a64f7e959594d5119ec749 [term 3 FOLLOWER]: Advancing to term 4
I20260709 12:09:02.099105  6599 raft_consensus.cc:515] T 1c9b891a457d4d3cbd6e30d5c7514a34 P 364aac82c1a64f7e959594d5119ec749 [term 3 FOLLOWER]: Starting forced leader election with config: opid_index: -1 OBSOLETE_local: false peers { permanent_uuid: "364aac82c1a64f7e959594d5119ec749" member_type: VOTER last_known_addr { host: "127.5.208.65" port: 40713 } } peers { permanent_uuid: "8a2048e55eaa4f33b422a930a2a3eac7" member_type: VOTER last_known_addr { host: "127.5.208.66" port: 44903 } } peers { permanent_uuid: "9c1fcc892a4d438397ec5570b173a145" member_type: VOTER last_known_addr { host: "127.5.208.67" port: 37005 } }
I20260709 12:09:02.100824  6598 raft_consensus.cc:515] T ffb4972dbf6b423e8f150549f26dc11f P 364aac82c1a64f7e959594d5119ec749 [term 4 FOLLOWER]: Starting forced leader election with config: opid_index: -1 OBSOLETE_local: false peers { permanent_uuid: "364aac82c1a64f7e959594d5119ec749" member_type: VOTER last_known_addr { host: "127.5.208.65" port: 40713 } } peers { permanent_uuid: "8a2048e55eaa4f33b422a930a2a3eac7" member_type: VOTER last_known_addr { host: "127.5.208.66" port: 44903 } } peers { permanent_uuid: "9c1fcc892a4d438397ec5570b173a145" member_type: VOTER last_known_addr { host: "127.5.208.67" port: 37005 } }
I20260709 12:09:02.101428  6599 leader_election.cc:290] T 1c9b891a457d4d3cbd6e30d5c7514a34 P 364aac82c1a64f7e959594d5119ec749 [CANDIDATE]: Term 3 election: Requested vote from peers 8a2048e55eaa4f33b422a930a2a3eac7 (127.5.208.66:44903), 9c1fcc892a4d438397ec5570b173a145 (127.5.208.67:37005)
I20260709 12:09:02.102034  6671 tablet_service.cc:1917] Received RequestConsensusVote() RPC: tablet_id: "1c9b891a457d4d3cbd6e30d5c7514a34" candidate_uuid: "364aac82c1a64f7e959594d5119ec749" candidate_term: 3 candidate_status { last_received { term: 2 index: 2 } } ignore_live_leader: true dest_uuid: "8a2048e55eaa4f33b422a930a2a3eac7"
I20260709 12:09:02.102563  6747 tablet_service.cc:1917] Received RequestConsensusVote() RPC: tablet_id: "1c9b891a457d4d3cbd6e30d5c7514a34" candidate_uuid: "364aac82c1a64f7e959594d5119ec749" candidate_term: 3 candidate_status { last_received { term: 2 index: 2 } } ignore_live_leader: true dest_uuid: "9c1fcc892a4d438397ec5570b173a145"
I20260709 12:09:02.102969  6671 raft_consensus.cc:3055] T 1c9b891a457d4d3cbd6e30d5c7514a34 P 8a2048e55eaa4f33b422a930a2a3eac7 [term 2 LEADER]: Stepping down as leader of term 2
I20260709 12:09:02.103163  6747 raft_consensus.cc:3060] T 1c9b891a457d4d3cbd6e30d5c7514a34 P 9c1fcc892a4d438397ec5570b173a145 [term 2 FOLLOWER]: Advancing to term 3
I20260709 12:09:02.103353  6671 raft_consensus.cc:740] T 1c9b891a457d4d3cbd6e30d5c7514a34 P 8a2048e55eaa4f33b422a930a2a3eac7 [term 2 LEADER]: Becoming Follower/Learner. State: Replica: 8a2048e55eaa4f33b422a930a2a3eac7, State: Running, Role: LEADER
I20260709 12:09:02.103775  6674 tablet_service.cc:1917] Received RequestConsensusVote() RPC: tablet_id: "ffb4972dbf6b423e8f150549f26dc11f" candidate_uuid: "364aac82c1a64f7e959594d5119ec749" candidate_term: 4 candidate_status { last_received { term: 3 index: 3 } } ignore_live_leader: true dest_uuid: "8a2048e55eaa4f33b422a930a2a3eac7"
I20260709 12:09:02.104341  6674 raft_consensus.cc:3060] T ffb4972dbf6b423e8f150549f26dc11f P 8a2048e55eaa4f33b422a930a2a3eac7 [term 3 FOLLOWER]: Advancing to term 4
I20260709 12:09:02.104233  6748 tablet_service.cc:1917] Received RequestConsensusVote() RPC: tablet_id: "ffb4972dbf6b423e8f150549f26dc11f" candidate_uuid: "364aac82c1a64f7e959594d5119ec749" candidate_term: 4 candidate_status { last_received { term: 3 index: 3 } } ignore_live_leader: true dest_uuid: "9c1fcc892a4d438397ec5570b173a145"
I20260709 12:09:02.104908  6748 raft_consensus.cc:3055] T ffb4972dbf6b423e8f150549f26dc11f P 9c1fcc892a4d438397ec5570b173a145 [term 3 LEADER]: Stepping down as leader of term 3
I20260709 12:09:02.104506  6671 consensus_queue.cc:260] T 1c9b891a457d4d3cbd6e30d5c7514a34 P 8a2048e55eaa4f33b422a930a2a3eac7 [NON_LEADER]: Queue going to NON_LEADER mode. State: All replicated index: 0, Majority replicated index: 2, Committed index: 2, Last appended: 2.2, Last appended by leader: 2, Current term: 2, Majority size: -1, State: 0, Mode: NON_LEADER, active raft config: opid_index: -1 OBSOLETE_local: false peers { permanent_uuid: "364aac82c1a64f7e959594d5119ec749" member_type: VOTER last_known_addr { host: "127.5.208.65" port: 40713 } } peers { permanent_uuid: "8a2048e55eaa4f33b422a930a2a3eac7" member_type: VOTER last_known_addr { host: "127.5.208.66" port: 44903 } } peers { permanent_uuid: "9c1fcc892a4d438397ec5570b173a145" member_type: VOTER last_known_addr { host: "127.5.208.67" port: 37005 } }
I20260709 12:09:02.105233  6748 raft_consensus.cc:740] T ffb4972dbf6b423e8f150549f26dc11f P 9c1fcc892a4d438397ec5570b173a145 [term 3 LEADER]: Becoming Follower/Learner. State: Replica: 9c1fcc892a4d438397ec5570b173a145, State: Running, Role: LEADER
I20260709 12:09:02.105784  6671 raft_consensus.cc:3060] T 1c9b891a457d4d3cbd6e30d5c7514a34 P 8a2048e55eaa4f33b422a930a2a3eac7 [term 2 FOLLOWER]: Advancing to term 3
I20260709 12:09:02.106093  6748 consensus_queue.cc:260] T ffb4972dbf6b423e8f150549f26dc11f P 9c1fcc892a4d438397ec5570b173a145 [NON_LEADER]: Queue going to NON_LEADER mode. State: All replicated index: 0, Majority replicated index: 3, Committed index: 3, Last appended: 3.3, Last appended by leader: 3, Current term: 3, Majority size: -1, State: 0, Mode: NON_LEADER, active raft config: opid_index: -1 OBSOLETE_local: false peers { permanent_uuid: "364aac82c1a64f7e959594d5119ec749" member_type: VOTER last_known_addr { host: "127.5.208.65" port: 40713 } } peers { permanent_uuid: "8a2048e55eaa4f33b422a930a2a3eac7" member_type: VOTER last_known_addr { host: "127.5.208.66" port: 44903 } } peers { permanent_uuid: "9c1fcc892a4d438397ec5570b173a145" member_type: VOTER last_known_addr { host: "127.5.208.67" port: 37005 } }
I20260709 12:09:02.107270  6748 raft_consensus.cc:3060] T ffb4972dbf6b423e8f150549f26dc11f P 9c1fcc892a4d438397ec5570b173a145 [term 3 FOLLOWER]: Advancing to term 4
I20260709 12:09:02.110677  6747 raft_consensus.cc:2468] T 1c9b891a457d4d3cbd6e30d5c7514a34 P 9c1fcc892a4d438397ec5570b173a145 [term 3 FOLLOWER]: Leader election vote request: Granting yes vote for candidate 364aac82c1a64f7e959594d5119ec749 in term 3.
I20260709 12:09:02.111594  6674 raft_consensus.cc:2468] T ffb4972dbf6b423e8f150549f26dc11f P 8a2048e55eaa4f33b422a930a2a3eac7 [term 4 FOLLOWER]: Leader election vote request: Granting yes vote for candidate 364aac82c1a64f7e959594d5119ec749 in term 4.
I20260709 12:09:02.112227  6562 leader_election.cc:304] T 1c9b891a457d4d3cbd6e30d5c7514a34 P 364aac82c1a64f7e959594d5119ec749 [CANDIDATE]: Term 3 election: Election decided. Result: candidate won. Election summary: received 2 responses out of 3 voters: 2 yes votes; 0 no votes. yes voters: 364aac82c1a64f7e959594d5119ec749, 9c1fcc892a4d438397ec5570b173a145; no voters: 
I20260709 12:09:02.113129  6909 raft_consensus.cc:2804] T 1c9b891a457d4d3cbd6e30d5c7514a34 P 364aac82c1a64f7e959594d5119ec749 [term 3 FOLLOWER]: Leader election won for term 3
I20260709 12:09:02.113217  6562 leader_election.cc:304] T ffb4972dbf6b423e8f150549f26dc11f P 364aac82c1a64f7e959594d5119ec749 [CANDIDATE]: Term 4 election: Election decided. Result: candidate won. Election summary: received 2 responses out of 3 voters: 2 yes votes; 0 no votes. yes voters: 364aac82c1a64f7e959594d5119ec749, 8a2048e55eaa4f33b422a930a2a3eac7; no voters: 
I20260709 12:09:02.113287  6671 raft_consensus.cc:2468] T 1c9b891a457d4d3cbd6e30d5c7514a34 P 8a2048e55eaa4f33b422a930a2a3eac7 [term 3 FOLLOWER]: Leader election vote request: Granting yes vote for candidate 364aac82c1a64f7e959594d5119ec749 in term 3.
I20260709 12:09:02.114548  6748 raft_consensus.cc:2468] T ffb4972dbf6b423e8f150549f26dc11f P 9c1fcc892a4d438397ec5570b173a145 [term 4 FOLLOWER]: Leader election vote request: Granting yes vote for candidate 364aac82c1a64f7e959594d5119ec749 in term 4.
I20260709 12:09:02.114923  6598 leader_election.cc:290] T ffb4972dbf6b423e8f150549f26dc11f P 364aac82c1a64f7e959594d5119ec749 [CANDIDATE]: Term 4 election: Requested vote from peers 8a2048e55eaa4f33b422a930a2a3eac7 (127.5.208.66:44903), 9c1fcc892a4d438397ec5570b173a145 (127.5.208.67:37005)
I20260709 12:09:02.116854  6913 raft_consensus.cc:2804] T ffb4972dbf6b423e8f150549f26dc11f P 364aac82c1a64f7e959594d5119ec749 [term 4 FOLLOWER]: Leader election won for term 4
I20260709 12:09:02.117347  6913 raft_consensus.cc:697] T ffb4972dbf6b423e8f150549f26dc11f P 364aac82c1a64f7e959594d5119ec749 [term 4 LEADER]: Becoming Leader. State: Replica: 364aac82c1a64f7e959594d5119ec749, State: Running, Role: LEADER
I20260709 12:09:02.118271  6913 consensus_queue.cc:237] T ffb4972dbf6b423e8f150549f26dc11f P 364aac82c1a64f7e959594d5119ec749 [LEADER]: Queue going to LEADER mode. State: All replicated index: 0, Majority replicated index: 3, Committed index: 3, Last appended: 3.3, Last appended by leader: 3, Current term: 4, Majority size: 2, State: 0, Mode: LEADER, active raft config: opid_index: -1 OBSOLETE_local: false peers { permanent_uuid: "364aac82c1a64f7e959594d5119ec749" member_type: VOTER last_known_addr { host: "127.5.208.65" port: 40713 } } peers { permanent_uuid: "8a2048e55eaa4f33b422a930a2a3eac7" member_type: VOTER last_known_addr { host: "127.5.208.66" port: 44903 } } peers { permanent_uuid: "9c1fcc892a4d438397ec5570b173a145" member_type: VOTER last_known_addr { host: "127.5.208.67" port: 37005 } }
I20260709 12:09:02.119979  6909 raft_consensus.cc:697] T 1c9b891a457d4d3cbd6e30d5c7514a34 P 364aac82c1a64f7e959594d5119ec749 [term 3 LEADER]: Becoming Leader. State: Replica: 364aac82c1a64f7e959594d5119ec749, State: Running, Role: LEADER
I20260709 12:09:02.120967  6909 consensus_queue.cc:237] T 1c9b891a457d4d3cbd6e30d5c7514a34 P 364aac82c1a64f7e959594d5119ec749 [LEADER]: Queue going to LEADER mode. State: All replicated index: 0, Majority replicated index: 2, Committed index: 2, Last appended: 2.2, Last appended by leader: 2, Current term: 3, Majority size: 2, State: 0, Mode: LEADER, active raft config: opid_index: -1 OBSOLETE_local: false peers { permanent_uuid: "364aac82c1a64f7e959594d5119ec749" member_type: VOTER last_known_addr { host: "127.5.208.65" port: 40713 } } peers { permanent_uuid: "8a2048e55eaa4f33b422a930a2a3eac7" member_type: VOTER last_known_addr { host: "127.5.208.66" port: 44903 } } peers { permanent_uuid: "9c1fcc892a4d438397ec5570b173a145" member_type: VOTER last_known_addr { host: "127.5.208.67" port: 37005 } }
I20260709 12:09:02.129791  6496 catalog_manager.cc:5697] T 1c9b891a457d4d3cbd6e30d5c7514a34 P 364aac82c1a64f7e959594d5119ec749 reported cstate change: term changed from 2 to 3, leader changed from 8a2048e55eaa4f33b422a930a2a3eac7 (127.5.208.66) to 364aac82c1a64f7e959594d5119ec749 (127.5.208.65). New cstate: current_term: 3 leader_uuid: "364aac82c1a64f7e959594d5119ec749" committed_config { opid_index: -1 OBSOLETE_local: false peers { permanent_uuid: "364aac82c1a64f7e959594d5119ec749" member_type: VOTER last_known_addr { host: "127.5.208.65" port: 40713 } health_report { overall_health: HEALTHY } } peers { permanent_uuid: "8a2048e55eaa4f33b422a930a2a3eac7" member_type: VOTER last_known_addr { host: "127.5.208.66" port: 44903 } health_report { overall_health: UNKNOWN } } peers { permanent_uuid: "9c1fcc892a4d438397ec5570b173a145" member_type: VOTER last_known_addr { host: "127.5.208.67" port: 37005 } health_report { overall_health: UNKNOWN } } }
I20260709 12:09:02.144435  6885 raft_consensus.cc:993] T 192cd67abc454e13aa0e8cab34862059 P 9c1fcc892a4d438397ec5570b173a145: : Instructing follower 364aac82c1a64f7e959594d5119ec749 to start an election
I20260709 12:09:02.144948  6910 raft_consensus.cc:1081] T 192cd67abc454e13aa0e8cab34862059 P 9c1fcc892a4d438397ec5570b173a145 [term 2 LEADER]: Signalling peer 364aac82c1a64f7e959594d5119ec749 to start an election
I20260709 12:09:02.146498  6599 tablet_service.cc:2044] Received Run Leader Election RPC: tablet_id: "192cd67abc454e13aa0e8cab34862059"
dest_uuid: "364aac82c1a64f7e959594d5119ec749"
 from {username='slave'} at 127.0.0.1:32942
I20260709 12:09:02.147075  6599 raft_consensus.cc:493] T 192cd67abc454e13aa0e8cab34862059 P 364aac82c1a64f7e959594d5119ec749 [term 2 FOLLOWER]: Starting forced leader election (received explicit request)
I20260709 12:09:02.147446  6599 raft_consensus.cc:3060] T 192cd67abc454e13aa0e8cab34862059 P 364aac82c1a64f7e959594d5119ec749 [term 2 FOLLOWER]: Advancing to term 3
I20260709 12:09:02.146972  6496 catalog_manager.cc:5697] T ffb4972dbf6b423e8f150549f26dc11f P 364aac82c1a64f7e959594d5119ec749 reported cstate change: term changed from 3 to 4, leader changed from 9c1fcc892a4d438397ec5570b173a145 (127.5.208.67) to 364aac82c1a64f7e959594d5119ec749 (127.5.208.65). New cstate: current_term: 4 leader_uuid: "364aac82c1a64f7e959594d5119ec749" committed_config { opid_index: -1 OBSOLETE_local: false peers { permanent_uuid: "364aac82c1a64f7e959594d5119ec749" member_type: VOTER last_known_addr { host: "127.5.208.65" port: 40713 } health_report { overall_health: HEALTHY } } peers { permanent_uuid: "8a2048e55eaa4f33b422a930a2a3eac7" member_type: VOTER last_known_addr { host: "127.5.208.66" port: 44903 } health_report { overall_health: UNKNOWN } } peers { permanent_uuid: "9c1fcc892a4d438397ec5570b173a145" member_type: VOTER last_known_addr { host: "127.5.208.67" port: 37005 } health_report { overall_health: UNKNOWN } } }
I20260709 12:09:02.152243  6599 raft_consensus.cc:515] T 192cd67abc454e13aa0e8cab34862059 P 364aac82c1a64f7e959594d5119ec749 [term 3 FOLLOWER]: Starting forced leader election with config: opid_index: -1 OBSOLETE_local: false peers { permanent_uuid: "364aac82c1a64f7e959594d5119ec749" member_type: VOTER last_known_addr { host: "127.5.208.65" port: 40713 } } peers { permanent_uuid: "8a2048e55eaa4f33b422a930a2a3eac7" member_type: VOTER last_known_addr { host: "127.5.208.66" port: 44903 } } peers { permanent_uuid: "9c1fcc892a4d438397ec5570b173a145" member_type: VOTER last_known_addr { host: "127.5.208.67" port: 37005 } }
I20260709 12:09:02.153999  6599 leader_election.cc:290] T 192cd67abc454e13aa0e8cab34862059 P 364aac82c1a64f7e959594d5119ec749 [CANDIDATE]: Term 3 election: Requested vote from peers 8a2048e55eaa4f33b422a930a2a3eac7 (127.5.208.66:44903), 9c1fcc892a4d438397ec5570b173a145 (127.5.208.67:37005)
I20260709 12:09:02.154677  6671 tablet_service.cc:1917] Received RequestConsensusVote() RPC: tablet_id: "192cd67abc454e13aa0e8cab34862059" candidate_uuid: "364aac82c1a64f7e959594d5119ec749" candidate_term: 3 candidate_status { last_received { term: 2 index: 2 } } ignore_live_leader: true dest_uuid: "8a2048e55eaa4f33b422a930a2a3eac7"
I20260709 12:09:02.155390  6747 tablet_service.cc:1917] Received RequestConsensusVote() RPC: tablet_id: "192cd67abc454e13aa0e8cab34862059" candidate_uuid: "364aac82c1a64f7e959594d5119ec749" candidate_term: 3 candidate_status { last_received { term: 2 index: 2 } } ignore_live_leader: true dest_uuid: "9c1fcc892a4d438397ec5570b173a145"
I20260709 12:09:02.155632  6671 raft_consensus.cc:3060] T 192cd67abc454e13aa0e8cab34862059 P 8a2048e55eaa4f33b422a930a2a3eac7 [term 2 FOLLOWER]: Advancing to term 3
I20260709 12:09:02.155943  6747 raft_consensus.cc:3055] T 192cd67abc454e13aa0e8cab34862059 P 9c1fcc892a4d438397ec5570b173a145 [term 2 LEADER]: Stepping down as leader of term 2
I20260709 12:09:02.156237  6747 raft_consensus.cc:740] T 192cd67abc454e13aa0e8cab34862059 P 9c1fcc892a4d438397ec5570b173a145 [term 2 LEADER]: Becoming Follower/Learner. State: Replica: 9c1fcc892a4d438397ec5570b173a145, State: Running, Role: LEADER
I20260709 12:09:02.156813  6747 consensus_queue.cc:260] T 192cd67abc454e13aa0e8cab34862059 P 9c1fcc892a4d438397ec5570b173a145 [NON_LEADER]: Queue going to NON_LEADER mode. State: All replicated index: 0, Majority replicated index: 2, Committed index: 2, Last appended: 2.2, Last appended by leader: 2, Current term: 2, Majority size: -1, State: 0, Mode: NON_LEADER, active raft config: opid_index: -1 OBSOLETE_local: false peers { permanent_uuid: "364aac82c1a64f7e959594d5119ec749" member_type: VOTER last_known_addr { host: "127.5.208.65" port: 40713 } } peers { permanent_uuid: "8a2048e55eaa4f33b422a930a2a3eac7" member_type: VOTER last_known_addr { host: "127.5.208.66" port: 44903 } } peers { permanent_uuid: "9c1fcc892a4d438397ec5570b173a145" member_type: VOTER last_known_addr { host: "127.5.208.67" port: 37005 } }
I20260709 12:09:02.157686  6747 raft_consensus.cc:3060] T 192cd67abc454e13aa0e8cab34862059 P 9c1fcc892a4d438397ec5570b173a145 [term 2 FOLLOWER]: Advancing to term 3
I20260709 12:09:02.160746  6671 raft_consensus.cc:2468] T 192cd67abc454e13aa0e8cab34862059 P 8a2048e55eaa4f33b422a930a2a3eac7 [term 3 FOLLOWER]: Leader election vote request: Granting yes vote for candidate 364aac82c1a64f7e959594d5119ec749 in term 3.
I20260709 12:09:02.161731  6562 leader_election.cc:304] T 192cd67abc454e13aa0e8cab34862059 P 364aac82c1a64f7e959594d5119ec749 [CANDIDATE]: Term 3 election: Election decided. Result: candidate won. Election summary: received 2 responses out of 3 voters: 2 yes votes; 0 no votes. yes voters: 364aac82c1a64f7e959594d5119ec749, 8a2048e55eaa4f33b422a930a2a3eac7; no voters: 
I20260709 12:09:02.162202  6747 raft_consensus.cc:2468] T 192cd67abc454e13aa0e8cab34862059 P 9c1fcc892a4d438397ec5570b173a145 [term 3 FOLLOWER]: Leader election vote request: Granting yes vote for candidate 364aac82c1a64f7e959594d5119ec749 in term 3.
I20260709 12:09:02.162515  6909 raft_consensus.cc:2804] T 192cd67abc454e13aa0e8cab34862059 P 364aac82c1a64f7e959594d5119ec749 [term 3 FOLLOWER]: Leader election won for term 3
I20260709 12:09:02.163034  6909 raft_consensus.cc:697] T 192cd67abc454e13aa0e8cab34862059 P 364aac82c1a64f7e959594d5119ec749 [term 3 LEADER]: Becoming Leader. State: Replica: 364aac82c1a64f7e959594d5119ec749, State: Running, Role: LEADER
I20260709 12:09:02.163751  6909 consensus_queue.cc:237] T 192cd67abc454e13aa0e8cab34862059 P 364aac82c1a64f7e959594d5119ec749 [LEADER]: Queue going to LEADER mode. State: All replicated index: 0, Majority replicated index: 2, Committed index: 2, Last appended: 2.2, Last appended by leader: 2, Current term: 3, Majority size: 2, State: 0, Mode: LEADER, active raft config: opid_index: -1 OBSOLETE_local: false peers { permanent_uuid: "364aac82c1a64f7e959594d5119ec749" member_type: VOTER last_known_addr { host: "127.5.208.65" port: 40713 } } peers { permanent_uuid: "8a2048e55eaa4f33b422a930a2a3eac7" member_type: VOTER last_known_addr { host: "127.5.208.66" port: 44903 } } peers { permanent_uuid: "9c1fcc892a4d438397ec5570b173a145" member_type: VOTER last_known_addr { host: "127.5.208.67" port: 37005 } }
I20260709 12:09:02.170949  6496 catalog_manager.cc:5697] T 192cd67abc454e13aa0e8cab34862059 P 364aac82c1a64f7e959594d5119ec749 reported cstate change: term changed from 2 to 3, leader changed from 9c1fcc892a4d438397ec5570b173a145 (127.5.208.67) to 364aac82c1a64f7e959594d5119ec749 (127.5.208.65). New cstate: current_term: 3 leader_uuid: "364aac82c1a64f7e959594d5119ec749" committed_config { opid_index: -1 OBSOLETE_local: false peers { permanent_uuid: "364aac82c1a64f7e959594d5119ec749" member_type: VOTER last_known_addr { host: "127.5.208.65" port: 40713 } health_report { overall_health: HEALTHY } } peers { permanent_uuid: "8a2048e55eaa4f33b422a930a2a3eac7" member_type: VOTER last_known_addr { host: "127.5.208.66" port: 44903 } health_report { overall_health: UNKNOWN } } peers { permanent_uuid: "9c1fcc892a4d438397ec5570b173a145" member_type: VOTER last_known_addr { host: "127.5.208.67" port: 37005 } health_report { overall_health: UNKNOWN } } }
I20260709 12:09:02.294387  6905 raft_consensus.cc:993] T a11f178ff68f4c2b8696510f6dcb0c31 P 8a2048e55eaa4f33b422a930a2a3eac7: : Instructing follower 364aac82c1a64f7e959594d5119ec749 to start an election
I20260709 12:09:02.294876  6911 raft_consensus.cc:1081] T a11f178ff68f4c2b8696510f6dcb0c31 P 8a2048e55eaa4f33b422a930a2a3eac7 [term 2 LEADER]: Signalling peer 364aac82c1a64f7e959594d5119ec749 to start an election
I20260709 12:09:02.296187  6599 tablet_service.cc:2044] Received Run Leader Election RPC: tablet_id: "a11f178ff68f4c2b8696510f6dcb0c31"
dest_uuid: "364aac82c1a64f7e959594d5119ec749"
 from {username='slave'} at 127.0.0.1:32954
I20260709 12:09:02.296599  6599 raft_consensus.cc:493] T a11f178ff68f4c2b8696510f6dcb0c31 P 364aac82c1a64f7e959594d5119ec749 [term 2 FOLLOWER]: Starting forced leader election (received explicit request)
I20260709 12:09:02.296818  6599 raft_consensus.cc:3060] T a11f178ff68f4c2b8696510f6dcb0c31 P 364aac82c1a64f7e959594d5119ec749 [term 2 FOLLOWER]: Advancing to term 3
I20260709 12:09:02.300889  6599 raft_consensus.cc:515] T a11f178ff68f4c2b8696510f6dcb0c31 P 364aac82c1a64f7e959594d5119ec749 [term 3 FOLLOWER]: Starting forced leader election with config: opid_index: -1 OBSOLETE_local: false peers { permanent_uuid: "364aac82c1a64f7e959594d5119ec749" member_type: VOTER last_known_addr { host: "127.5.208.65" port: 40713 } } peers { permanent_uuid: "8a2048e55eaa4f33b422a930a2a3eac7" member_type: VOTER last_known_addr { host: "127.5.208.66" port: 44903 } } peers { permanent_uuid: "9c1fcc892a4d438397ec5570b173a145" member_type: VOTER last_known_addr { host: "127.5.208.67" port: 37005 } }
I20260709 12:09:02.302174  6599 leader_election.cc:290] T a11f178ff68f4c2b8696510f6dcb0c31 P 364aac82c1a64f7e959594d5119ec749 [CANDIDATE]: Term 3 election: Requested vote from peers 8a2048e55eaa4f33b422a930a2a3eac7 (127.5.208.66:44903), 9c1fcc892a4d438397ec5570b173a145 (127.5.208.67:37005)
I20260709 12:09:02.302994  6671 tablet_service.cc:1917] Received RequestConsensusVote() RPC: tablet_id: "a11f178ff68f4c2b8696510f6dcb0c31" candidate_uuid: "364aac82c1a64f7e959594d5119ec749" candidate_term: 3 candidate_status { last_received { term: 2 index: 2 } } ignore_live_leader: true dest_uuid: "8a2048e55eaa4f33b422a930a2a3eac7"
I20260709 12:09:02.303117  6747 tablet_service.cc:1917] Received RequestConsensusVote() RPC: tablet_id: "a11f178ff68f4c2b8696510f6dcb0c31" candidate_uuid: "364aac82c1a64f7e959594d5119ec749" candidate_term: 3 candidate_status { last_received { term: 2 index: 2 } } ignore_live_leader: true dest_uuid: "9c1fcc892a4d438397ec5570b173a145"
I20260709 12:09:02.303510  6671 raft_consensus.cc:3055] T a11f178ff68f4c2b8696510f6dcb0c31 P 8a2048e55eaa4f33b422a930a2a3eac7 [term 2 LEADER]: Stepping down as leader of term 2
I20260709 12:09:02.303597  6747 raft_consensus.cc:3060] T a11f178ff68f4c2b8696510f6dcb0c31 P 9c1fcc892a4d438397ec5570b173a145 [term 2 FOLLOWER]: Advancing to term 3
I20260709 12:09:02.303787  6671 raft_consensus.cc:740] T a11f178ff68f4c2b8696510f6dcb0c31 P 8a2048e55eaa4f33b422a930a2a3eac7 [term 2 LEADER]: Becoming Follower/Learner. State: Replica: 8a2048e55eaa4f33b422a930a2a3eac7, State: Running, Role: LEADER
I20260709 12:09:02.304641  6671 consensus_queue.cc:260] T a11f178ff68f4c2b8696510f6dcb0c31 P 8a2048e55eaa4f33b422a930a2a3eac7 [NON_LEADER]: Queue going to NON_LEADER mode. State: All replicated index: 0, Majority replicated index: 2, Committed index: 2, Last appended: 2.2, Last appended by leader: 2, Current term: 2, Majority size: -1, State: 0, Mode: NON_LEADER, active raft config: opid_index: -1 OBSOLETE_local: false peers { permanent_uuid: "364aac82c1a64f7e959594d5119ec749" member_type: VOTER last_known_addr { host: "127.5.208.65" port: 40713 } } peers { permanent_uuid: "8a2048e55eaa4f33b422a930a2a3eac7" member_type: VOTER last_known_addr { host: "127.5.208.66" port: 44903 } } peers { permanent_uuid: "9c1fcc892a4d438397ec5570b173a145" member_type: VOTER last_known_addr { host: "127.5.208.67" port: 37005 } }
I20260709 12:09:02.305719  6671 raft_consensus.cc:3060] T a11f178ff68f4c2b8696510f6dcb0c31 P 8a2048e55eaa4f33b422a930a2a3eac7 [term 2 FOLLOWER]: Advancing to term 3
I20260709 12:09:02.308396  6747 raft_consensus.cc:2468] T a11f178ff68f4c2b8696510f6dcb0c31 P 9c1fcc892a4d438397ec5570b173a145 [term 3 FOLLOWER]: Leader election vote request: Granting yes vote for candidate 364aac82c1a64f7e959594d5119ec749 in term 3.
I20260709 12:09:02.309300  6562 leader_election.cc:304] T a11f178ff68f4c2b8696510f6dcb0c31 P 364aac82c1a64f7e959594d5119ec749 [CANDIDATE]: Term 3 election: Election decided. Result: candidate won. Election summary: received 2 responses out of 3 voters: 2 yes votes; 0 no votes. yes voters: 364aac82c1a64f7e959594d5119ec749, 9c1fcc892a4d438397ec5570b173a145; no voters: 
I20260709 12:09:02.310014  6909 raft_consensus.cc:2804] T a11f178ff68f4c2b8696510f6dcb0c31 P 364aac82c1a64f7e959594d5119ec749 [term 3 FOLLOWER]: Leader election won for term 3
I20260709 12:09:02.310038  6671 raft_consensus.cc:2468] T a11f178ff68f4c2b8696510f6dcb0c31 P 8a2048e55eaa4f33b422a930a2a3eac7 [term 3 FOLLOWER]: Leader election vote request: Granting yes vote for candidate 364aac82c1a64f7e959594d5119ec749 in term 3.
I20260709 12:09:02.310609  6909 raft_consensus.cc:697] T a11f178ff68f4c2b8696510f6dcb0c31 P 364aac82c1a64f7e959594d5119ec749 [term 3 LEADER]: Becoming Leader. State: Replica: 364aac82c1a64f7e959594d5119ec749, State: Running, Role: LEADER
I20260709 12:09:02.311571  6909 consensus_queue.cc:237] T a11f178ff68f4c2b8696510f6dcb0c31 P 364aac82c1a64f7e959594d5119ec749 [LEADER]: Queue going to LEADER mode. State: All replicated index: 0, Majority replicated index: 2, Committed index: 2, Last appended: 2.2, Last appended by leader: 2, Current term: 3, Majority size: 2, State: 0, Mode: LEADER, active raft config: opid_index: -1 OBSOLETE_local: false peers { permanent_uuid: "364aac82c1a64f7e959594d5119ec749" member_type: VOTER last_known_addr { host: "127.5.208.65" port: 40713 } } peers { permanent_uuid: "8a2048e55eaa4f33b422a930a2a3eac7" member_type: VOTER last_known_addr { host: "127.5.208.66" port: 44903 } } peers { permanent_uuid: "9c1fcc892a4d438397ec5570b173a145" member_type: VOTER last_known_addr { host: "127.5.208.67" port: 37005 } }
I20260709 12:09:02.317588  6496 catalog_manager.cc:5697] T a11f178ff68f4c2b8696510f6dcb0c31 P 364aac82c1a64f7e959594d5119ec749 reported cstate change: term changed from 2 to 3, leader changed from 8a2048e55eaa4f33b422a930a2a3eac7 (127.5.208.66) to 364aac82c1a64f7e959594d5119ec749 (127.5.208.65). New cstate: current_term: 3 leader_uuid: "364aac82c1a64f7e959594d5119ec749" committed_config { opid_index: -1 OBSOLETE_local: false peers { permanent_uuid: "364aac82c1a64f7e959594d5119ec749" member_type: VOTER last_known_addr { host: "127.5.208.65" port: 40713 } health_report { overall_health: HEALTHY } } peers { permanent_uuid: "8a2048e55eaa4f33b422a930a2a3eac7" member_type: VOTER last_known_addr { host: "127.5.208.66" port: 44903 } health_report { overall_health: UNKNOWN } } peers { permanent_uuid: "9c1fcc892a4d438397ec5570b173a145" member_type: VOTER last_known_addr { host: "127.5.208.67" port: 37005 } health_report { overall_health: UNKNOWN } } }
I20260709 12:09:02.492311  6905 raft_consensus.cc:993] T ea5f03d5f92c4c45b9a508fdb3a0f64e P 8a2048e55eaa4f33b422a930a2a3eac7: : Instructing follower 364aac82c1a64f7e959594d5119ec749 to start an election
I20260709 12:09:02.492779  6911 raft_consensus.cc:1081] T ea5f03d5f92c4c45b9a508fdb3a0f64e P 8a2048e55eaa4f33b422a930a2a3eac7 [term 2 LEADER]: Signalling peer 364aac82c1a64f7e959594d5119ec749 to start an election
I20260709 12:09:02.494172  6599 tablet_service.cc:2044] Received Run Leader Election RPC: tablet_id: "ea5f03d5f92c4c45b9a508fdb3a0f64e"
dest_uuid: "364aac82c1a64f7e959594d5119ec749"
 from {username='slave'} at 127.0.0.1:32954
I20260709 12:09:02.494657  6599 raft_consensus.cc:493] T ea5f03d5f92c4c45b9a508fdb3a0f64e P 364aac82c1a64f7e959594d5119ec749 [term 2 FOLLOWER]: Starting forced leader election (received explicit request)
I20260709 12:09:02.494998  6599 raft_consensus.cc:3060] T ea5f03d5f92c4c45b9a508fdb3a0f64e P 364aac82c1a64f7e959594d5119ec749 [term 2 FOLLOWER]: Advancing to term 3
I20260709 12:09:02.498716  6747 raft_consensus.cc:1275] T ffb4972dbf6b423e8f150549f26dc11f P 9c1fcc892a4d438397ec5570b173a145 [term 4 FOLLOWER]: Refusing update from remote peer 364aac82c1a64f7e959594d5119ec749: Log matching property violated. Preceding OpId in replica: term: 3 index: 3. Preceding OpId from leader: term: 4 index: 4. (index mismatch)
I20260709 12:09:02.499661  6599 raft_consensus.cc:515] T ea5f03d5f92c4c45b9a508fdb3a0f64e P 364aac82c1a64f7e959594d5119ec749 [term 3 FOLLOWER]: Starting forced leader election with config: opid_index: -1 OBSOLETE_local: false peers { permanent_uuid: "364aac82c1a64f7e959594d5119ec749" member_type: VOTER last_known_addr { host: "127.5.208.65" port: 40713 } } peers { permanent_uuid: "8a2048e55eaa4f33b422a930a2a3eac7" member_type: VOTER last_known_addr { host: "127.5.208.66" port: 44903 } } peers { permanent_uuid: "9c1fcc892a4d438397ec5570b173a145" member_type: VOTER last_known_addr { host: "127.5.208.67" port: 37005 } }
I20260709 12:09:02.500016  6909 consensus_queue.cc:1048] T ffb4972dbf6b423e8f150549f26dc11f P 364aac82c1a64f7e959594d5119ec749 [LEADER]: Connected to new peer: Peer: permanent_uuid: "9c1fcc892a4d438397ec5570b173a145" member_type: VOTER last_known_addr { host: "127.5.208.67" port: 37005 }, Status: LMP_MISMATCH, Last received: 0.0, Next index: 4, Last known committed idx: 3, Time since last communication: 0.000s
I20260709 12:09:02.501145  6599 leader_election.cc:290] T ea5f03d5f92c4c45b9a508fdb3a0f64e P 364aac82c1a64f7e959594d5119ec749 [CANDIDATE]: Term 3 election: Requested vote from peers 8a2048e55eaa4f33b422a930a2a3eac7 (127.5.208.66:44903), 9c1fcc892a4d438397ec5570b173a145 (127.5.208.67:37005)
I20260709 12:09:02.501959  6671 tablet_service.cc:1917] Received RequestConsensusVote() RPC: tablet_id: "ea5f03d5f92c4c45b9a508fdb3a0f64e" candidate_uuid: "364aac82c1a64f7e959594d5119ec749" candidate_term: 3 candidate_status { last_received { term: 2 index: 2 } } ignore_live_leader: true dest_uuid: "8a2048e55eaa4f33b422a930a2a3eac7"
I20260709 12:09:02.503093  6748 tablet_service.cc:1917] Received RequestConsensusVote() RPC: tablet_id: "ea5f03d5f92c4c45b9a508fdb3a0f64e" candidate_uuid: "364aac82c1a64f7e959594d5119ec749" candidate_term: 3 candidate_status { last_received { term: 2 index: 2 } } ignore_live_leader: true dest_uuid: "9c1fcc892a4d438397ec5570b173a145"
I20260709 12:09:02.502521  6671 raft_consensus.cc:3055] T ea5f03d5f92c4c45b9a508fdb3a0f64e P 8a2048e55eaa4f33b422a930a2a3eac7 [term 2 LEADER]: Stepping down as leader of term 2
I20260709 12:09:02.503785  6671 raft_consensus.cc:740] T ea5f03d5f92c4c45b9a508fdb3a0f64e P 8a2048e55eaa4f33b422a930a2a3eac7 [term 2 LEADER]: Becoming Follower/Learner. State: Replica: 8a2048e55eaa4f33b422a930a2a3eac7, State: Running, Role: LEADER
I20260709 12:09:02.503713  6748 raft_consensus.cc:3060] T ea5f03d5f92c4c45b9a508fdb3a0f64e P 9c1fcc892a4d438397ec5570b173a145 [term 2 FOLLOWER]: Advancing to term 3
I20260709 12:09:02.504663  6671 consensus_queue.cc:260] T ea5f03d5f92c4c45b9a508fdb3a0f64e P 8a2048e55eaa4f33b422a930a2a3eac7 [NON_LEADER]: Queue going to NON_LEADER mode. State: All replicated index: 0, Majority replicated index: 2, Committed index: 2, Last appended: 2.2, Last appended by leader: 2, Current term: 2, Majority size: -1, State: 0, Mode: NON_LEADER, active raft config: opid_index: -1 OBSOLETE_local: false peers { permanent_uuid: "364aac82c1a64f7e959594d5119ec749" member_type: VOTER last_known_addr { host: "127.5.208.65" port: 40713 } } peers { permanent_uuid: "8a2048e55eaa4f33b422a930a2a3eac7" member_type: VOTER last_known_addr { host: "127.5.208.66" port: 44903 } } peers { permanent_uuid: "9c1fcc892a4d438397ec5570b173a145" member_type: VOTER last_known_addr { host: "127.5.208.67" port: 37005 } }
I20260709 12:09:02.506238  6671 raft_consensus.cc:3060] T ea5f03d5f92c4c45b9a508fdb3a0f64e P 8a2048e55eaa4f33b422a930a2a3eac7 [term 2 FOLLOWER]: Advancing to term 3
I20260709 12:09:02.512830  6748 raft_consensus.cc:2468] T ea5f03d5f92c4c45b9a508fdb3a0f64e P 9c1fcc892a4d438397ec5570b173a145 [term 3 FOLLOWER]: Leader election vote request: Granting yes vote for candidate 364aac82c1a64f7e959594d5119ec749 in term 3.
I20260709 12:09:02.513293  6671 raft_consensus.cc:2468] T ea5f03d5f92c4c45b9a508fdb3a0f64e P 8a2048e55eaa4f33b422a930a2a3eac7 [term 3 FOLLOWER]: Leader election vote request: Granting yes vote for candidate 364aac82c1a64f7e959594d5119ec749 in term 3.
I20260709 12:09:02.514443  6562 leader_election.cc:304] T ea5f03d5f92c4c45b9a508fdb3a0f64e P 364aac82c1a64f7e959594d5119ec749 [CANDIDATE]: Term 3 election: Election decided. Result: candidate won. Election summary: received 2 responses out of 3 voters: 2 yes votes; 0 no votes. yes voters: 364aac82c1a64f7e959594d5119ec749, 8a2048e55eaa4f33b422a930a2a3eac7; no voters: 
I20260709 12:09:02.517439  6671 raft_consensus.cc:1275] T ffb4972dbf6b423e8f150549f26dc11f P 8a2048e55eaa4f33b422a930a2a3eac7 [term 4 FOLLOWER]: Refusing update from remote peer 364aac82c1a64f7e959594d5119ec749: Log matching property violated. Preceding OpId in replica: term: 3 index: 3. Preceding OpId from leader: term: 4 index: 4. (index mismatch)
I20260709 12:09:02.516109  6909 raft_consensus.cc:2804] T ea5f03d5f92c4c45b9a508fdb3a0f64e P 364aac82c1a64f7e959594d5119ec749 [term 3 FOLLOWER]: Leader election won for term 3
I20260709 12:09:02.518674  6909 raft_consensus.cc:697] T ea5f03d5f92c4c45b9a508fdb3a0f64e P 364aac82c1a64f7e959594d5119ec749 [term 3 LEADER]: Becoming Leader. State: Replica: 364aac82c1a64f7e959594d5119ec749, State: Running, Role: LEADER
I20260709 12:09:02.519752  6912 consensus_queue.cc:1048] T ffb4972dbf6b423e8f150549f26dc11f P 364aac82c1a64f7e959594d5119ec749 [LEADER]: Connected to new peer: Peer: permanent_uuid: "8a2048e55eaa4f33b422a930a2a3eac7" member_type: VOTER last_known_addr { host: "127.5.208.66" port: 44903 }, Status: LMP_MISMATCH, Last received: 0.0, Next index: 4, Last known committed idx: 3, Time since last communication: 0.001s
I20260709 12:09:02.522326  6909 consensus_queue.cc:237] T ea5f03d5f92c4c45b9a508fdb3a0f64e P 364aac82c1a64f7e959594d5119ec749 [LEADER]: Queue going to LEADER mode. State: All replicated index: 0, Majority replicated index: 2, Committed index: 2, Last appended: 2.2, Last appended by leader: 2, Current term: 3, Majority size: 2, State: 0, Mode: LEADER, active raft config: opid_index: -1 OBSOLETE_local: false peers { permanent_uuid: "364aac82c1a64f7e959594d5119ec749" member_type: VOTER last_known_addr { host: "127.5.208.65" port: 40713 } } peers { permanent_uuid: "8a2048e55eaa4f33b422a930a2a3eac7" member_type: VOTER last_known_addr { host: "127.5.208.66" port: 44903 } } peers { permanent_uuid: "9c1fcc892a4d438397ec5570b173a145" member_type: VOTER last_known_addr { host: "127.5.208.67" port: 37005 } }
