I20260709 12:09:18.453334  1031 tablet_bootstrap.cc:654] T dbc1fce891d94e5ab894e9c3a4031c28 P 0ed83da9ece54777a8686ce2192f7a32: Neither blocks nor log segments found. Creating new log.
I20260709 12:09:18.458195  1030 tablet_bootstrap.cc:492] T cb296a965d5c411081bd29a20173862e P 8fcd7cc43a1345dd9ac866d933071d86: No bootstrap required, opened a new log
I20260709 12:09:18.457950  1032 raft_consensus.cc:359] T d4b636eb45fe46548fe2e5d8cc068261 P 8c58beb95b6d4e99a928c7bd120a5021 [term 0 FOLLOWER]: Replica starting. Triggering 0 pending ops. Active config: opid_index: -1 OBSOLETE_local: false peers { permanent_uuid: "8fcd7cc43a1345dd9ac866d933071d86" member_type: VOTER last_known_addr { host: "127.31.102.129" port: 37179 } } peers { permanent_uuid: "0ed83da9ece54777a8686ce2192f7a32" member_type: VOTER last_known_addr { host: "127.31.102.130" port: 46829 } } peers { permanent_uuid: "8c58beb95b6d4e99a928c7bd120a5021" member_type: VOTER last_known_addr { host: "127.31.102.131" port: 38839 } }
I20260709 12:09:18.458639  1030 ts_tablet_manager.cc:1403] T cb296a965d5c411081bd29a20173862e P 8fcd7cc43a1345dd9ac866d933071d86: Time spent bootstrapping tablet: real 0.020s	user 0.009s	sys 0.008s
I20260709 12:09:18.458822  1032 raft_consensus.cc:385] T d4b636eb45fe46548fe2e5d8cc068261 P 8c58beb95b6d4e99a928c7bd120a5021 [term 0 FOLLOWER]: Consensus starting up: Expiring failure detector timer to make a prompt election more likely
I20260709 12:09:18.459223  1032 raft_consensus.cc:740] T d4b636eb45fe46548fe2e5d8cc068261 P 8c58beb95b6d4e99a928c7bd120a5021 [term 0 FOLLOWER]: Becoming Follower/Learner. State: Replica: 8c58beb95b6d4e99a928c7bd120a5021, State: Initialized, Role: FOLLOWER
I20260709 12:09:18.460160  1032 consensus_queue.cc:260] T d4b636eb45fe46548fe2e5d8cc068261 P 8c58beb95b6d4e99a928c7bd120a5021 [NON_LEADER]: Queue going to NON_LEADER mode. State: All replicated index: 0, Majority replicated index: 0, Committed index: 0, Last appended: 0.0, Last appended by leader: 0, Current term: 0, Majority size: -1, State: 0, Mode: NON_LEADER, active raft config: opid_index: -1 OBSOLETE_local: false peers { permanent_uuid: "8fcd7cc43a1345dd9ac866d933071d86" member_type: VOTER last_known_addr { host: "127.31.102.129" port: 37179 } } peers { permanent_uuid: "0ed83da9ece54777a8686ce2192f7a32" member_type: VOTER last_known_addr { host: "127.31.102.130" port: 46829 } } peers { permanent_uuid: "8c58beb95b6d4e99a928c7bd120a5021" member_type: VOTER last_known_addr { host: "127.31.102.131" port: 38839 } }
I20260709 12:09:18.461640  1030 raft_consensus.cc:359] T cb296a965d5c411081bd29a20173862e P 8fcd7cc43a1345dd9ac866d933071d86 [term 0 FOLLOWER]: Replica starting. Triggering 0 pending ops. Active config: opid_index: -1 OBSOLETE_local: false peers { permanent_uuid: "8fcd7cc43a1345dd9ac866d933071d86" member_type: VOTER last_known_addr { host: "127.31.102.129" port: 37179 } } peers { permanent_uuid: "0ed83da9ece54777a8686ce2192f7a32" member_type: VOTER last_known_addr { host: "127.31.102.130" port: 46829 } } peers { permanent_uuid: "8c58beb95b6d4e99a928c7bd120a5021" member_type: VOTER last_known_addr { host: "127.31.102.131" port: 38839 } }
I20260709 12:09:18.462836  1030 raft_consensus.cc:385] T cb296a965d5c411081bd29a20173862e P 8fcd7cc43a1345dd9ac866d933071d86 [term 0 FOLLOWER]: Consensus starting up: Expiring failure detector timer to make a prompt election more likely
I20260709 12:09:18.463148  1030 raft_consensus.cc:740] T cb296a965d5c411081bd29a20173862e P 8fcd7cc43a1345dd9ac866d933071d86 [term 0 FOLLOWER]: Becoming Follower/Learner. State: Replica: 8fcd7cc43a1345dd9ac866d933071d86, State: Initialized, Role: FOLLOWER
I20260709 12:09:18.464031  1030 consensus_queue.cc:260] T cb296a965d5c411081bd29a20173862e P 8fcd7cc43a1345dd9ac866d933071d86 [NON_LEADER]: Queue going to NON_LEADER mode. State: All replicated index: 0, Majority replicated index: 0, Committed index: 0, Last appended: 0.0, Last appended by leader: 0, Current term: 0, Majority size: -1, State: 0, Mode: NON_LEADER, active raft config: opid_index: -1 OBSOLETE_local: false peers { permanent_uuid: "8fcd7cc43a1345dd9ac866d933071d86" member_type: VOTER last_known_addr { host: "127.31.102.129" port: 37179 } } peers { permanent_uuid: "0ed83da9ece54777a8686ce2192f7a32" member_type: VOTER last_known_addr { host: "127.31.102.130" port: 46829 } } peers { permanent_uuid: "8c58beb95b6d4e99a928c7bd120a5021" member_type: VOTER last_known_addr { host: "127.31.102.131" port: 38839 } }
I20260709 12:09:18.466324  1030 ts_tablet_manager.cc:1434] T cb296a965d5c411081bd29a20173862e P 8fcd7cc43a1345dd9ac866d933071d86: Time spent starting tablet: real 0.007s	user 0.003s	sys 0.003s
I20260709 12:09:18.467592  1030 tablet_bootstrap.cc:492] T c08f459e190b405ea713cf01138ca20e P 8fcd7cc43a1345dd9ac866d933071d86: Bootstrap starting.
I20260709 12:09:18.471223  1032 ts_tablet_manager.cc:1434] T d4b636eb45fe46548fe2e5d8cc068261 P 8c58beb95b6d4e99a928c7bd120a5021: Time spent starting tablet: real 0.021s	user 0.005s	sys 0.003s
I20260709 12:09:18.472369  1032 tablet_bootstrap.cc:492] T 276bdb3f7b92440ba9ba2f3563266958 P 8c58beb95b6d4e99a928c7bd120a5021: Bootstrap starting.
I20260709 12:09:18.474532  1030 tablet_bootstrap.cc:654] T c08f459e190b405ea713cf01138ca20e P 8fcd7cc43a1345dd9ac866d933071d86: Neither blocks nor log segments found. Creating new log.
I20260709 12:09:18.480213  1032 tablet_bootstrap.cc:654] T 276bdb3f7b92440ba9ba2f3563266958 P 8c58beb95b6d4e99a928c7bd120a5021: Neither blocks nor log segments found. Creating new log.
I20260709 12:09:18.489445  1031 tablet_bootstrap.cc:492] T dbc1fce891d94e5ab894e9c3a4031c28 P 0ed83da9ece54777a8686ce2192f7a32: No bootstrap required, opened a new log
I20260709 12:09:18.490123  1031 ts_tablet_manager.cc:1403] T dbc1fce891d94e5ab894e9c3a4031c28 P 0ed83da9ece54777a8686ce2192f7a32: Time spent bootstrapping tablet: real 0.044s	user 0.022s	sys 0.019s
I20260709 12:09:18.493521  1031 raft_consensus.cc:359] T dbc1fce891d94e5ab894e9c3a4031c28 P 0ed83da9ece54777a8686ce2192f7a32 [term 0 FOLLOWER]: Replica starting. Triggering 0 pending ops. Active config: opid_index: -1 OBSOLETE_local: false peers { permanent_uuid: "8fcd7cc43a1345dd9ac866d933071d86" member_type: VOTER last_known_addr { host: "127.31.102.129" port: 37179 } } peers { permanent_uuid: "0ed83da9ece54777a8686ce2192f7a32" member_type: VOTER last_known_addr { host: "127.31.102.130" port: 46829 } } peers { permanent_uuid: "8c58beb95b6d4e99a928c7bd120a5021" member_type: VOTER last_known_addr { host: "127.31.102.131" port: 38839 } }
I20260709 12:09:18.494423  1031 raft_consensus.cc:385] T dbc1fce891d94e5ab894e9c3a4031c28 P 0ed83da9ece54777a8686ce2192f7a32 [term 0 FOLLOWER]: Consensus starting up: Expiring failure detector timer to make a prompt election more likely
I20260709 12:09:18.494761  1031 raft_consensus.cc:740] T dbc1fce891d94e5ab894e9c3a4031c28 P 0ed83da9ece54777a8686ce2192f7a32 [term 0 FOLLOWER]: Becoming Follower/Learner. State: Replica: 0ed83da9ece54777a8686ce2192f7a32, State: Initialized, Role: FOLLOWER
I20260709 12:09:18.496037  1030 tablet_bootstrap.cc:492] T c08f459e190b405ea713cf01138ca20e P 8fcd7cc43a1345dd9ac866d933071d86: No bootstrap required, opened a new log
I20260709 12:09:18.495635  1031 consensus_queue.cc:260] T dbc1fce891d94e5ab894e9c3a4031c28 P 0ed83da9ece54777a8686ce2192f7a32 [NON_LEADER]: Queue going to NON_LEADER mode. State: All replicated index: 0, Majority replicated index: 0, Committed index: 0, Last appended: 0.0, Last appended by leader: 0, Current term: 0, Majority size: -1, State: 0, Mode: NON_LEADER, active raft config: opid_index: -1 OBSOLETE_local: false peers { permanent_uuid: "8fcd7cc43a1345dd9ac866d933071d86" member_type: VOTER last_known_addr { host: "127.31.102.129" port: 37179 } } peers { permanent_uuid: "0ed83da9ece54777a8686ce2192f7a32" member_type: VOTER last_known_addr { host: "127.31.102.130" port: 46829 } } peers { permanent_uuid: "8c58beb95b6d4e99a928c7bd120a5021" member_type: VOTER last_known_addr { host: "127.31.102.131" port: 38839 } }
I20260709 12:09:18.496531  1030 ts_tablet_manager.cc:1403] T c08f459e190b405ea713cf01138ca20e P 8fcd7cc43a1345dd9ac866d933071d86: Time spent bootstrapping tablet: real 0.029s	user 0.018s	sys 0.000s
I20260709 12:09:18.499187  1030 raft_consensus.cc:359] T c08f459e190b405ea713cf01138ca20e P 8fcd7cc43a1345dd9ac866d933071d86 [term 0 FOLLOWER]: Replica starting. Triggering 0 pending ops. Active config: opid_index: -1 OBSOLETE_local: false peers { permanent_uuid: "8fcd7cc43a1345dd9ac866d933071d86" member_type: VOTER last_known_addr { host: "127.31.102.129" port: 37179 } } peers { permanent_uuid: "0ed83da9ece54777a8686ce2192f7a32" member_type: VOTER last_known_addr { host: "127.31.102.130" port: 46829 } } peers { permanent_uuid: "8c58beb95b6d4e99a928c7bd120a5021" member_type: VOTER last_known_addr { host: "127.31.102.131" port: 38839 } }
I20260709 12:09:18.499852  1030 raft_consensus.cc:385] T c08f459e190b405ea713cf01138ca20e P 8fcd7cc43a1345dd9ac866d933071d86 [term 0 FOLLOWER]: Consensus starting up: Expiring failure detector timer to make a prompt election more likely
I20260709 12:09:18.500108  1030 raft_consensus.cc:740] T c08f459e190b405ea713cf01138ca20e P 8fcd7cc43a1345dd9ac866d933071d86 [term 0 FOLLOWER]: Becoming Follower/Learner. State: Replica: 8fcd7cc43a1345dd9ac866d933071d86, State: Initialized, Role: FOLLOWER
I20260709 12:09:18.500713  1037 raft_consensus.cc:493] T dbc1fce891d94e5ab894e9c3a4031c28 P 0ed83da9ece54777a8686ce2192f7a32 [term 0 FOLLOWER]: Starting pre-election (no leader contacted us within the election timeout)
I20260709 12:09:18.501272  1037 raft_consensus.cc:515] T dbc1fce891d94e5ab894e9c3a4031c28 P 0ed83da9ece54777a8686ce2192f7a32 [term 0 FOLLOWER]: Starting pre-election with config: opid_index: -1 OBSOLETE_local: false peers { permanent_uuid: "8fcd7cc43a1345dd9ac866d933071d86" member_type: VOTER last_known_addr { host: "127.31.102.129" port: 37179 } } peers { permanent_uuid: "0ed83da9ece54777a8686ce2192f7a32" member_type: VOTER last_known_addr { host: "127.31.102.130" port: 46829 } } peers { permanent_uuid: "8c58beb95b6d4e99a928c7bd120a5021" member_type: VOTER last_known_addr { host: "127.31.102.131" port: 38839 } }
I20260709 12:09:18.500850  1030 consensus_queue.cc:260] T c08f459e190b405ea713cf01138ca20e P 8fcd7cc43a1345dd9ac866d933071d86 [NON_LEADER]: Queue going to NON_LEADER mode. State: All replicated index: 0, Majority replicated index: 0, Committed index: 0, Last appended: 0.0, Last appended by leader: 0, Current term: 0, Majority size: -1, State: 0, Mode: NON_LEADER, active raft config: opid_index: -1 OBSOLETE_local: false peers { permanent_uuid: "8fcd7cc43a1345dd9ac866d933071d86" member_type: VOTER last_known_addr { host: "127.31.102.129" port: 37179 } } peers { permanent_uuid: "0ed83da9ece54777a8686ce2192f7a32" member_type: VOTER last_known_addr { host: "127.31.102.130" port: 46829 } } peers { permanent_uuid: "8c58beb95b6d4e99a928c7bd120a5021" member_type: VOTER last_known_addr { host: "127.31.102.131" port: 38839 } }
I20260709 12:09:18.503448  1037 leader_election.cc:290] T dbc1fce891d94e5ab894e9c3a4031c28 P 0ed83da9ece54777a8686ce2192f7a32 [CANDIDATE]: Term 1 pre-election: Requested pre-vote from peers 8fcd7cc43a1345dd9ac866d933071d86 (127.31.102.129:37179), 8c58beb95b6d4e99a928c7bd120a5021 (127.31.102.131:38839)
I20260709 12:09:18.505507  1031 ts_tablet_manager.cc:1434] T dbc1fce891d94e5ab894e9c3a4031c28 P 0ed83da9ece54777a8686ce2192f7a32: Time spent starting tablet: real 0.015s	user 0.009s	sys 0.000s
I20260709 12:09:18.506455  1030 ts_tablet_manager.cc:1434] T c08f459e190b405ea713cf01138ca20e P 8fcd7cc43a1345dd9ac866d933071d86: Time spent starting tablet: real 0.010s	user 0.006s	sys 0.000s
I20260709 12:09:18.506491  1031 tablet_bootstrap.cc:492] T 8d6603e66bc0486c8e312b2348b77744 P 0ed83da9ece54777a8686ce2192f7a32: Bootstrap starting.
I20260709 12:09:18.507479  1030 tablet_bootstrap.cc:492] T 156217c36fc44f4e91ba4cc613a164bb P 8fcd7cc43a1345dd9ac866d933071d86: Bootstrap starting.
I20260709 12:09:18.509388   841 tablet_service.cc:1917] Received RequestConsensusVote() RPC: tablet_id: "dbc1fce891d94e5ab894e9c3a4031c28" candidate_uuid: "0ed83da9ece54777a8686ce2192f7a32" candidate_term: 1 candidate_status { last_received { term: 0 index: 0 } } ignore_live_leader: false dest_uuid: "8fcd7cc43a1345dd9ac866d933071d86" is_pre_election: true
W20260709 12:09:18.512270   879 leader_election.cc:343] T dbc1fce891d94e5ab894e9c3a4031c28 P 0ed83da9ece54777a8686ce2192f7a32 [CANDIDATE]: Term 1 pre-election: Tablet error from VoteRequest() call to peer 8fcd7cc43a1345dd9ac866d933071d86 (127.31.102.129:37179): Illegal state: must be running to vote when last-logged opid is not known
I20260709 12:09:18.513532   989 tablet_service.cc:1917] Received RequestConsensusVote() RPC: tablet_id: "dbc1fce891d94e5ab894e9c3a4031c28" candidate_uuid: "0ed83da9ece54777a8686ce2192f7a32" candidate_term: 1 candidate_status { last_received { term: 0 index: 0 } } ignore_live_leader: false dest_uuid: "8c58beb95b6d4e99a928c7bd120a5021" is_pre_election: true
I20260709 12:09:18.513949  1030 tablet_bootstrap.cc:654] T 156217c36fc44f4e91ba4cc613a164bb P 8fcd7cc43a1345dd9ac866d933071d86: Neither blocks nor log segments found. Creating new log.
I20260709 12:09:18.514552  1031 tablet_bootstrap.cc:654] T 8d6603e66bc0486c8e312b2348b77744 P 0ed83da9ece54777a8686ce2192f7a32: Neither blocks nor log segments found. Creating new log.
W20260709 12:09:18.515169   880 leader_election.cc:343] T dbc1fce891d94e5ab894e9c3a4031c28 P 0ed83da9ece54777a8686ce2192f7a32 [CANDIDATE]: Term 1 pre-election: Tablet error from VoteRequest() call to peer 8c58beb95b6d4e99a928c7bd120a5021 (127.31.102.131:38839): Illegal state: must be running to vote when last-logged opid is not known
I20260709 12:09:18.515622   880 leader_election.cc:304] T dbc1fce891d94e5ab894e9c3a4031c28 P 0ed83da9ece54777a8686ce2192f7a32 [CANDIDATE]: Term 1 pre-election: Election decided. Result: candidate lost. Election summary: received 3 responses out of 3 voters: 1 yes votes; 2 no votes. yes voters: 0ed83da9ece54777a8686ce2192f7a32; no voters: 8c58beb95b6d4e99a928c7bd120a5021, 8fcd7cc43a1345dd9ac866d933071d86
I20260709 12:09:18.518275  1037 raft_consensus.cc:2749] T dbc1fce891d94e5ab894e9c3a4031c28 P 0ed83da9ece54777a8686ce2192f7a32 [term 0 FOLLOWER]: Leader pre-election lost for term 1. Reason: could not achieve majority
I20260709 12:09:18.527668  1030 tablet_bootstrap.cc:492] T 156217c36fc44f4e91ba4cc613a164bb P 8fcd7cc43a1345dd9ac866d933071d86: No bootstrap required, opened a new log
I20260709 12:09:18.528126  1030 ts_tablet_manager.cc:1403] T 156217c36fc44f4e91ba4cc613a164bb P 8fcd7cc43a1345dd9ac866d933071d86: Time spent bootstrapping tablet: real 0.021s	user 0.017s	sys 0.000s
I20260709 12:09:18.530771  1032 tablet_bootstrap.cc:492] T 276bdb3f7b92440ba9ba2f3563266958 P 8c58beb95b6d4e99a928c7bd120a5021: No bootstrap required, opened a new log
I20260709 12:09:18.530638  1030 raft_consensus.cc:359] T 156217c36fc44f4e91ba4cc613a164bb P 8fcd7cc43a1345dd9ac866d933071d86 [term 0 FOLLOWER]: Replica starting. Triggering 0 pending ops. Active config: opid_index: -1 OBSOLETE_local: false peers { permanent_uuid: "8fcd7cc43a1345dd9ac866d933071d86" member_type: VOTER last_known_addr { host: "127.31.102.129" port: 37179 } } peers { permanent_uuid: "0ed83da9ece54777a8686ce2192f7a32" member_type: VOTER last_known_addr { host: "127.31.102.130" port: 46829 } } peers { permanent_uuid: "8c58beb95b6d4e99a928c7bd120a5021" member_type: VOTER last_known_addr { host: "127.31.102.131" port: 38839 } }
I20260709 12:09:18.531708  1030 raft_consensus.cc:385] T 156217c36fc44f4e91ba4cc613a164bb P 8fcd7cc43a1345dd9ac866d933071d86 [term 0 FOLLOWER]: Consensus starting up: Expiring failure detector timer to make a prompt election more likely
I20260709 12:09:18.531872  1032 ts_tablet_manager.cc:1403] T 276bdb3f7b92440ba9ba2f3563266958 P 8c58beb95b6d4e99a928c7bd120a5021: Time spent bootstrapping tablet: real 0.060s	user 0.012s	sys 0.012s
I20260709 12:09:18.532034  1030 raft_consensus.cc:740] T 156217c36fc44f4e91ba4cc613a164bb P 8fcd7cc43a1345dd9ac866d933071d86 [term 0 FOLLOWER]: Becoming Follower/Learner. State: Replica: 8fcd7cc43a1345dd9ac866d933071d86, State: Initialized, Role: FOLLOWER
I20260709 12:09:18.533334  1030 consensus_queue.cc:260] T 156217c36fc44f4e91ba4cc613a164bb P 8fcd7cc43a1345dd9ac866d933071d86 [NON_LEADER]: Queue going to NON_LEADER mode. State: All replicated index: 0, Majority replicated index: 0, Committed index: 0, Last appended: 0.0, Last appended by leader: 0, Current term: 0, Majority size: -1, State: 0, Mode: NON_LEADER, active raft config: opid_index: -1 OBSOLETE_local: false peers { permanent_uuid: "8fcd7cc43a1345dd9ac866d933071d86" member_type: VOTER last_known_addr { host: "127.31.102.129" port: 37179 } } peers { permanent_uuid: "0ed83da9ece54777a8686ce2192f7a32" member_type: VOTER last_known_addr { host: "127.31.102.130" port: 46829 } } peers { permanent_uuid: "8c58beb95b6d4e99a928c7bd120a5021" member_type: VOTER last_known_addr { host: "127.31.102.131" port: 38839 } }
I20260709 12:09:18.535250  1032 raft_consensus.cc:359] T 276bdb3f7b92440ba9ba2f3563266958 P 8c58beb95b6d4e99a928c7bd120a5021 [term 0 FOLLOWER]: Replica starting. Triggering 0 pending ops. Active config: opid_index: -1 OBSOLETE_local: false peers { permanent_uuid: "8fcd7cc43a1345dd9ac866d933071d86" member_type: VOTER last_known_addr { host: "127.31.102.129" port: 37179 } } peers { permanent_uuid: "0ed83da9ece54777a8686ce2192f7a32" member_type: VOTER last_known_addr { host: "127.31.102.130" port: 46829 } } peers { permanent_uuid: "8c58beb95b6d4e99a928c7bd120a5021" member_type: VOTER last_known_addr { host: "127.31.102.131" port: 38839 } }
I20260709 12:09:18.535961  1032 raft_consensus.cc:385] T 276bdb3f7b92440ba9ba2f3563266958 P 8c58beb95b6d4e99a928c7bd120a5021 [term 0 FOLLOWER]: Consensus starting up: Expiring failure detector timer to make a prompt election more likely
I20260709 12:09:18.536274  1032 raft_consensus.cc:740] T 276bdb3f7b92440ba9ba2f3563266958 P 8c58beb95b6d4e99a928c7bd120a5021 [term 0 FOLLOWER]: Becoming Follower/Learner. State: Replica: 8c58beb95b6d4e99a928c7bd120a5021, State: Initialized, Role: FOLLOWER
I20260709 12:09:18.537067  1032 consensus_queue.cc:260] T 276bdb3f7b92440ba9ba2f3563266958 P 8c58beb95b6d4e99a928c7bd120a5021 [NON_LEADER]: Queue going to NON_LEADER mode. State: All replicated index: 0, Majority replicated index: 0, Committed index: 0, Last appended: 0.0, Last appended by leader: 0, Current term: 0, Majority size: -1, State: 0, Mode: NON_LEADER, active raft config: opid_index: -1 OBSOLETE_local: false peers { permanent_uuid: "8fcd7cc43a1345dd9ac866d933071d86" member_type: VOTER last_known_addr { host: "127.31.102.129" port: 37179 } } peers { permanent_uuid: "0ed83da9ece54777a8686ce2192f7a32" member_type: VOTER last_known_addr { host: "127.31.102.130" port: 46829 } } peers { permanent_uuid: "8c58beb95b6d4e99a928c7bd120a5021" member_type: VOTER last_known_addr { host: "127.31.102.131" port: 38839 } }
I20260709 12:09:18.538569  1031 tablet_bootstrap.cc:492] T 8d6603e66bc0486c8e312b2348b77744 P 0ed83da9ece54777a8686ce2192f7a32: No bootstrap required, opened a new log
I20260709 12:09:18.539240  1032 ts_tablet_manager.cc:1434] T 276bdb3f7b92440ba9ba2f3563266958 P 8c58beb95b6d4e99a928c7bd120a5021: Time spent starting tablet: real 0.007s	user 0.004s	sys 0.000s
I20260709 12:09:18.539080  1031 ts_tablet_manager.cc:1403] T 8d6603e66bc0486c8e312b2348b77744 P 0ed83da9ece54777a8686ce2192f7a32: Time spent bootstrapping tablet: real 0.033s	user 0.021s	sys 0.005s
I20260709 12:09:18.540715  1032 tablet_bootstrap.cc:492] T 0fb5cc067fda4bc2acf850f56d5c1732 P 8c58beb95b6d4e99a928c7bd120a5021: Bootstrap starting.
I20260709 12:09:18.537547  1030 ts_tablet_manager.cc:1434] T 156217c36fc44f4e91ba4cc613a164bb P 8fcd7cc43a1345dd9ac866d933071d86: Time spent starting tablet: real 0.009s	user 0.006s	sys 0.000s
I20260709 12:09:18.542455  1030 tablet_bootstrap.cc:492] T 276bdb3f7b92440ba9ba2f3563266958 P 8fcd7cc43a1345dd9ac866d933071d86: Bootstrap starting.
I20260709 12:09:18.542388  1031 raft_consensus.cc:359] T 8d6603e66bc0486c8e312b2348b77744 P 0ed83da9ece54777a8686ce2192f7a32 [term 0 FOLLOWER]: Replica starting. Triggering 0 pending ops. Active config: opid_index: -1 OBSOLETE_local: false peers { permanent_uuid: "8fcd7cc43a1345dd9ac866d933071d86" member_type: VOTER last_known_addr { host: "127.31.102.129" port: 37179 } } peers { permanent_uuid: "0ed83da9ece54777a8686ce2192f7a32" member_type: VOTER last_known_addr { host: "127.31.102.130" port: 46829 } } peers { permanent_uuid: "8c58beb95b6d4e99a928c7bd120a5021" member_type: VOTER last_known_addr { host: "127.31.102.131" port: 38839 } }
I20260709 12:09:18.543154  1031 raft_consensus.cc:385] T 8d6603e66bc0486c8e312b2348b77744 P 0ed83da9ece54777a8686ce2192f7a32 [term 0 FOLLOWER]: Consensus starting up: Expiring failure detector timer to make a prompt election more likely
I20260709 12:09:18.543453  1031 raft_consensus.cc:740] T 8d6603e66bc0486c8e312b2348b77744 P 0ed83da9ece54777a8686ce2192f7a32 [term 0 FOLLOWER]: Becoming Follower/Learner. State: Replica: 0ed83da9ece54777a8686ce2192f7a32, State: Initialized, Role: FOLLOWER
I20260709 12:09:18.544165  1031 consensus_queue.cc:260] T 8d6603e66bc0486c8e312b2348b77744 P 0ed83da9ece54777a8686ce2192f7a32 [NON_LEADER]: Queue going to NON_LEADER mode. State: All replicated index: 0, Majority replicated index: 0, Committed index: 0, Last appended: 0.0, Last appended by leader: 0, Current term: 0, Majority size: -1, State: 0, Mode: NON_LEADER, active raft config: opid_index: -1 OBSOLETE_local: false peers { permanent_uuid: "8fcd7cc43a1345dd9ac866d933071d86" member_type: VOTER last_known_addr { host: "127.31.102.129" port: 37179 } } peers { permanent_uuid: "0ed83da9ece54777a8686ce2192f7a32" member_type: VOTER last_known_addr { host: "127.31.102.130" port: 46829 } } peers { permanent_uuid: "8c58beb95b6d4e99a928c7bd120a5021" member_type: VOTER last_known_addr { host: "127.31.102.131" port: 38839 } }
I20260709 12:09:18.546799  1031 ts_tablet_manager.cc:1434] T 8d6603e66bc0486c8e312b2348b77744 P 0ed83da9ece54777a8686ce2192f7a32: Time spent starting tablet: real 0.006s	user 0.000s	sys 0.004s
I20260709 12:09:18.547732  1031 tablet_bootstrap.cc:492] T 156217c36fc44f4e91ba4cc613a164bb P 0ed83da9ece54777a8686ce2192f7a32: Bootstrap starting.
I20260709 12:09:18.551805  1030 tablet_bootstrap.cc:654] T 276bdb3f7b92440ba9ba2f3563266958 P 8fcd7cc43a1345dd9ac866d933071d86: Neither blocks nor log segments found. Creating new log.
I20260709 12:09:18.554347  1031 tablet_bootstrap.cc:654] T 156217c36fc44f4e91ba4cc613a164bb P 0ed83da9ece54777a8686ce2192f7a32: Neither blocks nor log segments found. Creating new log.
I20260709 12:09:18.563735  1032 tablet_bootstrap.cc:654] T 0fb5cc067fda4bc2acf850f56d5c1732 P 8c58beb95b6d4e99a928c7bd120a5021: Neither blocks nor log segments found. Creating new log.
I20260709 12:09:18.563747  1030 tablet_bootstrap.cc:492] T 276bdb3f7b92440ba9ba2f3563266958 P 8fcd7cc43a1345dd9ac866d933071d86: No bootstrap required, opened a new log
I20260709 12:09:18.564441  1030 ts_tablet_manager.cc:1403] T 276bdb3f7b92440ba9ba2f3563266958 P 8fcd7cc43a1345dd9ac866d933071d86: Time spent bootstrapping tablet: real 0.022s	user 0.015s	sys 0.003s
I20260709 12:09:18.565105  1031 tablet_bootstrap.cc:492] T 156217c36fc44f4e91ba4cc613a164bb P 0ed83da9ece54777a8686ce2192f7a32: No bootstrap required, opened a new log
I20260709 12:09:18.565527  1031 ts_tablet_manager.cc:1403] T 156217c36fc44f4e91ba4cc613a164bb P 0ed83da9ece54777a8686ce2192f7a32: Time spent bootstrapping tablet: real 0.018s	user 0.012s	sys 0.004s
I20260709 12:09:18.567579  1030 raft_consensus.cc:359] T 276bdb3f7b92440ba9ba2f3563266958 P 8fcd7cc43a1345dd9ac866d933071d86 [term 0 FOLLOWER]: Replica starting. Triggering 0 pending ops. Active config: opid_index: -1 OBSOLETE_local: false peers { permanent_uuid: "8fcd7cc43a1345dd9ac866d933071d86" member_type: VOTER last_known_addr { host: "127.31.102.129" port: 37179 } } peers { permanent_uuid: "0ed83da9ece54777a8686ce2192f7a32" member_type: VOTER last_known_addr { host: "127.31.102.130" port: 46829 } } peers { permanent_uuid: "8c58beb95b6d4e99a928c7bd120a5021" member_type: VOTER last_known_addr { host: "127.31.102.131" port: 38839 } }
I20260709 12:09:18.568377  1030 raft_consensus.cc:385] T 276bdb3f7b92440ba9ba2f3563266958 P 8fcd7cc43a1345dd9ac866d933071d86 [term 0 FOLLOWER]: Consensus starting up: Expiring failure detector timer to make a prompt election more likely
I20260709 12:09:18.568717  1030 raft_consensus.cc:740] T 276bdb3f7b92440ba9ba2f3563266958 P 8fcd7cc43a1345dd9ac866d933071d86 [term 0 FOLLOWER]: Becoming Follower/Learner. State: Replica: 8fcd7cc43a1345dd9ac866d933071d86, State: Initialized, Role: FOLLOWER
I20260709 12:09:18.568495  1031 raft_consensus.cc:359] T 156217c36fc44f4e91ba4cc613a164bb P 0ed83da9ece54777a8686ce2192f7a32 [term 0 FOLLOWER]: Replica starting. Triggering 0 pending ops. Active config: opid_index: -1 OBSOLETE_local: false peers { permanent_uuid: "8fcd7cc43a1345dd9ac866d933071d86" member_type: VOTER last_known_addr { host: "127.31.102.129" port: 37179 } } peers { permanent_uuid: "0ed83da9ece54777a8686ce2192f7a32" member_type: VOTER last_known_addr { host: "127.31.102.130" port: 46829 } } peers { permanent_uuid: "8c58beb95b6d4e99a928c7bd120a5021" member_type: VOTER last_known_addr { host: "127.31.102.131" port: 38839 } }
I20260709 12:09:18.569185  1031 raft_consensus.cc:385] T 156217c36fc44f4e91ba4cc613a164bb P 0ed83da9ece54777a8686ce2192f7a32 [term 0 FOLLOWER]: Consensus starting up: Expiring failure detector timer to make a prompt election more likely
I20260709 12:09:18.569448  1031 raft_consensus.cc:740] T 156217c36fc44f4e91ba4cc613a164bb P 0ed83da9ece54777a8686ce2192f7a32 [term 0 FOLLOWER]: Becoming Follower/Learner. State: Replica: 0ed83da9ece54777a8686ce2192f7a32, State: Initialized, Role: FOLLOWER
I20260709 12:09:18.569561   841 raft_consensus.cc:3060] T c08f459e190b405ea713cf01138ca20e P 8fcd7cc43a1345dd9ac866d933071d86 [term 0 FOLLOWER]: Advancing to term 1
I20260709 12:09:18.570535  1031 consensus_queue.cc:260] T 156217c36fc44f4e91ba4cc613a164bb P 0ed83da9ece54777a8686ce2192f7a32 [NON_LEADER]: Queue going to NON_LEADER mode. State: All replicated index: 0, Majority replicated index: 0, Committed index: 0, Last appended: 0.0, Last appended by leader: 0, Current term: 0, Majority size: -1, State: 0, Mode: NON_LEADER, active raft config: opid_index: -1 OBSOLETE_local: false peers { permanent_uuid: "8fcd7cc43a1345dd9ac866d933071d86" member_type: VOTER last_known_addr { host: "127.31.102.129" port: 37179 } } peers { permanent_uuid: "0ed83da9ece54777a8686ce2192f7a32" member_type: VOTER last_known_addr { host: "127.31.102.130" port: 46829 } } peers { permanent_uuid: "8c58beb95b6d4e99a928c7bd120a5021" member_type: VOTER last_known_addr { host: "127.31.102.131" port: 38839 } }
I20260709 12:09:18.569468  1030 consensus_queue.cc:260] T 276bdb3f7b92440ba9ba2f3563266958 P 8fcd7cc43a1345dd9ac866d933071d86 [NON_LEADER]: Queue going to NON_LEADER mode. State: All replicated index: 0, Majority replicated index: 0, Committed index: 0, Last appended: 0.0, Last appended by leader: 0, Current term: 0, Majority size: -1, State: 0, Mode: NON_LEADER, active raft config: opid_index: -1 OBSOLETE_local: false peers { permanent_uuid: "8fcd7cc43a1345dd9ac866d933071d86" member_type: VOTER last_known_addr { host: "127.31.102.129" port: 37179 } } peers { permanent_uuid: "0ed83da9ece54777a8686ce2192f7a32" member_type: VOTER last_known_addr { host: "127.31.102.130" port: 46829 } } peers { permanent_uuid: "8c58beb95b6d4e99a928c7bd120a5021" member_type: VOTER last_known_addr { host: "127.31.102.131" port: 38839 } }
I20260709 12:09:18.572966  1031 ts_tablet_manager.cc:1434] T 156217c36fc44f4e91ba4cc613a164bb P 0ed83da9ece54777a8686ce2192f7a32: Time spent starting tablet: real 0.007s	user 0.008s	sys 0.000s
I20260709 12:09:18.573743  1032 tablet_bootstrap.cc:492] T 0fb5cc067fda4bc2acf850f56d5c1732 P 8c58beb95b6d4e99a928c7bd120a5021: No bootstrap required, opened a new log
I20260709 12:09:18.573855  1031 tablet_bootstrap.cc:492] T 27a18b3e7f4c45488566a2bf48f25457 P 0ed83da9ece54777a8686ce2192f7a32: Bootstrap starting.
I20260709 12:09:18.574293  1032 ts_tablet_manager.cc:1403] T 0fb5cc067fda4bc2acf850f56d5c1732 P 8c58beb95b6d4e99a928c7bd120a5021: Time spent bootstrapping tablet: real 0.034s	user 0.007s	sys 0.006s
I20260709 12:09:18.577299  1032 raft_consensus.cc:359] T 0fb5cc067fda4bc2acf850f56d5c1732 P 8c58beb95b6d4e99a928c7bd120a5021 [term 0 FOLLOWER]: Replica starting. Triggering 0 pending ops. Active config: opid_index: -1 OBSOLETE_local: false peers { permanent_uuid: "8fcd7cc43a1345dd9ac866d933071d86" member_type: VOTER last_known_addr { host: "127.31.102.129" port: 37179 } } peers { permanent_uuid: "0ed83da9ece54777a8686ce2192f7a32" member_type: VOTER last_known_addr { host: "127.31.102.130" port: 46829 } } peers { permanent_uuid: "8c58beb95b6d4e99a928c7bd120a5021" member_type: VOTER last_known_addr { host: "127.31.102.131" port: 38839 } }
I20260709 12:09:18.578047  1032 raft_consensus.cc:385] T 0fb5cc067fda4bc2acf850f56d5c1732 P 8c58beb95b6d4e99a928c7bd120a5021 [term 0 FOLLOWER]: Consensus starting up: Expiring failure detector timer to make a prompt election more likely
I20260709 12:09:18.578365  1032 raft_consensus.cc:740] T 0fb5cc067fda4bc2acf850f56d5c1732 P 8c58beb95b6d4e99a928c7bd120a5021 [term 0 FOLLOWER]: Becoming Follower/Learner. State: Replica: 8c58beb95b6d4e99a928c7bd120a5021, State: Initialized, Role: FOLLOWER
I20260709 12:09:18.579030  1032 consensus_queue.cc:260] T 0fb5cc067fda4bc2acf850f56d5c1732 P 8c58beb95b6d4e99a928c7bd120a5021 [NON_LEADER]: Queue going to NON_LEADER mode. State: All replicated index: 0, Majority replicated index: 0, Committed index: 0, Last appended: 0.0, Last appended by leader: 0, Current term: 0, Majority size: -1, State: 0, Mode: NON_LEADER, active raft config: opid_index: -1 OBSOLETE_local: false peers { permanent_uuid: "8fcd7cc43a1345dd9ac866d933071d86" member_type: VOTER last_known_addr { host: "127.31.102.129" port: 37179 } } peers { permanent_uuid: "0ed83da9ece54777a8686ce2192f7a32" member_type: VOTER last_known_addr { host: "127.31.102.130" port: 46829 } } peers { permanent_uuid: "8c58beb95b6d4e99a928c7bd120a5021" member_type: VOTER last_known_addr { host: "127.31.102.131" port: 38839 } }
I20260709 12:09:18.580112  1031 tablet_bootstrap.cc:654] T 27a18b3e7f4c45488566a2bf48f25457 P 0ed83da9ece54777a8686ce2192f7a32: Neither blocks nor log segments found. Creating new log.
I20260709 12:09:18.580147  1037 consensus_queue.cc:1048] T b377a6d6b7184863877cd0f1b3243ebb P 0ed83da9ece54777a8686ce2192f7a32 [LEADER]: Connected to new peer: Peer: permanent_uuid: "8c58beb95b6d4e99a928c7bd120a5021" member_type: VOTER last_known_addr { host: "127.31.102.131" port: 38839 }, Status: LMP_MISMATCH, Last received: 0.0, Next index: 1, Last known committed idx: 0, Time since last communication: 0.001s
I20260709 12:09:18.582697  1030 ts_tablet_manager.cc:1434] T 276bdb3f7b92440ba9ba2f3563266958 P 8fcd7cc43a1345dd9ac866d933071d86: Time spent starting tablet: real 0.018s	user 0.004s	sys 0.002s
W20260709 12:09:18.591570   879 consensus_peers.cc:597] T b377a6d6b7184863877cd0f1b3243ebb P 0ed83da9ece54777a8686ce2192f7a32 -> Peer 8fcd7cc43a1345dd9ac866d933071d86 (127.31.102.129:37179): Couldn't send request to peer 8fcd7cc43a1345dd9ac866d933071d86. Error code: TABLET_NOT_RUNNING (12). Status: Illegal state: Tablet not RUNNING: INITIALIZED. This is attempt 1: this message will repeat every 5th retry.
I20260709 12:09:18.592643  1032 ts_tablet_manager.cc:1434] T 0fb5cc067fda4bc2acf850f56d5c1732 P 8c58beb95b6d4e99a928c7bd120a5021: Time spent starting tablet: real 0.018s	user 0.005s	sys 0.000s
I20260709 12:09:18.593626  1032 tablet_bootstrap.cc:492] T 27a18b3e7f4c45488566a2bf48f25457 P 8c58beb95b6d4e99a928c7bd120a5021: Bootstrap starting.
I20260709 12:09:18.594000  1030 tablet_bootstrap.cc:492] T b377a6d6b7184863877cd0f1b3243ebb P 8fcd7cc43a1345dd9ac866d933071d86: Bootstrap starting.
I20260709 12:09:18.600564  1032 tablet_bootstrap.cc:654] T 27a18b3e7f4c45488566a2bf48f25457 P 8c58beb95b6d4e99a928c7bd120a5021: Neither blocks nor log segments found. Creating new log.
I20260709 12:09:18.601466  1030 tablet_bootstrap.cc:654] T b377a6d6b7184863877cd0f1b3243ebb P 8fcd7cc43a1345dd9ac866d933071d86: Neither blocks nor log segments found. Creating new log.
I20260709 12:09:18.614884  1031 tablet_bootstrap.cc:492] T 27a18b3e7f4c45488566a2bf48f25457 P 0ed83da9ece54777a8686ce2192f7a32: No bootstrap required, opened a new log
I20260709 12:09:18.615450  1031 ts_tablet_manager.cc:1403] T 27a18b3e7f4c45488566a2bf48f25457 P 0ed83da9ece54777a8686ce2192f7a32: Time spent bootstrapping tablet: real 0.042s	user 0.011s	sys 0.016s
I20260709 12:09:18.616325  1032 tablet_bootstrap.cc:492] T 27a18b3e7f4c45488566a2bf48f25457 P 8c58beb95b6d4e99a928c7bd120a5021: No bootstrap required, opened a new log
I20260709 12:09:18.616700  1032 ts_tablet_manager.cc:1403] T 27a18b3e7f4c45488566a2bf48f25457 P 8c58beb95b6d4e99a928c7bd120a5021: Time spent bootstrapping tablet: real 0.023s	user 0.010s	sys 0.007s
I20260709 12:09:18.619107  1032 raft_consensus.cc:359] T 27a18b3e7f4c45488566a2bf48f25457 P 8c58beb95b6d4e99a928c7bd120a5021 [term 0 FOLLOWER]: Replica starting. Triggering 0 pending ops. Active config: opid_index: -1 OBSOLETE_local: false peers { permanent_uuid: "8fcd7cc43a1345dd9ac866d933071d86" member_type: VOTER last_known_addr { host: "127.31.102.129" port: 37179 } } peers { permanent_uuid: "0ed83da9ece54777a8686ce2192f7a32" member_type: VOTER last_known_addr { host: "127.31.102.130" port: 46829 } } peers { permanent_uuid: "8c58beb95b6d4e99a928c7bd120a5021" member_type: VOTER last_known_addr { host: "127.31.102.131" port: 38839 } }
I20260709 12:09:18.619052  1031 raft_consensus.cc:359] T 27a18b3e7f4c45488566a2bf48f25457 P 0ed83da9ece54777a8686ce2192f7a32 [term 0 FOLLOWER]: Replica starting. Triggering 0 pending ops. Active config: opid_index: -1 OBSOLETE_local: false peers { permanent_uuid: "8fcd7cc43a1345dd9ac866d933071d86" member_type: VOTER last_known_addr { host: "127.31.102.129" port: 37179 } } peers { permanent_uuid: "0ed83da9ece54777a8686ce2192f7a32" member_type: VOTER last_known_addr { host: "127.31.102.130" port: 46829 } } peers { permanent_uuid: "8c58beb95b6d4e99a928c7bd120a5021" member_type: VOTER last_known_addr { host: "127.31.102.131" port: 38839 } }
I20260709 12:09:18.619913  1032 raft_consensus.cc:385] T 27a18b3e7f4c45488566a2bf48f25457 P 8c58beb95b6d4e99a928c7bd120a5021 [term 0 FOLLOWER]: Consensus starting up: Expiring failure detector timer to make a prompt election more likely
I20260709 12:09:18.620024  1031 raft_consensus.cc:385] T 27a18b3e7f4c45488566a2bf48f25457 P 0ed83da9ece54777a8686ce2192f7a32 [term 0 FOLLOWER]: Consensus starting up: Expiring failure detector timer to make a prompt election more likely
I20260709 12:09:18.620246  1032 raft_consensus.cc:740] T 27a18b3e7f4c45488566a2bf48f25457 P 8c58beb95b6d4e99a928c7bd120a5021 [term 0 FOLLOWER]: Becoming Follower/Learner. State: Replica: 8c58beb95b6d4e99a928c7bd120a5021, State: Initialized, Role: FOLLOWER
I20260709 12:09:18.620433  1031 raft_consensus.cc:740] T 27a18b3e7f4c45488566a2bf48f25457 P 0ed83da9ece54777a8686ce2192f7a32 [term 0 FOLLOWER]: Becoming Follower/Learner. State: Replica: 0ed83da9ece54777a8686ce2192f7a32, State: Initialized, Role: FOLLOWER
I20260709 12:09:18.621143  1032 consensus_queue.cc:260] T 27a18b3e7f4c45488566a2bf48f25457 P 8c58beb95b6d4e99a928c7bd120a5021 [NON_LEADER]: Queue going to NON_LEADER mode. State: All replicated index: 0, Majority replicated index: 0, Committed index: 0, Last appended: 0.0, Last appended by leader: 0, Current term: 0, Majority size: -1, State: 0, Mode: NON_LEADER, active raft config: opid_index: -1 OBSOLETE_local: false peers { permanent_uuid: "8fcd7cc43a1345dd9ac866d933071d86" member_type: VOTER last_known_addr { host: "127.31.102.129" port: 37179 } } peers { permanent_uuid: "0ed83da9ece54777a8686ce2192f7a32" member_type: VOTER last_known_addr { host: "127.31.102.130" port: 46829 } } peers { permanent_uuid: "8c58beb95b6d4e99a928c7bd120a5021" member_type: VOTER last_known_addr { host: "127.31.102.131" port: 38839 } }
I20260709 12:09:18.621309  1031 consensus_queue.cc:260] T 27a18b3e7f4c45488566a2bf48f25457 P 0ed83da9ece54777a8686ce2192f7a32 [NON_LEADER]: Queue going to NON_LEADER mode. State: All replicated index: 0, Majority replicated index: 0, Committed index: 0, Last appended: 0.0, Last appended by leader: 0, Current term: 0, Majority size: -1, State: 0, Mode: NON_LEADER, active raft config: opid_index: -1 OBSOLETE_local: false peers { permanent_uuid: "8fcd7cc43a1345dd9ac866d933071d86" member_type: VOTER last_known_addr { host: "127.31.102.129" port: 37179 } } peers { permanent_uuid: "0ed83da9ece54777a8686ce2192f7a32" member_type: VOTER last_known_addr { host: "127.31.102.130" port: 46829 } } peers { permanent_uuid: "8c58beb95b6d4e99a928c7bd120a5021" member_type: VOTER last_known_addr { host: "127.31.102.131" port: 38839 } }
I20260709 12:09:18.623194  1032 ts_tablet_manager.cc:1434] T 27a18b3e7f4c45488566a2bf48f25457 P 8c58beb95b6d4e99a928c7bd120a5021: Time spent starting tablet: real 0.006s	user 0.007s	sys 0.000s
I20260709 12:09:18.624118  1032 tablet_bootstrap.cc:492] T cb296a965d5c411081bd29a20173862e P 8c58beb95b6d4e99a928c7bd120a5021: Bootstrap starting.
I20260709 12:09:18.636937  1039 raft_consensus.cc:493] T cb296a965d5c411081bd29a20173862e P 8fcd7cc43a1345dd9ac866d933071d86 [term 0 FOLLOWER]: Starting pre-election (no leader contacted us within the election timeout)
I20260709 12:09:18.637584  1039 raft_consensus.cc:515] T cb296a965d5c411081bd29a20173862e P 8fcd7cc43a1345dd9ac866d933071d86 [term 0 FOLLOWER]: Starting pre-election with config: opid_index: -1 OBSOLETE_local: false peers { permanent_uuid: "8fcd7cc43a1345dd9ac866d933071d86" member_type: VOTER last_known_addr { host: "127.31.102.129" port: 37179 } } peers { permanent_uuid: "0ed83da9ece54777a8686ce2192f7a32" member_type: VOTER last_known_addr { host: "127.31.102.130" port: 46829 } } peers { permanent_uuid: "8c58beb95b6d4e99a928c7bd120a5021" member_type: VOTER last_known_addr { host: "127.31.102.131" port: 38839 } }
I20260709 12:09:18.640163  1039 leader_election.cc:290] T cb296a965d5c411081bd29a20173862e P 8fcd7cc43a1345dd9ac866d933071d86 [CANDIDATE]: Term 1 pre-election: Requested pre-vote from peers 0ed83da9ece54777a8686ce2192f7a32 (127.31.102.130:46829), 8c58beb95b6d4e99a928c7bd120a5021 (127.31.102.131:38839)
I20260709 12:09:18.640321  1031 ts_tablet_manager.cc:1434] T 27a18b3e7f4c45488566a2bf48f25457 P 0ed83da9ece54777a8686ce2192f7a32: Time spent starting tablet: real 0.024s	user 0.013s	sys 0.001s
I20260709 12:09:18.641350  1031 tablet_bootstrap.cc:492] T cb296a965d5c411081bd29a20173862e P 0ed83da9ece54777a8686ce2192f7a32: Bootstrap starting.
I20260709 12:09:18.644101  1032 tablet_bootstrap.cc:654] T cb296a965d5c411081bd29a20173862e P 8c58beb95b6d4e99a928c7bd120a5021: Neither blocks nor log segments found. Creating new log.
I20260709 12:09:18.645088   915 tablet_service.cc:1917] Received RequestConsensusVote() RPC: tablet_id: "cb296a965d5c411081bd29a20173862e" candidate_uuid: "8fcd7cc43a1345dd9ac866d933071d86" candidate_term: 1 candidate_status { last_received { term: 0 index: 0 } } ignore_live_leader: false dest_uuid: "0ed83da9ece54777a8686ce2192f7a32" is_pre_election: true
I20260709 12:09:18.646588  1030 tablet_bootstrap.cc:492] T b377a6d6b7184863877cd0f1b3243ebb P 8fcd7cc43a1345dd9ac866d933071d86: No bootstrap required, opened a new log
I20260709 12:09:18.647148  1030 ts_tablet_manager.cc:1403] T b377a6d6b7184863877cd0f1b3243ebb P 8fcd7cc43a1345dd9ac866d933071d86: Time spent bootstrapping tablet: real 0.053s	user 0.016s	sys 0.007s
W20260709 12:09:18.647177   807 leader_election.cc:343] T cb296a965d5c411081bd29a20173862e P 8fcd7cc43a1345dd9ac866d933071d86 [CANDIDATE]: Term 1 pre-election: Tablet error from VoteRequest() call to peer 0ed83da9ece54777a8686ce2192f7a32 (127.31.102.130:46829): Illegal state: must be running to vote when last-logged opid is not known
I20260709 12:09:18.647895   990 tablet_service.cc:1917] Received RequestConsensusVote() RPC: tablet_id: "cb296a965d5c411081bd29a20173862e" candidate_uuid: "8fcd7cc43a1345dd9ac866d933071d86" candidate_term: 1 candidate_status { last_received { term: 0 index: 0 } } ignore_live_leader: false dest_uuid: "8c58beb95b6d4e99a928c7bd120a5021" is_pre_election: true
I20260709 12:09:18.650343  1039 raft_consensus.cc:493] T 276bdb3f7b92440ba9ba2f3563266958 P 8fcd7cc43a1345dd9ac866d933071d86 [term 0 FOLLOWER]: Starting pre-election (no leader contacted us within the election timeout)
I20260709 12:09:18.650811  1039 raft_consensus.cc:515] T 276bdb3f7b92440ba9ba2f3563266958 P 8fcd7cc43a1345dd9ac866d933071d86 [term 0 FOLLOWER]: Starting pre-election with config: opid_index: -1 OBSOLETE_local: false peers { permanent_uuid: "8fcd7cc43a1345dd9ac866d933071d86" member_type: VOTER last_known_addr { host: "127.31.102.129" port: 37179 } } peers { permanent_uuid: "0ed83da9ece54777a8686ce2192f7a32" member_type: VOTER last_known_addr { host: "127.31.102.130" port: 46829 } } peers { permanent_uuid: "8c58beb95b6d4e99a928c7bd120a5021" member_type: VOTER last_known_addr { host: "127.31.102.131" port: 38839 } }
W20260709 12:09:18.652168   805 leader_election.cc:343] T cb296a965d5c411081bd29a20173862e P 8fcd7cc43a1345dd9ac866d933071d86 [CANDIDATE]: Term 1 pre-election: Tablet error from VoteRequest() call to peer 8c58beb95b6d4e99a928c7bd120a5021 (127.31.102.131:38839): Illegal state: must be running to vote when last-logged opid is not known
I20260709 12:09:18.652829   805 leader_election.cc:304] T cb296a965d5c411081bd29a20173862e P 8fcd7cc43a1345dd9ac866d933071d86 [CANDIDATE]: Term 1 pre-election: Election decided. Result: candidate lost. Election summary: received 3 responses out of 3 voters: 1 yes votes; 2 no votes. yes voters: 8fcd7cc43a1345dd9ac866d933071d86; no voters: 0ed83da9ece54777a8686ce2192f7a32, 8c58beb95b6d4e99a928c7bd120a5021
I20260709 12:09:18.653095  1030 raft_consensus.cc:359] T b377a6d6b7184863877cd0f1b3243ebb P 8fcd7cc43a1345dd9ac866d933071d86 [term 0 FOLLOWER]: Replica starting. Triggering 0 pending ops. Active config: opid_index: -1 OBSOLETE_local: false peers { permanent_uuid: "8fcd7cc43a1345dd9ac866d933071d86" member_type: VOTER last_known_addr { host: "127.31.102.129" port: 37179 } } peers { permanent_uuid: "0ed83da9ece54777a8686ce2192f7a32" member_type: VOTER last_known_addr { host: "127.31.102.130" port: 46829 } } peers { permanent_uuid: "8c58beb95b6d4e99a928c7bd120a5021" member_type: VOTER last_known_addr { host: "127.31.102.131" port: 38839 } }
I20260709 12:09:18.653884  1030 raft_consensus.cc:385] T b377a6d6b7184863877cd0f1b3243ebb P 8fcd7cc43a1345dd9ac866d933071d86 [term 0 FOLLOWER]: Consensus starting up: Expiring failure detector timer to make a prompt election more likely
I20260709 12:09:18.654122  1030 raft_consensus.cc:740] T b377a6d6b7184863877cd0f1b3243ebb P 8fcd7cc43a1345dd9ac866d933071d86 [term 0 FOLLOWER]: Becoming Follower/Learner. State: Replica: 8fcd7cc43a1345dd9ac866d933071d86, State: Initialized, Role: FOLLOWER
I20260709 12:09:18.654625  1030 consensus_queue.cc:260] T b377a6d6b7184863877cd0f1b3243ebb P 8fcd7cc43a1345dd9ac866d933071d86 [NON_LEADER]: Queue going to NON_LEADER mode. State: All replicated index: 0, Majority replicated index: 0, Committed index: 0, Last appended: 0.0, Last appended by leader: 0, Current term: 0, Majority size: -1, State: 0, Mode: NON_LEADER, active raft config: opid_index: -1 OBSOLETE_local: false peers { permanent_uuid: "8fcd7cc43a1345dd9ac866d933071d86" member_type: VOTER last_known_addr { host: "127.31.102.129" port: 37179 } } peers { permanent_uuid: "0ed83da9ece54777a8686ce2192f7a32" member_type: VOTER last_known_addr { host: "127.31.102.130" port: 46829 } } peers { permanent_uuid: "8c58beb95b6d4e99a928c7bd120a5021" member_type: VOTER last_known_addr { host: "127.31.102.131" port: 38839 } }
I20260709 12:09:18.657150  1039 leader_election.cc:290] T 276bdb3f7b92440ba9ba2f3563266958 P 8fcd7cc43a1345dd9ac866d933071d86 [CANDIDATE]: Term 1 pre-election: Requested pre-vote from peers 0ed83da9ece54777a8686ce2192f7a32 (127.31.102.130:46829), 8c58beb95b6d4e99a928c7bd120a5021 (127.31.102.131:38839)
I20260709 12:09:18.659130  1039 raft_consensus.cc:2749] T cb296a965d5c411081bd29a20173862e P 8fcd7cc43a1345dd9ac866d933071d86 [term 0 FOLLOWER]: Leader pre-election lost for term 1. Reason: could not achieve majority
I20260709 12:09:18.661053   915 tablet_service.cc:1917] Received RequestConsensusVote() RPC: tablet_id: "276bdb3f7b92440ba9ba2f3563266958" candidate_uuid: "8fcd7cc43a1345dd9ac866d933071d86" candidate_term: 1 candidate_status { last_received { term: 0 index: 0 } } ignore_live_leader: false dest_uuid: "0ed83da9ece54777a8686ce2192f7a32" is_pre_election: true
I20260709 12:09:18.662570  1060 raft_consensus.cc:493] T c08f459e190b405ea713cf01138ca20e P 8fcd7cc43a1345dd9ac866d933071d86 [term 1 FOLLOWER]: Starting pre-election (detected failure of leader 8c58beb95b6d4e99a928c7bd120a5021)
I20260709 12:09:18.663218  1060 raft_consensus.cc:515] T c08f459e190b405ea713cf01138ca20e P 8fcd7cc43a1345dd9ac866d933071d86 [term 1 FOLLOWER]: Starting pre-election with config: opid_index: -1 OBSOLETE_local: false peers { permanent_uuid: "8fcd7cc43a1345dd9ac866d933071d86" member_type: VOTER last_known_addr { host: "127.31.102.129" port: 37179 } } peers { permanent_uuid: "0ed83da9ece54777a8686ce2192f7a32" member_type: VOTER last_known_addr { host: "127.31.102.130" port: 46829 } } peers { permanent_uuid: "8c58beb95b6d4e99a928c7bd120a5021" member_type: VOTER last_known_addr { host: "127.31.102.131" port: 38839 } }
W20260709 12:09:18.663570   807 leader_election.cc:343] T 276bdb3f7b92440ba9ba2f3563266958 P 8fcd7cc43a1345dd9ac866d933071d86 [CANDIDATE]: Term 1 pre-election: Tablet error from VoteRequest() call to peer 0ed83da9ece54777a8686ce2192f7a32 (127.31.102.130:46829): Illegal state: must be running to vote when last-logged opid is not known
I20260709 12:09:18.670097  1031 tablet_bootstrap.cc:654] T cb296a965d5c411081bd29a20173862e P 0ed83da9ece54777a8686ce2192f7a32: Neither blocks nor log segments found. Creating new log.
I20260709 12:09:18.673280   989 tablet_service.cc:1917] Received RequestConsensusVote() RPC: tablet_id: "276bdb3f7b92440ba9ba2f3563266958" candidate_uuid: "8fcd7cc43a1345dd9ac866d933071d86" candidate_term: 1 candidate_status { last_received { term: 0 index: 0 } } ignore_live_leader: false dest_uuid: "8c58beb95b6d4e99a928c7bd120a5021" is_pre_election: true
I20260709 12:09:18.673815   989 raft_consensus.cc:2468] T 276bdb3f7b92440ba9ba2f3563266958 P 8c58beb95b6d4e99a928c7bd120a5021 [term 0 FOLLOWER]: Leader pre-election vote request: Granting yes vote for candidate 8fcd7cc43a1345dd9ac866d933071d86 in term 0.
I20260709 12:09:18.674124  1030 ts_tablet_manager.cc:1434] T b377a6d6b7184863877cd0f1b3243ebb P 8fcd7cc43a1345dd9ac866d933071d86: Time spent starting tablet: real 0.027s	user 0.012s	sys 0.004s
I20260709 12:09:18.674434  1032 tablet_bootstrap.cc:492] T cb296a965d5c411081bd29a20173862e P 8c58beb95b6d4e99a928c7bd120a5021: No bootstrap required, opened a new log
I20260709 12:09:18.674826  1032 ts_tablet_manager.cc:1403] T cb296a965d5c411081bd29a20173862e P 8c58beb95b6d4e99a928c7bd120a5021: Time spent bootstrapping tablet: real 0.051s	user 0.009s	sys 0.001s
I20260709 12:09:18.674847  1039 raft_consensus.cc:493] T 27a18b3e7f4c45488566a2bf48f25457 P 8fcd7cc43a1345dd9ac866d933071d86 [term 0 FOLLOWER]: Starting pre-election (no leader contacted us within the election timeout)
I20260709 12:09:18.675523  1092 raft_consensus.cc:493] T 0fb5cc067fda4bc2acf850f56d5c1732 P 0ed83da9ece54777a8686ce2192f7a32 [term 0 FOLLOWER]: Starting pre-election (no leader contacted us within the election timeout)
I20260709 12:09:18.675923  1039 raft_consensus.cc:515] T 27a18b3e7f4c45488566a2bf48f25457 P 8fcd7cc43a1345dd9ac866d933071d86 [term 0 FOLLOWER]: Starting pre-election with config: opid_index: -1 OBSOLETE_local: false peers { permanent_uuid: "8fcd7cc43a1345dd9ac866d933071d86" member_type: VOTER last_known_addr { host: "127.31.102.129" port: 37179 } } peers { permanent_uuid: "0ed83da9ece54777a8686ce2192f7a32" member_type: VOTER last_known_addr { host: "127.31.102.130" port: 46829 } } peers { permanent_uuid: "8c58beb95b6d4e99a928c7bd120a5021" member_type: VOTER last_known_addr { host: "127.31.102.131" port: 38839 } }
I20260709 12:09:18.676034  1092 raft_consensus.cc:515] T 0fb5cc067fda4bc2acf850f56d5c1732 P 0ed83da9ece54777a8686ce2192f7a32 [term 0 FOLLOWER]: Starting pre-election with config: opid_index: -1 OBSOLETE_local: false peers { permanent_uuid: "8fcd7cc43a1345dd9ac866d933071d86" member_type: VOTER last_known_addr { host: "127.31.102.129" port: 37179 } } peers { permanent_uuid: "0ed83da9ece54777a8686ce2192f7a32" member_type: VOTER last_known_addr { host: "127.31.102.130" port: 46829 } } peers { permanent_uuid: "8c58beb95b6d4e99a928c7bd120a5021" member_type: VOTER last_known_addr { host: "127.31.102.131" port: 38839 } }
I20260709 12:09:18.678011  1039 leader_election.cc:290] T 27a18b3e7f4c45488566a2bf48f25457 P 8fcd7cc43a1345dd9ac866d933071d86 [CANDIDATE]: Term 1 pre-election: Requested pre-vote from peers 0ed83da9ece54777a8686ce2192f7a32 (127.31.102.130:46829), 8c58beb95b6d4e99a928c7bd120a5021 (127.31.102.131:38839)
I20260709 12:09:18.678265  1092 leader_election.cc:290] T 0fb5cc067fda4bc2acf850f56d5c1732 P 0ed83da9ece54777a8686ce2192f7a32 [CANDIDATE]: Term 1 pre-election: Requested pre-vote from peers 8fcd7cc43a1345dd9ac866d933071d86 (127.31.102.129:37179), 8c58beb95b6d4e99a928c7bd120a5021 (127.31.102.131:38839)
