I20260709 12:08:45.402284 32170 tablet_service.cc:1917] Received RequestConsensusVote() RPC: tablet_id: "a32d5da927184fe2ba3ac82f6f5c5c8c" candidate_uuid: "705adfe56d7c4e4e89efb3ee2bb42ab7" candidate_term: 1 candidate_status { last_received { term: 0 index: 0 } } ignore_live_leader: false dest_uuid: "68b37e79ff7f4e568332c978895f2932" is_pre_election: true
I20260709 12:08:45.402762 32363 raft_consensus.cc:3060] T a4d1ca3ab5b343caab82fb815edf77ca P 705adfe56d7c4e4e89efb3ee2bb42ab7 [term 0 FOLLOWER]: Advancing to term 1
W20260709 12:08:45.403578 32211 leader_election.cc:343] T a32d5da927184fe2ba3ac82f6f5c5c8c P 705adfe56d7c4e4e89efb3ee2bb42ab7 [CANDIDATE]: Term 1 pre-election: Tablet error from VoteRequest() call to peer 68b37e79ff7f4e568332c978895f2932 (127.30.203.193:41757): Illegal state: must be running to vote when last-logged opid is not known
I20260709 12:08:45.407272 32359 tablet_bootstrap.cc:654] T a32d5da927184fe2ba3ac82f6f5c5c8c P c21ab6a5d8b0486181c51bb8b26a1db4: Neither blocks nor log segments found. Creating new log.
W20260709 12:08:45.408020 32210 leader_election.cc:343] T a32d5da927184fe2ba3ac82f6f5c5c8c P 705adfe56d7c4e4e89efb3ee2bb42ab7 [CANDIDATE]: Term 1 pre-election: Tablet error from VoteRequest() call to peer c21ab6a5d8b0486181c51bb8b26a1db4 (127.30.203.195:38393): Illegal state: must be running to vote when last-logged opid is not known
I20260709 12:08:45.408440 32210 leader_election.cc:304] T a32d5da927184fe2ba3ac82f6f5c5c8c P 705adfe56d7c4e4e89efb3ee2bb42ab7 [CANDIDATE]: Term 1 pre-election: Election decided. Result: candidate lost. Election summary: received 3 responses out of 3 voters: 1 yes votes; 2 no votes. yes voters: 705adfe56d7c4e4e89efb3ee2bb42ab7; no voters: 68b37e79ff7f4e568332c978895f2932, c21ab6a5d8b0486181c51bb8b26a1db4
I20260709 12:08:45.409512 32360 tablet_bootstrap.cc:492] T a4e5fc42db6a46f191c3e35676691b28 P 705adfe56d7c4e4e89efb3ee2bb42ab7: No bootstrap required, opened a new log
I20260709 12:08:45.409989 32360 ts_tablet_manager.cc:1403] T a4e5fc42db6a46f191c3e35676691b28 P 705adfe56d7c4e4e89efb3ee2bb42ab7: Time spent bootstrapping tablet: real 0.072s	user 0.017s	sys 0.013s
I20260709 12:08:45.410223 32364 tablet_bootstrap.cc:492] T a4d1ca3ab5b343caab82fb815edf77ca P 68b37e79ff7f4e568332c978895f2932: No bootstrap required, opened a new log
I20260709 12:08:45.410624 32364 ts_tablet_manager.cc:1403] T a4d1ca3ab5b343caab82fb815edf77ca P 68b37e79ff7f4e568332c978895f2932: Time spent bootstrapping tablet: real 0.074s	user 0.016s	sys 0.001s
I20260709 12:08:45.411068 32363 raft_consensus.cc:2749] T a4d1ca3ab5b343caab82fb815edf77ca P 705adfe56d7c4e4e89efb3ee2bb42ab7 [term 1 FOLLOWER]: Leader pre-election lost for term 1. Reason: could not achieve majority
I20260709 12:08:45.412851 32360 raft_consensus.cc:359] T a4e5fc42db6a46f191c3e35676691b28 P 705adfe56d7c4e4e89efb3ee2bb42ab7 [term 0 FOLLOWER]: Replica starting. Triggering 0 pending ops. Active config: opid_index: -1 OBSOLETE_local: false peers { permanent_uuid: "68b37e79ff7f4e568332c978895f2932" member_type: VOTER last_known_addr { host: "127.30.203.193" port: 41757 } } peers { permanent_uuid: "705adfe56d7c4e4e89efb3ee2bb42ab7" member_type: VOTER last_known_addr { host: "127.30.203.194" port: 42397 } } peers { permanent_uuid: "c21ab6a5d8b0486181c51bb8b26a1db4" member_type: VOTER last_known_addr { host: "127.30.203.195" port: 38393 } }
I20260709 12:08:45.413149 32364 raft_consensus.cc:359] T a4d1ca3ab5b343caab82fb815edf77ca P 68b37e79ff7f4e568332c978895f2932 [term 0 FOLLOWER]: Replica starting. Triggering 0 pending ops. Active config: opid_index: -1 OBSOLETE_local: false peers { permanent_uuid: "68b37e79ff7f4e568332c978895f2932" member_type: VOTER last_known_addr { host: "127.30.203.193" port: 41757 } } peers { permanent_uuid: "705adfe56d7c4e4e89efb3ee2bb42ab7" member_type: VOTER last_known_addr { host: "127.30.203.194" port: 42397 } } peers { permanent_uuid: "c21ab6a5d8b0486181c51bb8b26a1db4" member_type: VOTER last_known_addr { host: "127.30.203.195" port: 38393 } }
I20260709 12:08:45.413573 32360 raft_consensus.cc:385] T a4e5fc42db6a46f191c3e35676691b28 P 705adfe56d7c4e4e89efb3ee2bb42ab7 [term 0 FOLLOWER]: Consensus starting up: Expiring failure detector timer to make a prompt election more likely
I20260709 12:08:45.413595 32170 tablet_service.cc:1917] Received RequestConsensusVote() RPC: tablet_id: "a4d1ca3ab5b343caab82fb815edf77ca" candidate_uuid: "c21ab6a5d8b0486181c51bb8b26a1db4" candidate_term: 1 candidate_status { last_received { term: 0 index: 0 } } ignore_live_leader: false dest_uuid: "68b37e79ff7f4e568332c978895f2932"
I20260709 12:08:45.413777 32364 raft_consensus.cc:385] T a4d1ca3ab5b343caab82fb815edf77ca P 68b37e79ff7f4e568332c978895f2932 [term 0 FOLLOWER]: Consensus starting up: Expiring failure detector timer to make a prompt election more likely
I20260709 12:08:45.414175 32360 raft_consensus.cc:740] T a4e5fc42db6a46f191c3e35676691b28 P 705adfe56d7c4e4e89efb3ee2bb42ab7 [term 0 FOLLOWER]: Becoming Follower/Learner. State: Replica: 705adfe56d7c4e4e89efb3ee2bb42ab7, State: Initialized, Role: FOLLOWER
I20260709 12:08:45.414448 32364 raft_consensus.cc:740] T a4d1ca3ab5b343caab82fb815edf77ca P 68b37e79ff7f4e568332c978895f2932 [term 0 FOLLOWER]: Becoming Follower/Learner. State: Replica: 68b37e79ff7f4e568332c978895f2932, State: Initialized, Role: FOLLOWER
I20260709 12:08:45.415004 32365 leader_election.cc:290] T a4d1ca3ab5b343caab82fb815edf77ca P c21ab6a5d8b0486181c51bb8b26a1db4 [CANDIDATE]: Term 1 election: Requested vote from peers 68b37e79ff7f4e568332c978895f2932 (127.30.203.193:41757), 705adfe56d7c4e4e89efb3ee2bb42ab7 (127.30.203.194:42397)
I20260709 12:08:45.415060 32360 consensus_queue.cc:260] T a4e5fc42db6a46f191c3e35676691b28 P 705adfe56d7c4e4e89efb3ee2bb42ab7 [NON_LEADER]: Queue going to NON_LEADER mode. State: All replicated index: 0, Majority replicated index: 0, Committed index: 0, Last appended: 0.0, Last appended by leader: 0, Current term: 0, Majority size: -1, State: 0, Mode: NON_LEADER, active raft config: opid_index: -1 OBSOLETE_local: false peers { permanent_uuid: "68b37e79ff7f4e568332c978895f2932" member_type: VOTER last_known_addr { host: "127.30.203.193" port: 41757 } } peers { permanent_uuid: "705adfe56d7c4e4e89efb3ee2bb42ab7" member_type: VOTER last_known_addr { host: "127.30.203.194" port: 42397 } } peers { permanent_uuid: "c21ab6a5d8b0486181c51bb8b26a1db4" member_type: VOTER last_known_addr { host: "127.30.203.195" port: 38393 } }
I20260709 12:08:45.416137 32245 tablet_service.cc:1917] Received RequestConsensusVote() RPC: tablet_id: "a4d1ca3ab5b343caab82fb815edf77ca" candidate_uuid: "c21ab6a5d8b0486181c51bb8b26a1db4" candidate_term: 1 candidate_status { last_received { term: 0 index: 0 } } ignore_live_leader: false dest_uuid: "705adfe56d7c4e4e89efb3ee2bb42ab7"
I20260709 12:08:45.416604 32363 raft_consensus.cc:2749] T a32d5da927184fe2ba3ac82f6f5c5c8c P 705adfe56d7c4e4e89efb3ee2bb42ab7 [term 0 FOLLOWER]: Leader pre-election lost for term 1. Reason: could not achieve majority
I20260709 12:08:45.416666 32369 raft_consensus.cc:493] T c7f5a12f58e14f58975ca9c945600632 P 68b37e79ff7f4e568332c978895f2932 [term 0 FOLLOWER]: Starting pre-election (no leader contacted us within the election timeout)
I20260709 12:08:45.417237 32369 raft_consensus.cc:515] T c7f5a12f58e14f58975ca9c945600632 P 68b37e79ff7f4e568332c978895f2932 [term 0 FOLLOWER]: Starting pre-election with config: opid_index: -1 OBSOLETE_local: false peers { permanent_uuid: "68b37e79ff7f4e568332c978895f2932" member_type: VOTER last_known_addr { host: "127.30.203.193" port: 41757 } } peers { permanent_uuid: "705adfe56d7c4e4e89efb3ee2bb42ab7" member_type: VOTER last_known_addr { host: "127.30.203.194" port: 42397 } } peers { permanent_uuid: "c21ab6a5d8b0486181c51bb8b26a1db4" member_type: VOTER last_known_addr { host: "127.30.203.195" port: 38393 } }
I20260709 12:08:45.419191 32369 leader_election.cc:290] T c7f5a12f58e14f58975ca9c945600632 P 68b37e79ff7f4e568332c978895f2932 [CANDIDATE]: Term 1 pre-election: Requested pre-vote from peers 705adfe56d7c4e4e89efb3ee2bb42ab7 (127.30.203.194:42397), c21ab6a5d8b0486181c51bb8b26a1db4 (127.30.203.195:38393)
I20260709 12:08:45.420253 32318 tablet_service.cc:1917] Received RequestConsensusVote() RPC: tablet_id: "c7f5a12f58e14f58975ca9c945600632" candidate_uuid: "68b37e79ff7f4e568332c978895f2932" candidate_term: 1 candidate_status { last_received { term: 0 index: 0 } } ignore_live_leader: false dest_uuid: "c21ab6a5d8b0486181c51bb8b26a1db4" is_pre_election: true
W20260709 12:08:45.421653 32135 leader_election.cc:343] T c7f5a12f58e14f58975ca9c945600632 P 68b37e79ff7f4e568332c978895f2932 [CANDIDATE]: Term 1 pre-election: Tablet error from VoteRequest() call to peer c21ab6a5d8b0486181c51bb8b26a1db4 (127.30.203.195:38393): Illegal state: must be running to vote when last-logged opid is not known
I20260709 12:08:45.426195 32244 tablet_service.cc:1917] Received RequestConsensusVote() RPC: tablet_id: "c7f5a12f58e14f58975ca9c945600632" candidate_uuid: "68b37e79ff7f4e568332c978895f2932" candidate_term: 1 candidate_status { last_received { term: 0 index: 0 } } ignore_live_leader: false dest_uuid: "705adfe56d7c4e4e89efb3ee2bb42ab7" is_pre_election: true
W20260709 12:08:45.427459 32134 leader_election.cc:343] T c7f5a12f58e14f58975ca9c945600632 P 68b37e79ff7f4e568332c978895f2932 [CANDIDATE]: Term 1 pre-election: Tablet error from VoteRequest() call to peer 705adfe56d7c4e4e89efb3ee2bb42ab7 (127.30.203.194:42397): Illegal state: must be running to vote when last-logged opid is not known
I20260709 12:08:45.427867 32134 leader_election.cc:304] T c7f5a12f58e14f58975ca9c945600632 P 68b37e79ff7f4e568332c978895f2932 [CANDIDATE]: Term 1 pre-election: Election decided. Result: candidate lost. Election summary: received 3 responses out of 3 voters: 1 yes votes; 2 no votes. yes voters: 68b37e79ff7f4e568332c978895f2932; no voters: 705adfe56d7c4e4e89efb3ee2bb42ab7, c21ab6a5d8b0486181c51bb8b26a1db4
I20260709 12:08:45.428218 32359 tablet_bootstrap.cc:492] T a32d5da927184fe2ba3ac82f6f5c5c8c P c21ab6a5d8b0486181c51bb8b26a1db4: No bootstrap required, opened a new log
I20260709 12:08:45.428509 32369 raft_consensus.cc:2749] T c7f5a12f58e14f58975ca9c945600632 P 68b37e79ff7f4e568332c978895f2932 [term 0 FOLLOWER]: Leader pre-election lost for term 1. Reason: could not achieve majority
I20260709 12:08:45.425448 32245 raft_consensus.cc:2468] T a4d1ca3ab5b343caab82fb815edf77ca P 705adfe56d7c4e4e89efb3ee2bb42ab7 [term 1 FOLLOWER]: Leader election vote request: Granting yes vote for candidate c21ab6a5d8b0486181c51bb8b26a1db4 in term 1.
I20260709 12:08:45.429356 32359 ts_tablet_manager.cc:1403] T a32d5da927184fe2ba3ac82f6f5c5c8c P c21ab6a5d8b0486181c51bb8b26a1db4: Time spent bootstrapping tablet: real 0.032s	user 0.011s	sys 0.008s
I20260709 12:08:45.429580 32283 leader_election.cc:304] T a4d1ca3ab5b343caab82fb815edf77ca P c21ab6a5d8b0486181c51bb8b26a1db4 [CANDIDATE]: Term 1 election: Election decided. Result: candidate won. Election summary: received 2 responses out of 3 voters: 2 yes votes; 0 no votes. yes voters: 705adfe56d7c4e4e89efb3ee2bb42ab7, c21ab6a5d8b0486181c51bb8b26a1db4; no voters: 
I20260709 12:08:45.430255 32365 raft_consensus.cc:2804] T a4d1ca3ab5b343caab82fb815edf77ca P c21ab6a5d8b0486181c51bb8b26a1db4 [term 1 FOLLOWER]: Leader election won for term 1
I20260709 12:08:45.432171 32359 raft_consensus.cc:359] T a32d5da927184fe2ba3ac82f6f5c5c8c P c21ab6a5d8b0486181c51bb8b26a1db4 [term 0 FOLLOWER]: Replica starting. Triggering 0 pending ops. Active config: opid_index: -1 OBSOLETE_local: false peers { permanent_uuid: "68b37e79ff7f4e568332c978895f2932" member_type: VOTER last_known_addr { host: "127.30.203.193" port: 41757 } } peers { permanent_uuid: "705adfe56d7c4e4e89efb3ee2bb42ab7" member_type: VOTER last_known_addr { host: "127.30.203.194" port: 42397 } } peers { permanent_uuid: "c21ab6a5d8b0486181c51bb8b26a1db4" member_type: VOTER last_known_addr { host: "127.30.203.195" port: 38393 } }
I20260709 12:08:45.432886 32359 raft_consensus.cc:385] T a32d5da927184fe2ba3ac82f6f5c5c8c P c21ab6a5d8b0486181c51bb8b26a1db4 [term 0 FOLLOWER]: Consensus starting up: Expiring failure detector timer to make a prompt election more likely
I20260709 12:08:45.433197 32359 raft_consensus.cc:740] T a32d5da927184fe2ba3ac82f6f5c5c8c P c21ab6a5d8b0486181c51bb8b26a1db4 [term 0 FOLLOWER]: Becoming Follower/Learner. State: Replica: c21ab6a5d8b0486181c51bb8b26a1db4, State: Initialized, Role: FOLLOWER
I20260709 12:08:45.433872 32359 consensus_queue.cc:260] T a32d5da927184fe2ba3ac82f6f5c5c8c P c21ab6a5d8b0486181c51bb8b26a1db4 [NON_LEADER]: Queue going to NON_LEADER mode. State: All replicated index: 0, Majority replicated index: 0, Committed index: 0, Last appended: 0.0, Last appended by leader: 0, Current term: 0, Majority size: -1, State: 0, Mode: NON_LEADER, active raft config: opid_index: -1 OBSOLETE_local: false peers { permanent_uuid: "68b37e79ff7f4e568332c978895f2932" member_type: VOTER last_known_addr { host: "127.30.203.193" port: 41757 } } peers { permanent_uuid: "705adfe56d7c4e4e89efb3ee2bb42ab7" member_type: VOTER last_known_addr { host: "127.30.203.194" port: 42397 } } peers { permanent_uuid: "c21ab6a5d8b0486181c51bb8b26a1db4" member_type: VOTER last_known_addr { host: "127.30.203.195" port: 38393 } }
I20260709 12:08:45.435526 32365 raft_consensus.cc:697] T a4d1ca3ab5b343caab82fb815edf77ca P c21ab6a5d8b0486181c51bb8b26a1db4 [term 1 LEADER]: Becoming Leader. State: Replica: c21ab6a5d8b0486181c51bb8b26a1db4, State: Running, Role: LEADER
I20260709 12:08:45.436380 32365 consensus_queue.cc:237] T a4d1ca3ab5b343caab82fb815edf77ca P c21ab6a5d8b0486181c51bb8b26a1db4 [LEADER]: Queue going to LEADER mode. State: All replicated index: 0, Majority replicated index: 0, Committed index: 0, Last appended: 0.0, Last appended by leader: 0, Current term: 1, Majority size: 2, State: 0, Mode: LEADER, active raft config: opid_index: -1 OBSOLETE_local: false peers { permanent_uuid: "68b37e79ff7f4e568332c978895f2932" member_type: VOTER last_known_addr { host: "127.30.203.193" port: 41757 } } peers { permanent_uuid: "705adfe56d7c4e4e89efb3ee2bb42ab7" member_type: VOTER last_known_addr { host: "127.30.203.194" port: 42397 } } peers { permanent_uuid: "c21ab6a5d8b0486181c51bb8b26a1db4" member_type: VOTER last_known_addr { host: "127.30.203.195" port: 38393 } }
I20260709 12:08:45.436921 32364 consensus_queue.cc:260] T a4d1ca3ab5b343caab82fb815edf77ca P 68b37e79ff7f4e568332c978895f2932 [NON_LEADER]: Queue going to NON_LEADER mode. State: All replicated index: 0, Majority replicated index: 0, Committed index: 0, Last appended: 0.0, Last appended by leader: 0, Current term: 0, Majority size: -1, State: 0, Mode: NON_LEADER, active raft config: opid_index: -1 OBSOLETE_local: false peers { permanent_uuid: "68b37e79ff7f4e568332c978895f2932" member_type: VOTER last_known_addr { host: "127.30.203.193" port: 41757 } } peers { permanent_uuid: "705adfe56d7c4e4e89efb3ee2bb42ab7" member_type: VOTER last_known_addr { host: "127.30.203.194" port: 42397 } } peers { permanent_uuid: "c21ab6a5d8b0486181c51bb8b26a1db4" member_type: VOTER last_known_addr { host: "127.30.203.195" port: 38393 } }
I20260709 12:08:45.437959 32170 raft_consensus.cc:3060] T a4d1ca3ab5b343caab82fb815edf77ca P 68b37e79ff7f4e568332c978895f2932 [term 0 FOLLOWER]: Advancing to term 1
I20260709 12:08:45.439852 32359 ts_tablet_manager.cc:1434] T a32d5da927184fe2ba3ac82f6f5c5c8c P c21ab6a5d8b0486181c51bb8b26a1db4: Time spent starting tablet: real 0.010s	user 0.008s	sys 0.001s
I20260709 12:08:45.440840 32359 tablet_bootstrap.cc:492] T 42e585349a9c4df898ee4a45e333729a P c21ab6a5d8b0486181c51bb8b26a1db4: Bootstrap starting.
I20260709 12:08:45.445816 32170 raft_consensus.cc:2468] T a4d1ca3ab5b343caab82fb815edf77ca P 68b37e79ff7f4e568332c978895f2932 [term 1 FOLLOWER]: Leader election vote request: Granting yes vote for candidate c21ab6a5d8b0486181c51bb8b26a1db4 in term 1.
I20260709 12:08:45.447165 32359 tablet_bootstrap.cc:654] T 42e585349a9c4df898ee4a45e333729a P c21ab6a5d8b0486181c51bb8b26a1db4: Neither blocks nor log segments found. Creating new log.
I20260709 12:08:45.451009 32359 tablet_bootstrap.cc:492] T 42e585349a9c4df898ee4a45e333729a P c21ab6a5d8b0486181c51bb8b26a1db4: No bootstrap required, opened a new log
I20260709 12:08:45.451442 32359 ts_tablet_manager.cc:1403] T 42e585349a9c4df898ee4a45e333729a P c21ab6a5d8b0486181c51bb8b26a1db4: Time spent bootstrapping tablet: real 0.011s	user 0.007s	sys 0.004s
I20260709 12:08:45.453959 32359 raft_consensus.cc:359] T 42e585349a9c4df898ee4a45e333729a P c21ab6a5d8b0486181c51bb8b26a1db4 [term 0 FOLLOWER]: Replica starting. Triggering 0 pending ops. Active config: opid_index: -1 OBSOLETE_local: false peers { permanent_uuid: "68b37e79ff7f4e568332c978895f2932" member_type: VOTER last_known_addr { host: "127.30.203.193" port: 41757 } } peers { permanent_uuid: "705adfe56d7c4e4e89efb3ee2bb42ab7" member_type: VOTER last_known_addr { host: "127.30.203.194" port: 42397 } } peers { permanent_uuid: "c21ab6a5d8b0486181c51bb8b26a1db4" member_type: VOTER last_known_addr { host: "127.30.203.195" port: 38393 } }
I20260709 12:08:45.454633 32359 raft_consensus.cc:385] T 42e585349a9c4df898ee4a45e333729a P c21ab6a5d8b0486181c51bb8b26a1db4 [term 0 FOLLOWER]: Consensus starting up: Expiring failure detector timer to make a prompt election more likely
I20260709 12:08:45.454160 32067 catalog_manager.cc:5697] T a4d1ca3ab5b343caab82fb815edf77ca P c21ab6a5d8b0486181c51bb8b26a1db4 reported cstate change: term changed from 0 to 1, leader changed from <none> to c21ab6a5d8b0486181c51bb8b26a1db4 (127.30.203.195). New cstate: current_term: 1 leader_uuid: "c21ab6a5d8b0486181c51bb8b26a1db4" committed_config { opid_index: -1 OBSOLETE_local: false peers { permanent_uuid: "68b37e79ff7f4e568332c978895f2932" member_type: VOTER last_known_addr { host: "127.30.203.193" port: 41757 } health_report { overall_health: UNKNOWN } } peers { permanent_uuid: "705adfe56d7c4e4e89efb3ee2bb42ab7" member_type: VOTER last_known_addr { host: "127.30.203.194" port: 42397 } health_report { overall_health: UNKNOWN } } peers { permanent_uuid: "c21ab6a5d8b0486181c51bb8b26a1db4" member_type: VOTER last_known_addr { host: "127.30.203.195" port: 38393 } health_report { overall_health: HEALTHY } } }
I20260709 12:08:45.454918 32359 raft_consensus.cc:740] T 42e585349a9c4df898ee4a45e333729a P c21ab6a5d8b0486181c51bb8b26a1db4 [term 0 FOLLOWER]: Becoming Follower/Learner. State: Replica: c21ab6a5d8b0486181c51bb8b26a1db4, State: Initialized, Role: FOLLOWER
I20260709 12:08:45.455740 32359 consensus_queue.cc:260] T 42e585349a9c4df898ee4a45e333729a P c21ab6a5d8b0486181c51bb8b26a1db4 [NON_LEADER]: Queue going to NON_LEADER mode. State: All replicated index: 0, Majority replicated index: 0, Committed index: 0, Last appended: 0.0, Last appended by leader: 0, Current term: 0, Majority size: -1, State: 0, Mode: NON_LEADER, active raft config: opid_index: -1 OBSOLETE_local: false peers { permanent_uuid: "68b37e79ff7f4e568332c978895f2932" member_type: VOTER last_known_addr { host: "127.30.203.193" port: 41757 } } peers { permanent_uuid: "705adfe56d7c4e4e89efb3ee2bb42ab7" member_type: VOTER last_known_addr { host: "127.30.203.194" port: 42397 } } peers { permanent_uuid: "c21ab6a5d8b0486181c51bb8b26a1db4" member_type: VOTER last_known_addr { host: "127.30.203.195" port: 38393 } }
I20260709 12:08:45.456249 32364 ts_tablet_manager.cc:1434] T a4d1ca3ab5b343caab82fb815edf77ca P 68b37e79ff7f4e568332c978895f2932: Time spent starting tablet: real 0.045s	user 0.007s	sys 0.001s
I20260709 12:08:45.457347 32364 tablet_bootstrap.cc:492] T 2eea92cef12a45a6804c03c93f0188ef P 68b37e79ff7f4e568332c978895f2932: Bootstrap starting.
I20260709 12:08:45.457993 32359 ts_tablet_manager.cc:1434] T 42e585349a9c4df898ee4a45e333729a P c21ab6a5d8b0486181c51bb8b26a1db4: Time spent starting tablet: real 0.006s	user 0.005s	sys 0.000s
I20260709 12:08:45.458889 32359 tablet_bootstrap.cc:492] T cd961fefa3ec4cd286f1fea37f00c576 P c21ab6a5d8b0486181c51bb8b26a1db4: Bootstrap starting.
I20260709 12:08:45.464365 32359 tablet_bootstrap.cc:654] T cd961fefa3ec4cd286f1fea37f00c576 P c21ab6a5d8b0486181c51bb8b26a1db4: Neither blocks nor log segments found. Creating new log.
I20260709 12:08:45.470534 32364 tablet_bootstrap.cc:654] T 2eea92cef12a45a6804c03c93f0188ef P 68b37e79ff7f4e568332c978895f2932: Neither blocks nor log segments found. Creating new log.
I20260709 12:08:45.472776 32359 tablet_bootstrap.cc:492] T cd961fefa3ec4cd286f1fea37f00c576 P c21ab6a5d8b0486181c51bb8b26a1db4: No bootstrap required, opened a new log
I20260709 12:08:45.473304 32359 ts_tablet_manager.cc:1403] T cd961fefa3ec4cd286f1fea37f00c576 P c21ab6a5d8b0486181c51bb8b26a1db4: Time spent bootstrapping tablet: real 0.015s	user 0.009s	sys 0.001s
I20260709 12:08:45.476008 32359 raft_consensus.cc:359] T cd961fefa3ec4cd286f1fea37f00c576 P c21ab6a5d8b0486181c51bb8b26a1db4 [term 0 FOLLOWER]: Replica starting. Triggering 0 pending ops. Active config: opid_index: -1 OBSOLETE_local: false peers { permanent_uuid: "68b37e79ff7f4e568332c978895f2932" member_type: VOTER last_known_addr { host: "127.30.203.193" port: 41757 } } peers { permanent_uuid: "705adfe56d7c4e4e89efb3ee2bb42ab7" member_type: VOTER last_known_addr { host: "127.30.203.194" port: 42397 } } peers { permanent_uuid: "c21ab6a5d8b0486181c51bb8b26a1db4" member_type: VOTER last_known_addr { host: "127.30.203.195" port: 38393 } }
I20260709 12:08:45.476691 32359 raft_consensus.cc:385] T cd961fefa3ec4cd286f1fea37f00c576 P c21ab6a5d8b0486181c51bb8b26a1db4 [term 0 FOLLOWER]: Consensus starting up: Expiring failure detector timer to make a prompt election more likely
I20260709 12:08:45.476977 32359 raft_consensus.cc:740] T cd961fefa3ec4cd286f1fea37f00c576 P c21ab6a5d8b0486181c51bb8b26a1db4 [term 0 FOLLOWER]: Becoming Follower/Learner. State: Replica: c21ab6a5d8b0486181c51bb8b26a1db4, State: Initialized, Role: FOLLOWER
I20260709 12:08:45.477655 32359 consensus_queue.cc:260] T cd961fefa3ec4cd286f1fea37f00c576 P c21ab6a5d8b0486181c51bb8b26a1db4 [NON_LEADER]: Queue going to NON_LEADER mode. State: All replicated index: 0, Majority replicated index: 0, Committed index: 0, Last appended: 0.0, Last appended by leader: 0, Current term: 0, Majority size: -1, State: 0, Mode: NON_LEADER, active raft config: opid_index: -1 OBSOLETE_local: false peers { permanent_uuid: "68b37e79ff7f4e568332c978895f2932" member_type: VOTER last_known_addr { host: "127.30.203.193" port: 41757 } } peers { permanent_uuid: "705adfe56d7c4e4e89efb3ee2bb42ab7" member_type: VOTER last_known_addr { host: "127.30.203.194" port: 42397 } } peers { permanent_uuid: "c21ab6a5d8b0486181c51bb8b26a1db4" member_type: VOTER last_known_addr { host: "127.30.203.195" port: 38393 } }
I20260709 12:08:45.478421 32360 ts_tablet_manager.cc:1434] T a4e5fc42db6a46f191c3e35676691b28 P 705adfe56d7c4e4e89efb3ee2bb42ab7: Time spent starting tablet: real 0.068s	user 0.023s	sys 0.042s
I20260709 12:08:45.479123 32364 tablet_bootstrap.cc:492] T 2eea92cef12a45a6804c03c93f0188ef P 68b37e79ff7f4e568332c978895f2932: No bootstrap required, opened a new log
I20260709 12:08:45.479362 32360 tablet_bootstrap.cc:492] T a5342095666a4893ac61a717ae9c7ddd P 705adfe56d7c4e4e89efb3ee2bb42ab7: Bootstrap starting.
I20260709 12:08:45.479557 32364 ts_tablet_manager.cc:1403] T 2eea92cef12a45a6804c03c93f0188ef P 68b37e79ff7f4e568332c978895f2932: Time spent bootstrapping tablet: real 0.022s	user 0.008s	sys 0.002s
I20260709 12:08:45.479665 32359 ts_tablet_manager.cc:1434] T cd961fefa3ec4cd286f1fea37f00c576 P c21ab6a5d8b0486181c51bb8b26a1db4: Time spent starting tablet: real 0.006s	user 0.006s	sys 0.000s
I20260709 12:08:45.480546 32359 tablet_bootstrap.cc:492] T a4e5fc42db6a46f191c3e35676691b28 P c21ab6a5d8b0486181c51bb8b26a1db4: Bootstrap starting.
I20260709 12:08:45.482191 32364 raft_consensus.cc:359] T 2eea92cef12a45a6804c03c93f0188ef P 68b37e79ff7f4e568332c978895f2932 [term 0 FOLLOWER]: Replica starting. Triggering 0 pending ops. Active config: opid_index: -1 OBSOLETE_local: false peers { permanent_uuid: "c21ab6a5d8b0486181c51bb8b26a1db4" member_type: VOTER last_known_addr { host: "127.30.203.195" port: 38393 } } peers { permanent_uuid: "68b37e79ff7f4e568332c978895f2932" member_type: VOTER last_known_addr { host: "127.30.203.193" port: 41757 } } peers { permanent_uuid: "705adfe56d7c4e4e89efb3ee2bb42ab7" member_type: VOTER last_known_addr { host: "127.30.203.194" port: 42397 } }
I20260709 12:08:45.482821 32364 raft_consensus.cc:385] T 2eea92cef12a45a6804c03c93f0188ef P 68b37e79ff7f4e568332c978895f2932 [term 0 FOLLOWER]: Consensus starting up: Expiring failure detector timer to make a prompt election more likely
I20260709 12:08:45.483085 32364 raft_consensus.cc:740] T 2eea92cef12a45a6804c03c93f0188ef P 68b37e79ff7f4e568332c978895f2932 [term 0 FOLLOWER]: Becoming Follower/Learner. State: Replica: 68b37e79ff7f4e568332c978895f2932, State: Initialized, Role: FOLLOWER
I20260709 12:08:45.483821 32364 consensus_queue.cc:260] T 2eea92cef12a45a6804c03c93f0188ef P 68b37e79ff7f4e568332c978895f2932 [NON_LEADER]: Queue going to NON_LEADER mode. State: All replicated index: 0, Majority replicated index: 0, Committed index: 0, Last appended: 0.0, Last appended by leader: 0, Current term: 0, Majority size: -1, State: 0, Mode: NON_LEADER, active raft config: opid_index: -1 OBSOLETE_local: false peers { permanent_uuid: "c21ab6a5d8b0486181c51bb8b26a1db4" member_type: VOTER last_known_addr { host: "127.30.203.195" port: 38393 } } peers { permanent_uuid: "68b37e79ff7f4e568332c978895f2932" member_type: VOTER last_known_addr { host: "127.30.203.193" port: 41757 } } peers { permanent_uuid: "705adfe56d7c4e4e89efb3ee2bb42ab7" member_type: VOTER last_known_addr { host: "127.30.203.194" port: 42397 } }
I20260709 12:08:45.486002 32359 tablet_bootstrap.cc:654] T a4e5fc42db6a46f191c3e35676691b28 P c21ab6a5d8b0486181c51bb8b26a1db4: Neither blocks nor log segments found. Creating new log.
I20260709 12:08:45.486642 32360 tablet_bootstrap.cc:654] T a5342095666a4893ac61a717ae9c7ddd P 705adfe56d7c4e4e89efb3ee2bb42ab7: Neither blocks nor log segments found. Creating new log.
I20260709 12:08:45.487952 32365 raft_consensus.cc:493] T 2eea92cef12a45a6804c03c93f0188ef P c21ab6a5d8b0486181c51bb8b26a1db4 [term 0 FOLLOWER]: Starting pre-election (no leader contacted us within the election timeout)
I20260709 12:08:45.488397 32365 raft_consensus.cc:515] T 2eea92cef12a45a6804c03c93f0188ef P c21ab6a5d8b0486181c51bb8b26a1db4 [term 0 FOLLOWER]: Starting pre-election with config: opid_index: -1 OBSOLETE_local: false peers { permanent_uuid: "c21ab6a5d8b0486181c51bb8b26a1db4" member_type: VOTER last_known_addr { host: "127.30.203.195" port: 38393 } } peers { permanent_uuid: "68b37e79ff7f4e568332c978895f2932" member_type: VOTER last_known_addr { host: "127.30.203.193" port: 41757 } } peers { permanent_uuid: "705adfe56d7c4e4e89efb3ee2bb42ab7" member_type: VOTER last_known_addr { host: "127.30.203.194" port: 42397 } }
I20260709 12:08:45.490343 32365 leader_election.cc:290] T 2eea92cef12a45a6804c03c93f0188ef P c21ab6a5d8b0486181c51bb8b26a1db4 [CANDIDATE]: Term 1 pre-election: Requested pre-vote from peers 68b37e79ff7f4e568332c978895f2932 (127.30.203.193:41757), 705adfe56d7c4e4e89efb3ee2bb42ab7 (127.30.203.194:42397)
I20260709 12:08:45.491917 32364 ts_tablet_manager.cc:1434] T 2eea92cef12a45a6804c03c93f0188ef P 68b37e79ff7f4e568332c978895f2932: Time spent starting tablet: real 0.012s	user 0.004s	sys 0.002s
I20260709 12:08:45.491834 32245 tablet_service.cc:1917] Received RequestConsensusVote() RPC: tablet_id: "2eea92cef12a45a6804c03c93f0188ef" candidate_uuid: "c21ab6a5d8b0486181c51bb8b26a1db4" candidate_term: 1 candidate_status { last_received { term: 0 index: 0 } } ignore_live_leader: false dest_uuid: "705adfe56d7c4e4e89efb3ee2bb42ab7" is_pre_election: true
I20260709 12:08:45.492431 32245 raft_consensus.cc:2468] T 2eea92cef12a45a6804c03c93f0188ef P 705adfe56d7c4e4e89efb3ee2bb42ab7 [term 0 FOLLOWER]: Leader pre-election vote request: Granting yes vote for candidate c21ab6a5d8b0486181c51bb8b26a1db4 in term 0.
I20260709 12:08:45.494119 32170 tablet_service.cc:1917] Received RequestConsensusVote() RPC: tablet_id: "2eea92cef12a45a6804c03c93f0188ef" candidate_uuid: "c21ab6a5d8b0486181c51bb8b26a1db4" candidate_term: 1 candidate_status { last_received { term: 0 index: 0 } } ignore_live_leader: false dest_uuid: "68b37e79ff7f4e568332c978895f2932" is_pre_election: true
I20260709 12:08:45.494656 32170 raft_consensus.cc:2468] T 2eea92cef12a45a6804c03c93f0188ef P 68b37e79ff7f4e568332c978895f2932 [term 0 FOLLOWER]: Leader pre-election vote request: Granting yes vote for candidate c21ab6a5d8b0486181c51bb8b26a1db4 in term 0.
I20260709 12:08:45.496146 32283 leader_election.cc:304] T 2eea92cef12a45a6804c03c93f0188ef P c21ab6a5d8b0486181c51bb8b26a1db4 [CANDIDATE]: Term 1 pre-election: Election decided. Result: candidate won. Election summary: received 2 responses out of 3 voters: 2 yes votes; 0 no votes. yes voters: 705adfe56d7c4e4e89efb3ee2bb42ab7, c21ab6a5d8b0486181c51bb8b26a1db4; no voters: 
I20260709 12:08:45.497450 32365 raft_consensus.cc:2804] T 2eea92cef12a45a6804c03c93f0188ef P c21ab6a5d8b0486181c51bb8b26a1db4 [term 0 FOLLOWER]: Leader pre-election won for term 1
I20260709 12:08:45.497824 32365 raft_consensus.cc:493] T 2eea92cef12a45a6804c03c93f0188ef P c21ab6a5d8b0486181c51bb8b26a1db4 [term 0 FOLLOWER]: Starting leader election (no leader contacted us within the election timeout)
I20260709 12:08:45.498242 32364 tablet_bootstrap.cc:492] T a32d5da927184fe2ba3ac82f6f5c5c8c P 68b37e79ff7f4e568332c978895f2932: Bootstrap starting.
I20260709 12:08:45.498214 32365 raft_consensus.cc:3060] T 2eea92cef12a45a6804c03c93f0188ef P c21ab6a5d8b0486181c51bb8b26a1db4 [term 0 FOLLOWER]: Advancing to term 1
I20260709 12:08:45.504380 32364 tablet_bootstrap.cc:654] T a32d5da927184fe2ba3ac82f6f5c5c8c P 68b37e79ff7f4e568332c978895f2932: Neither blocks nor log segments found. Creating new log.
I20260709 12:08:45.510655 32365 raft_consensus.cc:515] T 2eea92cef12a45a6804c03c93f0188ef P c21ab6a5d8b0486181c51bb8b26a1db4 [term 1 FOLLOWER]: Starting leader election with config: opid_index: -1 OBSOLETE_local: false peers { permanent_uuid: "c21ab6a5d8b0486181c51bb8b26a1db4" member_type: VOTER last_known_addr { host: "127.30.203.195" port: 38393 } } peers { permanent_uuid: "68b37e79ff7f4e568332c978895f2932" member_type: VOTER last_known_addr { host: "127.30.203.193" port: 41757 } } peers { permanent_uuid: "705adfe56d7c4e4e89efb3ee2bb42ab7" member_type: VOTER last_known_addr { host: "127.30.203.194" port: 42397 } }
I20260709 12:08:45.513577 32170 tablet_service.cc:1917] Received RequestConsensusVote() RPC: tablet_id: "2eea92cef12a45a6804c03c93f0188ef" candidate_uuid: "c21ab6a5d8b0486181c51bb8b26a1db4" candidate_term: 1 candidate_status { last_received { term: 0 index: 0 } } ignore_live_leader: false dest_uuid: "68b37e79ff7f4e568332c978895f2932"
I20260709 12:08:45.514101 32170 raft_consensus.cc:3060] T 2eea92cef12a45a6804c03c93f0188ef P 68b37e79ff7f4e568332c978895f2932 [term 0 FOLLOWER]: Advancing to term 1
I20260709 12:08:45.519589 32387 raft_consensus.cc:493] T a5342095666a4893ac61a717ae9c7ddd P c21ab6a5d8b0486181c51bb8b26a1db4 [term 0 FOLLOWER]: Starting pre-election (no leader contacted us within the election timeout)
I20260709 12:08:45.520040 32387 raft_consensus.cc:515] T a5342095666a4893ac61a717ae9c7ddd P c21ab6a5d8b0486181c51bb8b26a1db4 [term 0 FOLLOWER]: Starting pre-election with config: opid_index: -1 OBSOLETE_local: false peers { permanent_uuid: "68b37e79ff7f4e568332c978895f2932" member_type: VOTER last_known_addr { host: "127.30.203.193" port: 41757 } } peers { permanent_uuid: "705adfe56d7c4e4e89efb3ee2bb42ab7" member_type: VOTER last_known_addr { host: "127.30.203.194" port: 42397 } } peers { permanent_uuid: "c21ab6a5d8b0486181c51bb8b26a1db4" member_type: VOTER last_known_addr { host: "127.30.203.195" port: 38393 } }
I20260709 12:08:45.522025 32387 leader_election.cc:290] T a5342095666a4893ac61a717ae9c7ddd P c21ab6a5d8b0486181c51bb8b26a1db4 [CANDIDATE]: Term 1 pre-election: Requested pre-vote from peers 68b37e79ff7f4e568332c978895f2932 (127.30.203.193:41757), 705adfe56d7c4e4e89efb3ee2bb42ab7 (127.30.203.194:42397)
I20260709 12:08:45.523587 32245 tablet_service.cc:1917] Received RequestConsensusVote() RPC: tablet_id: "a5342095666a4893ac61a717ae9c7ddd" candidate_uuid: "c21ab6a5d8b0486181c51bb8b26a1db4" candidate_term: 1 candidate_status { last_received { term: 0 index: 0 } } ignore_live_leader: false dest_uuid: "705adfe56d7c4e4e89efb3ee2bb42ab7" is_pre_election: true
I20260709 12:08:45.525638 32169 tablet_service.cc:1917] Received RequestConsensusVote() RPC: tablet_id: "a5342095666a4893ac61a717ae9c7ddd" candidate_uuid: "c21ab6a5d8b0486181c51bb8b26a1db4" candidate_term: 1 candidate_status { last_received { term: 0 index: 0 } } ignore_live_leader: false dest_uuid: "68b37e79ff7f4e568332c978895f2932" is_pre_election: true
W20260709 12:08:45.525754 32283 leader_election.cc:343] T a5342095666a4893ac61a717ae9c7ddd P c21ab6a5d8b0486181c51bb8b26a1db4 [CANDIDATE]: Term 1 pre-election: Tablet error from VoteRequest() call to peer 705adfe56d7c4e4e89efb3ee2bb42ab7 (127.30.203.194:42397): Illegal state: must be running to vote when last-logged opid is not known
I20260709 12:08:45.526237 32169 raft_consensus.cc:2468] T a5342095666a4893ac61a717ae9c7ddd P 68b37e79ff7f4e568332c978895f2932 [term 0 FOLLOWER]: Leader pre-election vote request: Granting yes vote for candidate c21ab6a5d8b0486181c51bb8b26a1db4 in term 0.
I20260709 12:08:45.527367 32285 leader_election.cc:304] T a5342095666a4893ac61a717ae9c7ddd P c21ab6a5d8b0486181c51bb8b26a1db4 [CANDIDATE]: Term 1 pre-election: Election decided. Result: candidate won. Election summary: received 3 responses out of 3 voters: 2 yes votes; 1 no votes. yes voters: 68b37e79ff7f4e568332c978895f2932, c21ab6a5d8b0486181c51bb8b26a1db4; no voters: 705adfe56d7c4e4e89efb3ee2bb42ab7
I20260709 12:08:45.528491 32387 raft_consensus.cc:2804] T a5342095666a4893ac61a717ae9c7ddd P c21ab6a5d8b0486181c51bb8b26a1db4 [term 0 FOLLOWER]: Leader pre-election won for term 1
I20260709 12:08:45.528896 32387 raft_consensus.cc:493] T a5342095666a4893ac61a717ae9c7ddd P c21ab6a5d8b0486181c51bb8b26a1db4 [term 0 FOLLOWER]: Starting leader election (no leader contacted us within the election timeout)
I20260709 12:08:45.529284 32387 raft_consensus.cc:3060] T a5342095666a4893ac61a717ae9c7ddd P c21ab6a5d8b0486181c51bb8b26a1db4 [term 0 FOLLOWER]: Advancing to term 1
I20260709 12:08:45.534307 32386 raft_consensus.cc:493] T c37ac6eb3a9e4be7b7f0e397aa854153 P c21ab6a5d8b0486181c51bb8b26a1db4 [term 0 FOLLOWER]: Starting pre-election (no leader contacted us within the election timeout)
I20260709 12:08:45.534757 32386 raft_consensus.cc:515] T c37ac6eb3a9e4be7b7f0e397aa854153 P c21ab6a5d8b0486181c51bb8b26a1db4 [term 0 FOLLOWER]: Starting pre-election with config: opid_index: -1 OBSOLETE_local: false peers { permanent_uuid: "68b37e79ff7f4e568332c978895f2932" member_type: VOTER last_known_addr { host: "127.30.203.193" port: 41757 } } peers { permanent_uuid: "705adfe56d7c4e4e89efb3ee2bb42ab7" member_type: VOTER last_known_addr { host: "127.30.203.194" port: 42397 } } peers { permanent_uuid: "c21ab6a5d8b0486181c51bb8b26a1db4" member_type: VOTER last_known_addr { host: "127.30.203.195" port: 38393 } }
I20260709 12:08:45.536809 32386 leader_election.cc:290] T c37ac6eb3a9e4be7b7f0e397aa854153 P c21ab6a5d8b0486181c51bb8b26a1db4 [CANDIDATE]: Term 1 pre-election: Requested pre-vote from peers 68b37e79ff7f4e568332c978895f2932 (127.30.203.193:41757), 705adfe56d7c4e4e89efb3ee2bb42ab7 (127.30.203.194:42397)
I20260709 12:08:45.538300 32245 tablet_service.cc:1917] Received RequestConsensusVote() RPC: tablet_id: "c37ac6eb3a9e4be7b7f0e397aa854153" candidate_uuid: "c21ab6a5d8b0486181c51bb8b26a1db4" candidate_term: 1 candidate_status { last_received { term: 0 index: 0 } } ignore_live_leader: false dest_uuid: "705adfe56d7c4e4e89efb3ee2bb42ab7" is_pre_election: true
W20260709 12:08:45.539652 32283 leader_election.cc:343] T c37ac6eb3a9e4be7b7f0e397aa854153 P c21ab6a5d8b0486181c51bb8b26a1db4 [CANDIDATE]: Term 1 pre-election: Tablet error from VoteRequest() call to peer 705adfe56d7c4e4e89efb3ee2bb42ab7 (127.30.203.194:42397): Illegal state: must be running to vote when last-logged opid is not known
I20260709 12:08:45.541208 32169 tablet_service.cc:1917] Received RequestConsensusVote() RPC: tablet_id: "c37ac6eb3a9e4be7b7f0e397aa854153" candidate_uuid: "c21ab6a5d8b0486181c51bb8b26a1db4" candidate_term: 1 candidate_status { last_received { term: 0 index: 0 } } ignore_live_leader: false dest_uuid: "68b37e79ff7f4e568332c978895f2932" is_pre_election: true
W20260709 12:08:45.542735 32285 leader_election.cc:343] T c37ac6eb3a9e4be7b7f0e397aa854153 P c21ab6a5d8b0486181c51bb8b26a1db4 [CANDIDATE]: Term 1 pre-election: Tablet error from VoteRequest() call to peer 68b37e79ff7f4e568332c978895f2932 (127.30.203.193:41757): Illegal state: must be running to vote when last-logged opid is not known
I20260709 12:08:45.543169 32285 leader_election.cc:304] T c37ac6eb3a9e4be7b7f0e397aa854153 P c21ab6a5d8b0486181c51bb8b26a1db4 [CANDIDATE]: Term 1 pre-election: Election decided. Result: candidate lost. Election summary: received 3 responses out of 3 voters: 1 yes votes; 2 no votes. yes voters: c21ab6a5d8b0486181c51bb8b26a1db4; no voters: 68b37e79ff7f4e568332c978895f2932, 705adfe56d7c4e4e89efb3ee2bb42ab7
I20260709 12:08:45.544193 32386 raft_consensus.cc:2749] T c37ac6eb3a9e4be7b7f0e397aa854153 P c21ab6a5d8b0486181c51bb8b26a1db4 [term 0 FOLLOWER]: Leader pre-election lost for term 1. Reason: could not achieve majority
I20260709 12:08:45.545569 32385 raft_consensus.cc:493] T c4d94a74315942608d283b1fab3e57d1 P 705adfe56d7c4e4e89efb3ee2bb42ab7 [term 0 FOLLOWER]: Starting pre-election (no leader contacted us within the election timeout)
I20260709 12:08:45.546066 32385 raft_consensus.cc:515] T c4d94a74315942608d283b1fab3e57d1 P 705adfe56d7c4e4e89efb3ee2bb42ab7 [term 0 FOLLOWER]: Starting pre-election with config: opid_index: -1 OBSOLETE_local: false peers { permanent_uuid: "68b37e79ff7f4e568332c978895f2932" member_type: VOTER last_known_addr { host: "127.30.203.193" port: 41757 } } peers { permanent_uuid: "705adfe56d7c4e4e89efb3ee2bb42ab7" member_type: VOTER last_known_addr { host: "127.30.203.194" port: 42397 } } peers { permanent_uuid: "c21ab6a5d8b0486181c51bb8b26a1db4" member_type: VOTER last_known_addr { host: "127.30.203.195" port: 38393 } }
I20260709 12:08:45.548782 32169 tablet_service.cc:1917] Received RequestConsensusVote() RPC: tablet_id: "c4d94a74315942608d283b1fab3e57d1" candidate_uuid: "705adfe56d7c4e4e89efb3ee2bb42ab7" candidate_term: 1 candidate_status { last_received { term: 0 index: 0 } } ignore_live_leader: false dest_uuid: "68b37e79ff7f4e568332c978895f2932" is_pre_election: true
W20260709 12:08:45.550081 32211 leader_election.cc:343] T c4d94a74315942608d283b1fab3e57d1 P 705adfe56d7c4e4e89efb3ee2bb42ab7 [CANDIDATE]: Term 1 pre-election: Tablet error from VoteRequest() call to peer 68b37e79ff7f4e568332c978895f2932 (127.30.203.193:41757): Illegal state: must be running to vote when last-logged opid is not known
I20260709 12:08:45.552146 32318 tablet_service.cc:1917] Received RequestConsensusVote() RPC: tablet_id: "c4d94a74315942608d283b1fab3e57d1" candidate_uuid: "705adfe56d7c4e4e89efb3ee2bb42ab7" candidate_term: 1 candidate_status { last_received { term: 0 index: 0 } } ignore_live_leader: false dest_uuid: "c21ab6a5d8b0486181c51bb8b26a1db4" is_pre_election: true
W20260709 12:08:45.553550 32210 leader_election.cc:343] T c4d94a74315942608d283b1fab3e57d1 P 705adfe56d7c4e4e89efb3ee2bb42ab7 [CANDIDATE]: Term 1 pre-election: Tablet error from VoteRequest() call to peer c21ab6a5d8b0486181c51bb8b26a1db4 (127.30.203.195:38393): Illegal state: must be running to vote when last-logged opid is not known
I20260709 12:08:45.553965 32210 leader_election.cc:304] T c4d94a74315942608d283b1fab3e57d1 P 705adfe56d7c4e4e89efb3ee2bb42ab7 [CANDIDATE]: Term 1 pre-election: Election decided. Result: candidate lost. Election summary: received 3 responses out of 3 voters: 1 yes votes; 2 no votes. yes voters: 705adfe56d7c4e4e89efb3ee2bb42ab7; no voters: 68b37e79ff7f4e568332c978895f2932, c21ab6a5d8b0486181c51bb8b26a1db4
I20260709 12:08:45.554847 32383 raft_consensus.cc:2749] T c4d94a74315942608d283b1fab3e57d1 P 705adfe56d7c4e4e89efb3ee2bb42ab7 [term 0 FOLLOWER]: Leader pre-election lost for term 1. Reason: could not achieve majority
I20260709 12:08:45.555066 32386 raft_consensus.cc:493] T cd961fefa3ec4cd286f1fea37f00c576 P c21ab6a5d8b0486181c51bb8b26a1db4 [term 0 FOLLOWER]: Starting pre-election (no leader contacted us within the election timeout)
I20260709 12:08:45.555583 32385 leader_election.cc:290] T c4d94a74315942608d283b1fab3e57d1 P 705adfe56d7c4e4e89efb3ee2bb42ab7 [CANDIDATE]: Term 1 pre-election: Requested pre-vote from peers 68b37e79ff7f4e568332c978895f2932 (127.30.203.193:41757), c21ab6a5d8b0486181c51bb8b26a1db4 (127.30.203.195:38393)
I20260709 12:08:45.555502 32386 raft_consensus.cc:515] T cd961fefa3ec4cd286f1fea37f00c576 P c21ab6a5d8b0486181c51bb8b26a1db4 [term 0 FOLLOWER]: Starting pre-election with config: opid_index: -1 OBSOLETE_local: false peers { permanent_uuid: "68b37e79ff7f4e568332c978895f2932" member_type: VOTER last_known_addr { host: "127.30.203.193" port: 41757 } } peers { permanent_uuid: "705adfe56d7c4e4e89efb3ee2bb42ab7" member_type: VOTER last_known_addr { host: "127.30.203.194" port: 42397 } } peers { permanent_uuid: "c21ab6a5d8b0486181c51bb8b26a1db4" member_type: VOTER last_known_addr { host: "127.30.203.195" port: 38393 } }
I20260709 12:08:45.557374 32386 leader_election.cc:290] T cd961fefa3ec4cd286f1fea37f00c576 P c21ab6a5d8b0486181c51bb8b26a1db4 [CANDIDATE]: Term 1 pre-election: Requested pre-vote from peers 68b37e79ff7f4e568332c978895f2932 (127.30.203.193:41757), 705adfe56d7c4e4e89efb3ee2bb42ab7 (127.30.203.194:42397)
I20260709 12:08:45.558436 32245 tablet_service.cc:1917] Received RequestConsensusVote() RPC: tablet_id: "cd961fefa3ec4cd286f1fea37f00c576" candidate_uuid: "c21ab6a5d8b0486181c51bb8b26a1db4" candidate_term: 1 candidate_status { last_received { term: 0 index: 0 } } ignore_live_leader: false dest_uuid: "705adfe56d7c4e4e89efb3ee2bb42ab7" is_pre_election: true
W20260709 12:08:45.559842 32283 leader_election.cc:343] T cd961fefa3ec4cd286f1fea37f00c576 P c21ab6a5d8b0486181c51bb8b26a1db4 [CANDIDATE]: Term 1 pre-election: Tablet error from VoteRequest() call to peer 705adfe56d7c4e4e89efb3ee2bb42ab7 (127.30.203.194:42397): Illegal state: must be running to vote when last-logged opid is not known
I20260709 12:08:45.561430 32169 tablet_service.cc:1917] Received RequestConsensusVote() RPC: tablet_id: "cd961fefa3ec4cd286f1fea37f00c576" candidate_uuid: "c21ab6a5d8b0486181c51bb8b26a1db4" candidate_term: 1 candidate_status { last_received { term: 0 index: 0 } } ignore_live_leader: false dest_uuid: "68b37e79ff7f4e568332c978895f2932" is_pre_election: true
W20260709 12:08:45.562958 32285 leader_election.cc:343] T cd961fefa3ec4cd286f1fea37f00c576 P c21ab6a5d8b0486181c51bb8b26a1db4 [CANDIDATE]: Term 1 pre-election: Tablet error from VoteRequest() call to peer 68b37e79ff7f4e568332c978895f2932 (127.30.203.193:41757): Illegal state: must be running to vote when last-logged opid is not known
I20260709 12:08:45.563467 32285 leader_election.cc:304] T cd961fefa3ec4cd286f1fea37f00c576 P c21ab6a5d8b0486181c51bb8b26a1db4 [CANDIDATE]: Term 1 pre-election: Election decided. Result: candidate lost. Election summary: received 3 responses out of 3 voters: 1 yes votes; 2 no votes. yes voters: c21ab6a5d8b0486181c51bb8b26a1db4; no voters: 68b37e79ff7f4e568332c978895f2932, 705adfe56d7c4e4e89efb3ee2bb42ab7
I20260709 12:08:45.564219 32386 raft_consensus.cc:2749] T cd961fefa3ec4cd286f1fea37f00c576 P c21ab6a5d8b0486181c51bb8b26a1db4 [term 0 FOLLOWER]: Leader pre-election lost for term 1. Reason: could not achieve majority
I20260709 12:08:45.565339 32170 raft_consensus.cc:2468] T 2eea92cef12a45a6804c03c93f0188ef P 68b37e79ff7f4e568332c978895f2932 [term 1 FOLLOWER]: Leader election vote request: Granting yes vote for candidate c21ab6a5d8b0486181c51bb8b26a1db4 in term 1.
I20260709 12:08:45.566533 32285 leader_election.cc:304] T 2eea92cef12a45a6804c03c93f0188ef P c21ab6a5d8b0486181c51bb8b26a1db4 [CANDIDATE]: Term 1 election: Election decided. Result: candidate won. Election summary: received 2 responses out of 3 voters: 2 yes votes; 0 no votes. yes voters: 68b37e79ff7f4e568332c978895f2932, c21ab6a5d8b0486181c51bb8b26a1db4; no voters: 
I20260709 12:08:45.567339 32386 raft_consensus.cc:2804] T 2eea92cef12a45a6804c03c93f0188ef P c21ab6a5d8b0486181c51bb8b26a1db4 [term 1 FOLLOWER]: Leader election won for term 1
I20260709 12:08:45.568360 32386 raft_consensus.cc:697] T 2eea92cef12a45a6804c03c93f0188ef P c21ab6a5d8b0486181c51bb8b26a1db4 [term 1 LEADER]: Becoming Leader. State: Replica: c21ab6a5d8b0486181c51bb8b26a1db4, State: Running, Role: LEADER
I20260709 12:08:45.569139 32386 consensus_queue.cc:237] T 2eea92cef12a45a6804c03c93f0188ef P c21ab6a5d8b0486181c51bb8b26a1db4 [LEADER]: Queue going to LEADER mode. State: All replicated index: 0, Majority replicated index: 0, Committed index: 0, Last appended: 0.0, Last appended by leader: 0, Current term: 1, Majority size: 2, State: 0, Mode: LEADER, active raft config: opid_index: -1 OBSOLETE_local: false peers { permanent_uuid: "c21ab6a5d8b0486181c51bb8b26a1db4" member_type: VOTER last_known_addr { host: "127.30.203.195" port: 38393 } } peers { permanent_uuid: "68b37e79ff7f4e568332c978895f2932" member_type: VOTER last_known_addr { host: "127.30.203.193" port: 41757 } } peers { permanent_uuid: "705adfe56d7c4e4e89efb3ee2bb42ab7" member_type: VOTER last_known_addr { host: "127.30.203.194" port: 42397 } }
I20260709 12:08:45.575558 32245 tablet_service.cc:1917] Received RequestConsensusVote() RPC: tablet_id: "2eea92cef12a45a6804c03c93f0188ef" candidate_uuid: "c21ab6a5d8b0486181c51bb8b26a1db4" candidate_term: 1 candidate_status { last_received { term: 0 index: 0 } } ignore_live_leader: false dest_uuid: "705adfe56d7c4e4e89efb3ee2bb42ab7"
I20260709 12:08:45.576053 32245 raft_consensus.cc:3060] T 2eea92cef12a45a6804c03c93f0188ef P 705adfe56d7c4e4e89efb3ee2bb42ab7 [term 0 FOLLOWER]: Advancing to term 1
W20260709 12:08:45.576730 32116 auto_rebalancer.cc:288] Could not retrieve cluster info: Service unavailable: Tablet not running
I20260709 12:08:45.582710 32245 raft_consensus.cc:2468] T 2eea92cef12a45a6804c03c93f0188ef P 705adfe56d7c4e4e89efb3ee2bb42ab7 [term 1 FOLLOWER]: Leader election vote request: Granting yes vote for candidate c21ab6a5d8b0486181c51bb8b26a1db4 in term 1.
I20260709 12:08:45.587098 32068 catalog_manager.cc:5697] T 2eea92cef12a45a6804c03c93f0188ef P c21ab6a5d8b0486181c51bb8b26a1db4 reported cstate change: term changed from 0 to 1, leader changed from <none> to c21ab6a5d8b0486181c51bb8b26a1db4 (127.30.203.195). New cstate: current_term: 1 leader_uuid: "c21ab6a5d8b0486181c51bb8b26a1db4" committed_config { opid_index: -1 OBSOLETE_local: false peers { permanent_uuid: "c21ab6a5d8b0486181c51bb8b26a1db4" member_type: VOTER last_known_addr { host: "127.30.203.195" port: 38393 } health_report { overall_health: HEALTHY } } peers { permanent_uuid: "68b37e79ff7f4e568332c978895f2932" member_type: VOTER last_known_addr { host: "127.30.203.193" port: 41757 } health_report { overall_health: UNKNOWN } } peers { permanent_uuid: "705adfe56d7c4e4e89efb3ee2bb42ab7" member_type: VOTER last_known_addr { host: "127.30.203.194" port: 42397 } health_report { overall_health: UNKNOWN } } }
I20260709 12:08:45.588212 32365 leader_election.cc:290] T 2eea92cef12a45a6804c03c93f0188ef P c21ab6a5d8b0486181c51bb8b26a1db4 [CANDIDATE]: Term 1 election: Requested vote from peers 68b37e79ff7f4e568332c978895f2932 (127.30.203.193:41757), 705adfe56d7c4e4e89efb3ee2bb42ab7 (127.30.203.194:42397)
I20260709 12:08:45.599960 32387 raft_consensus.cc:515] T a5342095666a4893ac61a717ae9c7ddd P c21ab6a5d8b0486181c51bb8b26a1db4 [term 1 FOLLOWER]: Starting leader election with config: opid_index: -1 OBSOLETE_local: false peers { permanent_uuid: "68b37e79ff7f4e568332c978895f2932" member_type: VOTER last_known_addr { host: "127.30.203.193" port: 41757 } } peers { permanent_uuid: "705adfe56d7c4e4e89efb3ee2bb42ab7" member_type: VOTER last_known_addr { host: "127.30.203.194" port: 42397 } } peers { permanent_uuid: "c21ab6a5d8b0486181c51bb8b26a1db4" member_type: VOTER last_known_addr { host: "127.30.203.195" port: 38393 } }
I20260709 12:08:45.604092 32170 tablet_service.cc:1917] Received RequestConsensusVote() RPC: tablet_id: "a5342095666a4893ac61a717ae9c7ddd" candidate_uuid: "c21ab6a5d8b0486181c51bb8b26a1db4" candidate_term: 1 candidate_status { last_received { term: 0 index: 0 } } ignore_live_leader: false dest_uuid: "68b37e79ff7f4e568332c978895f2932"
I20260709 12:08:45.604720 32170 raft_consensus.cc:3060] T a5342095666a4893ac61a717ae9c7ddd P 68b37e79ff7f4e568332c978895f2932 [term 0 FOLLOWER]: Advancing to term 1
I20260709 12:08:45.612843 32245 tablet_service.cc:1917] Received RequestConsensusVote() RPC: tablet_id: "a5342095666a4893ac61a717ae9c7ddd" candidate_uuid: "c21ab6a5d8b0486181c51bb8b26a1db4" candidate_term: 1 candidate_status { last_received { term: 0 index: 0 } } ignore_live_leader: false dest_uuid: "705adfe56d7c4e4e89efb3ee2bb42ab7"
W20260709 12:08:45.614112 32283 leader_election.cc:343] T a5342095666a4893ac61a717ae9c7ddd P c21ab6a5d8b0486181c51bb8b26a1db4 [CANDIDATE]: Term 1 election: Tablet error from VoteRequest() call to peer 705adfe56d7c4e4e89efb3ee2bb42ab7 (127.30.203.194:42397): Illegal state: must be running to vote when last-logged opid is not known
